[INFO] cloning repository https://github.com/ColbyCypherSociety/ChatDemo
[INFO] running `Command { std: "git" "-c" "credential.helper=" "-c" "credential.helper=/workspace/cargo-home/bin/git-credential-null" "clone" "--bare" "https://github.com/ColbyCypherSociety/ChatDemo" "/workspace/cache/git-repos/https%3A%2F%2Fgithub.com%2FColbyCypherSociety%2FChatDemo", kill_on_drop: false }`
[INFO] [stderr] Cloning into bare repository '/workspace/cache/git-repos/https%3A%2F%2Fgithub.com%2FColbyCypherSociety%2FChatDemo'...
[INFO] running `Command { std: "git" "rev-parse" "HEAD", kill_on_drop: false }`
[INFO] [stdout] 1c2391202d6c30fef54813e5cdfa601dec45d3d3
[INFO] documenting ColbyCypherSociety/ChatDemo against 1.69.0 for beta-1.70-rustdoc-1
[INFO] running `Command { std: "git" "clone" "/workspace/cache/git-repos/https%3A%2F%2Fgithub.com%2FColbyCypherSociety%2FChatDemo" "/workspace/builds/worker-0-tc1/source", kill_on_drop: false }`
[INFO] [stderr] Cloning into '/workspace/builds/worker-0-tc1/source'...
[INFO] [stderr] done.
[INFO] validating manifest of git repo https://github.com/ColbyCypherSociety/ChatDemo on toolchain 1.69.0
[INFO] running `Command { std: CARGO_HOME="/workspace/cargo-home" RUSTUP_HOME="/workspace/rustup-home" "/workspace/cargo-home/bin/cargo" "+1.69.0" "metadata" "--manifest-path" "Cargo.toml" "--no-deps", kill_on_drop: false }`
[INFO] started tweaking git repo https://github.com/ColbyCypherSociety/ChatDemo
[INFO] finished tweaking git repo https://github.com/ColbyCypherSociety/ChatDemo
[INFO] tweaked toml for git repo https://github.com/ColbyCypherSociety/ChatDemo written to /workspace/builds/worker-0-tc1/source/Cargo.toml
[INFO] crate git repo https://github.com/ColbyCypherSociety/ChatDemo already has a lockfile, it will not be regenerated
[INFO] running `Command { std: CARGO_HOME="/workspace/cargo-home" RUSTUP_HOME="/workspace/rustup-home" "/workspace/cargo-home/bin/cargo" "+1.69.0" "fetch" "--manifest-path" "Cargo.toml", kill_on_drop: false }`
[INFO] [stderr]  Downloading crates ...
[INFO] [stderr]   Downloaded serde_derive v1.0.71
[INFO] [stderr]   Downloaded serde v1.0.71
[INFO] [stderr]   Downloaded serde_json v1.0.26
[INFO] [stderr]   Downloaded ryu v0.2.4
[INFO] [stderr]   Downloaded log v0.4.4
[INFO] [stderr]   Downloaded num-complex v0.2.0
[INFO] [stderr]   Downloaded wasm-bindgen-backend v0.2.17
[INFO] [stderr]   Downloaded wasm-bindgen v0.2.17
[INFO] [stderr]   Downloaded wasm-bindgen-shared v0.2.17
[INFO] [stderr]   Downloaded wasm-bindgen-macro-support v0.2.17
[INFO] [stderr]   Downloaded wasm-bindgen-macro v0.2.17
[INFO] [stderr]   Downloaded num-traits v0.2.5
[INFO] [stderr]   Downloaded itoa v0.4.2
[INFO] running `Command { std: "docker" "create" "-v" "/var/lib/crater-agent-workspace/builds/worker-0-tc1/target:/opt/rustwide/target:rw,Z" "-v" "/var/lib/crater-agent-workspace/builds/worker-0-tc1/source:/opt/rustwide/workdir:ro,Z" "-v" "/var/lib/crater-agent-workspace/cargo-home:/opt/rustwide/cargo-home:ro,Z" "-v" "/var/lib/crater-agent-workspace/rustup-home:/opt/rustwide/rustup-home:ro,Z" "-e" "SOURCE_DIR=/opt/rustwide/workdir" "-e" "CARGO_TARGET_DIR=/opt/rustwide/target" "-e" "CARGO_HOME=/opt/rustwide/cargo-home" "-e" "RUSTUP_HOME=/opt/rustwide/rustup-home" "-w" "/opt/rustwide/workdir" "-m" "1610612736" "--user" "0:0" "--network" "none" "ghcr.io/rust-lang/crates-build-env/linux@sha256:5ff2268d62e97bff2cde7d5815dd6ed5b47097566f13b8d0ca110b04b60e07ed" "/opt/rustwide/cargo-home/bin/cargo" "+1.69.0" "metadata" "--no-deps" "--format-version=1", kill_on_drop: false }`
[INFO] [stdout] e0ac1493bbf465d3256260cfddb00de6274c02055dafd84023d1b335a788a1cd
[INFO] running `Command { std: "docker" "start" "-a" "e0ac1493bbf465d3256260cfddb00de6274c02055dafd84023d1b335a788a1cd", kill_on_drop: false }`
[INFO] running `Command { std: "docker" "inspect" "e0ac1493bbf465d3256260cfddb00de6274c02055dafd84023d1b335a788a1cd", kill_on_drop: false }`
[INFO] running `Command { std: "docker" "rm" "-f" "e0ac1493bbf465d3256260cfddb00de6274c02055dafd84023d1b335a788a1cd", kill_on_drop: false }`
[INFO] [stdout] e0ac1493bbf465d3256260cfddb00de6274c02055dafd84023d1b335a788a1cd
[INFO] running `Command { std: "docker" "create" "-v" "/var/lib/crater-agent-workspace/builds/worker-0-tc1/target:/opt/rustwide/target:rw,Z" "-v" "/var/lib/crater-agent-workspace/builds/worker-0-tc1/source:/opt/rustwide/workdir:ro,Z" "-v" "/var/lib/crater-agent-workspace/cargo-home:/opt/rustwide/cargo-home:ro,Z" "-v" "/var/lib/crater-agent-workspace/rustup-home:/opt/rustwide/rustup-home:ro,Z" "-e" "SOURCE_DIR=/opt/rustwide/workdir" "-e" "CARGO_TARGET_DIR=/opt/rustwide/target" "-e" "CARGO_INCREMENTAL=0" "-e" "RUST_BACKTRACE=full" "-e" "RUSTFLAGS=--cap-lints=warn" "-e" "RUSTDOCFLAGS=--cap-lints=warn" "-e" "CARGO_HOME=/opt/rustwide/cargo-home" "-e" "RUSTUP_HOME=/opt/rustwide/rustup-home" "-w" "/opt/rustwide/workdir" "-m" "1610612736" "--user" "0:0" "--network" "none" "ghcr.io/rust-lang/crates-build-env/linux@sha256:5ff2268d62e97bff2cde7d5815dd6ed5b47097566f13b8d0ca110b04b60e07ed" "/opt/rustwide/cargo-home/bin/cargo" "+1.69.0" "doc" "--frozen" "--no-deps" "--document-private-items" "--message-format=json", kill_on_drop: false }`
[INFO] [stdout] e1add22ac617627948e0318f30c744a6693594982b305a5ba91665632d89a262
[INFO] running `Command { std: "docker" "start" "-a" "e1add22ac617627948e0318f30c744a6693594982b305a5ba91665632d89a262", kill_on_drop: false }`
[INFO] [stderr]    Compiling proc-macro2 v0.4.13
[INFO] [stderr]    Compiling unicode-xid v0.1.0
[INFO] [stderr]    Compiling num-traits v0.2.5
[INFO] [stderr]    Compiling serde v1.0.71
[INFO] [stderr]    Compiling version_check v0.1.4
[INFO] [stderr]    Compiling ryu v0.2.4
[INFO] [stderr]    Compiling wasm-bindgen-shared v0.2.17
[INFO] [stderr]    Compiling num-integer v0.1.39
[INFO] [stderr]    Compiling itoa v0.4.2
[INFO] [stderr]    Compiling cfg-if v0.1.5
[INFO] [stderr]    Compiling log v0.4.4
[INFO] [stderr]    Compiling lazy_static v1.1.0
[INFO] [stderr]    Compiling num-bigint v0.2.0
[INFO] [stdout] error[E0554]: `#![feature]` may not be used on the stable release channel
[INFO] [stdout]   --> /opt/rustwide/cargo-home/registry/src/github.com-1ecc6299db9ec823/proc-macro2-0.4.13/src/lib.rs:49:13
[INFO] [stdout]    |
[INFO] [stdout] 49 |     feature(proc_macro_raw_ident, proc_macro_span)
[INFO] [stdout]    |             ^^^^^^^^^^^^^^^^^^^^
[INFO] [stdout] 
[INFO] [stdout] 
[INFO] [stdout] error[E0554]: `#![feature]` may not be used on the stable release channel
[INFO] [stdout]   --> /opt/rustwide/cargo-home/registry/src/github.com-1ecc6299db9ec823/proc-macro2-0.4.13/src/lib.rs:49:35
[INFO] [stdout]    |
[INFO] [stdout] 49 |     feature(proc_macro_raw_ident, proc_macro_span)
[INFO] [stdout]    |                                   ^^^^^^^^^^^^^^^
[INFO] [stdout] 
[INFO] [stdout] 
[INFO] [stderr]     Checking libc v0.2.43
[INFO] [stdout] error[E0658]: use of unstable library feature 'proc_macro_def_site'
[INFO] [stdout]    --> /opt/rustwide/cargo-home/registry/src/github.com-1ecc6299db9ec823/proc-macro2-0.4.13/src/unstable.rs:359:27
[INFO] [stdout]     |
[INFO] [stdout] 359 |             Span::Nightly(proc_macro::Span::def_site())
[INFO] [stdout]     |                           ^^^^^^^^^^^^^^^^^^^^^^^^^^
[INFO] [stdout]     |
[INFO] [stdout]     = note: see issue #54724 <https://github.com/rust-lang/rust/issues/54724> for more information
[INFO] [stdout] 
[INFO] [stdout] 
[INFO] [stderr]     Checking rand_core v0.2.1
[INFO] [stdout] error: aborting due to 3 previous errors
[INFO] [stdout] 
[INFO] [stdout] 
[INFO] [stdout] Some errors have detailed explanations: E0554, E0658.
[INFO] [stdout] 
[INFO] [stdout] For more information about an error, try `rustc --explain E0554`.
[INFO] [stdout] 
[INFO] [stderr] error: could not compile `proc-macro2` due to 4 previous errors
[INFO] [stderr] warning: build failed, waiting for other jobs to finish...
[INFO] running `Command { std: "docker" "inspect" "e1add22ac617627948e0318f30c744a6693594982b305a5ba91665632d89a262", kill_on_drop: false }`
[INFO] running `Command { std: "docker" "rm" "-f" "e1add22ac617627948e0318f30c744a6693594982b305a5ba91665632d89a262", kill_on_drop: false }`
[INFO] [stdout] e1add22ac617627948e0318f30c744a6693594982b305a5ba91665632d89a262
