[INFO] cloning repository https://github.com/Chaanks/cbx
[INFO] running `Command { std: "git" "-c" "credential.helper=" "-c" "credential.helper=/workspace/cargo-home/bin/git-credential-null" "clone" "--bare" "https://github.com/Chaanks/cbx" "/workspace/cache/git-repos/https%3A%2F%2Fgithub.com%2FChaanks%2Fcbx", kill_on_drop: false }`
[INFO] [stderr] Cloning into bare repository '/workspace/cache/git-repos/https%3A%2F%2Fgithub.com%2FChaanks%2Fcbx'...
[INFO] running `Command { std: "git" "rev-parse" "HEAD", kill_on_drop: false }`
[INFO] [stdout] 857f7bfc5111269269d00c72176c5aedd56d3607
[INFO] documenting Chaanks/cbx against beta-2023-04-20 for beta-1.70-rustdoc-1
[INFO] running `Command { std: "git" "clone" "/workspace/cache/git-repos/https%3A%2F%2Fgithub.com%2FChaanks%2Fcbx" "/workspace/builds/worker-7-tc2/source", kill_on_drop: false }`
[INFO] [stderr] Cloning into '/workspace/builds/worker-7-tc2/source'...
[INFO] [stderr] done.
[INFO] validating manifest of git repo https://github.com/Chaanks/cbx on toolchain beta-2023-04-20
[INFO] running `Command { std: CARGO_HOME="/workspace/cargo-home" RUSTUP_HOME="/workspace/rustup-home" "/workspace/cargo-home/bin/cargo" "+beta-2023-04-20" "metadata" "--manifest-path" "Cargo.toml" "--no-deps", kill_on_drop: false }`
[INFO] started tweaking git repo https://github.com/Chaanks/cbx
[INFO] finished tweaking git repo https://github.com/Chaanks/cbx
[INFO] tweaked toml for git repo https://github.com/Chaanks/cbx written to /workspace/builds/worker-7-tc2/source/Cargo.toml
[INFO] crate git repo https://github.com/Chaanks/cbx already has a lockfile, it will not be regenerated
[INFO] running `Command { std: CARGO_HOME="/workspace/cargo-home" RUSTUP_HOME="/workspace/rustup-home" "/workspace/cargo-home/bin/cargo" "+beta-2023-04-20" "fetch" "--manifest-path" "Cargo.toml", kill_on_drop: false }`
[INFO] [stderr]     Updating crates.io index
[INFO] [stderr]  Downloading crates ...
[INFO] [stderr]   Downloaded wayland-client v0.21.12
[INFO] [stderr]   Downloaded x11 v2.18.1
[INFO] [stderr]   Downloaded bitflags v1.0.5
[INFO] [stderr]   Downloaded derivative v1.0.2
[INFO] [stderr]   Downloaded ash v0.24.4
[INFO] [stderr]   Downloaded crossbeam-channel v0.3.8
[INFO] [stderr]   Downloaded syn v0.12.15
[INFO] [stderr]   Downloaded wayland-scanner v0.21.12
[INFO] [stderr]   Downloaded num_cpus v1.10.0
[INFO] [stderr]   Downloaded wayland-sys v0.21.12
[INFO] [stderr]   Downloaded cocoa v0.18.4
[INFO] [stderr]   Downloaded objc v0.2.6
[INFO] [stderr]   Downloaded cfg-if v0.1.7
[INFO] [stderr]   Downloaded num-iter v0.1.37
[INFO] [stderr]   Downloaded num-rational v0.2.1
[INFO] [stderr]   Downloaded backtrace v0.3.15
[INFO] [stderr]   Downloaded jpeg-decoder v0.1.15
[INFO] [stderr]   Downloaded veclist v0.1.2
[INFO] [stderr]   Downloaded gif v0.10.1
[INFO] [stderr]   Downloaded image v0.21.1
[INFO] [stderr]   Downloaded num-complex v0.2.1
[INFO] [stderr]   Downloaded shaderc v0.5.0
[INFO] [stderr]   Downloaded num-derive v0.1.44
[INFO] [stderr]   Downloaded cmake v0.1.39
[INFO] [stderr]   Downloaded nalgebra v0.17.3
[INFO] [stderr]   Downloaded gfx-hal v0.2.1
[INFO] [stderr]   Downloaded alga v0.8.2
[INFO] [stderr]   Downloaded x11-dl v2.18.3
[INFO] [stderr]   Downloaded libm v0.1.2
[INFO] [stderr]   Downloaded winit v0.18.1
[INFO] [stderr]   Downloaded rustc-demangle v0.1.14
[INFO] [stderr]   Downloaded smallvec v0.6.9
[INFO] [stderr]   Downloaded crossbeam-epoch v0.3.1
[INFO] [stderr]   Downloaded libloading v0.5.0
[INFO] [stderr]   Downloaded cc v1.0.36
[INFO] [stderr]   Downloaded wayland-commons v0.21.12
[INFO] [stderr]   Downloaded smithay-client-toolkit v0.4.5
[INFO] [stderr]   Downloaded stb_truetype v0.2.6
[INFO] [stderr]   Downloaded wayland-protocols v0.21.12
[INFO] [stderr]   Downloaded rusttype v0.7.6
[INFO] [stderr]   Downloaded nix v0.13.0
[INFO] [stderr]   Downloaded hibitset v0.5.4
[INFO] [stderr]   Downloaded syn v0.15.33
[INFO] [stderr]   Downloaded gfx-hal v0.1.0
[INFO] [stderr]   Downloaded deflate v0.7.19
[INFO] [stderr]   Downloaded gfx-backend-empty v0.1.1
[INFO] [stderr]   Downloaded proc-macro2 v0.4.29
[INFO] [stderr]   Downloaded spirv_headers v1.3.4
[INFO] [stderr]   Downloaded env_logger v0.6.1
[INFO] [stderr]   Downloaded generic-array v0.12.0
[INFO] [stderr]   Downloaded aho-corasick v0.7.3
[INFO] [stderr]   Downloaded crossbeam-utils v0.2.2
[INFO] [stderr]   Downloaded gfx-backend-vulkan v0.1.0
[INFO] [stderr]   Downloaded regex-syntax v0.6.6
[INFO] [stderr]   Downloaded relevant v0.4.1
[INFO] [stderr]   Downloaded downcast-rs v1.0.4
[INFO] [stderr]   Downloaded regex v1.1.6
[INFO] [stderr]   Downloaded crossbeam-deque v0.2.0
[INFO] [stderr]   Downloaded rayon v1.0.3
[INFO] [stderr]   Downloaded nalgebra-glm v0.3.0
[INFO] [stderr]   Downloaded rayon-core v1.4.1
[INFO] [stderr]   Downloaded spirv-reflect v0.2.1
[INFO] [stderr]   Downloaded libc v0.2.54
[INFO] [stderr]   Downloaded shaderc-sys v0.5.0
[INFO] running `Command { std: "docker" "create" "-v" "/var/lib/crater-agent-workspace/builds/worker-7-tc2/target:/opt/rustwide/target:rw,Z" "-v" "/var/lib/crater-agent-workspace/builds/worker-7-tc2/source:/opt/rustwide/workdir:ro,Z" "-v" "/var/lib/crater-agent-workspace/cargo-home:/opt/rustwide/cargo-home:ro,Z" "-v" "/var/lib/crater-agent-workspace/rustup-home:/opt/rustwide/rustup-home:ro,Z" "-e" "SOURCE_DIR=/opt/rustwide/workdir" "-e" "CARGO_TARGET_DIR=/opt/rustwide/target" "-e" "CARGO_HOME=/opt/rustwide/cargo-home" "-e" "RUSTUP_HOME=/opt/rustwide/rustup-home" "-w" "/opt/rustwide/workdir" "-m" "1610612736" "--user" "0:0" "--network" "none" "ghcr.io/rust-lang/crates-build-env/linux@sha256:5ff2268d62e97bff2cde7d5815dd6ed5b47097566f13b8d0ca110b04b60e07ed" "/opt/rustwide/cargo-home/bin/cargo" "+beta-2023-04-20" "metadata" "--no-deps" "--format-version=1", kill_on_drop: false }`
[INFO] [stdout] bcfb9fd00d27a998ef902fa4fee6ae0dc044ce430d86f739e8cb920fcbc4a243
[INFO] running `Command { std: "docker" "start" "-a" "bcfb9fd00d27a998ef902fa4fee6ae0dc044ce430d86f739e8cb920fcbc4a243", kill_on_drop: false }`
[INFO] running `Command { std: "docker" "inspect" "bcfb9fd00d27a998ef902fa4fee6ae0dc044ce430d86f739e8cb920fcbc4a243", kill_on_drop: false }`
[INFO] running `Command { std: "docker" "rm" "-f" "bcfb9fd00d27a998ef902fa4fee6ae0dc044ce430d86f739e8cb920fcbc4a243", kill_on_drop: false }`
[INFO] [stdout] bcfb9fd00d27a998ef902fa4fee6ae0dc044ce430d86f739e8cb920fcbc4a243
[INFO] running `Command { std: "docker" "create" "-v" "/var/lib/crater-agent-workspace/builds/worker-7-tc2/target:/opt/rustwide/target:rw,Z" "-v" "/var/lib/crater-agent-workspace/builds/worker-7-tc2/source:/opt/rustwide/workdir:ro,Z" "-v" "/var/lib/crater-agent-workspace/cargo-home:/opt/rustwide/cargo-home:ro,Z" "-v" "/var/lib/crater-agent-workspace/rustup-home:/opt/rustwide/rustup-home:ro,Z" "-e" "SOURCE_DIR=/opt/rustwide/workdir" "-e" "CARGO_TARGET_DIR=/opt/rustwide/target" "-e" "CARGO_INCREMENTAL=0" "-e" "RUST_BACKTRACE=full" "-e" "RUSTFLAGS=--cap-lints=warn" "-e" "RUSTDOCFLAGS=--cap-lints=warn" "-e" "CARGO_HOME=/opt/rustwide/cargo-home" "-e" "RUSTUP_HOME=/opt/rustwide/rustup-home" "-w" "/opt/rustwide/workdir" "-m" "1610612736" "--user" "0:0" "--network" "none" "ghcr.io/rust-lang/crates-build-env/linux@sha256:5ff2268d62e97bff2cde7d5815dd6ed5b47097566f13b8d0ca110b04b60e07ed" "/opt/rustwide/cargo-home/bin/cargo" "+beta-2023-04-20" "doc" "--frozen" "--no-deps" "--document-private-items" "--message-format=json", kill_on_drop: false }`
[INFO] [stdout] e438b60b55d01e2b6295b255354dd8a2fa51474bb3cf740b39cda3c92dccdf04
[INFO] running `Command { std: "docker" "start" "-a" "e438b60b55d01e2b6295b255354dd8a2fa51474bb3cf740b39cda3c92dccdf04", kill_on_drop: false }`
[INFO] [stderr]    Compiling libc v0.2.54
[INFO] [stderr]    Compiling arrayvec v0.4.10
[INFO] [stderr]    Compiling rayon-core v1.4.1
[INFO] [stderr]    Compiling rayon v1.0.3
[INFO] [stderr]    Compiling nodrop v0.1.13
[INFO] [stderr]    Compiling cfg-if v0.1.7
[INFO] [stderr]    Compiling autocfg v0.1.2
[INFO] [stderr]    Compiling memoffset v0.2.1
[INFO] [stderr]    Compiling scopeguard v0.3.3
[INFO] [stderr]    Compiling crossbeam-utils v0.2.2
[INFO] [stderr]    Compiling lazy_static v1.3.0
[INFO] [stderr]    Compiling either v1.5.2
[INFO] [stderr]    Compiling proc-macro2 v0.4.29
[INFO] [stderr]    Compiling num-traits v0.2.6
[INFO] [stderr]    Compiling bitflags v1.0.5
[INFO] [stderr]    Compiling byteorder v1.3.1
[INFO] [stderr]    Compiling rand_chacha v0.1.1
[INFO] [stderr]    Compiling rand_pcg v0.1.2
[INFO] [stderr]    Compiling crossbeam-epoch v0.3.1
[INFO] [stderr]    Compiling num_cpus v1.10.0
[INFO] [stderr]    Compiling syn v0.15.33
[INFO] [stderr]    Compiling rand v0.6.5
[INFO] [stderr]     Checking rand_core v0.4.0
[INFO] [stderr]    Compiling crossbeam-deque v0.2.0
[INFO] [stderr]    Compiling quote v0.6.12
[INFO] [stderr]     Checking rand_core v0.3.1
[INFO] [stderr]    Compiling backtrace v0.3.15
[INFO] [stderr]    Compiling failure_derive v0.1.5
[INFO] [stderr]     Checking rustc-demangle v0.1.14
[INFO] [stderr]     Checking rand_xorshift v0.1.1
[INFO] [stderr]     Checking rand_hc v0.1.0
[INFO] [stderr]     Checking rand_isaac v0.1.1
[INFO] [stderr]     Checking rand_os v0.1.3
[INFO] [stderr]     Checking rand_jitter v0.1.4
[INFO] [stderr]     Checking log v0.4.6
[INFO] [stderr]    Compiling xml-rs v0.8.0
[INFO] [stderr]     Checking smallvec v0.6.9
[INFO] [stderr]     Checking fxhash v0.2.1
[INFO] [stderr]    Compiling parking_lot_core v0.4.0
[INFO] [stderr]     Checking approx v0.3.2
[INFO] [stderr]    Compiling nix v0.13.0
[INFO] [stderr]     Checking stable_deref_trait v1.1.1
[INFO] [stderr]    Compiling num-integer v0.1.39
[INFO] [stderr]     Checking owning_ref v0.4.0
[INFO] [stderr]     Checking void v1.0.2
[INFO] [stderr]     Checking lock_api v0.1.5
[INFO] [stderr]    Compiling wayland-scanner v0.21.12
[INFO] [stderr]    Compiling serde v1.0.91
[INFO] [stderr]     Checking ordered-float v1.0.2
[INFO] [stderr]     Checking parking_lot v0.7.1
[INFO] [stderr]     Checking stb_truetype v0.2.6
[INFO] [stderr]     Checking downcast-rs v1.0.4
[INFO] [stderr]    Compiling cc v1.0.36
[INFO] [stderr]    Compiling pkg-config v0.3.14
[INFO] [stderr]    Compiling ryu v0.2.8
[INFO] [stderr]     Checking fnv v1.0.6
[INFO] [stderr]     Checking same-file v1.0.4
[INFO] [stderr]     Checking rusttype v0.7.6
[INFO] [stderr]     Checking walkdir v2.2.7
[INFO] [stderr]     Checking line_drawing v0.7.0
[INFO] [stderr]     Checking atom v0.3.5
[INFO] [stderr]    Compiling x11-dl v2.18.3
[INFO] [stderr]     Checking xdg v2.2.0
[INFO] [stderr]    Compiling num-iter v0.1.37
[INFO] [stderr]     Checking hibitset v0.5.4
[INFO] [stderr]     Checking andrew v0.2.1
[INFO] [stderr]    Compiling wayland-client v0.21.12
[INFO] [stderr]    Compiling wayland-protocols v0.21.12
[INFO] [stderr]    Compiling backtrace-sys v0.1.28
[INFO] [stderr]    Compiling libloading v0.5.0
[INFO] [stderr]     Checking memmap v0.7.0
[INFO] [stderr]     Checking crossbeam-utils v0.6.5
[INFO] [stderr]     Checking dlib v0.4.1
[INFO] [stderr]     Checking colorful v0.2.1
[INFO] [stderr]    Compiling synstructure v0.10.1
[INFO] [stderr]     Checking wayland-sys v0.21.12
[INFO] [stderr]     Checking veclist v0.1.2
[INFO] [stderr]     Checking wayland-commons v0.21.12
[INFO] [stderr]     Checking relevant v0.4.1
[INFO] [stderr]     Checking itoa v0.4.4
[INFO] [stderr]     Checking crossbeam-channel v0.3.8
[INFO] [stderr]     Checking time v0.1.42
[INFO] [stderr]     Checking rustc-serialize v0.3.24
[INFO] [stderr]     Checking percent-encoding v1.0.1
[INFO] [stderr]     Checking rand v0.4.6
[INFO] [stderr]    Compiling proc-macro2 v0.2.3
[INFO] [stderr]     Checking serde_json v1.0.39
[INFO] [stderr]    Compiling quote v0.4.2
[INFO] [stderr]    Compiling cmake v0.1.39
[INFO] [stderr]     Checking thread_profiler v0.3.0
[INFO] [stderr]    Compiling shaderc-sys v0.5.0
[INFO] [stderr]    Compiling syn v0.12.15
[INFO] [stderr]     Checking num-bigint v0.1.44
[INFO] [stderr]     Checking num-complex v0.1.43
[INFO] [stderr]    Compiling derivative v1.0.2
[INFO] [stderr]     Checking num-rational v0.1.42
[INFO] [stderr]    Compiling num-derive v0.2.5
[INFO] [stderr]    Compiling siphasher v0.2.3
[INFO] [stderr]     Checking adler32 v1.0.3
[INFO] [stderr]     Checking failure v0.1.5
[INFO] [stderr]    Compiling phf_shared v0.7.24
[INFO] [stderr]     Checking gfx-hal v0.1.0
[INFO] [stderr]     Checking num v0.1.42
[INFO] [stderr] The following warnings were emitted during compilation:
[INFO] [stderr] 
[INFO] [stderr] warning: Checking for system installed libraries.  Use --features = build-from-source to disable this behavior
[INFO] [stderr] warning: Pre-built library not found.  Falling back to from-source build
[INFO] [stderr] 
[INFO] [stderr] error: failed to run custom build command for `shaderc-sys v0.5.0`
[INFO] [stderr] note: To improve backtraces for build dependencies, set the CARGO_PROFILE_DEV_BUILD_OVERRIDE_DEBUG=true environment variable to enable debug information generation.
[INFO] [stderr] 
[INFO] [stderr] Caused by:
[INFO] [stderr]   process didn't exit successfully: `/opt/rustwide/target/debug/build/shaderc-sys-313a6debbe5bf027/build-script-build` (exit status: 101)
[INFO] [stderr]   --- stdout
[INFO] [stderr]   cargo:warning=Checking for system installed libraries.  Use --features = build-from-source to disable this behavior
[INFO] [stderr]   cargo:warning=Pre-built library not found.  Falling back to from-source build
[INFO] [stderr] 
[INFO] [stderr]   --- stderr
[INFO] [stderr]   thread 'main' panicked at '
[INFO] [stderr] 
[INFO] [stderr]   couldn't find required command: "python"
[INFO] [stderr] 
[INFO] [stderr]   ', /opt/rustwide/cargo-home/registry/src/index.crates.io-6f17d22bba15001f/shaderc-sys-0.5.0/build/cmd_finder.rs:45:13
[INFO] [stderr]   stack backtrace:
[INFO] [stderr]      0:     0x5589bcb5108a - std::backtrace_rs::backtrace::libunwind::trace::h2f05d0192276a8f6
[INFO] [stderr]                                  at /rustc/1b7dd2252b99671ce5d1cb9664c5f8636329436d/library/std/src/../../backtrace/src/backtrace/libunwind.rs:93:5
[INFO] [stderr]      1:     0x5589bcb5108a - std::backtrace_rs::backtrace::trace_unsynchronized::hedc23dff7a1af150
[INFO] [stderr]                                  at /rustc/1b7dd2252b99671ce5d1cb9664c5f8636329436d/library/std/src/../../backtrace/src/backtrace/mod.rs:66:5
[INFO] [stderr]      2:     0x5589bcb5108a - std::sys_common::backtrace::_print_fmt::h17541ef7592f3ce2
[INFO] [stderr]                                  at /rustc/1b7dd2252b99671ce5d1cb9664c5f8636329436d/library/std/src/sys_common/backtrace.rs:65:5
[INFO] [stderr]      3:     0x5589bcb5108a - <std::sys_common::backtrace::_print::DisplayBacktrace as core::fmt::Display>::fmt::h20f75df5ab0c0792
[INFO] [stderr]                                  at /rustc/1b7dd2252b99671ce5d1cb9664c5f8636329436d/library/std/src/sys_common/backtrace.rs:44:22
[INFO] [stderr]      4:     0x5589bcb7120f - core::fmt::write::h78109e6f466b3af6
[INFO] [stderr]                                  at /rustc/1b7dd2252b99671ce5d1cb9664c5f8636329436d/library/core/src/fmt/mod.rs:1254:17
[INFO] [stderr]      5:     0x5589bcb4dde5 - std::io::Write::write_fmt::hc59e1b02dd273c8a
[INFO] [stderr]                                  at /rustc/1b7dd2252b99671ce5d1cb9664c5f8636329436d/library/std/src/io/mod.rs:1698:15
[INFO] [stderr]      6:     0x5589bcb50e55 - std::sys_common::backtrace::_print::h8dac57a9f8fbf9a5
[INFO] [stderr]                                  at /rustc/1b7dd2252b99671ce5d1cb9664c5f8636329436d/library/std/src/sys_common/backtrace.rs:47:5
[INFO] [stderr]      7:     0x5589bcb50e55 - std::sys_common::backtrace::print::hf9ecbf41d1aa712f
[INFO] [stderr]                                  at /rustc/1b7dd2252b99671ce5d1cb9664c5f8636329436d/library/std/src/sys_common/backtrace.rs:34:9
[INFO] [stderr]      8:     0x5589bcb525fe - std::panicking::default_hook::{{closure}}::h04c07acfc84ca028
[INFO] [stderr]                                  at /rustc/1b7dd2252b99671ce5d1cb9664c5f8636329436d/library/std/src/panicking.rs:269:22
[INFO] [stderr]      9:     0x5589bcb523a5 - std::panicking::default_hook::h01f6bb23e1eceb2c
[INFO] [stderr]                                  at /rustc/1b7dd2252b99671ce5d1cb9664c5f8636329436d/library/std/src/panicking.rs:288:9
[INFO] [stderr]     10:     0x5589bcb52b5e - std::panicking::rust_panic_with_hook::h2bb3722bbaf2f6df
[INFO] [stderr]                                  at /rustc/1b7dd2252b99671ce5d1cb9664c5f8636329436d/library/std/src/panicking.rs:691:13
[INFO] [stderr]     11:     0x5589bcb52a59 - std::panicking::begin_panic_handler::{{closure}}::h91bc7f36a4be011b
[INFO] [stderr]                                  at /rustc/1b7dd2252b99671ce5d1cb9664c5f8636329436d/library/std/src/panicking.rs:582:13
[INFO] [stderr]     12:     0x5589bcb514f6 - std::sys_common::backtrace::__rust_end_short_backtrace::h8b3d3717114f9e59
[INFO] [stderr]                                  at /rustc/1b7dd2252b99671ce5d1cb9664c5f8636329436d/library/std/src/sys_common/backtrace.rs:150:18
[INFO] [stderr]     13:     0x5589bcb527b2 - rust_begin_unwind
[INFO] [stderr]                                  at /rustc/1b7dd2252b99671ce5d1cb9664c5f8636329436d/library/std/src/panicking.rs:578:5
[INFO] [stderr]     14:     0x5589bcaea783 - core::panicking::panic_fmt::hfd368e3fbdabea26
[INFO] [stderr]                                  at /rustc/1b7dd2252b99671ce5d1cb9664c5f8636329436d/library/core/src/panicking.rs:67:14
[INFO] [stderr]     15:     0x5589bcaf0e40 - build_script_build::cmd_finder::CommandFinder::must_have::{{closure}}::h185e869a2e1f4b3d
[INFO] [stderr]     16:     0x5589bcaef2ba - core::option::Option<T>::unwrap_or_else::h775d414c334c8c16
[INFO] [stderr]     17:     0x5589bcaf0dc3 - build_script_build::cmd_finder::CommandFinder::must_have::h61f166e4519e3676
[INFO] [stderr]     18:     0x5589bcaede74 - build_script_build::main::hb1ca6bcb5cb33d71
[INFO] [stderr]     19:     0x5589bcaeeb13 - core::ops::function::FnOnce::call_once::hc7853fed2906bc38
[INFO] [stderr]     20:     0x5589bcaef0e6 - std::sys_common::backtrace::__rust_begin_short_backtrace::h8f3cb77af0884e24
[INFO] [stderr]     21:     0x5589bcaef069 - std::rt::lang_start::{{closure}}::hd5b662fd9420866f
[INFO] [stderr]     22:     0x5589bcb4a47e - core::ops::function::impls::<impl core::ops::function::FnOnce<A> for &F>::call_once::h2eb19b8ce4148df4
[INFO] [stderr]                                  at /rustc/1b7dd2252b99671ce5d1cb9664c5f8636329436d/library/core/src/ops/function.rs:287:13
[INFO] [stderr]     23:     0x5589bcb4a47e - std::panicking::try::do_call::h2e900feff5d504c5
[INFO] [stderr]                                  at /rustc/1b7dd2252b99671ce5d1cb9664c5f8636329436d/library/std/src/panicking.rs:485:40
[INFO] [stderr]     24:     0x5589bcb4a47e - std::panicking::try::h8854836cb85aa9f2
[INFO] [stderr]                                  at /rustc/1b7dd2252b99671ce5d1cb9664c5f8636329436d/library/std/src/panicking.rs:449:19
[INFO] [stderr]     25:     0x5589bcb4a47e - std::panic::catch_unwind::h706025dd4c48f64b
[INFO] [stderr]                                  at /rustc/1b7dd2252b99671ce5d1cb9664c5f8636329436d/library/std/src/panic.rs:140:14
[INFO] [stderr]     26:     0x5589bcb4a47e - std::rt::lang_start_internal::{{closure}}::h7be5b97f4a07a91a
[INFO] [stderr]                                  at /rustc/1b7dd2252b99671ce5d1cb9664c5f8636329436d/library/std/src/rt.rs:148:48
[INFO] [stderr]     27:     0x5589bcb4a47e - std::panicking::try::do_call::h59847e9d0a176965
[INFO] [stderr]                                  at /rustc/1b7dd2252b99671ce5d1cb9664c5f8636329436d/library/std/src/panicking.rs:485:40
[INFO] [stderr]     28:     0x5589bcb4a47e - std::panicking::try::h399a918ba8522823
[INFO] [stderr]                                  at /rustc/1b7dd2252b99671ce5d1cb9664c5f8636329436d/library/std/src/panicking.rs:449:19
[INFO] [stderr]     29:     0x5589bcb4a47e - std::panic::catch_unwind::hca7ca6c55b2a2e26
[INFO] [stderr]                                  at /rustc/1b7dd2252b99671ce5d1cb9664c5f8636329436d/library/std/src/panic.rs:140:14
[INFO] [stderr]     30:     0x5589bcb4a47e - std::rt::lang_start_internal::h2c807a81560459eb
[INFO] [stderr]                                  at /rustc/1b7dd2252b99671ce5d1cb9664c5f8636329436d/library/std/src/rt.rs:148:20
[INFO] [stderr]     31:     0x5589bcaef047 - std::rt::lang_start::h3140a6f7cb8ca872
[INFO] [stderr]     32:     0x5589bcaee5c5 - main
[INFO] [stderr]     33:     0x7f969a239d90 - <unknown>
[INFO] [stderr]     34:     0x7f969a239e40 - __libc_start_main
[INFO] [stderr]     35:     0x5589bcaeacb5 - _start
[INFO] [stderr]     36:                0x0 - <unknown>
[INFO] [stderr] warning: build failed, waiting for other jobs to finish...
[INFO] [stdout] error[E0713]: borrow may still be in use when destructor runs
[INFO] [stdout]    --> /opt/rustwide/cargo-home/registry/src/index.crates.io-6f17d22bba15001f/gfx-hal-0.1.0/src/command/render_pass.rs:232:36
[INFO] [stdout]     |
[INFO] [stdout] 189 | impl<'a, B: Backend> RenderPassInlineEncoder<'a, B> {
[INFO] [stdout]     |      -- lifetime `'a` defined here
[INFO] [stdout] ...
[INFO] [stdout] 232 |         RenderPassSecondaryEncoder(self.0.cmb)
[INFO] [stdout]     |         ---------------------------^^^^^^^^^^- returning this value requires that `*self.0.cmb` is borrowed for `'a`
[INFO] [stdout] 233 |     }
[INFO] [stdout]     |     - here, drop of `self` needs exclusive access to `*self.0.cmb`, because the type `render_pass::RenderPassInlineEncoder<'_, B>` implements the `Drop` trait
[INFO] [stdout] 
[INFO] [stdout] 
[INFO] [stdout] error[E0713]: borrow may still be in use when destructor runs
[INFO] [stdout]    --> /opt/rustwide/cargo-home/registry/src/index.crates.io-6f17d22bba15001f/gfx-hal-0.1.0/src/command/render_pass.rs:308:62
[INFO] [stdout]     |
[INFO] [stdout] 262 | impl<'a, B: Backend> RenderPassSecondaryEncoder<'a, B> {
[INFO] [stdout]     |      -- lifetime `'a` defined here
[INFO] [stdout] ...
[INFO] [stdout] 308 |             RenderPassInlineEncoder(RenderSubpassCommon::new(self.0))
[INFO] [stdout]     |             -------------------------------------------------^^^^^^-- returning this value requires that `*self.0` is borrowed for `'a`
[INFO] [stdout] 309 |         }
[INFO] [stdout] 310 |     }
[INFO] [stdout]     |     - here, drop of `self` needs exclusive access to `*self.0`, because the type `render_pass::RenderPassSecondaryEncoder<'_, B>` implements the `Drop` trait
[INFO] [stdout] 
[INFO] [stdout] 
[INFO] [stdout] error: aborting due to 2 previous errors
[INFO] [stdout] 
[INFO] [stdout] 
[INFO] [stdout] For more information about this error, try `rustc --explain E0713`.
[INFO] [stdout] 
[INFO] [stderr] error: could not compile `gfx-hal` (lib) due to 3 previous errors
[INFO] running `Command { std: "docker" "inspect" "e438b60b55d01e2b6295b255354dd8a2fa51474bb3cf740b39cda3c92dccdf04", kill_on_drop: false }`
[INFO] running `Command { std: "docker" "rm" "-f" "e438b60b55d01e2b6295b255354dd8a2fa51474bb3cf740b39cda3c92dccdf04", kill_on_drop: false }`
[INFO] [stdout] e438b60b55d01e2b6295b255354dd8a2fa51474bb3cf740b39cda3c92dccdf04
