[INFO] cloning repository https://github.com/BojanKogoj/mines
[INFO] running `Command { std: "git" "-c" "credential.helper=" "-c" "credential.helper=/workspace/cargo-home/bin/git-credential-null" "clone" "--bare" "https://github.com/BojanKogoj/mines" "/workspace/cache/git-repos/https%3A%2F%2Fgithub.com%2FBojanKogoj%2Fmines", kill_on_drop: false }`
[INFO] [stderr] Cloning into bare repository '/workspace/cache/git-repos/https%3A%2F%2Fgithub.com%2FBojanKogoj%2Fmines'...
[INFO] running `Command { std: "git" "rev-parse" "HEAD", kill_on_drop: false }`
[INFO] [stdout] 6b6aa3865a5013639d4b8e543a641eda57495eda
[INFO] documenting BojanKogoj/mines against 1.69.0 for beta-1.70-rustdoc-1
[INFO] running `Command { std: "git" "clone" "/workspace/cache/git-repos/https%3A%2F%2Fgithub.com%2FBojanKogoj%2Fmines" "/workspace/builds/worker-6-tc1/source", kill_on_drop: false }`
[INFO] [stderr] Cloning into '/workspace/builds/worker-6-tc1/source'...
[INFO] [stderr] done.
[INFO] validating manifest of git repo https://github.com/BojanKogoj/mines on toolchain 1.69.0
[INFO] running `Command { std: CARGO_HOME="/workspace/cargo-home" RUSTUP_HOME="/workspace/rustup-home" "/workspace/cargo-home/bin/cargo" "+1.69.0" "metadata" "--manifest-path" "Cargo.toml" "--no-deps", kill_on_drop: false }`
[INFO] started tweaking git repo https://github.com/BojanKogoj/mines
[INFO] finished tweaking git repo https://github.com/BojanKogoj/mines
[INFO] tweaked toml for git repo https://github.com/BojanKogoj/mines written to /workspace/builds/worker-6-tc1/source/Cargo.toml
[INFO] crate git repo https://github.com/BojanKogoj/mines already has a lockfile, it will not be regenerated
[INFO] running `Command { std: CARGO_HOME="/workspace/cargo-home" RUSTUP_HOME="/workspace/rustup-home" "/workspace/cargo-home/bin/cargo" "+1.69.0" "fetch" "--manifest-path" "Cargo.toml", kill_on_drop: false }`
[INFO] [stderr]     Updating git repository `https://github.com/redox-os/orbtk`
[INFO] [stderr]  Downloading crates ...
[INFO] [stderr]   Downloaded bitflags v1.0.1
[INFO] [stderr]   Downloaded orbimage v0.1.15
[INFO] [stderr]   Downloaded num-traits v0.1.42
[INFO] [stderr]   Downloaded resize v0.2.0
[INFO] [stderr]   Downloaded nodrop v0.1.12
[INFO] [stderr]   Downloaded matches v0.1.6
[INFO] [stderr]   Downloaded cssparser-macros v0.3.0
[INFO] [stderr]   Downloaded procedural-masquerade v0.1.5
[INFO] [stderr]   Downloaded arrayvec v0.4.7
[INFO] [stderr]   Downloaded orbfont v0.1.8
[INFO] [stderr]   Downloaded num_cpus v1.8.0
[INFO] [stderr]   Downloaded num-integer v0.1.35
[INFO] [stderr]   Downloaded num-iter v0.1.34
[INFO] [stderr]   Downloaded scoped_threadpool v0.1.8
[INFO] [stderr]   Downloaded byteorder v1.2.1
[INFO] [stderr]   Downloaded jpeg-decoder v0.1.13
[INFO] [stderr]   Downloaded color_quant v1.0.0
[INFO] [stderr]   Downloaded linked-hash-map v0.5.0
[INFO] [stderr]   Downloaded stb_truetype v0.2.1
[INFO] [stderr]   Downloaded phf_codegen v0.7.21
[INFO] [stderr]   Downloaded phf_generator v0.7.21
[INFO] [stderr]   Downloaded rand v0.3.20
[INFO] [stderr]   Downloaded cssparser v0.16.1
[INFO] [stderr]   Downloaded orbclient v0.3.12
[INFO] [stderr]   Downloaded num v0.1.41
[INFO] [stderr]   Downloaded libc v0.2.36
[INFO] [stderr]   Downloaded rusttype v0.2.3
[INFO] [stderr]   Downloaded either v1.4.0
[INFO] [stderr]   Downloaded coco v0.1.1
[INFO] [stderr]   Downloaded rayon-core v1.3.0
[INFO] [stderr]   Downloaded num-rational v0.1.40
[INFO] [stderr]   Downloaded adler32 v1.0.2
[INFO] [stderr]   Downloaded deflate v0.7.17
[INFO] [stderr]   Downloaded redox_syscall v0.1.37
[INFO] [stderr]   Downloaded sdl2-sys v0.30.0
[INFO] [stderr]   Downloaded sdl2 v0.30.0
[INFO] running `Command { std: "docker" "create" "-v" "/var/lib/crater-agent-workspace/builds/worker-6-tc1/target:/opt/rustwide/target:rw,Z" "-v" "/var/lib/crater-agent-workspace/builds/worker-6-tc1/source:/opt/rustwide/workdir:ro,Z" "-v" "/var/lib/crater-agent-workspace/cargo-home:/opt/rustwide/cargo-home:ro,Z" "-v" "/var/lib/crater-agent-workspace/rustup-home:/opt/rustwide/rustup-home:ro,Z" "-e" "SOURCE_DIR=/opt/rustwide/workdir" "-e" "CARGO_TARGET_DIR=/opt/rustwide/target" "-e" "CARGO_HOME=/opt/rustwide/cargo-home" "-e" "RUSTUP_HOME=/opt/rustwide/rustup-home" "-w" "/opt/rustwide/workdir" "-m" "1610612736" "--user" "0:0" "--network" "none" "ghcr.io/rust-lang/crates-build-env/linux@sha256:5ff2268d62e97bff2cde7d5815dd6ed5b47097566f13b8d0ca110b04b60e07ed" "/opt/rustwide/cargo-home/bin/cargo" "+1.69.0" "metadata" "--no-deps" "--format-version=1", kill_on_drop: false }`
[INFO] [stdout] 712ecdeeca47690920e087fea294805db82c2514bb4425a75d5e09f7d520f8b3
[INFO] running `Command { std: "docker" "start" "-a" "712ecdeeca47690920e087fea294805db82c2514bb4425a75d5e09f7d520f8b3", kill_on_drop: false }`
[INFO] running `Command { std: "docker" "inspect" "712ecdeeca47690920e087fea294805db82c2514bb4425a75d5e09f7d520f8b3", kill_on_drop: false }`
[INFO] running `Command { std: "docker" "rm" "-f" "712ecdeeca47690920e087fea294805db82c2514bb4425a75d5e09f7d520f8b3", kill_on_drop: false }`
[INFO] [stdout] 712ecdeeca47690920e087fea294805db82c2514bb4425a75d5e09f7d520f8b3
[INFO] running `Command { std: "docker" "create" "-v" "/var/lib/crater-agent-workspace/builds/worker-6-tc1/target:/opt/rustwide/target:rw,Z" "-v" "/var/lib/crater-agent-workspace/builds/worker-6-tc1/source:/opt/rustwide/workdir:ro,Z" "-v" "/var/lib/crater-agent-workspace/cargo-home:/opt/rustwide/cargo-home:ro,Z" "-v" "/var/lib/crater-agent-workspace/rustup-home:/opt/rustwide/rustup-home:ro,Z" "-e" "SOURCE_DIR=/opt/rustwide/workdir" "-e" "CARGO_TARGET_DIR=/opt/rustwide/target" "-e" "CARGO_INCREMENTAL=0" "-e" "RUST_BACKTRACE=full" "-e" "RUSTFLAGS=--cap-lints=warn" "-e" "RUSTDOCFLAGS=--cap-lints=warn" "-e" "CARGO_HOME=/opt/rustwide/cargo-home" "-e" "RUSTUP_HOME=/opt/rustwide/rustup-home" "-w" "/opt/rustwide/workdir" "-m" "1610612736" "--user" "0:0" "--network" "none" "ghcr.io/rust-lang/crates-build-env/linux@sha256:5ff2268d62e97bff2cde7d5815dd6ed5b47097566f13b8d0ca110b04b60e07ed" "/opt/rustwide/cargo-home/bin/cargo" "+1.69.0" "doc" "--frozen" "--no-deps" "--document-private-items" "--message-format=json", kill_on_drop: false }`
[INFO] [stdout] e8fd62657251e97b41207cd5a939cc16b0edea0189ee282becc851da2d3ccc54
[INFO] running `Command { std: "docker" "start" "-a" "e8fd62657251e97b41207cd5a939cc16b0edea0189ee282becc851da2d3ccc54", kill_on_drop: false }`
[INFO] [stderr]     Checking num-traits v0.1.42
[INFO] [stderr]     Checking libc v0.2.36
[INFO] [stderr]     Checking lazy_static v0.2.11
[INFO] [stderr]    Compiling rayon-core v1.3.0
[INFO] [stderr]    Compiling sdl2-sys v0.30.0
[INFO] [stderr]     Checking either v1.4.0
[INFO] [stderr]    Compiling unicode-xid v0.0.4
[INFO] [stderr]     Checking scopeguard v0.3.3
[INFO] [stderr]     Checking bitflags v0.7.0
[INFO] [stderr]    Compiling quote v0.3.15
[INFO] [stderr]     Checking coco v0.1.1
[INFO] [stderr]    Compiling synom v0.11.3
[INFO] [stderr]    Compiling siphasher v0.2.2
[INFO] [stderr]     Checking byteorder v1.2.1
[INFO] [stderr]    Compiling syn v0.11.11
[INFO] [stderr]     Checking rand v0.3.20
[INFO] [stderr]     Checking num_cpus v1.8.0
[INFO] [stderr]     Checking num-integer v0.1.35
[INFO] [stderr]    Compiling phf_shared v0.7.21
[INFO] [stderr]     Checking adler32 v1.0.2
[INFO] [stderr]     Checking byteorder v0.4.2
[INFO] [stderr]     Checking deflate v0.7.17
[INFO] [stderr]     Checking num-iter v0.1.34
[INFO] [stderr]     Checking nodrop v0.1.12
[INFO] [stderr]     Checking lzw v0.10.0
[INFO] [stderr]     Checking inflate v0.1.1
[INFO] [stderr]     Checking color_quant v1.0.0
[INFO] [stderr]     Checking num v0.1.41
[INFO] [stderr]     Checking arrayvec v0.4.7
[INFO] [stderr]     Checking gif v0.9.2
[INFO] [stderr]     Checking sdl2 v0.30.0
[INFO] [stderr]     Checking stb_truetype v0.2.1
[INFO] [stderr]    Compiling phf_generator v0.7.21
[INFO] [stderr]     Checking rayon v0.8.2
[INFO] [stderr]     Checking num-rational v0.1.40
[INFO] [stderr]    Compiling phf_codegen v0.7.21
[INFO] [stderr]     Checking enum_primitive v0.1.1
[INFO] [stderr]     Checking linked-hash-map v0.5.0
[INFO] [stderr]     Checking scoped_threadpool v0.1.8
[INFO] [stderr]    Compiling procedural-masquerade v0.1.5
[INFO] [stderr]     Checking phf v0.7.21
[INFO] [stderr]     Checking resize v0.2.0
[INFO] [stderr]     Checking rusttype v0.2.3
[INFO] [stderr]     Checking matches v0.1.6
[INFO] [stderr]     Checking png v0.6.2
[INFO] [stderr]     Checking orbclient v0.3.12
[INFO] [stdout] error[E0311]: the parameter type `K` may not live long enough
[INFO] [stdout]   --> /opt/rustwide/cargo-home/registry/src/github.com-1ecc6299db9ec823/rusttype-0.2.3/src/support/bst/map.rs:81:19
[INFO] [stdout]    |
[INFO] [stdout] 81 |             match node.force() {
[INFO] [stdout]    |                   ^^^^
[INFO] [stdout]    |
[INFO] [stdout] note: the parameter type `K` must be valid for the anonymous lifetime defined here...
[INFO] [stdout]   --> /opt/rustwide/cargo-home/registry/src/github.com-1ecc6299db9ec823/rusttype-0.2.3/src/support/bst/map.rs:78:37
[INFO] [stdout]    |
[INFO] [stdout] 78 |                 node: node::NodeRef<marker::Immut, K, V, marker::LeafOrInternal>)
[INFO] [stdout]    |                                     ^^^^^^^^^^^^^
[INFO] [stdout] note: ...so that the type `K` will meet its required lifetime bounds
[INFO] [stdout]   --> /opt/rustwide/cargo-home/registry/src/github.com-1ecc6299db9ec823/rusttype-0.2.3/src/support/bst/map.rs:81:19
[INFO] [stdout]    |
[INFO] [stdout] 81 |             match node.force() {
[INFO] [stdout]    |                   ^^^^
[INFO] [stdout] help: consider adding an explicit lifetime bound...
[INFO] [stdout]    |
[INFO] [stdout] 77 ~         fn clone_subtree<'a, K: Clone + 'a, V: Clone>(
[INFO] [stdout] 78 ~                 node: node::NodeRef<marker::Immut<'a>, K, V, marker::LeafOrInternal>)
[INFO] [stdout]    |
[INFO] [stdout] 
[INFO] [stdout] 
[INFO] [stdout] error[E0311]: the parameter type `V` may not live long enough
[INFO] [stdout]   --> /opt/rustwide/cargo-home/registry/src/github.com-1ecc6299db9ec823/rusttype-0.2.3/src/support/bst/map.rs:81:19
[INFO] [stdout]    |
[INFO] [stdout] 81 |             match node.force() {
[INFO] [stdout]    |                   ^^^^
[INFO] [stdout]    |
[INFO] [stdout] note: the parameter type `V` must be valid for the anonymous lifetime defined here...
[INFO] [stdout]   --> /opt/rustwide/cargo-home/registry/src/github.com-1ecc6299db9ec823/rusttype-0.2.3/src/support/bst/map.rs:78:37
[INFO] [stdout]    |
[INFO] [stdout] 78 |                 node: node::NodeRef<marker::Immut, K, V, marker::LeafOrInternal>)
[INFO] [stdout]    |                                     ^^^^^^^^^^^^^
[INFO] [stdout] note: ...so that the type `V` will meet its required lifetime bounds
[INFO] [stdout]   --> /opt/rustwide/cargo-home/registry/src/github.com-1ecc6299db9ec823/rusttype-0.2.3/src/support/bst/map.rs:81:19
[INFO] [stdout]    |
[INFO] [stdout] 81 |             match node.force() {
[INFO] [stdout]    |                   ^^^^
[INFO] [stdout] help: consider adding an explicit lifetime bound...
[INFO] [stdout]    |
[INFO] [stdout] 77 ~         fn clone_subtree<'a, K: Clone, V: Clone + 'a>(
[INFO] [stdout] 78 ~                 node: node::NodeRef<marker::Immut<'a>, K, V, marker::LeafOrInternal>)
[INFO] [stdout]    |
[INFO] [stdout] 
[INFO] [stdout] 
[INFO] [stdout] error[E0557]: feature has been removed
[INFO] [stdout]  --> /opt/rustwide/cargo-home/registry/src/github.com-1ecc6299db9ec823/orbclient-0.3.12/src/lib.rs:5:12
[INFO] [stdout]   |
[INFO] [stdout] 5 | #![feature(const_fn)]
[INFO] [stdout]   |            ^^^^^^^^ feature has been removed
[INFO] [stdout]   |
[INFO] [stdout]   = note: split into finer-grained feature gates
[INFO] [stdout] 
[INFO] [stdout] 
[INFO] [stderr]     Checking jpeg-decoder v0.1.13
[INFO] [stdout] error[E0432]: unresolved import `alloc::Vec`
[INFO] [stdout]  --> /opt/rustwide/cargo-home/registry/src/github.com-1ecc6299db9ec823/orbclient-0.3.12/src/graphicspath.rs:1:5
[INFO] [stdout]   |
[INFO] [stdout] 1 | use alloc::Vec;
[INFO] [stdout]   |     ^^^^^^^^^^ no `Vec` in the root
[INFO] [stdout]   |
[INFO] [stdout] help: a similar name exists in the module
[INFO] [stdout]   |
[INFO] [stdout] 1 | use alloc::vec;
[INFO] [stdout]   |            ~~~
[INFO] [stdout] help: consider importing this struct instead
[INFO] [stdout]   |
[INFO] [stdout] 1 | use alloc::vec::Vec;
[INFO] [stdout]   |     ~~~~~~~~~~~~~~~
[INFO] [stdout] 
[INFO] [stdout] 
[INFO] [stdout] error: cannot find macro `asm` in this scope
[INFO] [stdout]   --> /opt/rustwide/cargo-home/registry/src/github.com-1ecc6299db9ec823/orbclient-0.3.12/src/renderer.rs:24:5
[INFO] [stdout]    |
[INFO] [stdout] 24 |     asm!("cld
[INFO] [stdout]    |     ^^^
[INFO] [stdout]    |
[INFO] [stdout]    = help: consider importing this macro:
[INFO] [stdout]            core::arch::asm
[INFO] [stdout] 
[INFO] [stdout] 
[INFO] [stdout] error[E0554]: `#![feature]` may not be used on the stable release channel
[INFO] [stdout]  --> /opt/rustwide/cargo-home/registry/src/github.com-1ecc6299db9ec823/orbclient-0.3.12/src/lib.rs:3:12
[INFO] [stdout]   |
[INFO] [stdout] 3 | #![feature(alloc)]
[INFO] [stdout]   |            ^^^^^
[INFO] [stdout] 
[INFO] [stdout] 
[INFO] [stdout] error[E0554]: `#![feature]` may not be used on the stable release channel
[INFO] [stdout]  --> /opt/rustwide/cargo-home/registry/src/github.com-1ecc6299db9ec823/orbclient-0.3.12/src/lib.rs:4:12
[INFO] [stdout]   |
[INFO] [stdout] 4 | #![feature(asm)]
[INFO] [stdout]   |            ^^^
[INFO] [stdout] 
[INFO] [stdout] 
[INFO] [stdout] error[E0554]: `#![feature]` may not be used on the stable release channel
[INFO] [stdout]  --> /opt/rustwide/cargo-home/registry/src/github.com-1ecc6299db9ec823/orbclient-0.3.12/src/lib.rs:6:75
[INFO] [stdout]   |
[INFO] [stdout] 6 | #![cfg_attr(all(not(feature="no_std"), not(target_os = "redox")), feature(const_ptr_null_mut))]
[INFO] [stdout]   |                                                                           ^^^^^^^^^^^^^^^^^^
[INFO] [stdout] 
[INFO] [stdout] 
[INFO] [stdout] error[E0635]: unknown feature `const_ptr_null_mut`
[INFO] [stdout]  --> /opt/rustwide/cargo-home/registry/src/github.com-1ecc6299db9ec823/orbclient-0.3.12/src/lib.rs:6:75
[INFO] [stdout]   |
[INFO] [stdout] 6 | #![cfg_attr(all(not(feature="no_std"), not(target_os = "redox")), feature(const_ptr_null_mut))]
[INFO] [stdout]   |                                                                           ^^^^^^^^^^^^^^^^^^
[INFO] [stdout] 
[INFO] [stdout] 
[INFO] [stdout] error: aborting due to 2 previous errors
[INFO] [stdout] 
[INFO] [stdout] 
[INFO] [stdout] For more information about this error, try `rustc --explain E0311`.
[INFO] [stdout] 
[INFO] [stderr] error: could not compile `rusttype` due to 3 previous errors
[INFO] [stderr] warning: build failed, waiting for other jobs to finish...
[INFO] [stdout] error: aborting due to 7 previous errors
[INFO] [stdout] 
[INFO] [stdout] 
[INFO] [stdout] Some errors have detailed explanations: E0432, E0554, E0557, E0635.
[INFO] [stdout] 
[INFO] [stdout] For more information about an error, try `rustc --explain E0432`.
[INFO] [stdout] 
[INFO] [stderr] error: could not compile `orbclient` due to 8 previous errors
[INFO] running `Command { std: "docker" "inspect" "e8fd62657251e97b41207cd5a939cc16b0edea0189ee282becc851da2d3ccc54", kill_on_drop: false }`
[INFO] running `Command { std: "docker" "rm" "-f" "e8fd62657251e97b41207cd5a939cc16b0edea0189ee282becc851da2d3ccc54", kill_on_drop: false }`
[INFO] [stdout] e8fd62657251e97b41207cd5a939cc16b0edea0189ee282becc851da2d3ccc54
