[INFO] cloning repository https://github.com/AnyLeaf/water-mon-app
[INFO] running `Command { std: "git" "-c" "credential.helper=" "-c" "credential.helper=/workspace/cargo-home/bin/git-credential-null" "clone" "--bare" "https://github.com/AnyLeaf/water-mon-app" "/workspace/cache/git-repos/https%3A%2F%2Fgithub.com%2FAnyLeaf%2Fwater-mon-app", kill_on_drop: false }`
[INFO] [stderr] Cloning into bare repository '/workspace/cache/git-repos/https%3A%2F%2Fgithub.com%2FAnyLeaf%2Fwater-mon-app'...
[INFO] running `Command { std: "git" "rev-parse" "HEAD", kill_on_drop: false }`
[INFO] [stdout] 6894e28eca617f8809845291f659bb59002db902
[INFO] documenting AnyLeaf/water-mon-app against beta-2023-04-20 for beta-1.70-rustdoc-1
[INFO] running `Command { std: "git" "clone" "/workspace/cache/git-repos/https%3A%2F%2Fgithub.com%2FAnyLeaf%2Fwater-mon-app" "/workspace/builds/worker-5-tc2/source", kill_on_drop: false }`
[INFO] [stderr] Cloning into '/workspace/builds/worker-5-tc2/source'...
[INFO] [stderr] done.
[INFO] validating manifest of git repo https://github.com/AnyLeaf/water-mon-app on toolchain beta-2023-04-20
[INFO] running `Command { std: CARGO_HOME="/workspace/cargo-home" RUSTUP_HOME="/workspace/rustup-home" "/workspace/cargo-home/bin/cargo" "+beta-2023-04-20" "metadata" "--manifest-path" "Cargo.toml" "--no-deps", kill_on_drop: false }`
[INFO] started tweaking git repo https://github.com/AnyLeaf/water-mon-app
[INFO] finished tweaking git repo https://github.com/AnyLeaf/water-mon-app
[INFO] tweaked toml for git repo https://github.com/AnyLeaf/water-mon-app written to /workspace/builds/worker-5-tc2/source/Cargo.toml
[INFO] crate git repo https://github.com/AnyLeaf/water-mon-app already has a lockfile, it will not be regenerated
[INFO] running `Command { std: CARGO_HOME="/workspace/cargo-home" RUSTUP_HOME="/workspace/rustup-home" "/workspace/cargo-home/bin/cargo" "+beta-2023-04-20" "fetch" "--manifest-path" "Cargo.toml", kill_on_drop: false }`
[INFO] [stderr]  Downloading crates ...
[INFO] [stderr]   Downloaded universal-hash v0.3.0
[INFO] [stderr]   Downloaded ghash v0.2.3
[INFO] [stderr]   Downloaded aes-gcm v0.5.0
[INFO] [stderr]   Downloaded zeroize v1.1.1
[INFO] [stderr]   Downloaded polyval v0.3.3
[INFO] [stderr]   Downloaded aead v0.2.0
[INFO] [stderr]   Downloaded cookie v0.11.3
[INFO] [stderr]   Downloaded notify v4.0.15
[INFO] [stderr]   Downloaded aes v0.3.2
[INFO] [stderr]   Downloaded serialport v4.1.0
[INFO] running `Command { std: "docker" "create" "-v" "/var/lib/crater-agent-workspace/builds/worker-5-tc2/target:/opt/rustwide/target:rw,Z" "-v" "/var/lib/crater-agent-workspace/builds/worker-5-tc2/source:/opt/rustwide/workdir:ro,Z" "-v" "/var/lib/crater-agent-workspace/cargo-home:/opt/rustwide/cargo-home:ro,Z" "-v" "/var/lib/crater-agent-workspace/rustup-home:/opt/rustwide/rustup-home:ro,Z" "-e" "SOURCE_DIR=/opt/rustwide/workdir" "-e" "CARGO_TARGET_DIR=/opt/rustwide/target" "-e" "CARGO_HOME=/opt/rustwide/cargo-home" "-e" "RUSTUP_HOME=/opt/rustwide/rustup-home" "-w" "/opt/rustwide/workdir" "-m" "1610612736" "--user" "0:0" "--network" "none" "ghcr.io/rust-lang/crates-build-env/linux@sha256:5ff2268d62e97bff2cde7d5815dd6ed5b47097566f13b8d0ca110b04b60e07ed" "/opt/rustwide/cargo-home/bin/cargo" "+beta-2023-04-20" "metadata" "--no-deps" "--format-version=1", kill_on_drop: false }`
[INFO] [stdout] c1e93790111dfc43148d302a961e5feba78521477ff3920f6988ec2a630773e7
[INFO] running `Command { std: "docker" "start" "-a" "c1e93790111dfc43148d302a961e5feba78521477ff3920f6988ec2a630773e7", kill_on_drop: false }`
[INFO] running `Command { std: "docker" "inspect" "c1e93790111dfc43148d302a961e5feba78521477ff3920f6988ec2a630773e7", kill_on_drop: false }`
[INFO] running `Command { std: "docker" "rm" "-f" "c1e93790111dfc43148d302a961e5feba78521477ff3920f6988ec2a630773e7", kill_on_drop: false }`
[INFO] [stdout] c1e93790111dfc43148d302a961e5feba78521477ff3920f6988ec2a630773e7
[INFO] running `Command { std: "docker" "create" "-v" "/var/lib/crater-agent-workspace/builds/worker-5-tc2/target:/opt/rustwide/target:rw,Z" "-v" "/var/lib/crater-agent-workspace/builds/worker-5-tc2/source:/opt/rustwide/workdir:ro,Z" "-v" "/var/lib/crater-agent-workspace/cargo-home:/opt/rustwide/cargo-home:ro,Z" "-v" "/var/lib/crater-agent-workspace/rustup-home:/opt/rustwide/rustup-home:ro,Z" "-e" "SOURCE_DIR=/opt/rustwide/workdir" "-e" "CARGO_TARGET_DIR=/opt/rustwide/target" "-e" "CARGO_INCREMENTAL=0" "-e" "RUST_BACKTRACE=full" "-e" "RUSTFLAGS=--cap-lints=warn" "-e" "RUSTDOCFLAGS=--cap-lints=warn" "-e" "CARGO_HOME=/opt/rustwide/cargo-home" "-e" "RUSTUP_HOME=/opt/rustwide/rustup-home" "-w" "/opt/rustwide/workdir" "-m" "1610612736" "--user" "0:0" "--network" "none" "ghcr.io/rust-lang/crates-build-env/linux@sha256:5ff2268d62e97bff2cde7d5815dd6ed5b47097566f13b8d0ca110b04b60e07ed" "/opt/rustwide/cargo-home/bin/cargo" "+beta-2023-04-20" "doc" "--frozen" "--no-deps" "--document-private-items" "--message-format=json", kill_on_drop: false }`
[INFO] [stdout] 8d523dc69f450d898220ff8474fc971615bd5c6fcade518bb66dbc5f6c1f7bc4
[INFO] running `Command { std: "docker" "start" "-a" "8d523dc69f450d898220ff8474fc971615bd5c6fcade518bb66dbc5f6c1f7bc4", kill_on_drop: false }`
[INFO] [stderr]    Compiling libc v0.2.125
[INFO] [stderr]    Compiling log v0.4.11
[INFO] [stderr]    Compiling version_check v0.9.2
[INFO] [stderr]    Compiling proc-macro2 v1.0.36
[INFO] [stderr]    Compiling indexmap v1.6.0
[INFO] [stderr]    Compiling tinyvec v1.1.0
[INFO] [stderr]    Compiling syn v1.0.93
[INFO] [stderr]     Checking opaque-debug v0.2.3
[INFO] [stderr]     Checking subtle v2.3.0
[INFO] [stderr]     Checking generic-array v0.12.3
[INFO] [stderr]    Compiling unicode-bidi v0.3.4
[INFO] [stderr]    Compiling serde_derive v1.0.137
[INFO] [stderr]     Checking subtle v1.0.0
[INFO] [stderr]     Checking byte-tools v0.3.1
[INFO] [stderr]     Checking block-padding v0.1.5
[INFO] [stderr]    Compiling byteorder v1.3.4
[INFO] [stderr]    Compiling percent-encoding v1.0.1
[INFO] [stderr]    Compiling bitflags v1.3.2
[INFO] [stderr]     Checking universal-hash v0.3.0
[INFO] [stderr]     Checking block-cipher-trait v0.6.2
[INFO] [stderr]     Checking digest v0.8.1
[INFO] [stderr]     Checking polyval v0.3.3
[INFO] [stderr]     Checking aes-soft v0.3.3
[INFO] [stderr]    Compiling pear_codegen v0.1.4
[INFO] [stderr]     Checking crypto-mac v0.7.0
[INFO] [stderr]    Compiling safemem v0.3.3
[INFO] [stderr]    Compiling serde v1.0.137
[INFO] [stderr]    Compiling devise_core v0.2.0
[INFO] [stderr]     Checking log v0.3.9
[INFO] [stderr]     Checking ghash v0.2.3
[INFO] [stderr]     Checking hmac v0.7.1
[INFO] [stderr]    Compiling base64 v0.9.3
[INFO] [stdout] error[E0557]: feature has been removed
[INFO] [stdout]  --> /opt/rustwide/cargo-home/registry/src/index.crates.io-6f17d22bba15001f/devise_core-0.2.0/src/lib.rs:2:12
[INFO] [stdout]   |
[INFO] [stdout] 2 | #![feature(crate_visibility_modifier)]
[INFO] [stdout]   |            ^^^^^^^^^^^^^^^^^^^^^^^^^ feature has been removed
[INFO] [stdout]   |
[INFO] [stdout]   = note: removed in favor of `pub(crate)`
[INFO] [stdout] 
[INFO] [stdout] 
[INFO] [stdout] error: expected one of `!` or `::`, found keyword `enum`
[INFO] [stdout]   --> /opt/rustwide/cargo-home/registry/src/index.crates.io-6f17d22bba15001f/devise_core-0.2.0/src/field.rs:52:7
[INFO] [stdout]    |
[INFO] [stdout] 52 | crate enum FieldKind<'p> {
[INFO] [stdout]    |       ^^^^ expected one of `!` or `::`
[INFO] [stdout] 
[INFO] [stdout] 
[INFO] [stderr]     Checking aes v0.3.2
[INFO] [stdout] error: expected identifier, found keyword `crate`
[INFO] [stdout]   --> /opt/rustwide/cargo-home/registry/src/index.crates.io-6f17d22bba15001f/devise_core-0.2.0/src/generator.rs:69:5
[INFO] [stdout]    |
[INFO] [stdout] 65 | pub struct DeriveGenerator {
[INFO] [stdout]    |            --------------- while parsing this struct
[INFO] [stdout] ...
[INFO] [stdout] 69 |     crate generic_support: GenericSupport,
[INFO] [stdout]    |     ^^^^^ expected identifier, found keyword
[INFO] [stdout] 
[INFO] [stdout] 
[INFO] [stdout] error: expected one of `!` or `::`, found keyword `fn`
[INFO] [stdout]    --> /opt/rustwide/cargo-home/registry/src/index.crates.io-6f17d22bba15001f/devise_core-0.2.0/src/generator.rs:28:15
[INFO] [stdout]     |
[INFO] [stdout] 28  |           crate fn push_default_mappers(&mut self) {
[INFO] [stdout]     |                 ^^ expected one of `!` or `::`
[INFO] [stdout] ...
[INFO] [stdout] 193 | /     mappers! {
[INFO] [stdout] 194 | |         (map_struct, try_map_struct, struct_mapper): Struct, struct_mappers,
[INFO] [stdout] 195 | |         (map_enum, try_map_enum, enum_mapper): Enum, enum_mappers,
[INFO] [stdout] 196 | |         (map_variant, try_map_variant, variant_mapper): Variant, variant_mappers,
[INFO] [stdout] 197 | |         (map_fields, try_map_fields, fields_mapper): Fields, fields_mappers,
[INFO] [stdout] 198 | |         (map_field, try_map_field, field_mapper): Field, field_mappers
[INFO] [stdout] 199 | |     }
[INFO] [stdout]     | |_____- in this macro invocation
[INFO] [stdout]     |
[INFO] [stdout]     = note: this error originates in the macro `mappers` (in Nightly builds, run with -Z macro-backtrace for more info)
[INFO] [stdout] 
[INFO] [stdout] 
[INFO] [stderr]     Checking block-buffer v0.7.3
[INFO] [stdout] error[E0432]: unresolved imports `field::Field`, `field::Fields`
[INFO] [stdout]  --> /opt/rustwide/cargo-home/registry/src/index.crates.io-6f17d22bba15001f/devise_core-0.2.0/src/generator.rs:8:13
[INFO] [stdout]   |
[INFO] [stdout] 8 | use field::{Field, Fields};
[INFO] [stdout]   |             ^^^^^  ^^^^^^ no `Fields` in `field`
[INFO] [stdout]   |             |
[INFO] [stdout]   |             no `Field` in `field`
[INFO] [stdout]   |
[INFO] [stdout]   = help: consider importing one of these items instead:
[INFO] [stdout]           syn::Expr::Field
[INFO] [stdout]           syn::Field
[INFO] [stdout]   = help: consider importing this enum instead:
[INFO] [stdout]           syn::Fields
[INFO] [stdout] 
[INFO] [stdout] 
[INFO] [stdout] error[E0432]: unresolved imports `field::Field`, `field::FieldParent`, `field::Fields`
[INFO] [stdout]  --> /opt/rustwide/cargo-home/registry/src/index.crates.io-6f17d22bba15001f/devise_core-0.2.0/src/derived.rs:5:13
[INFO] [stdout]   |
[INFO] [stdout] 5 | use field::{Field, FieldParent, Fields};
[INFO] [stdout]   |             ^^^^^  ^^^^^^^^^^^  ^^^^^^ no `Fields` in `field`
[INFO] [stdout]   |             |      |
[INFO] [stdout]   |             |      no `FieldParent` in `field`
[INFO] [stdout]   |             no `Field` in `field`
[INFO] [stdout]   |
[INFO] [stdout]   = help: consider importing one of these items instead:
[INFO] [stdout]           syn::Expr::Field
[INFO] [stdout]           syn::Field
[INFO] [stdout]   = help: consider importing this enum instead:
[INFO] [stdout]           syn::Fields
[INFO] [stdout] 
[INFO] [stdout] 
[INFO] [stderr]     Checking aead v0.2.0
[INFO] [stderr]    Compiling unicase v1.4.2
[INFO] [stderr]    Compiling httparse v1.3.4
[INFO] [stdout] error[E0554]: `#![feature]` may not be used on the beta release channel
[INFO] [stdout]  --> /opt/rustwide/cargo-home/registry/src/index.crates.io-6f17d22bba15001f/devise_core-0.2.0/src/lib.rs:1:12
[INFO] [stdout]   |
[INFO] [stdout] 1 | #![feature(proc_macro_diagnostic, proc_macro_span)]
[INFO] [stdout]   |            ^^^^^^^^^^^^^^^^^^^^^
[INFO] [stdout] 
[INFO] [stdout] 
[INFO] [stderr]     Checking fake-simd v0.1.2
[INFO] [stdout] error[E0554]: `#![feature]` may not be used on the beta release channel
[INFO] [stdout]  --> /opt/rustwide/cargo-home/registry/src/index.crates.io-6f17d22bba15001f/devise_core-0.2.0/src/lib.rs:1:35
[INFO] [stdout]   |
[INFO] [stdout] 1 | #![feature(proc_macro_diagnostic, proc_macro_span)]
[INFO] [stdout]   |                                   ^^^^^^^^^^^^^^^
[INFO] [stdout] 
[INFO] [stdout] 
[INFO] [stdout] error[E0554]: `#![feature]` may not be used on the beta release channel
[INFO] [stdout]  --> /opt/rustwide/cargo-home/registry/src/index.crates.io-6f17d22bba15001f/devise_core-0.2.0/src/lib.rs:3:12
[INFO] [stdout]   |
[INFO] [stdout] 3 | #![feature(concat_idents)]
[INFO] [stdout]   |            ^^^^^^^^^^^^^
[INFO] [stdout] 
[INFO] [stdout] 
[INFO] [stderr]    Compiling mime v0.2.6
[INFO] [stderr]    Compiling language-tags v0.2.2
[INFO] [stdout] error[E0599]: no method named `variant_mapper` found for reference `&DeriveGenerator` in the current scope
[INFO] [stdout]   --> /opt/rustwide/cargo-home/registry/src/index.crates.io-6f17d22bba15001f/devise_core-0.2.0/src/generator.rs:90:22
[INFO] [stdout]    |
[INFO] [stdout] 90 |         .map(|v| gen.variant_mapper()(gen, v))
[INFO] [stdout]    |                      ^^^^^^^^^^^^^^ method not found in `&DeriveGenerator`
[INFO] [stdout] 
[INFO] [stdout] 
[INFO] [stderr]    Compiling traitobject v0.1.0
[INFO] [stderr]     Checking zeroize v1.1.1
[INFO] [stdout] error[E0599]: no method named `variant_mapper` found for reference `&DeriveGenerator` in the current scope
[INFO] [stdout]    --> /opt/rustwide/cargo-home/registry/src/index.crates.io-6f17d22bba15001f/devise_core-0.2.0/src/generator.rs:106:22
[INFO] [stdout]     |
[INFO] [stdout] 106 |         .map(|v| gen.variant_mapper()(gen, v))
[INFO] [stdout]     |                      ^^^^^^^^^^^^^^ method not found in `&DeriveGenerator`
[INFO] [stdout] 
[INFO] [stdout] 
[INFO] [stdout] error[E0599]: no method named `fields_mapper` found for reference `&DeriveGenerator` in the current scope
[INFO] [stdout]    --> /opt/rustwide/cargo-home/registry/src/index.crates.io-6f17d22bba15001f/devise_core-0.2.0/src/generator.rs:113:9
[INFO] [stdout]     |
[INFO] [stdout] 113 |     gen.fields_mapper()(gen, data.fields())
[INFO] [stdout]     |         ^^^^^^^^^^^^^ method not found in `&DeriveGenerator`
[INFO] [stdout] 
[INFO] [stdout] 
[INFO] [stdout] error[E0599]: no method named `fields_mapper` found for reference `&DeriveGenerator` in the current scope
[INFO] [stdout]    --> /opt/rustwide/cargo-home/registry/src/index.crates.io-6f17d22bba15001f/devise_core-0.2.0/src/generator.rs:117:9
[INFO] [stdout]     |
[INFO] [stdout] 117 |     gen.fields_mapper()(gen, data.fields())
[INFO] [stdout]     |         ^^^^^^^^^^^^^ method not found in `&DeriveGenerator`
[INFO] [stdout] 
[INFO] [stdout] 
[INFO] [stderr]    Compiling unicode-normalization v0.1.16
[INFO] [stdout] error[E0599]: no method named `field_mapper` found for reference `&DeriveGenerator` in the current scope
[INFO] [stdout]    --> /opt/rustwide/cargo-home/registry/src/index.crates.io-6f17d22bba15001f/devise_core-0.2.0/src/generator.rs:126:24
[INFO] [stdout]     |
[INFO] [stdout] 126 |         .map(|field| g.field_mapper()(g, field))
[INFO] [stdout]     |                        ^^^^^^^^^^^^ method not found in `&DeriveGenerator`
[INFO] [stdout] 
[INFO] [stdout] 
[INFO] [stderr]    Compiling typeable v0.1.2
[INFO] [stdout] error[E0615]: attempted to take value of method `generic_support` on type `&mut DeriveGenerator`
[INFO] [stdout]    --> /opt/rustwide/cargo-home/registry/src/index.crates.io-6f17d22bba15001f/devise_core-0.2.0/src/generator.rs:159:14
[INFO] [stdout]     |
[INFO] [stdout] 159 |         self.generic_support = support;
[INFO] [stdout]     |              ^^^^^^^^^^^^^^^ method, not a field
[INFO] [stdout]     |
[INFO] [stdout]     = help: methods are immutable and cannot be assigned to
[INFO] [stdout] 
[INFO] [stdout] 
[INFO] [stdout] error[E0615]: attempted to take value of method `data_support` on type `&mut DeriveGenerator`
[INFO] [stdout]    --> /opt/rustwide/cargo-home/registry/src/index.crates.io-6f17d22bba15001f/devise_core-0.2.0/src/generator.rs:164:14
[INFO] [stdout]     |
[INFO] [stdout] 164 |         self.data_support = support;
[INFO] [stdout]     |              ^^^^^^^^^^^^ method, not a field
[INFO] [stdout]     |
[INFO] [stdout]     = help: methods are immutable and cannot be assigned to
[INFO] [stdout] 
[INFO] [stdout] 
[INFO] [stdout] error[E0609]: no field `type_generic_mapper` on type `&mut DeriveGenerator`
[INFO] [stdout]    --> /opt/rustwide/cargo-home/registry/src/index.crates.io-6f17d22bba15001f/devise_core-0.2.0/src/generator.rs:171:14
[INFO] [stdout]     |
[INFO] [stdout] 171 |         self.type_generic_mapper = Some(Box::new(f));
[INFO] [stdout]     |              ^^^^^^^^^^^^^^^^^^^ unknown field
[INFO] [stdout]     |
[INFO] [stdout]     = note: available fields are: `input`, `trait_impl`, `trait_path`
[INFO] [stdout] 
[INFO] [stdout] 
[INFO] [stdout] error[E0609]: no field `generic_replacements` on type `&mut DeriveGenerator`
[INFO] [stdout]    --> /opt/rustwide/cargo-home/registry/src/index.crates.io-6f17d22bba15001f/devise_core-0.2.0/src/generator.rs:176:14
[INFO] [stdout]     |
[INFO] [stdout] 176 |         self.generic_replacements.push((trait_gen, impl_gen));
[INFO] [stdout]     |              ^^^^^^^^^^^^^^^^^^^^ unknown field
[INFO] [stdout]     |
[INFO] [stdout]     = note: available fields are: `input`, `trait_impl`, `trait_path`
[INFO] [stdout] 
[INFO] [stdout] 
[INFO] [stdout] error[E0609]: no field `enum_validator` on type `&mut DeriveGenerator`
[INFO] [stdout]    --> /opt/rustwide/cargo-home/registry/src/index.crates.io-6f17d22bba15001f/devise_core-0.2.0/src/generator.rs:180:37
[INFO] [stdout]     |
[INFO] [stdout] 180 |     validator!(validate_enum: Enum, enum_validator);
[INFO] [stdout]     |                                     ^^^^^^^^^^^^^^ unknown field
[INFO] [stdout]     |
[INFO] [stdout]     = note: available fields are: `input`, `trait_impl`, `trait_path`
[INFO] [stdout] 
[INFO] [stdout] 
[INFO] [stdout] error[E0609]: no field `struct_validator` on type `&mut DeriveGenerator`
[INFO] [stdout]    --> /opt/rustwide/cargo-home/registry/src/index.crates.io-6f17d22bba15001f/devise_core-0.2.0/src/generator.rs:181:41
[INFO] [stdout]     |
[INFO] [stdout] 181 |     validator!(validate_struct: Struct, struct_validator);
[INFO] [stdout]     |                                         ^^^^^^^^^^^^^^^^ unknown field
[INFO] [stdout]     |
[INFO] [stdout]     = note: available fields are: `input`, `trait_impl`, `trait_path`
[INFO] [stdout] 
[INFO] [stdout] 
[INFO] [stdout] error[E0609]: no field `generics_validator` on type `&mut DeriveGenerator`
[INFO] [stdout]    --> /opt/rustwide/cargo-home/registry/src/index.crates.io-6f17d22bba15001f/devise_core-0.2.0/src/generator.rs:182:51
[INFO] [stdout]     |
[INFO] [stdout] 182 |     validator!(validate_generics: &syn::Generics, generics_validator);
[INFO] [stdout]     |                                                   ^^^^^^^^^^^^^^^^^^ unknown field
[INFO] [stdout]     |
[INFO] [stdout]     = note: available fields are: `input`, `trait_impl`, `trait_path`
[INFO] [stdout] 
[INFO] [stdout] 
[INFO] [stdout] error[E0609]: no field `fields_validator` on type `&mut DeriveGenerator`
[INFO] [stdout]    --> /opt/rustwide/cargo-home/registry/src/index.crates.io-6f17d22bba15001f/devise_core-0.2.0/src/generator.rs:183:41
[INFO] [stdout]     |
[INFO] [stdout] 183 |     validator!(validate_fields: Fields, fields_validator);
[INFO] [stdout]     |                                         ^^^^^^^^^^^^^^^^ unknown field
[INFO] [stdout]     |
[INFO] [stdout]     = note: available fields are: `input`, `trait_impl`, `trait_path`
[INFO] [stdout] 
[INFO] [stdout] 
[INFO] [stdout] error[E0609]: no field `functions` on type `&mut DeriveGenerator`
[INFO] [stdout]    --> /opt/rustwide/cargo-home/registry/src/index.crates.io-6f17d22bba15001f/devise_core-0.2.0/src/generator.rs:188:14
[INFO] [stdout]     |
[INFO] [stdout] 188 |         self.functions.push(Box::new(f));
[INFO] [stdout]     |              ^^^^^^^^^ unknown field
[INFO] [stdout]     |
[INFO] [stdout]     = note: available fields are: `input`, `trait_impl`, `trait_path`
[INFO] [stdout] 
[INFO] [stdout] 
[INFO] [stderr]    Compiling quote v1.0.7
[INFO] [stdout] error[E0599]: no method named `push_default_mappers` found for mutable reference `&mut DeriveGenerator` in the current scope
[INFO] [stdout]    --> /opt/rustwide/cargo-home/registry/src/index.crates.io-6f17d22bba15001f/devise_core-0.2.0/src/generator.rs:189:14
[INFO] [stdout]     |
[INFO] [stdout] 189 |         self.push_default_mappers();
[INFO] [stdout]     |              ^^^^^^^^^^^^^^^^^^^^ method not found in `&mut DeriveGenerator`
[INFO] [stdout] 
[INFO] [stdout] 
[INFO] [stdout] error[E0615]: attempted to take value of method `data_support` on type `&mut DeriveGenerator`
[INFO] [stdout]    --> /opt/rustwide/cargo-home/registry/src/index.crates.io-6f17d22bba15001f/devise_core-0.2.0/src/generator.rs:206:56
[INFO] [stdout]     |
[INFO] [stdout] 206 |         let (span, support) = (self.input.span(), self.data_support);
[INFO] [stdout]     |                                                        ^^^^^^^^^^^^ method, not a field
[INFO] [stdout]     |
[INFO] [stdout] help: use parentheses to call the method
[INFO] [stdout]     |
[INFO] [stdout] 206 |         let (span, support) = (self.input.span(), self.data_support(_));
[INFO] [stdout]     |                                                                    +++
[INFO] [stdout] 
[INFO] [stdout] 
[INFO] [stdout] error[E0615]: attempted to take value of method `generic_support` on type `&mut DeriveGenerator`
[INFO] [stdout]    --> /opt/rustwide/cargo-home/registry/src/index.crates.io-6f17d22bba15001f/devise_core-0.2.0/src/generator.rs:231:57
[INFO] [stdout]     |
[INFO] [stdout] 231 |             let (span, support) = (generic.span(), self.generic_support);
[INFO] [stdout]     |                                                         ^^^^^^^^^^^^^^^ method, not a field
[INFO] [stdout]     |
[INFO] [stdout] help: use parentheses to call the method
[INFO] [stdout]     |
[INFO] [stdout] 231 |             let (span, support) = (generic.span(), self.generic_support(_));
[INFO] [stdout]     |                                                                        +++
[INFO] [stdout] 
[INFO] [stdout] 
[INFO] [stdout] error[E0609]: no field `generics_validator` on type `&mut DeriveGenerator`
[INFO] [stdout]    --> /opt/rustwide/cargo-home/registry/src/index.crates.io-6f17d22bba15001f/devise_core-0.2.0/src/generator.rs:247:15
[INFO] [stdout]     |
[INFO] [stdout] 247 |         (self.generics_validator)(self, &self.input.generics)?;
[INFO] [stdout]     |               ^^^^^^^^^^^^^^^^^^ unknown field
[INFO] [stdout]     |
[INFO] [stdout]     = note: available fields are: `input`, `trait_impl`, `trait_path`
[INFO] [stdout] 
[INFO] [stdout] 
[INFO] [stdout] error[E0609]: no field `struct_validator` on type `&mut DeriveGenerator`
[INFO] [stdout]    --> /opt/rustwide/cargo-home/registry/src/index.crates.io-6f17d22bba15001f/devise_core-0.2.0/src/generator.rs:251:23
[INFO] [stdout]     |
[INFO] [stdout] 251 |                 (self.struct_validator)(self, derived)?;
[INFO] [stdout]     |                       ^^^^^^^^^^^^^^^^ unknown field
[INFO] [stdout]     |
[INFO] [stdout]     = note: available fields are: `input`, `trait_impl`, `trait_path`
[INFO] [stdout] 
[INFO] [stdout] 
[INFO] [stdout] error[E0609]: no field `fields_validator` on type `&mut DeriveGenerator`
[INFO] [stdout]    --> /opt/rustwide/cargo-home/registry/src/index.crates.io-6f17d22bba15001f/devise_core-0.2.0/src/generator.rs:252:23
[INFO] [stdout]     |
[INFO] [stdout] 252 |                 (self.fields_validator)(self, derived.fields())?;
[INFO] [stdout]     |                       ^^^^^^^^^^^^^^^^ unknown field
[INFO] [stdout]     |
[INFO] [stdout]     = note: available fields are: `input`, `trait_impl`, `trait_path`
[INFO] [stdout] 
[INFO] [stdout] 
[INFO] [stdout] error[E0609]: no field `enum_validator` on type `&mut DeriveGenerator`
[INFO] [stdout]    --> /opt/rustwide/cargo-home/registry/src/index.crates.io-6f17d22bba15001f/devise_core-0.2.0/src/generator.rs:256:23
[INFO] [stdout]     |
[INFO] [stdout] 256 |                 (self.enum_validator)(self, derived)?;
[INFO] [stdout]     |                       ^^^^^^^^^^^^^^ unknown field
[INFO] [stdout]     |
[INFO] [stdout]     = note: available fields are: `input`, `trait_impl`, `trait_path`
[INFO] [stdout] 
[INFO] [stdout] 
[INFO] [stdout] error[E0609]: no field `fields_validator` on type `&mut DeriveGenerator`
[INFO] [stdout]    --> /opt/rustwide/cargo-home/registry/src/index.crates.io-6f17d22bba15001f/devise_core-0.2.0/src/generator.rs:258:27
[INFO] [stdout]     |
[INFO] [stdout] 258 |                     (self.fields_validator)(self, variant.fields())?;
[INFO] [stdout]     |                           ^^^^^^^^^^^^^^^^ unknown field
[INFO] [stdout]     |
[INFO] [stdout]     = note: available fields are: `input`, `trait_impl`, `trait_path`
[INFO] [stdout] 
[INFO] [stdout] 
[INFO] [stdout] error[E0609]: no field `functions` on type `&mut DeriveGenerator`
[INFO] [stdout]    --> /opt/rustwide/cargo-home/registry/src/index.crates.io-6f17d22bba15001f/devise_core-0.2.0/src/generator.rs:267:26
[INFO] [stdout]     |
[INFO] [stdout] 267 |         for i in 0..self.functions.len() {
[INFO] [stdout]     |                          ^^^^^^^^^ unknown field
[INFO] [stdout]     |
[INFO] [stdout]     = note: available fields are: `input`, `trait_impl`, `trait_path`
[INFO] [stdout] 
[INFO] [stdout] 
[INFO] [stdout] error[E0609]: no field `functions` on type `&mut DeriveGenerator`
[INFO] [stdout]    --> /opt/rustwide/cargo-home/registry/src/index.crates.io-6f17d22bba15001f/devise_core-0.2.0/src/generator.rs:268:34
[INFO] [stdout]     |
[INFO] [stdout] 268 |             let function = &self.functions[i];
[INFO] [stdout]     |                                  ^^^^^^^^^ unknown field
[INFO] [stdout]     |
[INFO] [stdout]     = note: available fields are: `input`, `trait_impl`, `trait_path`
[INFO] [stdout] 
[INFO] [stdout] 
[INFO] [stdout] error[E0609]: no field `struct_mappers` on type `&mut DeriveGenerator`
[INFO] [stdout]    --> /opt/rustwide/cargo-home/registry/src/index.crates.io-6f17d22bba15001f/devise_core-0.2.0/src/generator.rs:272:26
[INFO] [stdout]     |
[INFO] [stdout] 272 |                     self.struct_mappers[i](self, derived)?
[INFO] [stdout]     |                          ^^^^^^^^^^^^^^ unknown field
[INFO] [stdout]     |
[INFO] [stdout]     = note: available fields are: `input`, `trait_impl`, `trait_path`
[INFO] [stdout] 
[INFO] [stdout] 
[INFO] [stdout] error[E0609]: no field `enum_mappers` on type `&mut DeriveGenerator`
[INFO] [stdout]    --> /opt/rustwide/cargo-home/registry/src/index.crates.io-6f17d22bba15001f/devise_core-0.2.0/src/generator.rs:276:26
[INFO] [stdout]     |
[INFO] [stdout] 276 |                     self.enum_mappers[i](self, derived)?
[INFO] [stdout]     |                          ^^^^^^^^^^^^ unknown field
[INFO] [stdout]     |
[INFO] [stdout]     = note: available fields are: `input`, `trait_impl`, `trait_path`
[INFO] [stdout] 
[INFO] [stdout] 
[INFO] [stdout] error[E0609]: no field `type_generic_mapper` on type `&mut DeriveGenerator`
[INFO] [stdout]    --> /opt/rustwide/cargo-home/registry/src/index.crates.io-6f17d22bba15001f/devise_core-0.2.0/src/generator.rs:288:45
[INFO] [stdout]     |
[INFO] [stdout] 288 |         if let Some(ref type_mapper) = self.type_generic_mapper {
[INFO] [stdout]     |                                             ^^^^^^^^^^^^^^^^^^^ unknown field
[INFO] [stdout]     |
[INFO] [stdout]     = note: available fields are: `input`, `trait_impl`, `trait_path`
[INFO] [stdout] 
[INFO] [stdout] 
[INFO] [stderr]    Compiling hashbrown v0.9.1
[INFO] [stdout] error[E0609]: no field `generic_replacements` on type `&mut DeriveGenerator`
[INFO] [stdout]    --> /opt/rustwide/cargo-home/registry/src/index.crates.io-6f17d22bba15001f/devise_core-0.2.0/src/generator.rs:302:36
[INFO] [stdout]     |
[INFO] [stdout] 302 |             let replacement = self.generic_replacements.iter()
[INFO] [stdout]     |                                    ^^^^^^^^^^^^^^^^^^^^ unknown field
[INFO] [stdout]     |
[INFO] [stdout]     = note: available fields are: `input`, `trait_impl`, `trait_path`
[INFO] [stdout] 
[INFO] [stdout] 
[INFO] [stderr]    Compiling percent-encoding v2.1.0
[INFO] [stderr] error: failed to run custom build command for `pear_codegen v0.1.4`
[INFO] [stderr] note: To improve backtraces for build dependencies, set the CARGO_PROFILE_DEV_BUILD_OVERRIDE_DEBUG=true environment variable to enable debug information generation.
[INFO] [stderr] 
[INFO] [stderr] Caused by:
[INFO] [stderr]   process didn't exit successfully: `/opt/rustwide/target/debug/build/pear_codegen-d84e18d7439ca1be/build-script-build` (exit status: 101)
[INFO] [stderr]   --- stderr
[INFO] [stderr]   [1;31mError:[0m [1mPear requires a 'dev' or 'nightly' version of rustc.[0m
[INFO] [stderr]   Installed version: [33m1.70.0 (2023-04-19)[0m
[INFO] [stderr]   Minimum required:  [33m1.31.0-nightly (2018-10-05)[0m
[INFO] [stderr]   thread 'main' panicked at 'Aborting compilation due to incompatible compiler.', /opt/rustwide/cargo-home/registry/src/index.crates.io-6f17d22bba15001f/pear_codegen-0.1.4/build.rs:24:13
[INFO] [stderr]   stack backtrace:
[INFO] [stderr]      0:     0x55ab47edb95a - std::backtrace_rs::backtrace::libunwind::trace::h2f05d0192276a8f6
[INFO] [stderr]                                  at /rustc/1b7dd2252b99671ce5d1cb9664c5f8636329436d/library/std/src/../../backtrace/src/backtrace/libunwind.rs:93:5
[INFO] [stderr]      1:     0x55ab47edb95a - std::backtrace_rs::backtrace::trace_unsynchronized::hedc23dff7a1af150
[INFO] [stderr]                                  at /rustc/1b7dd2252b99671ce5d1cb9664c5f8636329436d/library/std/src/../../backtrace/src/backtrace/mod.rs:66:5
[INFO] [stderr]      2:     0x55ab47edb95a - std::sys_common::backtrace::_print_fmt::h17541ef7592f3ce2
[INFO] [stderr]                                  at /rustc/1b7dd2252b99671ce5d1cb9664c5f8636329436d/library/std/src/sys_common/backtrace.rs:65:5
[INFO] [stderr]      3:     0x55ab47edb95a - <std::sys_common::backtrace::_print::DisplayBacktrace as core::fmt::Display>::fmt::h20f75df5ab0c0792
[INFO] [stderr]                                  at /rustc/1b7dd2252b99671ce5d1cb9664c5f8636329436d/library/std/src/sys_common/backtrace.rs:44:22
[INFO] [stderr]      4:     0x55ab47ef955f - core::fmt::write::h78109e6f466b3af6
[INFO] [stderr]                                  at /rustc/1b7dd2252b99671ce5d1cb9664c5f8636329436d/library/core/src/fmt/mod.rs:1254:17
[INFO] [stderr]      5:     0x55ab47ed9265 - std::io::Write::write_fmt::hc59e1b02dd273c8a
[INFO] [stderr]                                  at /rustc/1b7dd2252b99671ce5d1cb9664c5f8636329436d/library/std/src/io/mod.rs:1698:15
[INFO] [stderr]      6:     0x55ab47edb725 - std::sys_common::backtrace::_print::h8dac57a9f8fbf9a5
[INFO] [stderr]                                  at /rustc/1b7dd2252b99671ce5d1cb9664c5f8636329436d/library/std/src/sys_common/backtrace.rs:47:5
[INFO] [stderr]      7:     0x55ab47edb725 - std::sys_common::backtrace::print::hf9ecbf41d1aa712f
[INFO] [stderr]                                  at /rustc/1b7dd2252b99671ce5d1cb9664c5f8636329436d/library/std/src/sys_common/backtrace.rs:34:9
[INFO] [stderr]      8:     0x55ab47edccae - std::panicking::default_hook::{{closure}}::h04c07acfc84ca028
[INFO] [stderr]                                  at /rustc/1b7dd2252b99671ce5d1cb9664c5f8636329436d/library/std/src/panicking.rs:269:22
[INFO] [stderr]      9:     0x55ab47edca55 - std::panicking::default_hook::h01f6bb23e1eceb2c
[INFO] [stderr]                                  at /rustc/1b7dd2252b99671ce5d1cb9664c5f8636329436d/library/std/src/panicking.rs:288:9
[INFO] [stderr]     10:     0x55ab47edd20e - std::panicking::rust_panic_with_hook::h2bb3722bbaf2f6df
[INFO] [stderr]                                  at /rustc/1b7dd2252b99671ce5d1cb9664c5f8636329436d/library/std/src/panicking.rs:691:13
[INFO] [stderr]     11:     0x55ab47eab246 - std::panicking::begin_panic::{{closure}}::h1c0982dd28f9eb60
[INFO] [stderr]     12:     0x55ab47eab426 - std::sys_common::backtrace::__rust_end_short_backtrace::hf6305ac4f3a101ef
[INFO] [stderr]     13:     0x55ab47eab197 - std::panicking::begin_panic::he347df3e8b3a02c5
[INFO] [stderr]     14:     0x55ab47eade31 - build_script_build::main::he8f1ee25f63c0cf7
[INFO] [stderr]     15:     0x55ab47eab903 - core::ops::function::FnOnce::call_once::h30e4f8aba1055c75
[INFO] [stderr]     16:     0x55ab47eab436 - std::sys_common::backtrace::__rust_begin_short_backtrace::h18e16670a498e987
[INFO] [stderr]     17:     0x55ab47eab489 - std::rt::lang_start::{{closure}}::hac09fe8e57a5ce41
[INFO] [stderr]     18:     0x55ab47ed647e - core::ops::function::impls::<impl core::ops::function::FnOnce<A> for &F>::call_once::h2eb19b8ce4148df4
[INFO] [stderr]                                  at /rustc/1b7dd2252b99671ce5d1cb9664c5f8636329436d/library/core/src/ops/function.rs:287:13
[INFO] [stderr]     19:     0x55ab47ed647e - std::panicking::try::do_call::h2e900feff5d504c5
[INFO] [stderr]                                  at /rustc/1b7dd2252b99671ce5d1cb9664c5f8636329436d/library/std/src/panicking.rs:485:40
[INFO] [stderr]     20:     0x55ab47ed647e - std::panicking::try::h8854836cb85aa9f2
[INFO] [stderr]                                  at /rustc/1b7dd2252b99671ce5d1cb9664c5f8636329436d/library/std/src/panicking.rs:449:19
[INFO] [stderr]     21:     0x55ab47ed647e - std::panic::catch_unwind::h706025dd4c48f64b
[INFO] [stderr]                                  at /rustc/1b7dd2252b99671ce5d1cb9664c5f8636329436d/library/std/src/panic.rs:140:14
[INFO] [stderr]     22:     0x55ab47ed647e - std::rt::lang_start_internal::{{closure}}::h7be5b97f4a07a91a
[INFO] [stderr]                                  at /rustc/1b7dd2252b99671ce5d1cb9664c5f8636329436d/library/std/src/rt.rs:148:48
[INFO] [stderr]     23:     0x55ab47ed647e - std::panicking::try::do_call::h59847e9d0a176965
[INFO] [stderr]                                  at /rustc/1b7dd2252b99671ce5d1cb9664c5f8636329436d/library/std/src/panicking.rs:485:40
[INFO] [stderr]     24:     0x55ab47ed647e - std::panicking::try::h399a918ba8522823
[INFO] [stderr]                                  at /rustc/1b7dd2252b99671ce5d1cb9664c5f8636329436d/library/std/src/panicking.rs:449:19
[INFO] [stderr]     25:     0x55ab47ed647e - std::panic::catch_unwind::hca7ca6c55b2a2e26
[INFO] [stderr]                                  at /rustc/1b7dd2252b99671ce5d1cb9664c5f8636329436d/library/std/src/panic.rs:140:14
[INFO] [stderr]     26:     0x55ab47ed647e - std::rt::lang_start_internal::h2c807a81560459eb
[INFO] [stderr]                                  at /rustc/1b7dd2252b99671ce5d1cb9664c5f8636329436d/library/std/src/rt.rs:148:20
[INFO] [stderr]     27:     0x55ab47eab467 - std::rt::lang_start::hc185e007956286fb
[INFO] [stderr]     28:     0x55ab47eae2d5 - main
[INFO] [stderr]     29:     0x7f099c173d90 - <unknown>
[INFO] [stderr]     30:     0x7f099c173e40 - __libc_start_main
[INFO] [stderr]     31:     0x55ab47eaa8b5 - _start
[INFO] [stderr]     32:                0x0 - <unknown>
[INFO] [stderr] warning: build failed, waiting for other jobs to finish...
[INFO] [stdout] error: aborting due to 37 previous errors
[INFO] [stdout] 
[INFO] [stdout] 
[INFO] [stdout] Some errors have detailed explanations: E0432, E0554, E0557, E0599, E0609, E0615.
[INFO] [stdout] 
[INFO] [stdout] For more information about an error, try `rustc --explain E0432`.
[INFO] [stdout] 
[INFO] [stderr] error: could not compile `devise_core` (lib) due to 38 previous errors
[INFO] running `Command { std: "docker" "inspect" "8d523dc69f450d898220ff8474fc971615bd5c6fcade518bb66dbc5f6c1f7bc4", kill_on_drop: false }`
[INFO] running `Command { std: "docker" "rm" "-f" "8d523dc69f450d898220ff8474fc971615bd5c6fcade518bb66dbc5f6c1f7bc4", kill_on_drop: false }`
[INFO] [stdout] 8d523dc69f450d898220ff8474fc971615bd5c6fcade518bb66dbc5f6c1f7bc4
