[INFO] cloning repository https://github.com/AndyBarron/rusty-rogue
[INFO] running `Command { std: "git" "-c" "credential.helper=" "-c" "credential.helper=/workspace/cargo-home/bin/git-credential-null" "clone" "--bare" "https://github.com/AndyBarron/rusty-rogue" "/workspace/cache/git-repos/https%3A%2F%2Fgithub.com%2FAndyBarron%2Frusty-rogue", kill_on_drop: false }`
[INFO] [stderr] Cloning into bare repository '/workspace/cache/git-repos/https%3A%2F%2Fgithub.com%2FAndyBarron%2Frusty-rogue'...
[INFO] running `Command { std: "git" "rev-parse" "HEAD", kill_on_drop: false }`
[INFO] [stdout] 28629151ea1ec019c7dd597b919fd3c7d34514ac
[INFO] documenting AndyBarron/rusty-rogue against beta-2023-04-20 for beta-1.70-rustdoc-1
[INFO] running `Command { std: "git" "clone" "/workspace/cache/git-repos/https%3A%2F%2Fgithub.com%2FAndyBarron%2Frusty-rogue" "/workspace/builds/worker-1-tc2/source", kill_on_drop: false }`
[INFO] [stderr] Cloning into '/workspace/builds/worker-1-tc2/source'...
[INFO] [stderr] done.
[INFO] validating manifest of git repo https://github.com/AndyBarron/rusty-rogue on toolchain beta-2023-04-20
[INFO] running `Command { std: CARGO_HOME="/workspace/cargo-home" RUSTUP_HOME="/workspace/rustup-home" "/workspace/cargo-home/bin/cargo" "+beta-2023-04-20" "metadata" "--manifest-path" "Cargo.toml" "--no-deps", kill_on_drop: false }`
[INFO] started tweaking git repo https://github.com/AndyBarron/rusty-rogue
[INFO] finished tweaking git repo https://github.com/AndyBarron/rusty-rogue
[INFO] tweaked toml for git repo https://github.com/AndyBarron/rusty-rogue written to /workspace/builds/worker-1-tc2/source/Cargo.toml
[INFO] crate git repo https://github.com/AndyBarron/rusty-rogue already has a lockfile, it will not be regenerated
[INFO] running `Command { std: CARGO_HOME="/workspace/cargo-home" RUSTUP_HOME="/workspace/rustup-home" "/workspace/cargo-home/bin/cargo" "+beta-2023-04-20" "fetch" "--manifest-path" "Cargo.toml", kill_on_drop: false }`
[INFO] [stderr]     Updating crates.io index
[INFO] [stderr]     Blocking waiting for file lock on package cache
[INFO] [stderr]  Downloading crates ...
[INFO] [stderr]   Downloaded sfml v0.9.3
[INFO] [stderr]   Downloaded fixedbitset v0.0.5
[INFO] [stderr]   Downloaded num_cpus v0.2.6
[INFO] [stderr]   Downloaded sdl2-sys v0.4.0
[INFO] [stderr]   Downloaded gl_common v0.0.4
[INFO] [stderr]   Downloaded log v0.3.1
[INFO] [stderr]   Downloaded xml-rs v0.1.25
[INFO] [stderr]   Downloaded nalgebra v0.2.15
[INFO] [stderr]   Downloaded vecmath v0.1.0
[INFO] [stderr]   Downloaded pistoncore-window v0.1.3
[INFO] [stderr]   Downloaded piston2d-sprite v0.1.0
[INFO] [stderr]   Downloaded khronos_api v0.0.5
[INFO] [stderr]   Downloaded piston v0.1.4
[INFO] [stderr]   Downloaded poglgame v0.4.0
[INFO] [stderr]   Downloaded freetype-sys v0.1.2
[INFO] [stderr]   Downloaded freetype-rs v0.1.0
[INFO] [stderr]   Downloaded piston-ai_behavior v0.1.0
[INFO] [stderr]   Downloaded piston-texture v0.1.0
[INFO] [stderr]   Downloaded read_color v0.1.0
[INFO] [stderr]   Downloaded piston2d-graphics v0.1.4
[INFO] [stderr]   Downloaded uuid v0.1.17
[INFO] [stderr]   Downloaded gl_generator v0.0.26
[INFO] [stderr]   Downloaded gl v0.0.12
[INFO] [stderr]   Downloaded clock_ticks v0.0.5
[INFO] [stderr]   Downloaded piston-float v0.1.0
[INFO] [stderr]   Downloaded piston-viewport v0.1.0
[INFO] [stderr]   Downloaded pistoncore-event_loop v0.1.6
[INFO] [stderr]   Downloaded pistoncore-event v0.1.4
[INFO] [stderr]   Downloaded pistoncore-input v0.1.0
[INFO] [stderr]   Downloaded num v0.1.24
[INFO] [stderr]   Downloaded libz-sys v0.1.3
[INFO] [stderr]   Downloaded piston-shaders_graphics2d v0.1.0
[INFO] [stderr]   Downloaded interpolation v0.1.0
[INFO] [stderr]   Downloaded sdl2 v0.4.0
[INFO] [stderr]   Downloaded shader_version v0.1.0
[INFO] [stderr]   Downloaded pistoncore-sdl2_window v0.1.0
[INFO] [stderr]   Downloaded recs v1.1.0
[INFO] [stderr]   Downloaded rustc-serialize v0.3.14
[INFO] [stderr]   Downloaded libc v0.1.8
[INFO] [stderr]   Downloaded rand v0.3.8
[INFO] [stderr]   Downloaded petgraph v0.1.6
[INFO] [stderr]   Downloaded pkg-config v0.3.4
[INFO] [stderr]   Downloaded byteorder v0.3.10
[INFO] [stderr]   Downloaded enum_primitive v0.0.1
[INFO] [stderr]   Downloaded image v0.3.10
[INFO] [stderr]   Downloaded piston2d-opengl_graphics v0.1.0
[INFO] [stderr]   Downloaded draw_state v0.1.0
[INFO] running `Command { std: "docker" "create" "-v" "/var/lib/crater-agent-workspace/builds/worker-1-tc2/target:/opt/rustwide/target:rw,Z" "-v" "/var/lib/crater-agent-workspace/builds/worker-1-tc2/source:/opt/rustwide/workdir:ro,Z" "-v" "/var/lib/crater-agent-workspace/cargo-home:/opt/rustwide/cargo-home:ro,Z" "-v" "/var/lib/crater-agent-workspace/rustup-home:/opt/rustwide/rustup-home:ro,Z" "-e" "SOURCE_DIR=/opt/rustwide/workdir" "-e" "CARGO_TARGET_DIR=/opt/rustwide/target" "-e" "CARGO_HOME=/opt/rustwide/cargo-home" "-e" "RUSTUP_HOME=/opt/rustwide/rustup-home" "-w" "/opt/rustwide/workdir" "-m" "1610612736" "--user" "0:0" "--network" "none" "ghcr.io/rust-lang/crates-build-env/linux@sha256:5ff2268d62e97bff2cde7d5815dd6ed5b47097566f13b8d0ca110b04b60e07ed" "/opt/rustwide/cargo-home/bin/cargo" "+beta-2023-04-20" "metadata" "--no-deps" "--format-version=1", kill_on_drop: false }`
[INFO] [stdout] 6b7ce405d9988bdc4dec4c6aff7bc332a556a25cae5a532cbdad88cdb0425ecb
[INFO] running `Command { std: "docker" "start" "-a" "6b7ce405d9988bdc4dec4c6aff7bc332a556a25cae5a532cbdad88cdb0425ecb", kill_on_drop: false }`
[INFO] running `Command { std: "docker" "inspect" "6b7ce405d9988bdc4dec4c6aff7bc332a556a25cae5a532cbdad88cdb0425ecb", kill_on_drop: false }`
[INFO] running `Command { std: "docker" "rm" "-f" "6b7ce405d9988bdc4dec4c6aff7bc332a556a25cae5a532cbdad88cdb0425ecb", kill_on_drop: false }`
[INFO] [stdout] 6b7ce405d9988bdc4dec4c6aff7bc332a556a25cae5a532cbdad88cdb0425ecb
[INFO] running `Command { std: "docker" "create" "-v" "/var/lib/crater-agent-workspace/builds/worker-1-tc2/target:/opt/rustwide/target:rw,Z" "-v" "/var/lib/crater-agent-workspace/builds/worker-1-tc2/source:/opt/rustwide/workdir:ro,Z" "-v" "/var/lib/crater-agent-workspace/cargo-home:/opt/rustwide/cargo-home:ro,Z" "-v" "/var/lib/crater-agent-workspace/rustup-home:/opt/rustwide/rustup-home:ro,Z" "-e" "SOURCE_DIR=/opt/rustwide/workdir" "-e" "CARGO_TARGET_DIR=/opt/rustwide/target" "-e" "CARGO_INCREMENTAL=0" "-e" "RUST_BACKTRACE=full" "-e" "RUSTFLAGS=--cap-lints=warn" "-e" "RUSTDOCFLAGS=--cap-lints=warn" "-e" "CARGO_HOME=/opt/rustwide/cargo-home" "-e" "RUSTUP_HOME=/opt/rustwide/rustup-home" "-w" "/opt/rustwide/workdir" "-m" "1610612736" "--user" "0:0" "--network" "none" "ghcr.io/rust-lang/crates-build-env/linux@sha256:5ff2268d62e97bff2cde7d5815dd6ed5b47097566f13b8d0ca110b04b60e07ed" "/opt/rustwide/cargo-home/bin/cargo" "+beta-2023-04-20" "doc" "--frozen" "--no-deps" "--document-private-items" "--message-format=json", kill_on_drop: false }`
[INFO] [stdout] 918e821e44b65f579a6e256cd31e525a0c08529c0c5f596b1dc0415943aa1173
[INFO] running `Command { std: "docker" "start" "-a" "918e821e44b65f579a6e256cd31e525a0c08529c0c5f596b1dc0415943aa1173", kill_on_drop: false }`
[INFO] [stderr]     Checking libc v0.1.8
[INFO] [stderr]     Checking rustc-serialize v0.3.14
[INFO] [stderr]     Checking bitflags v0.1.1
[INFO] [stderr]     Checking piston-float v0.1.0
[INFO] [stderr]    Compiling pkg-config v0.3.4
[INFO] [stderr]    Compiling khronos_api v0.0.5
[INFO] [stderr]    Compiling sdl2-sys v0.4.0
[INFO] [stderr]     Checking read_color v0.1.0
[INFO] [stderr]     Checking interpolation v0.1.0
[INFO] [stderr]     Checking piston-texture v0.1.0
[INFO] [stderr]     Checking byteorder v0.3.10
[INFO] [stderr]     Checking shader_version v0.1.0
[INFO] [stderr]     Checking piston-shaders_graphics2d v0.1.0
[INFO] [stderr]     Checking fixedbitset v0.0.5
[INFO] [stdout] error[E0642]: patterns aren't allowed in functions without bodies
[INFO] [stdout]    --> /opt/rustwide/cargo-home/registry/src/index.crates.io-6f17d22bba15001f/rustc-serialize-0.3.14/src/serialize.rs:144:45
[INFO] [stdout]     |
[INFO] [stdout] 144 | ...                   &f_name: &str,
[INFO] [stdout]     |                       ^^^^^^^ pattern not allowed in function without body
[INFO] [stdout] 
[INFO] [stdout] 
[INFO] [stdout] error[E0277]: the size for values of type `Self` cannot be known at compilation time
[INFO] [stdout]   --> /opt/rustwide/cargo-home/registry/src/index.crates.io-6f17d22bba15001f/shader_version-0.1.0/src/lib.rs:37:51
[INFO] [stdout]    |
[INFO] [stdout] 37 |     fn pick_shader<'a, S: ?Sized>(self, shaders: &Shaders<'a, Self, S>) -> Option<&'a S>;
[INFO] [stdout]    |                                                   ^^^^^^^^^^^^^^^^^^^^ doesn't have a size known at compile-time
[INFO] [stdout]    |
[INFO] [stdout] note: required by a bound in `Shaders`
[INFO] [stdout]   --> /opt/rustwide/cargo-home/registry/src/index.crates.io-6f17d22bba15001f/shader_version-0.1.0/src/lib.rs:14:24
[INFO] [stdout]    |
[INFO] [stdout] 14 | pub struct Shaders<'a, V, S: 'a + ?Sized>(BTreeMap<V, &'a S>);
[INFO] [stdout]    |                        ^ required by this bound in `Shaders`
[INFO] [stdout] help: consider further restricting `Self`
[INFO] [stdout]    |
[INFO] [stdout] 37 |     fn pick_shader<'a, S: ?Sized>(self, shaders: &Shaders<'a, Self, S>) -> Option<&'a S> where Self: Sized;
[INFO] [stdout]    |                                                                                          +++++++++++++++++
[INFO] [stdout] help: consider relaxing the implicit `Sized` restriction
[INFO] [stdout]    |
[INFO] [stdout] 14 | pub struct Shaders<'a, V: ?Sized, S: 'a + ?Sized>(BTreeMap<V, &'a S>);
[INFO] [stdout]    |                         ++++++++
[INFO] [stdout] 
[INFO] [stdout] 
[INFO] [stdout] error: aborting due to previous error
[INFO] [stdout] 
[INFO] [stdout] 
[INFO] [stdout] For more information about this error, try `rustc --explain E0277`.
[INFO] [stdout] 
[INFO] [stderr]     Checking draw_state v0.1.0
[INFO] [stderr] error: could not compile `shader_version` (lib) due to 2 previous errors
[INFO] [stderr] warning: build failed, waiting for other jobs to finish...
[INFO] [stdout] error[E0277]: the size for values of type `Self` cannot be known at compilation time
[INFO] [stdout]    --> /opt/rustwide/cargo-home/registry/src/index.crates.io-6f17d22bba15001f/rustc-serialize-0.3.14/src/serialize.rs:200:41
[INFO] [stdout]     |
[INFO] [stdout] 200 |     fn decode<D: Decoder>(d: &mut D) -> Result<Self, D::Error>;
[INFO] [stdout]     |                                         ^^^^^^^^^^^^^^^^^^^^^^ doesn't have a size known at compile-time
[INFO] [stdout]     |
[INFO] [stdout] note: required by a bound in `Result`
[INFO] [stdout]    --> /rustc/1b7dd2252b99671ce5d1cb9664c5f8636329436d/library/core/src/result.rs:503:1
[INFO] [stdout] help: consider further restricting `Self`
[INFO] [stdout]     |
[INFO] [stdout] 200 |     fn decode<D: Decoder>(d: &mut D) -> Result<Self, D::Error> where Self: Sized;
[INFO] [stdout]     |                                                                +++++++++++++++++
[INFO] [stdout] 
[INFO] [stdout] 
[INFO] [stdout] error: aborting due to 2 previous errors
[INFO] [stdout] 
[INFO] [stdout] 
[INFO] [stdout] Some errors have detailed explanations: E0277, E0642.
[INFO] [stdout] 
[INFO] [stdout] For more information about an error, try `rustc --explain E0277`.
[INFO] [stdout] 
[INFO] [stderr] error: could not compile `rustc-serialize` (lib) due to 3 previous errors
[INFO] running `Command { std: "docker" "inspect" "918e821e44b65f579a6e256cd31e525a0c08529c0c5f596b1dc0415943aa1173", kill_on_drop: false }`
[INFO] running `Command { std: "docker" "rm" "-f" "918e821e44b65f579a6e256cd31e525a0c08529c0c5f596b1dc0415943aa1173", kill_on_drop: false }`
[INFO] [stdout] 918e821e44b65f579a6e256cd31e525a0c08529c0c5f596b1dc0415943aa1173
