[INFO] cloning repository https://github.com/Amaranese/meilisearch
[INFO] running `Command { std: "git" "-c" "credential.helper=" "-c" "credential.helper=/workspace/cargo-home/bin/git-credential-null" "clone" "--bare" "https://github.com/Amaranese/meilisearch" "/workspace/cache/git-repos/https%3A%2F%2Fgithub.com%2FAmaranese%2Fmeilisearch", kill_on_drop: false }`
[INFO] [stderr] Cloning into bare repository '/workspace/cache/git-repos/https%3A%2F%2Fgithub.com%2FAmaranese%2Fmeilisearch'...
[INFO] running `Command { std: "git" "rev-parse" "HEAD", kill_on_drop: false }`
[INFO] [stdout] 39e771dbcda9a46a2519c4c5dbe2a92e0aff57c7
[INFO] documenting Amaranese/meilisearch against beta-2023-04-20 for beta-1.70-rustdoc-1
[INFO] running `Command { std: "git" "clone" "/workspace/cache/git-repos/https%3A%2F%2Fgithub.com%2FAmaranese%2Fmeilisearch" "/workspace/builds/worker-4-tc2/source", kill_on_drop: false }`
[INFO] [stderr] Cloning into '/workspace/builds/worker-4-tc2/source'...
[INFO] [stderr] done.
[INFO] validating manifest of git repo https://github.com/Amaranese/meilisearch on toolchain beta-2023-04-20
[INFO] running `Command { std: CARGO_HOME="/workspace/cargo-home" RUSTUP_HOME="/workspace/rustup-home" "/workspace/cargo-home/bin/cargo" "+beta-2023-04-20" "metadata" "--manifest-path" "Cargo.toml" "--no-deps", kill_on_drop: false }`
[INFO] started tweaking git repo https://github.com/Amaranese/meilisearch
[INFO] finished tweaking git repo https://github.com/Amaranese/meilisearch
[INFO] tweaked toml for git repo https://github.com/Amaranese/meilisearch written to /workspace/builds/worker-4-tc2/source/Cargo.toml
[INFO] crate git repo https://github.com/Amaranese/meilisearch already has a lockfile, it will not be regenerated
[INFO] running `Command { std: CARGO_HOME="/workspace/cargo-home" RUSTUP_HOME="/workspace/rustup-home" "/workspace/cargo-home/bin/cargo" "+beta-2023-04-20" "fetch" "--manifest-path" "Cargo.toml", kill_on_drop: false }`
[INFO] [stderr]     Updating crates.io index
[INFO] [stderr]  Downloading crates ...
[INFO] [stderr]   Downloaded static-files v0.2.3
[INFO] [stderr]   Downloaded block-buffer v0.10.0
[INFO] [stderr]   Downloaded fragile v1.1.0
[INFO] [stderr]   Downloaded whoami v1.2.1
[INFO] [stderr]   Downloaded zstd-safe v4.1.3+zstd.1.5.1
[INFO] [stderr]   Downloaded proptest-derive v0.3.0
[INFO] [stderr]   Downloaded change-detection v1.2.0
[INFO] [stderr]   Downloaded serde_url_params v0.2.1
[INFO] [stderr]   Downloaded nom_locate v4.0.0
[INFO] [stderr]   Downloaded logging_timer v1.1.0
[INFO] [stderr]   Downloaded actix-codec v0.4.2
[INFO] [stderr]   Downloaded cargo_toml v0.9.2
[INFO] [stderr]   Downloaded path-matchers v1.0.2
[INFO] [stderr]   Downloaded jsonwebtoken v7.2.0
[INFO] [stderr]   Downloaded actix-cors v0.6.0-beta.8
[INFO] [stderr]   Downloaded segment v0.1.2
[INFO] [stderr]   Downloaded heapless v0.6.1
[INFO] [stderr]   Downloaded actix-http v3.0.0-beta.19
[INFO] [stderr]   Downloaded sysinfo v0.20.5
[INFO] [stderr]   Downloaded logging_timer_proc_macros v1.1.0
[INFO] [stderr]   Downloaded clap v3.0.13
[INFO] [stderr]   Downloaded simple_asn1 v0.4.1
[INFO] [stderr]   Downloaded whatlang v0.12.0
[INFO] [stderr]   Downloaded retain_mut v0.1.5
[INFO] [stderr]   Downloaded actix-web v4.0.0-beta.21
[INFO] [stderr]   Downloaded tikv-jemalloc-sys v0.4.2+5.2.1-patched.2
[INFO] [stderr]   Downloaded obkv v0.2.0
[INFO] [stderr]   Downloaded zstd v0.9.2+zstd.1.5.1
[INFO] [stderr]   Downloaded libc v0.2.114
[INFO] [stderr]   Downloaded actix-tls v3.0.1
[INFO] [stderr]   Downloaded deunicode v1.3.1
[INFO] [stderr]   Downloaded roaring v0.6.7
[INFO] [stderr]   Downloaded rstar v0.9.2
[INFO] [stderr]   Downloaded tikv-jemallocator v0.4.1
[INFO] [stderr]   Downloaded vergen v5.1.17
[INFO] [stderr]   Downloaded grenad v0.3.1
[INFO] [stderr]   Downloaded synchronoise v1.0.0
[INFO] [stderr]   Downloaded slice-group-by v0.2.6
[INFO] [stderr]   Downloaded path-slash v0.1.4
[INFO] [stderr]   Downloaded zstd-sys v1.6.2+zstd.1.5.1
[INFO] [stderr]   Downloaded actix-router v0.5.0-rc.2
[INFO] [stderr]   Downloaded zerocopy-derive v0.2.0
[INFO] [stderr]   Downloaded actix-web-codegen v0.5.0-rc.1
[INFO] [stderr]   Downloaded geoutils v0.4.1
[INFO] [stderr]   Downloaded page_size v0.4.2
[INFO] [stderr]   Downloaded zerocopy v0.3.0
[INFO] [stderr]   Downloaded cedarwood v0.4.5
[INFO] [stderr]   Downloaded hash32 v0.1.1
[INFO] [stderr]   Downloaded pdqselect v0.1.0
[INFO] [stderr]   Downloaded smallstr v0.2.0
[INFO] [stderr]   Downloaded fst v0.4.7
[INFO] [stderr]   Downloaded character_converter v1.0.0
[INFO] [stderr]   Downloaded jieba-rs v0.6.6
[INFO] running `Command { std: "docker" "create" "-v" "/var/lib/crater-agent-workspace/builds/worker-4-tc2/target:/opt/rustwide/target:rw,Z" "-v" "/var/lib/crater-agent-workspace/builds/worker-4-tc2/source:/opt/rustwide/workdir:ro,Z" "-v" "/var/lib/crater-agent-workspace/cargo-home:/opt/rustwide/cargo-home:ro,Z" "-v" "/var/lib/crater-agent-workspace/rustup-home:/opt/rustwide/rustup-home:ro,Z" "-e" "SOURCE_DIR=/opt/rustwide/workdir" "-e" "CARGO_TARGET_DIR=/opt/rustwide/target" "-e" "CARGO_HOME=/opt/rustwide/cargo-home" "-e" "RUSTUP_HOME=/opt/rustwide/rustup-home" "-w" "/opt/rustwide/workdir" "-m" "1610612736" "--user" "0:0" "--network" "none" "ghcr.io/rust-lang/crates-build-env/linux@sha256:5ff2268d62e97bff2cde7d5815dd6ed5b47097566f13b8d0ca110b04b60e07ed" "/opt/rustwide/cargo-home/bin/cargo" "+beta-2023-04-20" "metadata" "--no-deps" "--format-version=1", kill_on_drop: false }`
[INFO] [stdout] b22c83e3e1793ed61d768b00a826adee23db640f6cfa4a6b7d94e75966abcb2f
[INFO] running `Command { std: "docker" "start" "-a" "b22c83e3e1793ed61d768b00a826adee23db640f6cfa4a6b7d94e75966abcb2f", kill_on_drop: false }`
[INFO] running `Command { std: "docker" "inspect" "b22c83e3e1793ed61d768b00a826adee23db640f6cfa4a6b7d94e75966abcb2f", kill_on_drop: false }`
[INFO] running `Command { std: "docker" "rm" "-f" "b22c83e3e1793ed61d768b00a826adee23db640f6cfa4a6b7d94e75966abcb2f", kill_on_drop: false }`
[INFO] [stdout] b22c83e3e1793ed61d768b00a826adee23db640f6cfa4a6b7d94e75966abcb2f
[INFO] running `Command { std: "docker" "create" "-v" "/var/lib/crater-agent-workspace/builds/worker-4-tc2/target:/opt/rustwide/target:rw,Z" "-v" "/var/lib/crater-agent-workspace/builds/worker-4-tc2/source:/opt/rustwide/workdir:ro,Z" "-v" "/var/lib/crater-agent-workspace/cargo-home:/opt/rustwide/cargo-home:ro,Z" "-v" "/var/lib/crater-agent-workspace/rustup-home:/opt/rustwide/rustup-home:ro,Z" "-e" "SOURCE_DIR=/opt/rustwide/workdir" "-e" "CARGO_TARGET_DIR=/opt/rustwide/target" "-e" "CARGO_INCREMENTAL=0" "-e" "RUST_BACKTRACE=full" "-e" "RUSTFLAGS=--cap-lints=warn" "-e" "RUSTDOCFLAGS=--cap-lints=warn" "-e" "CARGO_HOME=/opt/rustwide/cargo-home" "-e" "RUSTUP_HOME=/opt/rustwide/rustup-home" "-w" "/opt/rustwide/workdir" "-m" "1610612736" "--user" "0:0" "--network" "none" "ghcr.io/rust-lang/crates-build-env/linux@sha256:5ff2268d62e97bff2cde7d5815dd6ed5b47097566f13b8d0ca110b04b60e07ed" "/opt/rustwide/cargo-home/bin/cargo" "+beta-2023-04-20" "doc" "--frozen" "--no-deps" "--document-private-items" "--message-format=json", kill_on_drop: false }`
[INFO] [stdout] 4ded9b2c86d43413760685cd6b0f8afbb855a9131fce06ed4a73c671d2acb01b
[INFO] running `Command { std: "docker" "start" "-a" "4ded9b2c86d43413760685cd6b0f8afbb855a9131fce06ed4a73c671d2acb01b", kill_on_drop: false }`
[INFO] [stderr]    Compiling libc v0.2.114
[INFO] [stderr]    Compiling proc-macro2 v1.0.36
[INFO] [stderr]    Compiling unicode-xid v0.2.2
[INFO] [stderr]    Compiling syn v1.0.86
[INFO] [stderr]    Compiling autocfg v1.0.1
[INFO] [stderr]    Compiling memchr v2.4.1
[INFO] [stderr]     Checking cfg-if v1.0.0
[INFO] [stderr]    Compiling version_check v0.9.4
[INFO] [stderr]    Compiling serde_derive v1.0.136
[INFO] [stderr]    Compiling serde v1.0.136
[INFO] [stderr]    Compiling log v0.4.14
[INFO] [stderr]    Compiling futures-core v0.3.19
[INFO] [stderr]     Checking once_cell v1.9.0
[INFO] [stderr]    Compiling parking_lot_core v0.8.5
[INFO] [stderr]    Compiling typenum v1.15.0
[INFO] [stderr]    Compiling indexmap v1.8.0
[INFO] [stderr]     Checking scopeguard v1.1.0
[INFO] [stderr]     Checking pin-project-lite v0.2.8
[INFO] [stderr]     Checking smallvec v1.8.0
[INFO] [stderr]    Compiling futures-channel v0.3.19
[INFO] [stderr]    Compiling quote v1.0.15
[INFO] [stderr]    Compiling jobserver v0.1.24
[INFO] [stderr]    Compiling futures-task v0.3.19
[INFO] [stderr]    Compiling generic-array v0.14.5
[INFO] [stderr]    Compiling cc v1.0.72
[INFO] [stderr]    Compiling futures-util v0.3.19
[INFO] [stderr]     Checking num_cpus v1.13.1
[INFO] [stderr]     Checking bytes v1.1.0
[INFO] [stderr]    Compiling num-traits v0.2.14
[INFO] [stderr]     Checking itoa v1.0.1
[INFO] [stderr]     Checking instant v0.1.12
[INFO] [stderr]     Checking lock_api v0.4.5
[INFO] [stderr]    Compiling miniz_oxide v0.4.4
[INFO] [stderr]     Checking futures-sink v0.3.19
[INFO] [stderr]     Checking hashbrown v0.11.2
[INFO] [stderr]    Compiling pkg-config v0.3.24
[INFO] [stderr]     Checking spin v0.5.2
[INFO] [stderr]     Checking untrusted v0.7.1
[INFO] [stderr]     Checking parking_lot v0.11.2
[INFO] [stderr]     Checking mio v0.7.14
[INFO] [stderr]     Checking signal-hook-registry v1.4.0
[INFO] [stderr]    Compiling httparse v1.5.1
[INFO] [stderr]    Compiling serde_json v1.0.78
[INFO] [stderr]    Compiling ring v0.16.20
[INFO] [stderr]     Checking pin-utils v0.1.0
[INFO] [stderr]     Checking fnv v1.0.7
[INFO] [stderr]     Checking futures-io v0.3.19
[INFO] [stderr]     Checking slab v0.4.5
[INFO] [stderr]    Compiling num-integer v0.1.44
[INFO] [stderr]     Checking byteorder v1.4.3
[INFO] [stderr]    Compiling crc32fast v1.3.1
[INFO] [stderr]    Compiling http v0.2.6
[INFO] [stderr]     Checking getrandom v0.2.4
[INFO] [stderr]     Checking ryu v1.0.9
[INFO] [stderr]     Checking regex-syntax v0.6.25
[INFO] [stderr]    Compiling encoding_rs v0.8.30
[INFO] [stderr]     Checking aho-corasick v0.7.18
[INFO] [stderr]     Checking tracing-core v0.1.21
[INFO] [stderr]    Compiling unicase v2.6.0
[INFO] [stderr]     Checking base64 v0.13.0
[INFO] [stderr]     Checking percent-encoding v2.1.0
[INFO] [stderr]     Checking tracing v0.1.29
[INFO] [stderr]    Compiling zstd-sys v1.6.2+zstd.1.5.1
[INFO] [stderr]     Checking tinyvec_macros v0.1.0
[INFO] [stderr]     Checking matches v0.1.9
[INFO] [stderr]     Checking adler v1.0.2
[INFO] [stderr]     Checking regex v1.5.4
[INFO] [stderr]     Checking tinyvec v1.5.1
[INFO] [stderr]     Checking rand_core v0.6.3
[INFO] [stderr]     Checking socket2 v0.4.4
[INFO] [stderr]     Checking httpdate v1.0.2
[INFO] [stderr]     Checking mime v0.3.16
[INFO] [stderr]     Checking local-waker v0.1.2
[INFO] [stderr]     Checking form_urlencoded v1.0.1
[INFO] [stderr]     Checking unicode-normalization v0.1.19
[INFO] [stderr]     Checking ppv-lite86 v0.2.16
[INFO] [stderr]     Checking alloc-no-stdlib v2.0.3
[INFO] [stderr]    Compiling paste v1.0.6
[INFO] [stderr]    Compiling zstd-safe v4.1.3+zstd.1.5.1
[INFO] [stderr]     Checking unicode-bidi v0.3.7
[INFO] [stderr]     Checking alloc-stdlib v0.2.1
[INFO] [stderr]    Compiling mime_guess v2.0.3
[INFO] [stderr]     Checking rand_chacha v0.3.1
[INFO] [stderr]     Checking actix-utils v3.0.0
[INFO] [stderr]     Checking idna v0.2.3
[INFO] [stderr]     Checking crypto-common v0.1.1
[INFO] [stderr]     Checking actix-service v2.0.2
[INFO] [stderr]     Checking block-buffer v0.10.0
[INFO] [stderr]    Compiling ahash v0.7.6
[INFO] [stderr]    Compiling convert_case v0.4.0
[INFO] [stderr]     Checking cpufeatures v0.2.1
[INFO] [stderr]     Checking webpki v0.22.0
[INFO] [stderr]     Checking sct v0.7.0
[INFO] [stderr]     Checking url v2.2.2
[INFO] [stderr]     Checking rustls v0.20.2
[INFO] [stderr]     Checking webpki-roots v0.22.2
[INFO] [stderr]     Checking digest v0.10.1
[INFO] [stderr]     Checking flate2 v1.0.22
[INFO] [stderr]     Checking rand v0.8.4
[INFO] [stderr]     Checking brotli-decompressor v2.3.2
[INFO] [stderr]    Compiling bytestring v1.0.0
[INFO] [stderr]    Compiling proc-macro-error-attr v1.0.4
[INFO] [stderr]    Compiling cookie v0.16.0
[INFO] [stderr]    Compiling proc-macro2 v0.4.30
[INFO] [stderr]    Compiling glob v0.3.0
[INFO] [stderr]    Compiling time-macros v0.2.3
[INFO] [stderr]    Compiling tokio-macros v1.7.0
[INFO] [stderr]    Compiling futures-macro v0.3.19
[INFO] [stderr]    Compiling actix-macros v0.2.3
[INFO] [stderr]    Compiling derive_more v0.99.17
[INFO] [stderr]    Compiling thiserror-impl v1.0.30
[INFO] [stderr]     Checking tokio v1.15.0
[INFO] [stderr]     Checking remove_dir_all v0.5.3
[INFO] [stderr]    Compiling firestorm v0.5.0
[INFO] [stderr]    Compiling crossbeam-utils v0.8.6
[INFO] [stderr]     Checking fastrand v1.7.0
[INFO] [stderr]     Checking num_threads v0.1.3
[INFO] [stderr]     Checking time v0.3.7
[INFO] [stderr]     Checking tempfile v3.3.0
[INFO] [stderr]     Checking brotli v3.3.3
[INFO] [stderr]    Compiling path-matchers v1.0.2
[INFO] [stderr]     Checking sha-1 v0.10.0
[INFO] [stderr]    Compiling backtrace v0.3.63
[INFO] [stderr]     Checking mio v0.8.0
[INFO] [stderr]    Compiling memoffset v0.6.5
[INFO] [stderr]    Compiling proc-macro-error v1.0.4
[INFO] [stderr]     Checking language-tags v0.3.2
[INFO] [stderr]    Compiling siphasher v0.3.9
[INFO] [stderr]    Compiling path-slash v0.1.4
[INFO] [stderr]     Checking local-channel v0.1.2
[INFO] [stderr]    Compiling change-detection v1.2.0
[INFO] [stderr]    Compiling phf_shared v0.10.0
[INFO] [stderr]     Checking tokio-util v0.6.9
[INFO] [stderr]     Checking tokio-rustls v0.23.2
[INFO] [stderr]     Checking actix-rt v2.6.0
[INFO] [stderr]     Checking actix-server v2.0.0
[INFO] [stderr]     Checking actix-codec v0.4.2
[INFO] [stderr]     Checking actix-tls v3.0.1
[INFO] [stderr]    Compiling enum-iterator-derive v0.7.0
[INFO] [stderr]    Compiling synstructure v0.12.6
[INFO] [stderr]     Checking time v0.1.44
[INFO] [stderr]    Compiling crossbeam-epoch v0.9.6
[INFO] [stderr]    Compiling syn v0.15.44
[INFO] [stderr]     Checking crossbeam-utils v0.6.6
[INFO] [stderr]    Compiling zerocopy-derive v0.2.0
[INFO] [stderr]    Compiling static-files v0.2.3
[INFO] [stderr]    Compiling phf_generator v0.10.0
[INFO] [stderr]     Checking serde_urlencoded v0.7.1
[INFO] [stderr]     Checking actix-router v0.5.0-rc.2
[INFO] [stderr]     Checking bincode v1.3.3
[INFO] [stderr]     Checking h2 v0.3.11
[INFO] [stderr]     Checking chrono v0.4.19
[INFO] [stderr]    Compiling quote v0.6.13
[INFO] [stderr]    Compiling libz-sys v1.1.3
[INFO] [stderr]    Compiling lmdb-rkv-sys v0.15.0 (https://github.com/meilisearch/lmdb-rs#d0b50d02)
[INFO] [stderr]     Checking wait-timeout v0.2.0
[INFO] [stderr]     Checking itoa v0.4.8
[INFO] [stderr]    Compiling anyhow v1.0.53
[INFO] [stderr]    Compiling actix-web-codegen v0.5.0-rc.1
[INFO] [stderr]    Compiling rayon-core v1.9.1
[INFO] [stderr]     Checking bit-vec v0.6.3
[INFO] [stderr]     Checking quick-error v1.2.3
[INFO] [stderr]    Compiling lazy_static v1.4.0
[INFO] [stderr]     Checking rusty-fork v0.3.0
[INFO] [stderr]     Checking bit-set v0.5.2
[INFO] [stderr]     Checking zerocopy v0.3.0
[INFO] [stderr]    Compiling phf_codegen v0.10.0
[INFO] [stderr]     Checking crossbeam-queue v0.1.2
[INFO] [stderr]     Checking rand_xorshift v0.3.0
[INFO] [stderr]    Compiling hashbrown v0.7.2
[INFO] [stderr]    Compiling nom v7.1.0
[INFO] [stderr]     Checking quick-error v2.0.1
[INFO] [stderr]    Compiling fst v0.4.7
[INFO] [stderr]     Checking heed-traits v0.7.0 (https://github.com/Kerollmops/heed?tag=v0.12.1#fc017cf3)
[INFO] [stderr]    Compiling rustversion v1.0.6
[INFO] [stderr]     Checking heed-types v0.7.2 (https://github.com/Kerollmops/heed?tag=v0.12.1#fc017cf3)
[INFO] [stderr]     Checking proptest v1.0.0
[INFO] [stderr]     Checking synchronoise v1.0.0
[INFO] [stderr]    Compiling jieba-rs v0.6.6
[INFO] [stderr]     Checking crossbeam-deque v0.8.1
[INFO] [stderr]     Checking crossbeam-channel v0.5.2
[INFO] [stderr]    Compiling bytemuck_derive v1.0.1
[INFO] [stderr]    Compiling bzip2-sys v0.1.11+1.0.8
[INFO] [stderr]    Compiling libgit2-sys v0.12.26+1.3.0
[INFO] [stderr]     Checking generic-array v0.12.4
[INFO] [stderr]     Checking generic-array v0.13.3
[INFO] [stderr]     Checking page_size v0.4.2
[INFO] [stderr]    Compiling rayon v1.5.1
[INFO] [stderr]     Checking either v1.6.1
[INFO] [stderr]     Checking minimal-lexical v0.2.1
[INFO] [stderr]    Compiling gimli v0.26.1
[INFO] [stderr]    Compiling try-lock v0.2.3
[INFO] [stderr]     Checking stable_deref_trait v1.2.0
[INFO] [stderr]    Compiling heapless v0.6.1
[INFO] [stderr]     Checking ahash v0.3.8
[INFO] [stderr]     Checking as-slice v0.1.5
[INFO] [stderr]    Compiling want v0.3.0
[INFO] [stderr]     Checking bytemuck v1.7.3
[INFO] [stderr]     Checking heed v0.12.1 (https://github.com/Kerollmops/heed?tag=v0.12.1#fc017cf3)
[INFO] [stderr]     Checking phf v0.10.1
[INFO] [stderr]    Compiling addr2line v0.17.0
[INFO] [stderr]    Compiling proptest-derive v0.3.0
[INFO] [stderr]     Checking thiserror v1.0.30
[INFO] [stderr]    Compiling http-body v0.4.4
[INFO] [stderr]     Checking hash32 v0.1.1
[INFO] [stderr]     Checking fxhash v0.2.1
[INFO] [stderr]     Checking digest v0.9.0
[INFO] [stderr]     Checking block-buffer v0.9.0
[INFO] [stderr]    Compiling object v0.27.1
[INFO] [stderr]     Checking cedarwood v0.4.5
[INFO] [stderr]     Checking bytecount v0.6.2
[INFO] [stderr]    Compiling rustc-demangle v0.1.21
[INFO] [stderr]    Compiling tower-service v0.3.1
[INFO] [stderr]    Compiling async-trait v0.1.52
[INFO] [stderr]     Checking regex-automata v0.1.10
[INFO] [stderr]     Checking opaque-debug v0.3.0
[INFO] [stderr]     Checking sha2 v0.9.9
[INFO] [stderr]     Checking nom_locate v4.0.0
[INFO] [stderr]     Checking bstr v0.2.17
[INFO] [stderr]    Compiling vergen v5.1.17
[INFO] [stderr]     Checking whatlang v0.12.0
[INFO] [stderr]     Checking character_converter v1.0.0
[INFO] [stderr]     Checking enum-iterator v0.7.0
[INFO] [stderr]    Compiling hyper v0.14.16
[INFO] [stderr]    Compiling logging_timer_proc_macros v1.1.0
[INFO] [stderr]     Checking csv-core v0.1.10
[INFO] [stderr]     Checking atty v0.2.14
[INFO] [stderr]    Compiling num-bigint v0.2.6
[INFO] [stderr]    Compiling fs_extra v1.2.0
[INFO] [stderr]     Checking retain_mut v0.1.5
[INFO] [stderr]    Compiling bitflags v1.3.2
[INFO] [stderr]     Checking deunicode v1.3.1
[INFO] [stderr]     Checking unicode-segmentation v1.8.0
[INFO] [stderr]     Checking slice-group-by v0.2.6
[INFO] [stderr]     Checking termcolor v1.1.2
[INFO] [stderr]    Compiling heck v0.4.0
[INFO] [stderr]     Checking cow-utils v0.1.2
[INFO] [stderr]    Compiling sysinfo v0.20.5
[INFO] [stderr]     Checking pdqselect v0.1.0
[INFO] [stderr]    Compiling clap_derive v3.0.12
[INFO] [stderr]     Checking rstar v0.9.2
[INFO] [stderr]     Checking meilisearch-tokenizer v0.2.7 (https://github.com/meilisearch/tokenizer.git?tag=v0.2.7#e14f64f2)
[INFO] [stderr]    Compiling rustls-pemfile v0.2.1
[INFO] [stderr]    Compiling tikv-jemalloc-sys v0.4.2+5.2.1-patched.2
[INFO] [stderr]     Checking roaring v0.6.7
[INFO] [stderr]     Checking logging_timer v1.1.0
[INFO] [stderr]     Checking csv v1.1.6
[INFO] [stderr]     Checking filter-parser v0.1.0 (https://github.com/meilisearch/milli.git?tag=v0.22.1#ea15ad6c)
[INFO] [stderr]     Checking levenshtein_automata v0.2.1
[INFO] [stderr]     Checking grenad v0.3.1
[INFO] [stderr]     Checking itertools v0.10.3
[INFO] [stderr]    Compiling getset v0.1.2
[INFO] [stderr]    Compiling toml v0.5.8
[INFO] [stderr]    Compiling hyper-rustls v0.23.0
[INFO] [stderr]     Checking uuid v0.8.2
[INFO] [stderr]     Checking smallstr v0.2.0
[INFO] [stderr]     Checking bimap v0.6.2
[INFO] [stderr]     Checking futures-executor v0.3.19
[INFO] [stderr]    Compiling pin-project-internal v1.0.10
[INFO] [stderr]    Compiling async-stream-impl v0.3.2
[INFO] [stderr]    Compiling concat-arrays v0.1.2
[INFO] [stderr]     Checking sct v0.6.1
[INFO] [stderr]     Checking webpki v0.21.4
[INFO] [stderr]     Checking ordered-float v2.10.0
[INFO] [stderr]     Checking os_str_bytes v6.0.0
[INFO] [stderr]     Checking filetime v0.2.15
[INFO] [stderr]     Checking xattr v0.2.2
[INFO] [stderr]     Checking memmap2 v0.5.2
[INFO] [stderr]     Checking human_format v1.0.3
[INFO] [stderr]     Checking linked-hash-map v0.5.4
[INFO] [stderr]     Checking same-file v1.0.6
[INFO] [stderr]     Checking obkv v0.2.0
[INFO] [stderr]    Compiling ipnet v2.3.1
[INFO] [stderr]     Checking strsim v0.10.0
[INFO] [stderr]     Checking textwrap v0.14.2
[INFO] [stderr]     Checking geoutils v0.4.1
[INFO] [stderr]     Checking utf8-width v0.1.5
[INFO] [stderr]     Checking clap v3.0.13
[INFO] [stderr]    Compiling sha-1 v0.9.8
[INFO] [stderr]     Checking byte-unit v4.0.13
[INFO] [stderr]     Checking milli v0.22.1 (https://github.com/meilisearch/milli.git?tag=v0.22.1#ea15ad6c)
[INFO] [stderr]     Checking async-stream v0.3.2
[INFO] [stderr]     Checking walkdir v2.3.2
[INFO] [stderr]     Checking pin-project v1.0.10
[INFO] [stderr]     Checking tar v0.4.38
[INFO] [stderr]    Compiling cargo_toml v0.9.2
[INFO] [stderr]     Checking rustls v0.19.1
[INFO] [stderr]     Checking futures v0.3.19
[INFO] [stderr]    Compiling reqwest v0.11.9
[INFO] [stderr]    Compiling actix-web-static-files v3.0.5 (https://github.com/robjtede/actix-web-static-files.git?rev=ed74153#ed741539)
[INFO] [stderr]    Compiling derivative v2.2.0
[INFO] [stderr]     Checking dirs-sys-next v0.1.2
[INFO] [stderr]    Compiling hex v0.4.3
[INFO] [stderr]     Checking atomic_refcell v0.1.8
[INFO] [stderr]     Checking dirs-next v1.0.2
[INFO] [stderr]     Checking simple_asn1 v0.4.1
[INFO] [stderr]     Checking pem v0.8.3
[INFO] [stderr]     Checking humantime v2.1.0
[INFO] [stderr]     Checking base64 v0.12.3
[INFO] [stderr]     Checking platform-dirs v0.3.0
[INFO] [stderr]     Checking tokio-stream v0.1.8
[INFO] [stderr]     Checking env_logger v0.9.0
[INFO] [stderr]     Checking jsonwebtoken v7.2.0
[INFO] [stderr]     Checking arc-swap v1.5.0
[INFO] [stderr]     Checking segment v0.1.2
[INFO] [stderr]    Compiling bzip2 v0.4.3
[INFO] [stderr]    Compiling zip v0.5.13
[INFO] [stderr]    Compiling git2 v0.13.25
[INFO] [stderr]     Checking zstd v0.9.2+zstd.1.5.1
[INFO] [stderr]     Checking actix-http v3.0.0-beta.19
[INFO] [stderr]    Compiling meilisearch-http v0.26.0 (/opt/rustwide/workdir/meilisearch-http)
[INFO] [stderr]     Checking actix-web v4.0.0-beta.21
[INFO] [stderr] error: failed to run custom build command for `meilisearch-http v0.26.0 (/opt/rustwide/workdir/meilisearch-http)`
[INFO] [stderr] note: To improve backtraces for build dependencies, set the CARGO_PROFILE_DEV_BUILD_OVERRIDE_DEBUG=true environment variable to enable debug information generation.
[INFO] [stderr] 
[INFO] [stderr] Caused by:
[INFO] [stderr]   process didn't exit successfully: `/opt/rustwide/target/debug/build/meilisearch-http-cc21535e55403df3/build-script-build` (exit status: 101)
[INFO] [stderr]   --- stdout
[INFO] [stderr]   cargo:rustc-env=VERGEN_GIT_BRANCH=main
[INFO] [stderr]   cargo:rustc-env=VERGEN_GIT_COMMIT_TIMESTAMP=2022-03-08T10:55:40+00:00
[INFO] [stderr]   cargo:rustc-env=VERGEN_GIT_SEMVER=0.26.0
[INFO] [stderr]   cargo:rustc-env=VERGEN_GIT_SHA=39e771dbcda9a46a2519c4c5dbe2a92e0aff57c7
[INFO] [stderr]   cargo:rerun-if-changed=/opt/rustwide/workdir/.git/HEAD
[INFO] [stderr]   cargo:rerun-if-changed=/opt/rustwide/workdir/.git/refs/heads/main
[INFO] [stderr] 
[INFO] [stderr]   --- stderr
[INFO] [stderr]   thread 'main' panicked at 'Could not load the mini-dashboard assets: error sending request for url (https://github.com/meilisearch/mini-dashboard/releases/download/v0.1.7/build.zip): error trying to connect: dns error: failed to lookup address information: Temporary failure in name resolution
[INFO] [stderr] 
[INFO] [stderr]   Caused by:
[INFO] [stderr]       0: error trying to connect: dns error: failed to lookup address information: Temporary failure in name resolution
[INFO] [stderr]       1: dns error: failed to lookup address information: Temporary failure in name resolution
[INFO] [stderr]       2: failed to lookup address information: Temporary failure in name resolution
[INFO] [stderr] 
[INFO] [stderr]   Stack backtrace:
[INFO] [stderr]      0: <core::result::Result<T,F> as core::ops::try_trait::FromResidual<core::result::Result<core::convert::Infallible,E>>>::from_residual
[INFO] [stderr]      1: build_script_build::mini_dashboard::setup_mini_dashboard
[INFO] [stderr]      2: build_script_build::main
[INFO] [stderr]      3: core::ops::function::FnOnce::call_once
[INFO] [stderr]      4: std::sys_common::backtrace::__rust_begin_short_backtrace
[INFO] [stderr]      5: std::rt::lang_start::{{closure}}
[INFO] [stderr]      6: core::ops::function::impls::<impl core::ops::function::FnOnce<A> for &F>::call_once
[INFO] [stderr]                at /rustc/1b7dd2252b99671ce5d1cb9664c5f8636329436d/library/core/src/ops/function.rs:287:13
[INFO] [stderr]         std::panicking::try::do_call
[INFO] [stderr]                at /rustc/1b7dd2252b99671ce5d1cb9664c5f8636329436d/library/std/src/panicking.rs:485:40
[INFO] [stderr]         std::panicking::try
[INFO] [stderr]                at /rustc/1b7dd2252b99671ce5d1cb9664c5f8636329436d/library/std/src/panicking.rs:449:19
[INFO] [stderr]         std::panic::catch_unwind
[INFO] [stderr]                at /rustc/1b7dd2252b99671ce5d1cb9664c5f8636329436d/library/std/src/panic.rs:140:14
[INFO] [stderr]         std::rt::lang_start_internal::{{closure}}
[INFO] [stderr]                at /rustc/1b7dd2252b99671ce5d1cb9664c5f8636329436d/library/std/src/rt.rs:148:48
[INFO] [stderr]         std::panicking::try::do_call
[INFO] [stderr]                at /rustc/1b7dd2252b99671ce5d1cb9664c5f8636329436d/library/std/src/panicking.rs:485:40
[INFO] [stderr]         std::panicking::try
[INFO] [stderr]                at /rustc/1b7dd2252b99671ce5d1cb9664c5f8636329436d/library/std/src/panicking.rs:449:19
[INFO] [stderr]         std::panic::catch_unwind
[INFO] [stderr]                at /rustc/1b7dd2252b99671ce5d1cb9664c5f8636329436d/library/std/src/panic.rs:140:14
[INFO] [stderr]         std::rt::lang_start_internal
[INFO] [stderr]                at /rustc/1b7dd2252b99671ce5d1cb9664c5f8636329436d/library/std/src/rt.rs:148:20
[INFO] [stderr]      7: std::rt::lang_start
[INFO] [stderr]      8: main
[INFO] [stderr]      9: <unknown>
[INFO] [stderr]     10: __libc_start_main
[INFO] [stderr]     11: _start', meilisearch-http/build.rs:9:44
[INFO] [stderr]   stack backtrace:
[INFO] [stderr]      0:     0x55b6cc0d2b0a - std::backtrace_rs::backtrace::libunwind::trace::h2f05d0192276a8f6
[INFO] [stderr]                                  at /rustc/1b7dd2252b99671ce5d1cb9664c5f8636329436d/library/std/src/../../backtrace/src/backtrace/libunwind.rs:93:5
[INFO] [stderr]      1:     0x55b6cc0d2b0a - std::backtrace_rs::backtrace::trace_unsynchronized::hedc23dff7a1af150
[INFO] [stderr]                                  at /rustc/1b7dd2252b99671ce5d1cb9664c5f8636329436d/library/std/src/../../backtrace/src/backtrace/mod.rs:66:5
[INFO] [stderr]      2:     0x55b6cc0d2b0a - std::sys_common::backtrace::_print_fmt::h17541ef7592f3ce2
[INFO] [stderr]                                  at /rustc/1b7dd2252b99671ce5d1cb9664c5f8636329436d/library/std/src/sys_common/backtrace.rs:65:5
[INFO] [stderr]      3:     0x55b6cc0d2b0a - <std::sys_common::backtrace::_print::DisplayBacktrace as core::fmt::Display>::fmt::h20f75df5ab0c0792
[INFO] [stderr]                                  at /rustc/1b7dd2252b99671ce5d1cb9664c5f8636329436d/library/std/src/sys_common/backtrace.rs:44:22
[INFO] [stderr]      4:     0x55b6cc0f690f - core::fmt::write::h78109e6f466b3af6
[INFO] [stderr]                                  at /rustc/1b7dd2252b99671ce5d1cb9664c5f8636329436d/library/core/src/fmt/mod.rs:1254:17
[INFO] [stderr]      5:     0x55b6cc0cf855 - std::io::Write::write_fmt::hc59e1b02dd273c8a
[INFO] [stderr]                                  at /rustc/1b7dd2252b99671ce5d1cb9664c5f8636329436d/library/std/src/io/mod.rs:1698:15
[INFO] [stderr]      6:     0x55b6cc0d28d5 - std::sys_common::backtrace::_print::h8dac57a9f8fbf9a5
[INFO] [stderr]                                  at /rustc/1b7dd2252b99671ce5d1cb9664c5f8636329436d/library/std/src/sys_common/backtrace.rs:47:5
[INFO] [stderr]      7:     0x55b6cc0d28d5 - std::sys_common::backtrace::print::hf9ecbf41d1aa712f
[INFO] [stderr]                                  at /rustc/1b7dd2252b99671ce5d1cb9664c5f8636329436d/library/std/src/sys_common/backtrace.rs:34:9
[INFO] [stderr]      8:     0x55b6cc0d3f7e - std::panicking::default_hook::{{closure}}::h04c07acfc84ca028
[INFO] [stderr]                                  at /rustc/1b7dd2252b99671ce5d1cb9664c5f8636329436d/library/std/src/panicking.rs:269:22
[INFO] [stderr]      9:     0x55b6cc0d3d25 - std::panicking::default_hook::h01f6bb23e1eceb2c
[INFO] [stderr]                                  at /rustc/1b7dd2252b99671ce5d1cb9664c5f8636329436d/library/std/src/panicking.rs:288:9
[INFO] [stderr]     10:     0x55b6cc0d44de - std::panicking::rust_panic_with_hook::h2bb3722bbaf2f6df
[INFO] [stderr]                                  at /rustc/1b7dd2252b99671ce5d1cb9664c5f8636329436d/library/std/src/panicking.rs:691:13
[INFO] [stderr]     11:     0x55b6cc0d43d9 - std::panicking::begin_panic_handler::{{closure}}::h91bc7f36a4be011b
[INFO] [stderr]                                  at /rustc/1b7dd2252b99671ce5d1cb9664c5f8636329436d/library/std/src/panicking.rs:582:13
[INFO] [stderr]     12:     0x55b6cc0d2f76 - std::sys_common::backtrace::__rust_end_short_backtrace::h8b3d3717114f9e59
[INFO] [stderr]                                  at /rustc/1b7dd2252b99671ce5d1cb9664c5f8636329436d/library/std/src/sys_common/backtrace.rs:150:18
[INFO] [stderr]     13:     0x55b6cc0d4132 - rust_begin_unwind
[INFO] [stderr]                                  at /rustc/1b7dd2252b99671ce5d1cb9664c5f8636329436d/library/std/src/panicking.rs:578:5
[INFO] [stderr]     14:     0x55b6cb7b92c3 - core::panicking::panic_fmt::hfd368e3fbdabea26
[INFO] [stderr]                                  at /rustc/1b7dd2252b99671ce5d1cb9664c5f8636329436d/library/core/src/panicking.rs:67:14
[INFO] [stderr]     15:     0x55b6cb7b9863 - core::result::unwrap_failed::he54eb4b2f125b26f
[INFO] [stderr]                                  at /rustc/1b7dd2252b99671ce5d1cb9664c5f8636329436d/library/core/src/result.rs:1687:5
[INFO] [stderr]     16:     0x55b6cb7bdda3 - core::result::Result<T,E>::expect::hed4aabf615e521f8
[INFO] [stderr]     17:     0x55b6cb7bd589 - build_script_build::main::h65ed5449628095f6
[INFO] [stderr]     18:     0x55b6cb7cb223 - core::ops::function::FnOnce::call_once::h47e9f39d1635cb13
[INFO] [stderr]     19:     0x55b6cb7bbe36 - std::sys_common::backtrace::__rust_begin_short_backtrace::hef98d03a8ef23283
[INFO] [stderr]     20:     0x55b6cb7bca79 - std::rt::lang_start::{{closure}}::h3d2b4473011655e9
[INFO] [stderr]     21:     0x55b6cc0cb81e - core::ops::function::impls::<impl core::ops::function::FnOnce<A> for &F>::call_once::h2eb19b8ce4148df4
[INFO] [stderr]                                  at /rustc/1b7dd2252b99671ce5d1cb9664c5f8636329436d/library/core/src/ops/function.rs:287:13
[INFO] [stderr]     22:     0x55b6cc0cb81e - std::panicking::try::do_call::h2e900feff5d504c5
[INFO] [stderr]                                  at /rustc/1b7dd2252b99671ce5d1cb9664c5f8636329436d/library/std/src/panicking.rs:485:40
[INFO] [stderr]     23:     0x55b6cc0cb81e - std::panicking::try::h8854836cb85aa9f2
[INFO] [stderr]                                  at /rustc/1b7dd2252b99671ce5d1cb9664c5f8636329436d/library/std/src/panicking.rs:449:19
[INFO] [stderr]     24:     0x55b6cc0cb81e - std::panic::catch_unwind::h706025dd4c48f64b
[INFO] [stderr]                                  at /rustc/1b7dd2252b99671ce5d1cb9664c5f8636329436d/library/std/src/panic.rs:140:14
[INFO] [stderr]     25:     0x55b6cc0cb81e - std::rt::lang_start_internal::{{closure}}::h7be5b97f4a07a91a
[INFO] [stderr]                                  at /rustc/1b7dd2252b99671ce5d1cb9664c5f8636329436d/library/std/src/rt.rs:148:48
[INFO] [stderr]     26:     0x55b6cc0cb81e - std::panicking::try::do_call::h59847e9d0a176965
[INFO] [stderr]                                  at /rustc/1b7dd2252b99671ce5d1cb9664c5f8636329436d/library/std/src/panicking.rs:485:40
[INFO] [stderr]     27:     0x55b6cc0cb81e - std::panicking::try::h399a918ba8522823
[INFO] [stderr]                                  at /rustc/1b7dd2252b99671ce5d1cb9664c5f8636329436d/library/std/src/panicking.rs:449:19
[INFO] [stderr]     28:     0x55b6cc0cb81e - std::panic::catch_unwind::hca7ca6c55b2a2e26
[INFO] [stderr]                                  at /rustc/1b7dd2252b99671ce5d1cb9664c5f8636329436d/library/std/src/panic.rs:140:14
[INFO] [stderr]     29:     0x55b6cc0cb81e - std::rt::lang_start_internal::h2c807a81560459eb
[INFO] [stderr]                                  at /rustc/1b7dd2252b99671ce5d1cb9664c5f8636329436d/library/std/src/rt.rs:148:20
[INFO] [stderr]     30:     0x55b6cb7bca57 - std::rt::lang_start::h2f929e6b7f139ecd
[INFO] [stderr]     31:     0x55b6cb7bd5b5 - main
[INFO] [stderr]     32:     0x7fac7d12cd90 - <unknown>
[INFO] [stderr]     33:     0x7fac7d12ce40 - __libc_start_main
[INFO] [stderr]     34:     0x55b6cb7b9a45 - _start
[INFO] [stderr]     35:                0x0 - <unknown>
[INFO] [stderr] warning: build failed, waiting for other jobs to finish...
[INFO] running `Command { std: "docker" "inspect" "4ded9b2c86d43413760685cd6b0f8afbb855a9131fce06ed4a73c671d2acb01b", kill_on_drop: false }`
[INFO] running `Command { std: "docker" "rm" "-f" "4ded9b2c86d43413760685cd6b0f8afbb855a9131fce06ed4a73c671d2acb01b", kill_on_drop: false }`
[INFO] [stdout] 4ded9b2c86d43413760685cd6b0f8afbb855a9131fce06ed4a73c671d2acb01b
