[INFO] cloning repository https://github.com/AlexCreamer/Bootstrap-Rust-Calendar
[INFO] running `Command { std: "git" "-c" "credential.helper=" "-c" "credential.helper=/workspace/cargo-home/bin/git-credential-null" "clone" "--bare" "https://github.com/AlexCreamer/Bootstrap-Rust-Calendar" "/workspace/cache/git-repos/https%3A%2F%2Fgithub.com%2FAlexCreamer%2FBootstrap-Rust-Calendar", kill_on_drop: false }`
[INFO] [stderr] Cloning into bare repository '/workspace/cache/git-repos/https%3A%2F%2Fgithub.com%2FAlexCreamer%2FBootstrap-Rust-Calendar'...
[INFO] running `Command { std: "git" "rev-parse" "HEAD", kill_on_drop: false }`
[INFO] [stdout] 1376bdcdc9fe1e59576dc9d678d889c2985c8d8d
[INFO] documenting AlexCreamer/Bootstrap-Rust-Calendar against beta-2023-04-20 for beta-1.70-rustdoc-1
[INFO] running `Command { std: "git" "clone" "/workspace/cache/git-repos/https%3A%2F%2Fgithub.com%2FAlexCreamer%2FBootstrap-Rust-Calendar" "/workspace/builds/worker-0-tc2/source", kill_on_drop: false }`
[INFO] [stderr] Cloning into '/workspace/builds/worker-0-tc2/source'...
[INFO] [stderr] done.
[INFO] validating manifest of git repo https://github.com/AlexCreamer/Bootstrap-Rust-Calendar on toolchain beta-2023-04-20
[INFO] running `Command { std: CARGO_HOME="/workspace/cargo-home" RUSTUP_HOME="/workspace/rustup-home" "/workspace/cargo-home/bin/cargo" "+beta-2023-04-20" "metadata" "--manifest-path" "Cargo.toml" "--no-deps", kill_on_drop: false }`
[INFO] started tweaking git repo https://github.com/AlexCreamer/Bootstrap-Rust-Calendar
[INFO] finished tweaking git repo https://github.com/AlexCreamer/Bootstrap-Rust-Calendar
[INFO] tweaked toml for git repo https://github.com/AlexCreamer/Bootstrap-Rust-Calendar written to /workspace/builds/worker-0-tc2/source/Cargo.toml
[INFO] crate git repo https://github.com/AlexCreamer/Bootstrap-Rust-Calendar already has a lockfile, it will not be regenerated
[INFO] running `Command { std: CARGO_HOME="/workspace/cargo-home" RUSTUP_HOME="/workspace/rustup-home" "/workspace/cargo-home/bin/cargo" "+beta-2023-04-20" "fetch" "--manifest-path" "Cargo.toml", kill_on_drop: false }`
[INFO] [stderr] warning: dependency (rocket_contrib) specified without providing a local path, Git repository, or version to use. This will be considered an error in future versions
[INFO] [stderr]     Updating crates.io index
[INFO] [stderr]  Downloading crates ...
[INFO] [stderr]   Downloaded memchr v1.0.1
[INFO] [stderr]   Downloaded rand v0.3.15
[INFO] [stderr]   Downloaded cassandra v0.8.1
[INFO] [stderr]   Downloaded term v0.2.14
[INFO] [stderr]   Downloaded strsim v0.4.1
[INFO] [stderr]   Downloaded toml v0.1.30
[INFO] [stderr]   Downloaded ip v1.1.1
[INFO] [stderr]   Downloaded num-integer v0.1.32
[INFO] [stderr]   Downloaded gcc v0.3.43
[INFO] [stderr]   Downloaded error-chain v0.7.2
[INFO] [stderr]   Downloaded num-iter v0.1.32
[INFO] [stderr]   Downloaded term v0.4.5
[INFO] [stderr]   Downloaded backtrace v0.3.0
[INFO] [stderr]   Downloaded bitflags v0.3.3
[INFO] [stderr]   Downloaded rustc-demangle v0.1.3
[INFO] [stderr]   Downloaded rocket_codegen v0.2.0
[INFO] [stderr]   Downloaded toml v0.2.1
[INFO] [stderr]   Downloaded cassandra-sys v0.8.7
[INFO] [stderr]   Downloaded clap v1.5.5
[INFO] [stderr]   Downloaded rocket v0.2.0
[INFO] [stderr]   Downloaded syntex_syntax v0.24.0
[INFO] [stderr]   Downloaded dtoa v0.4.1
[INFO] [stderr]   Downloaded libc v0.2.20
[INFO] [stderr]   Downloaded hyper v0.10.4
[INFO] [stderr]   Downloaded decimal v0.2.0
[INFO] [stderr]   Downloaded backtrace-sys v0.1.9
[INFO] [stderr]   Downloaded term-painter v0.2.3
[INFO] [stderr]   Downloaded num v0.1.36
[INFO] [stderr]   Downloaded cookie v0.6.0
[INFO] [stderr]   Downloaded traitobject v0.0.1
[INFO] [stderr]   Downloaded state v0.2.0
[INFO] [stderr]   Downloaded version_check v0.1.0
[INFO] [stderr]   Downloaded rocket_contrib v0.2.0
[INFO] [stderr]   Downloaded serde_derive v0.9.7
[INFO] [stderr]   Downloaded itoa v0.3.1
[INFO] [stderr]   Downloaded num-traits v0.1.36
[INFO] [stderr]   Downloaded lazy_static v0.2.2
[INFO] [stderr]   Downloaded serde_json v0.9.6
[INFO] [stderr]   Downloaded serde_codegen_internals v0.13.0
[INFO] [stderr]   Downloaded dbghelp-sys v0.2.0
[INFO] [stderr]   Downloaded rusty-cheddar v0.3.3
[INFO] [stderr]   Downloaded num_cpus v1.2.1
[INFO] [stderr]   Downloaded num-rational v0.1.35
[INFO] [stderr]   Downloaded ansi_term v0.7.5
[INFO] [stderr]   Downloaded num-complex v0.1.35
[INFO] [stderr]   Downloaded num-bigint v0.1.35
[INFO] [stderr]   Downloaded vec_map v0.4.0
[INFO] [stderr]   Downloaded serde v0.9.7
[INFO] [stderr]   Downloaded quote v0.3.12
[INFO] running `Command { std: "docker" "create" "-v" "/var/lib/crater-agent-workspace/builds/worker-0-tc2/target:/opt/rustwide/target:rw,Z" "-v" "/var/lib/crater-agent-workspace/builds/worker-0-tc2/source:/opt/rustwide/workdir:ro,Z" "-v" "/var/lib/crater-agent-workspace/cargo-home:/opt/rustwide/cargo-home:ro,Z" "-v" "/var/lib/crater-agent-workspace/rustup-home:/opt/rustwide/rustup-home:ro,Z" "-e" "SOURCE_DIR=/opt/rustwide/workdir" "-e" "CARGO_TARGET_DIR=/opt/rustwide/target" "-e" "CARGO_HOME=/opt/rustwide/cargo-home" "-e" "RUSTUP_HOME=/opt/rustwide/rustup-home" "-w" "/opt/rustwide/workdir" "-m" "1610612736" "--user" "0:0" "--network" "none" "ghcr.io/rust-lang/crates-build-env/linux@sha256:5ff2268d62e97bff2cde7d5815dd6ed5b47097566f13b8d0ca110b04b60e07ed" "/opt/rustwide/cargo-home/bin/cargo" "+beta-2023-04-20" "metadata" "--no-deps" "--format-version=1", kill_on_drop: false }`
[INFO] [stdout] a8b9ab3bf74cd055f1cc803ab41241a68eb1fc7394e09a02f0fe20d8394ee0e8
[INFO] running `Command { std: "docker" "start" "-a" "a8b9ab3bf74cd055f1cc803ab41241a68eb1fc7394e09a02f0fe20d8394ee0e8", kill_on_drop: false }`
[INFO] running `Command { std: "docker" "inspect" "a8b9ab3bf74cd055f1cc803ab41241a68eb1fc7394e09a02f0fe20d8394ee0e8", kill_on_drop: false }`
[INFO] running `Command { std: "docker" "rm" "-f" "a8b9ab3bf74cd055f1cc803ab41241a68eb1fc7394e09a02f0fe20d8394ee0e8", kill_on_drop: false }`
[INFO] [stdout] a8b9ab3bf74cd055f1cc803ab41241a68eb1fc7394e09a02f0fe20d8394ee0e8
[INFO] running `Command { std: "docker" "create" "-v" "/var/lib/crater-agent-workspace/builds/worker-0-tc2/target:/opt/rustwide/target:rw,Z" "-v" "/var/lib/crater-agent-workspace/builds/worker-0-tc2/source:/opt/rustwide/workdir:ro,Z" "-v" "/var/lib/crater-agent-workspace/cargo-home:/opt/rustwide/cargo-home:ro,Z" "-v" "/var/lib/crater-agent-workspace/rustup-home:/opt/rustwide/rustup-home:ro,Z" "-e" "SOURCE_DIR=/opt/rustwide/workdir" "-e" "CARGO_TARGET_DIR=/opt/rustwide/target" "-e" "CARGO_INCREMENTAL=0" "-e" "RUST_BACKTRACE=full" "-e" "RUSTFLAGS=--cap-lints=warn" "-e" "RUSTDOCFLAGS=--cap-lints=warn" "-e" "CARGO_HOME=/opt/rustwide/cargo-home" "-e" "RUSTUP_HOME=/opt/rustwide/rustup-home" "-w" "/opt/rustwide/workdir" "-m" "1610612736" "--user" "0:0" "--network" "none" "ghcr.io/rust-lang/crates-build-env/linux@sha256:5ff2268d62e97bff2cde7d5815dd6ed5b47097566f13b8d0ca110b04b60e07ed" "/opt/rustwide/cargo-home/bin/cargo" "+beta-2023-04-20" "doc" "--frozen" "--no-deps" "--document-private-items" "--message-format=json", kill_on_drop: false }`
[INFO] [stdout] 3a7927458bbede32ff5bec32f4f851b47b1a5b060ff838010b598a7dfa77fe4e
[INFO] running `Command { std: "docker" "start" "-a" "3a7927458bbede32ff5bec32f4f851b47b1a5b060ff838010b598a7dfa77fe4e", kill_on_drop: false }`
[INFO] [stderr] warning: dependency (rocket_contrib) specified without providing a local path, Git repository, or version to use. This will be considered an error in future versions
[INFO] [stderr]     Checking libc v0.2.20
[INFO] [stderr]     Checking rustc-serialize v0.3.22
[INFO] [stderr]     Checking num-traits v0.1.36
[INFO] [stderr]    Compiling gcc v0.3.43
[INFO] [stderr]    Compiling unicase v1.4.0
[INFO] [stderr]    Compiling log v0.3.6
[INFO] [stderr]    Compiling version_check v0.1.0
[INFO] [stderr]    Compiling ansi_term v0.9.0
[INFO] [stderr]     Checking num-integer v0.1.32
[INFO] [stderr]     Checking rand v0.3.15
[INFO] [stderr]    Compiling hyper v0.10.4
[INFO] [stderr]    Compiling dbghelp-sys v0.2.0
[INFO] [stderr]    Compiling matches v0.1.4
[INFO] [stderr]    Compiling winapi v0.2.8
[INFO] [stderr]    Compiling unicode-bidi v0.2.5
[INFO] [stderr]    Compiling kernel32-sys v0.2.2
[INFO] [stderr]    Compiling backtrace-sys v0.1.9
[INFO] [stderr]     Checking time v0.1.36
[INFO] [stderr]    Compiling bitflags v0.3.3
[INFO] [stderr]    Compiling unicode-normalization v0.1.4
[INFO] [stderr]    Compiling term v0.2.14
[INFO] [stderr]    Compiling rocket v0.2.0
[INFO] [stderr]     Checking thread-id v2.0.0
[INFO] [stderr]     Checking memchr v0.1.11
[INFO] [stderr]    Compiling backtrace v0.3.0
[INFO] [stderr]    Compiling strsim v0.4.1
[INFO] [stderr]     Checking num-bigint v0.1.35
[INFO] [stderr]     Checking idna v0.1.0
[INFO] [stderr]    Compiling vec_map v0.4.0
[INFO] [stderr]    Compiling unicode-xid v0.0.3
[INFO] [stderr]    Compiling ansi_term v0.7.5
[INFO] [stderr]     Checking num-rational v0.1.35
[INFO] [stderr]    Compiling syntex_syntax v0.24.0
[INFO] [stderr]    Compiling toml v0.1.30
[INFO] [stderr]    Compiling clap v1.5.5
[INFO] [stderr]     Checking num-complex v0.1.35
[INFO] [stderr]     Checking url v1.4.0
[INFO] [stderr]     Checking aho-corasick v0.5.3
[INFO] [stdout] error[E0713]: borrow may still be in use when destructor runs
[INFO] [stdout]    --> /opt/rustwide/cargo-home/registry/src/index.crates.io-6f17d22bba15001f/url-1.4.0/src/form_urlencoded.rs:246:40
[INFO] [stdout]     |
[INFO] [stdout] 244 | impl<'a> Target for ::UrlQuery<'a> {
[INFO] [stdout]     |      -- lifetime `'a` defined here
[INFO] [stdout] 245 |     fn as_mut_string(&mut self) -> &mut String { &mut self.url.serialization }
[INFO] [stdout] 246 |     fn finish(self) -> &'a mut ::Url { self.url }
[INFO] [stdout]     |                                        ^^^^^^^^ - here, drop of `self` needs exclusive access to `*self.url`, because the type `UrlQuery<'_>` implements the `Drop` trait
[INFO] [stdout]     |                                        |
[INFO] [stdout]     |                                        returning this value requires that `*self.url` is borrowed for `'a`
[INFO] [stdout] 
[INFO] [stdout] 
[INFO] [stdout] error: aborting due to previous error
[INFO] [stdout] 
[INFO] [stdout] 
[INFO] [stdout] For more information about this error, try `rustc --explain E0713`.
[INFO] [stdout] 
[INFO] [stderr] error: could not compile `url` (lib) due to 2 previous errors
[INFO] [stderr] warning: build failed, waiting for other jobs to finish...
[INFO] [stdout] error[E0713]: borrow may still be in use when destructor runs
[INFO] [stdout]    --> /opt/rustwide/cargo-home/registry/src/index.crates.io-6f17d22bba15001f/url-1.4.0/src/form_urlencoded.rs:246:40
[INFO] [stdout]     |
[INFO] [stdout] 244 | impl<'a> Target for ::UrlQuery<'a> {
[INFO] [stdout]     |      -- lifetime `'a` defined here
[INFO] [stdout] 245 |     fn as_mut_string(&mut self) -> &mut String { &mut self.url.serialization }
[INFO] [stdout] 246 |     fn finish(self) -> &'a mut ::Url { self.url }
[INFO] [stdout]     |                                        ^^^^^^^^ - here, drop of `self` needs exclusive access to `*self.url`, because the type `UrlQuery<'_>` implements the `Drop` trait
[INFO] [stdout]     |                                        |
[INFO] [stdout]     |                                        returning this value requires that `*self.url` is borrowed for `'a`
[INFO] [stdout] 
[INFO] [stdout] 
[INFO] [stdout] error: aborting due to previous error
[INFO] [stdout] 
[INFO] [stdout] 
[INFO] [stdout] For more information about this error, try `rustc --explain E0713`.
[INFO] [stdout] 
[INFO] [stderr] error: failed to run custom build command for `rocket v0.2.0`
[INFO] [stderr] note: To improve backtraces for build dependencies, set the CARGO_PROFILE_DEV_BUILD_OVERRIDE_DEBUG=true environment variable to enable debug information generation.
[INFO] [stderr] 
[INFO] [stderr] Caused by:
[INFO] [stderr]   process didn't exit successfully: `/opt/rustwide/target/debug/build/rocket-cd8bde0d8437262a/build-script-build` (exit status: 101)
[INFO] [stderr]   --- stderr
[INFO] [stderr]   [1;31mError:[0m [37mRocket requires a nightly version of Rust.[0m
[INFO] [stderr]   [37mInstalled version is:[0m [33m1.70.0-beta.1[0m. [37mMinimum required:[0m [33m1.16.0-nightly[0m.
[INFO] [stderr]   [34mSee the getting started guide ([0m[37mhttps://rocket.rs/guide/getting-started/[0m[34m) for more information.[0m
[INFO] [stderr]   thread 'main' panicked at 'Aborting compilation due to incompatible compiler.', /opt/rustwide/cargo-home/registry/src/index.crates.io-6f17d22bba15001f/rocket-0.2.0/build.rs:42:13
[INFO] [stderr]   stack backtrace:
[INFO] [stderr]      0:     0x564f7a5ca22a - std::backtrace_rs::backtrace::libunwind::trace::h2f05d0192276a8f6
[INFO] [stderr]                                  at /rustc/1b7dd2252b99671ce5d1cb9664c5f8636329436d/library/std/src/../../backtrace/src/backtrace/libunwind.rs:93:5
[INFO] [stderr]      1:     0x564f7a5ca22a - std::backtrace_rs::backtrace::trace_unsynchronized::hedc23dff7a1af150
[INFO] [stderr]                                  at /rustc/1b7dd2252b99671ce5d1cb9664c5f8636329436d/library/std/src/../../backtrace/src/backtrace/mod.rs:66:5
[INFO] [stderr]      2:     0x564f7a5ca22a - std::sys_common::backtrace::_print_fmt::h17541ef7592f3ce2
[INFO] [stderr]                                  at /rustc/1b7dd2252b99671ce5d1cb9664c5f8636329436d/library/std/src/sys_common/backtrace.rs:65:5
[INFO] [stderr]      3:     0x564f7a5ca22a - <std::sys_common::backtrace::_print::DisplayBacktrace as core::fmt::Display>::fmt::h20f75df5ab0c0792
[INFO] [stderr]                                  at /rustc/1b7dd2252b99671ce5d1cb9664c5f8636329436d/library/std/src/sys_common/backtrace.rs:44:22
[INFO] [stderr]      4:     0x564f7a5e7a6f - core::fmt::write::h78109e6f466b3af6
[INFO] [stderr]                                  at /rustc/1b7dd2252b99671ce5d1cb9664c5f8636329436d/library/core/src/fmt/mod.rs:1254:17
[INFO] [stderr]      5:     0x564f7a5c7b35 - std::io::Write::write_fmt::hc59e1b02dd273c8a
[INFO] [stderr]                                  at /rustc/1b7dd2252b99671ce5d1cb9664c5f8636329436d/library/std/src/io/mod.rs:1698:15
[INFO] [stderr]      6:     0x564f7a5c9ff5 - std::sys_common::backtrace::_print::h8dac57a9f8fbf9a5
[INFO] [stderr]                                  at /rustc/1b7dd2252b99671ce5d1cb9664c5f8636329436d/library/std/src/sys_common/backtrace.rs:47:5
[INFO] [stderr]      7:     0x564f7a5c9ff5 - std::sys_common::backtrace::print::hf9ecbf41d1aa712f
[INFO] [stderr]                                  at /rustc/1b7dd2252b99671ce5d1cb9664c5f8636329436d/library/std/src/sys_common/backtrace.rs:34:9
[INFO] [stderr]      8:     0x564f7a5cb57e - std::panicking::default_hook::{{closure}}::h04c07acfc84ca028
[INFO] [stderr]                                  at /rustc/1b7dd2252b99671ce5d1cb9664c5f8636329436d/library/std/src/panicking.rs:269:22
[INFO] [stderr]      9:     0x564f7a5cb325 - std::panicking::default_hook::h01f6bb23e1eceb2c
[INFO] [stderr]                                  at /rustc/1b7dd2252b99671ce5d1cb9664c5f8636329436d/library/std/src/panicking.rs:288:9
[INFO] [stderr]     10:     0x564f7a5cbade - std::panicking::rust_panic_with_hook::h2bb3722bbaf2f6df
[INFO] [stderr]                                  at /rustc/1b7dd2252b99671ce5d1cb9664c5f8636329436d/library/std/src/panicking.rs:691:13
[INFO] [stderr]     11:     0x564f7a59da56 - std::panicking::begin_panic::{{closure}}::h2c7a4d1dccda84c0
[INFO] [stderr]     12:     0x564f7a59dc26 - std::sys_common::backtrace::__rust_end_short_backtrace::h3f4cc78ff05a4bcb
[INFO] [stderr]     13:     0x564f7a59d9a7 - std::panicking::begin_panic::h46fb854f0bda1d8b
[INFO] [stderr]     14:     0x564f7a59e6d7 - build_script_build::main::h38c5c5159957c617
[INFO] [stderr]     15:     0x564f7a59f773 - core::ops::function::FnOnce::call_once::h2919734d4fe7dbe1
[INFO] [stderr]     16:     0x564f7a59dc36 - std::sys_common::backtrace::__rust_begin_short_backtrace::h868042877c50679f
[INFO] [stderr]     17:     0x564f7a59f329 - std::rt::lang_start::{{closure}}::h23ce77022a06e244
[INFO] [stderr]     18:     0x564f7a5c4e2e - core::ops::function::impls::<impl core::ops::function::FnOnce<A> for &F>::call_once::h2eb19b8ce4148df4
[INFO] [stderr]                                  at /rustc/1b7dd2252b99671ce5d1cb9664c5f8636329436d/library/core/src/ops/function.rs:287:13
[INFO] [stderr]     19:     0x564f7a5c4e2e - std::panicking::try::do_call::h2e900feff5d504c5
[INFO] [stderr]                                  at /rustc/1b7dd2252b99671ce5d1cb9664c5f8636329436d/library/std/src/panicking.rs:485:40
[INFO] [stderr]     20:     0x564f7a5c4e2e - std::panicking::try::h8854836cb85aa9f2
[INFO] [stderr]                                  at /rustc/1b7dd2252b99671ce5d1cb9664c5f8636329436d/library/std/src/panicking.rs:449:19
[INFO] [stderr]     21:     0x564f7a5c4e2e - std::panic::catch_unwind::h706025dd4c48f64b
[INFO] [stderr]                                  at /rustc/1b7dd2252b99671ce5d1cb9664c5f8636329436d/library/std/src/panic.rs:140:14
[INFO] [stderr]     22:     0x564f7a5c4e2e - std::rt::lang_start_internal::{{closure}}::h7be5b97f4a07a91a
[INFO] [stderr]                                  at /rustc/1b7dd2252b99671ce5d1cb9664c5f8636329436d/library/std/src/rt.rs:148:48
[INFO] [stderr]     23:     0x564f7a5c4e2e - std::panicking::try::do_call::h59847e9d0a176965
[INFO] [stderr]                                  at /rustc/1b7dd2252b99671ce5d1cb9664c5f8636329436d/library/std/src/panicking.rs:485:40
[INFO] [stderr]     24:     0x564f7a5c4e2e - std::panicking::try::h399a918ba8522823
[INFO] [stderr]                                  at /rustc/1b7dd2252b99671ce5d1cb9664c5f8636329436d/library/std/src/panicking.rs:449:19
[INFO] [stderr]     25:     0x564f7a5c4e2e - std::panic::catch_unwind::hca7ca6c55b2a2e26
[INFO] [stderr]                                  at /rustc/1b7dd2252b99671ce5d1cb9664c5f8636329436d/library/std/src/panic.rs:140:14
[INFO] [stderr]     26:     0x564f7a5c4e2e - std::rt::lang_start_internal::h2c807a81560459eb
[INFO] [stderr]                                  at /rustc/1b7dd2252b99671ce5d1cb9664c5f8636329436d/library/std/src/rt.rs:148:20
[INFO] [stderr]     27:     0x564f7a59f307 - std::rt::lang_start::h91da62d42f830222
[INFO] [stderr]     28:     0x564f7a59f0c5 - main
[INFO] [stderr]     29:     0x7f03c7067d90 - <unknown>
[INFO] [stderr]     30:     0x7f03c7067e40 - __libc_start_main
[INFO] [stderr]     31:     0x564f7a59d8b5 - _start
[INFO] [stderr]     32:                0x0 - <unknown>
[INFO] [stderr] error: could not compile `url` (lib) due to 2 previous errors
[INFO] [stdout] error: to use a constant of type `Span` in a pattern, `Span` must be annotated with `#[derive(PartialEq, Eq)]`
[INFO] [stdout]    --> /opt/rustwide/cargo-home/registry/src/index.crates.io-6f17d22bba15001f/syntex_syntax-0.24.0/src/errors/emitter.rs:100:18
[INFO] [stdout]     |
[INFO] [stdout] 100 |             Some(COMMAND_LINE_SP) => self.emit_(FileLine(COMMAND_LINE_SP), msg, code, lvl),
[INFO] [stdout]     |                  ^^^^^^^^^^^^^^^
[INFO] [stdout]     |
[INFO] [stdout]     = note: the traits must be derived, manual `impl`s are not sufficient
[INFO] [stdout]     = note: see https://doc.rust-lang.org/stable/std/marker/trait.StructuralEq.html for details
[INFO] [stdout] 
[INFO] [stdout] 
[INFO] [stdout] error: aborting due to previous error
[INFO] [stdout] 
[INFO] [stdout] 
[INFO] [stderr] error: could not compile `syntex_syntax` (lib) due to 2 previous errors
[INFO] running `Command { std: "docker" "inspect" "3a7927458bbede32ff5bec32f4f851b47b1a5b060ff838010b598a7dfa77fe4e", kill_on_drop: false }`
[INFO] running `Command { std: "docker" "rm" "-f" "3a7927458bbede32ff5bec32f4f851b47b1a5b060ff838010b598a7dfa77fe4e", kill_on_drop: false }`
[INFO] [stdout] 3a7927458bbede32ff5bec32f4f851b47b1a5b060ff838010b598a7dfa77fe4e
