[INFO] cloning repository https://github.com/AjaxGb/advent-2021
[INFO] running `Command { std: "git" "-c" "credential.helper=" "-c" "credential.helper=/workspace/cargo-home/bin/git-credential-null" "clone" "--bare" "https://github.com/AjaxGb/advent-2021" "/workspace/cache/git-repos/https%3A%2F%2Fgithub.com%2FAjaxGb%2Fadvent-2021", kill_on_drop: false }`
[INFO] [stderr] Cloning into bare repository '/workspace/cache/git-repos/https%3A%2F%2Fgithub.com%2FAjaxGb%2Fadvent-2021'...
[INFO] running `Command { std: "git" "rev-parse" "HEAD", kill_on_drop: false }`
[INFO] [stdout] 1212944ce2d6a1b4c2aefbc8eeef5d6f729f22cd
[INFO] documenting AjaxGb/advent-2021 against beta-2023-04-20 for beta-1.70-rustdoc-1
[INFO] running `Command { std: "git" "clone" "/workspace/cache/git-repos/https%3A%2F%2Fgithub.com%2FAjaxGb%2Fadvent-2021" "/workspace/builds/worker-2-tc2/source", kill_on_drop: false }`
[INFO] [stderr] Cloning into '/workspace/builds/worker-2-tc2/source'...
[INFO] [stderr] done.
[INFO] validating manifest of git repo https://github.com/AjaxGb/advent-2021 on toolchain beta-2023-04-20
[INFO] running `Command { std: CARGO_HOME="/workspace/cargo-home" RUSTUP_HOME="/workspace/rustup-home" "/workspace/cargo-home/bin/cargo" "+beta-2023-04-20" "metadata" "--manifest-path" "Cargo.toml" "--no-deps", kill_on_drop: false }`
[INFO] removed /workspace/builds/worker-2-tc2/source/rust-toolchain.toml
[INFO] started tweaking git repo https://github.com/AjaxGb/advent-2021
[INFO] finished tweaking git repo https://github.com/AjaxGb/advent-2021
[INFO] tweaked toml for git repo https://github.com/AjaxGb/advent-2021 written to /workspace/builds/worker-2-tc2/source/Cargo.toml
[INFO] crate git repo https://github.com/AjaxGb/advent-2021 already has a lockfile, it will not be regenerated
[INFO] running `Command { std: CARGO_HOME="/workspace/cargo-home" RUSTUP_HOME="/workspace/rustup-home" "/workspace/cargo-home/bin/cargo" "+beta-2023-04-20" "fetch" "--manifest-path" "Cargo.toml", kill_on_drop: false }`
[INFO] [stderr]     Updating crates.io index
[INFO] [stderr]  Downloading crates ...
[INFO] [stderr]   Downloaded collect_array v0.1.3
[INFO] running `Command { std: "docker" "create" "-v" "/var/lib/crater-agent-workspace/builds/worker-2-tc2/target:/opt/rustwide/target:rw,Z" "-v" "/var/lib/crater-agent-workspace/builds/worker-2-tc2/source:/opt/rustwide/workdir:ro,Z" "-v" "/var/lib/crater-agent-workspace/cargo-home:/opt/rustwide/cargo-home:ro,Z" "-v" "/var/lib/crater-agent-workspace/rustup-home:/opt/rustwide/rustup-home:ro,Z" "-e" "SOURCE_DIR=/opt/rustwide/workdir" "-e" "CARGO_TARGET_DIR=/opt/rustwide/target" "-e" "CARGO_HOME=/opt/rustwide/cargo-home" "-e" "RUSTUP_HOME=/opt/rustwide/rustup-home" "-w" "/opt/rustwide/workdir" "-m" "1610612736" "--user" "0:0" "--network" "none" "ghcr.io/rust-lang/crates-build-env/linux@sha256:5ff2268d62e97bff2cde7d5815dd6ed5b47097566f13b8d0ca110b04b60e07ed" "/opt/rustwide/cargo-home/bin/cargo" "+beta-2023-04-20" "metadata" "--no-deps" "--format-version=1", kill_on_drop: false }`
[INFO] [stdout] d47321bbfd4f8de1e26acee76539ea556771b907d3869ccab7a066809f319152
[INFO] running `Command { std: "docker" "start" "-a" "d47321bbfd4f8de1e26acee76539ea556771b907d3869ccab7a066809f319152", kill_on_drop: false }`
[INFO] running `Command { std: "docker" "inspect" "d47321bbfd4f8de1e26acee76539ea556771b907d3869ccab7a066809f319152", kill_on_drop: false }`
[INFO] running `Command { std: "docker" "rm" "-f" "d47321bbfd4f8de1e26acee76539ea556771b907d3869ccab7a066809f319152", kill_on_drop: false }`
[INFO] [stdout] d47321bbfd4f8de1e26acee76539ea556771b907d3869ccab7a066809f319152
[INFO] running `Command { std: "docker" "create" "-v" "/var/lib/crater-agent-workspace/builds/worker-2-tc2/target:/opt/rustwide/target:rw,Z" "-v" "/var/lib/crater-agent-workspace/builds/worker-2-tc2/source:/opt/rustwide/workdir:ro,Z" "-v" "/var/lib/crater-agent-workspace/cargo-home:/opt/rustwide/cargo-home:ro,Z" "-v" "/var/lib/crater-agent-workspace/rustup-home:/opt/rustwide/rustup-home:ro,Z" "-e" "SOURCE_DIR=/opt/rustwide/workdir" "-e" "CARGO_TARGET_DIR=/opt/rustwide/target" "-e" "CARGO_INCREMENTAL=0" "-e" "RUST_BACKTRACE=full" "-e" "RUSTFLAGS=--cap-lints=warn" "-e" "RUSTDOCFLAGS=--cap-lints=warn" "-e" "CARGO_HOME=/opt/rustwide/cargo-home" "-e" "RUSTUP_HOME=/opt/rustwide/rustup-home" "-w" "/opt/rustwide/workdir" "-m" "1610612736" "--user" "0:0" "--network" "none" "ghcr.io/rust-lang/crates-build-env/linux@sha256:5ff2268d62e97bff2cde7d5815dd6ed5b47097566f13b8d0ca110b04b60e07ed" "/opt/rustwide/cargo-home/bin/cargo" "+beta-2023-04-20" "doc" "--frozen" "--no-deps" "--document-private-items" "--message-format=json", kill_on_drop: false }`
[INFO] [stdout] 1cc52454d9826574b6cd8c7d77278d8f3be08cf271c985fff24966fc0e5d99e1
[INFO] running `Command { std: "docker" "start" "-a" "1cc52454d9826574b6cd8c7d77278d8f3be08cf271c985fff24966fc0e5d99e1", kill_on_drop: false }`
[INFO] [stderr]    Compiling radium v0.6.2
[INFO] [stderr]     Checking tap v1.0.1
[INFO] [stderr]     Checking funty v1.2.0
[INFO] [stderr]     Checking collect_array v0.1.3
[INFO] [stderr]     Checking arrayvec v0.7.2
[INFO] [stderr]     Checking wyz v0.4.0
[INFO] [stderr]     Checking bitvec v0.22.3
[INFO] [stderr]  Documenting advent-2021 v0.1.0 (/opt/rustwide/workdir)
[INFO] [stdout] error[E0554]: `#![feature]` may not be used on the beta release channel
[INFO] [stdout]  --> src/day05/bin.rs:1:1
[INFO] [stdout]   |
[INFO] [stdout] 1 | #![feature(exclusive_range_pattern)]
[INFO] [stdout]   | ^^^^^^^^^^^^^^^^^^^^^^^^^^^^^^^^^^^^
[INFO] [stdout] 
[INFO] [stdout] 
[INFO] [stdout] error[E0554]: `#![feature]` may not be used on the beta release channel
[INFO] [stdout]  --> src/day22/bin.rs:1:12
[INFO] [stdout]   |
[INFO] [stdout] 1 | #![feature(array_from_fn)]
[INFO] [stdout]   |            ^^^^^^^^^^^^^
[INFO] [stdout] 
[INFO] [stdout] 
[INFO] [stdout] error: aborting due to previous error
[INFO] [stdout] 
[INFO] [stdout] 
[INFO] [stdout] For more information about this error, try `rustc --explain E0554`.
[INFO] [stdout] 
[INFO] [stderr] error: could not document `advent-2021`
[INFO] [stderr] 
[INFO] [stderr] Caused by:
[INFO] [stderr]   process didn't exit successfully: `rustdoc --edition=2021 --crate-type bin --crate-name day05 src/day05/bin.rs -o /opt/rustwide/target/doc --error-format=json --json=diagnostic-rendered-ansi,artifacts,future-incompat --document-private-items '-Arustdoc::private-intra-doc-links' -C metadata=84771f276b37809e -L dependency=/opt/rustwide/target/debug/deps --extern arrayvec=/opt/rustwide/target/debug/deps/libarrayvec-06aa62afea35b94e.rmeta --extern bitvec=/opt/rustwide/target/debug/deps/libbitvec-cf292db4c9aa5893.rmeta --extern collect_array=/opt/rustwide/target/debug/deps/libcollect_array-d38c7088ece62e57.rmeta --extern itertools=/opt/rustwide/target/debug/deps/libitertools-e10dc731f9ac719c.rmeta --cap-lints=warn --crate-version 0.1.0` (exit status: 1)
[INFO] [stderr] warning: build failed, waiting for other jobs to finish...
[INFO] [stdout] error: aborting due to previous error
[INFO] [stdout] 
[INFO] [stdout] 
[INFO] [stdout] For more information about this error, try `rustc --explain E0554`.
[INFO] [stdout] 
[INFO] [stderr] error: could not document `advent-2021`
[INFO] [stderr] 
[INFO] [stderr] Caused by:
[INFO] [stderr]   process didn't exit successfully: `rustdoc --edition=2021 --crate-type bin --crate-name day22 src/day22/bin.rs -o /opt/rustwide/target/doc --error-format=json --json=diagnostic-rendered-ansi,artifacts,future-incompat --document-private-items '-Arustdoc::private-intra-doc-links' -C metadata=726e420b1064da4a -L dependency=/opt/rustwide/target/debug/deps --extern arrayvec=/opt/rustwide/target/debug/deps/libarrayvec-06aa62afea35b94e.rmeta --extern bitvec=/opt/rustwide/target/debug/deps/libbitvec-cf292db4c9aa5893.rmeta --extern collect_array=/opt/rustwide/target/debug/deps/libcollect_array-d38c7088ece62e57.rmeta --extern itertools=/opt/rustwide/target/debug/deps/libitertools-e10dc731f9ac719c.rmeta --cap-lints=warn --crate-version 0.1.0` (exit status: 1)
[INFO] [stdout] error[E0554]: `#![feature]` may not be used on the beta release channel
[INFO] [stdout]  --> src/day04/bin.rs:1:12
[INFO] [stdout]   |
[INFO] [stdout] 1 | #![feature(hash_drain_filter)]
[INFO] [stdout]   |            ^^^^^^^^^^^^^^^^^
[INFO] [stdout] 
[INFO] [stdout] 
[INFO] [stdout] error: aborting due to previous error
[INFO] [stdout] 
[INFO] [stdout] 
[INFO] [stdout] For more information about this error, try `rustc --explain E0554`.
[INFO] [stdout] 
[INFO] [stderr] error: could not document `advent-2021`
[INFO] [stderr] 
[INFO] [stderr] Caused by:
[INFO] [stderr]   process didn't exit successfully: `rustdoc --edition=2021 --crate-type bin --crate-name day04 src/day04/bin.rs -o /opt/rustwide/target/doc --error-format=json --json=diagnostic-rendered-ansi,artifacts,future-incompat --document-private-items '-Arustdoc::private-intra-doc-links' -C metadata=d48c83e7bb979717 -L dependency=/opt/rustwide/target/debug/deps --extern arrayvec=/opt/rustwide/target/debug/deps/libarrayvec-06aa62afea35b94e.rmeta --extern bitvec=/opt/rustwide/target/debug/deps/libbitvec-cf292db4c9aa5893.rmeta --extern collect_array=/opt/rustwide/target/debug/deps/libcollect_array-d38c7088ece62e57.rmeta --extern itertools=/opt/rustwide/target/debug/deps/libitertools-e10dc731f9ac719c.rmeta --cap-lints=warn --crate-version 0.1.0` (exit status: 1)
[INFO] running `Command { std: "docker" "inspect" "1cc52454d9826574b6cd8c7d77278d8f3be08cf271c985fff24966fc0e5d99e1", kill_on_drop: false }`
[INFO] running `Command { std: "docker" "rm" "-f" "1cc52454d9826574b6cd8c7d77278d8f3be08cf271c985fff24966fc0e5d99e1", kill_on_drop: false }`
[INFO] [stdout] 1cc52454d9826574b6cd8c7d77278d8f3be08cf271c985fff24966fc0e5d99e1
