[INFO] cloning repository https://github.com/AgustinCB/games
[INFO] running `Command { std: "git" "-c" "credential.helper=" "-c" "credential.helper=/workspace/cargo-home/bin/git-credential-null" "clone" "--bare" "https://github.com/AgustinCB/games" "/workspace/cache/git-repos/https%3A%2F%2Fgithub.com%2FAgustinCB%2Fgames", kill_on_drop: false }`
[INFO] [stderr] Cloning into bare repository '/workspace/cache/git-repos/https%3A%2F%2Fgithub.com%2FAgustinCB%2Fgames'...
[INFO] running `Command { std: "git" "rev-parse" "HEAD", kill_on_drop: false }`
[INFO] [stdout] da0d41a01dcfca90bfa892db12894dc1ce36b1a7
[INFO] documenting AgustinCB/games against beta-2023-04-20 for beta-1.70-rustdoc-1
[INFO] running `Command { std: "git" "clone" "/workspace/cache/git-repos/https%3A%2F%2Fgithub.com%2FAgustinCB%2Fgames" "/workspace/builds/worker-7-tc2/source", kill_on_drop: false }`
[INFO] [stderr] Cloning into '/workspace/builds/worker-7-tc2/source'...
[INFO] [stderr] done.
[INFO] validating manifest of git repo https://github.com/AgustinCB/games on toolchain beta-2023-04-20
[INFO] running `Command { std: CARGO_HOME="/workspace/cargo-home" RUSTUP_HOME="/workspace/rustup-home" "/workspace/cargo-home/bin/cargo" "+beta-2023-04-20" "metadata" "--manifest-path" "Cargo.toml" "--no-deps", kill_on_drop: false }`
[INFO] started tweaking git repo https://github.com/AgustinCB/games
[INFO] finished tweaking git repo https://github.com/AgustinCB/games
[INFO] tweaked toml for git repo https://github.com/AgustinCB/games written to /workspace/builds/worker-7-tc2/source/Cargo.toml
[INFO] crate git repo https://github.com/AgustinCB/games already has a lockfile, it will not be regenerated
[INFO] running `Command { std: CARGO_HOME="/workspace/cargo-home" RUSTUP_HOME="/workspace/rustup-home" "/workspace/cargo-home/bin/cargo" "+beta-2023-04-20" "fetch" "--manifest-path" "Cargo.toml", kill_on_drop: false }`
[INFO] [stderr]     Blocking waiting for file lock on package cache
[INFO] [stderr]     Updating crates.io index
[INFO] [stderr]  Downloading crates ...
[INFO] [stderr]   Downloaded num_enum v0.5.6
[INFO] [stderr]   Downloaded russimp v1.0.1
[INFO] [stderr]   Downloaded simba v0.7.1
[INFO] [stderr]   Downloaded num_enum_derive v0.5.6
[INFO] [stderr]   Downloaded which v4.2.4
[INFO] [stderr]   Downloaded russimp-sys v1.0.0
[INFO] [stderr]   Downloaded wide v0.7.4
[INFO] [stderr]   Downloaded hecs v0.7.6
[INFO] [stderr]   Downloaded png v0.17.4
[INFO] [stderr]   Downloaded hashbrown v0.12.0
[INFO] [stderr]   Downloaded rapier3d v0.12.0
[INFO] [stderr]   Downloaded image v0.24.1
[INFO] [stderr]   Downloaded nalgebra v0.31.0
[INFO] [stderr]   Downloaded parry3d v0.9.0
[INFO] running `Command { std: "docker" "create" "-v" "/var/lib/crater-agent-workspace/builds/worker-7-tc2/target:/opt/rustwide/target:rw,Z" "-v" "/var/lib/crater-agent-workspace/builds/worker-7-tc2/source:/opt/rustwide/workdir:ro,Z" "-v" "/var/lib/crater-agent-workspace/cargo-home:/opt/rustwide/cargo-home:ro,Z" "-v" "/var/lib/crater-agent-workspace/rustup-home:/opt/rustwide/rustup-home:ro,Z" "-e" "SOURCE_DIR=/opt/rustwide/workdir" "-e" "CARGO_TARGET_DIR=/opt/rustwide/target" "-e" "CARGO_HOME=/opt/rustwide/cargo-home" "-e" "RUSTUP_HOME=/opt/rustwide/rustup-home" "-w" "/opt/rustwide/workdir" "-m" "1610612736" "--user" "0:0" "--network" "none" "ghcr.io/rust-lang/crates-build-env/linux@sha256:5ff2268d62e97bff2cde7d5815dd6ed5b47097566f13b8d0ca110b04b60e07ed" "/opt/rustwide/cargo-home/bin/cargo" "+beta-2023-04-20" "metadata" "--no-deps" "--format-version=1", kill_on_drop: false }`
[INFO] [stdout] ac0dd9096413f43540fe2e4af8268c207fc7deb793fcf1f23403b638796287d4
[INFO] running `Command { std: "docker" "start" "-a" "ac0dd9096413f43540fe2e4af8268c207fc7deb793fcf1f23403b638796287d4", kill_on_drop: false }`
[INFO] running `Command { std: "docker" "inspect" "ac0dd9096413f43540fe2e4af8268c207fc7deb793fcf1f23403b638796287d4", kill_on_drop: false }`
[INFO] running `Command { std: "docker" "rm" "-f" "ac0dd9096413f43540fe2e4af8268c207fc7deb793fcf1f23403b638796287d4", kill_on_drop: false }`
[INFO] [stdout] ac0dd9096413f43540fe2e4af8268c207fc7deb793fcf1f23403b638796287d4
[INFO] running `Command { std: "docker" "create" "-v" "/var/lib/crater-agent-workspace/builds/worker-7-tc2/target:/opt/rustwide/target:rw,Z" "-v" "/var/lib/crater-agent-workspace/builds/worker-7-tc2/source:/opt/rustwide/workdir:ro,Z" "-v" "/var/lib/crater-agent-workspace/cargo-home:/opt/rustwide/cargo-home:ro,Z" "-v" "/var/lib/crater-agent-workspace/rustup-home:/opt/rustwide/rustup-home:ro,Z" "-e" "SOURCE_DIR=/opt/rustwide/workdir" "-e" "CARGO_TARGET_DIR=/opt/rustwide/target" "-e" "CARGO_INCREMENTAL=0" "-e" "RUST_BACKTRACE=full" "-e" "RUSTFLAGS=--cap-lints=warn" "-e" "RUSTDOCFLAGS=--cap-lints=warn" "-e" "CARGO_HOME=/opt/rustwide/cargo-home" "-e" "RUSTUP_HOME=/opt/rustwide/rustup-home" "-w" "/opt/rustwide/workdir" "-m" "1610612736" "--user" "0:0" "--network" "none" "ghcr.io/rust-lang/crates-build-env/linux@sha256:5ff2268d62e97bff2cde7d5815dd6ed5b47097566f13b8d0ca110b04b60e07ed" "/opt/rustwide/cargo-home/bin/cargo" "+beta-2023-04-20" "doc" "--frozen" "--no-deps" "--document-private-items" "--message-format=json", kill_on_drop: false }`
[INFO] [stdout] 3922292f6b3ec9391c83c0488173286cb27505ab4cc22e62f9c7129c3d795c12
[INFO] running `Command { std: "docker" "start" "-a" "3922292f6b3ec9391c83c0488173286cb27505ab4cc22e62f9c7129c3d795c12", kill_on_drop: false }`
[INFO] [stderr]    Compiling libc v0.2.119
[INFO] [stderr]    Compiling proc-macro2 v1.0.36
[INFO] [stderr]    Compiling unicode-xid v0.2.2
[INFO] [stderr]    Compiling syn v1.0.86
[INFO] [stderr]    Compiling memchr v2.4.1
[INFO] [stderr]    Compiling libm v0.2.2
[INFO] [stderr]    Compiling num-traits v0.2.14
[INFO] [stderr]     Checking scopeguard v1.1.0
[INFO] [stderr]    Compiling log v0.4.14
[INFO] [stderr]    Compiling crossbeam-utils v0.8.7
[INFO] [stderr]    Compiling memoffset v0.6.5
[INFO] [stderr]    Compiling glob v0.3.0
[INFO] [stderr]    Compiling crossbeam-epoch v0.9.7
[INFO] [stderr]    Compiling nom v7.1.0
[INFO] [stderr]    Compiling num-integer v0.1.44
[INFO] [stderr]     Checking bytemuck v1.7.3
[INFO] [stderr]    Compiling serde v1.0.136
[INFO] [stderr]    Compiling regex-syntax v0.6.25
[INFO] [stderr]    Compiling minimal-lexical v0.2.1
[INFO] [stderr]    Compiling libloading v0.7.3
[INFO] [stderr]    Compiling num-rational v0.4.0
[INFO] [stderr]    Compiling crc32fast v1.3.2
[INFO] [stderr]    Compiling termcolor v1.1.2
[INFO] [stderr]     Checking either v1.6.1
[INFO] [stderr]    Compiling clang-sys v1.3.1
[INFO] [stderr]    Compiling bindgen v0.59.2
[INFO] [stderr]    Compiling humantime v2.1.0
[INFO] [stderr]    Compiling rayon-core v1.9.1
[INFO] [stderr]     Checking crossbeam-channel v0.5.2
[INFO] [stderr]     Checking safe_arch v0.6.0
[INFO] [stderr]     Checking lock_api v0.4.6
[INFO] [stderr]     Checking crossbeam-deque v0.8.1
[INFO] [stderr]    Compiling aho-corasick v0.7.18
[INFO] [stderr]    Compiling quote v1.0.15
[INFO] [stderr]    Compiling miniz_oxide v0.4.4
[INFO] [stderr]    Compiling lazycell v1.3.0
[INFO] [stderr]    Compiling peeking_take_while v0.1.2
[INFO] [stderr]    Compiling version-compare v0.1.0
[INFO] [stderr]     Checking adler32 v1.2.0
[INFO] [stderr]     Checking getrandom v0.2.5
[INFO] [stderr]     Checking num_cpus v1.13.1
[INFO] [stderr]    Compiling rustc-hash v1.1.0
[INFO] [stderr]    Compiling atty v0.2.14
[INFO] [stderr]    Compiling clap v2.34.0
[INFO] [stderr]    Compiling which v4.2.4
[INFO] [stderr]    Compiling futures-core v0.3.21
[INFO] [stderr]    Compiling shlex v1.1.0
[INFO] [stderr]     Checking wide v0.7.4
[INFO] [stderr]     Checking spin v0.9.2
[INFO] [stderr]    Compiling sdl2-sys v0.35.2
[INFO] [stderr]     Checking num-complex v0.4.0
[INFO] [stderr]     Checking approx v0.5.1
[INFO] [stderr]    Compiling ahash v0.7.6
[INFO] [stderr]    Compiling rayon v1.5.1
[INFO] [stderr]    Compiling vcpkg v0.2.15
[INFO] [stderr]    Compiling crossbeam-queue v0.3.5
[INFO] [stderr]    Compiling xml-rs v0.8.4
[INFO] [stderr]    Compiling regex v1.5.4
[INFO] [stderr]     Checking rawpointer v0.2.1
[INFO] [stderr]    Compiling paste v1.0.6
[INFO] [stderr]     Checking matrixmultiply v0.3.2
[INFO] [stderr]     Checking nanorand v0.6.1
[INFO] [stderr]     Checking deflate v1.0.0
[INFO] [stderr]    Compiling gl_generator v0.14.0
[INFO] [stderr]    Compiling num-iter v0.1.42
[INFO] [stderr]     Checking weezl v0.1.5
[INFO] [stderr]     Checking optional v0.5.0
[INFO] [stderr]     Checking futures-sink v0.3.21
[INFO] [stderr]     Checking once_cell v1.9.0
[INFO] [stderr]     Checking robust v0.2.3
[INFO] [stderr]     Checking simba v0.7.1
[INFO] [stderr]    Compiling cexpr v0.6.0
[INFO] [stderr]    Compiling env_logger v0.9.0
[INFO] [stderr]     Checking flate2 v1.0.22
[INFO] [stderr]     Checking spade v2.0.0
[INFO] [stderr]     Checking threadpool v1.8.1
[INFO] [stderr]     Checking inflate v0.4.5
[INFO] [stderr]     Checking miniz_oxide v0.5.1
[INFO] [stderr]     Checking jpeg-decoder v0.1.22
[INFO] [stderr]     Checking arrayvec v0.7.2
[INFO] [stderr]     Checking downcast-rs v1.2.0
[INFO] [stderr]    Compiling gl v0.14.0
[INFO] [stderr]     Checking bit_field v0.10.1
[INFO] [stderr]    Compiling sdl2 v0.35.2
[INFO] [stderr]     Checking half v1.8.2
[INFO] [stderr]     Checking color_quant v1.1.0
[INFO] [stderr]     Checking lebe v0.5.1
[INFO] [stderr]     Checking tiff v0.7.1
[INFO] [stderr]     Checking png v0.17.4
[INFO] [stderr]     Checking crossbeam v0.8.1
[INFO] [stderr]     Checking gif v0.11.3
[INFO] [stderr]     Checking hashbrown v0.12.0
[INFO] [stderr]    Compiling include_dir_macros v0.7.2
[INFO] [stderr]    Compiling toml v0.5.8
[INFO] [stderr]     Checking instant v0.1.12
[INFO] [stderr]     Checking bit-vec v0.6.3
[INFO] [stderr]     Checking byteorder v1.4.3
[INFO] [stderr]     Checking scoped_threadpool v0.1.9
[INFO] [stderr]     Checking hecs v0.7.6
[INFO] [stderr]     Checking itertools v0.10.3
[INFO] [stderr]     Checking include_dir v0.7.2
[INFO] [stderr]     Checking jpeg-decoder v0.2.2
[INFO] [stderr]    Compiling thiserror-impl v1.0.30
[INFO] [stderr]    Compiling pin-project-internal v1.0.10
[INFO] [stderr]    Compiling nalgebra-macros v0.1.0
[INFO] [stderr]    Compiling num-derive v0.3.3
[INFO] [stderr]    Compiling derivative v2.2.0
[INFO] [stderr]     Checking pin-project v1.0.10
[INFO] [stderr]    Compiling thiserror v1.0.30
[INFO] [stderr]     Checking flume v0.10.11
[INFO] [stderr]    Compiling proc-macro-crate v1.1.3
[INFO] [stderr]     Checking exr v1.4.1
[INFO] [stderr]    Compiling russimp-sys v1.0.0
[INFO] [stderr]    Compiling num_enum_derive v0.5.6
[INFO] [stderr]     Checking nalgebra v0.31.0
[INFO] [stderr]     Checking num_enum v0.5.6
[INFO] [stderr] error: failed to run custom build command for `russimp-sys v1.0.0`
[INFO] [stderr] note: To improve backtraces for build dependencies, set the CARGO_PROFILE_DEV_BUILD_OVERRIDE_DEBUG=true environment variable to enable debug information generation.
[INFO] [stderr] 
[INFO] [stderr] Caused by:
[INFO] [stderr]   process didn't exit successfully: `/opt/rustwide/target/debug/build/russimp-sys-a5ced02eaa427213/build-script-build` (exit status: 101)
[INFO] [stderr]   --- stderr
[INFO] [stderr]   wrapper.h:1:10: fatal error: 'assimp/cimport.h' file not found
[INFO] [stderr]   wrapper.h:1:10: fatal error: 'assimp/cimport.h' file not found, err: true
[INFO] [stderr]   thread 'main' panicked at 'called `Result::unwrap()` on an `Err` value: ()', /opt/rustwide/cargo-home/registry/src/index.crates.io-6f17d22bba15001f/russimp-sys-1.0.0/build.rs:39:10
[INFO] [stderr]   stack backtrace:
[INFO] [stderr]      0:     0x555f89c0a03a - std::backtrace_rs::backtrace::libunwind::trace::h2f05d0192276a8f6
[INFO] [stderr]                                  at /rustc/1b7dd2252b99671ce5d1cb9664c5f8636329436d/library/std/src/../../backtrace/src/backtrace/libunwind.rs:93:5
[INFO] [stderr]      1:     0x555f89c0a03a - std::backtrace_rs::backtrace::trace_unsynchronized::hedc23dff7a1af150
[INFO] [stderr]                                  at /rustc/1b7dd2252b99671ce5d1cb9664c5f8636329436d/library/std/src/../../backtrace/src/backtrace/mod.rs:66:5
[INFO] [stderr]      2:     0x555f89c0a03a - std::sys_common::backtrace::_print_fmt::h17541ef7592f3ce2
[INFO] [stderr]                                  at /rustc/1b7dd2252b99671ce5d1cb9664c5f8636329436d/library/std/src/sys_common/backtrace.rs:65:5
[INFO] [stderr]      3:     0x555f89c0a03a - <std::sys_common::backtrace::_print::DisplayBacktrace as core::fmt::Display>::fmt::h20f75df5ab0c0792
[INFO] [stderr]                                  at /rustc/1b7dd2252b99671ce5d1cb9664c5f8636329436d/library/std/src/sys_common/backtrace.rs:44:22
[INFO] [stderr]      4:     0x555f89c2f77f - core::fmt::write::h78109e6f466b3af6
[INFO] [stderr]                                  at /rustc/1b7dd2252b99671ce5d1cb9664c5f8636329436d/library/core/src/fmt/mod.rs:1254:17
[INFO] [stderr]      5:     0x555f89c06b95 - std::io::Write::write_fmt::hc59e1b02dd273c8a
[INFO] [stderr]                                  at /rustc/1b7dd2252b99671ce5d1cb9664c5f8636329436d/library/std/src/io/mod.rs:1698:15
[INFO] [stderr]      6:     0x555f89c09e05 - std::sys_common::backtrace::_print::h8dac57a9f8fbf9a5
[INFO] [stderr]                                  at /rustc/1b7dd2252b99671ce5d1cb9664c5f8636329436d/library/std/src/sys_common/backtrace.rs:47:5
[INFO] [stderr]      7:     0x555f89c09e05 - std::sys_common::backtrace::print::hf9ecbf41d1aa712f
[INFO] [stderr]                                  at /rustc/1b7dd2252b99671ce5d1cb9664c5f8636329436d/library/std/src/sys_common/backtrace.rs:34:9
[INFO] [stderr]      8:     0x555f89c0b4ae - std::panicking::default_hook::{{closure}}::h04c07acfc84ca028
[INFO] [stderr]                                  at /rustc/1b7dd2252b99671ce5d1cb9664c5f8636329436d/library/std/src/panicking.rs:269:22
[INFO] [stderr]      9:     0x555f89c0b255 - std::panicking::default_hook::h01f6bb23e1eceb2c
[INFO] [stderr]                                  at /rustc/1b7dd2252b99671ce5d1cb9664c5f8636329436d/library/std/src/panicking.rs:288:9
[INFO] [stderr]     10:     0x555f89c0ba0e - std::panicking::rust_panic_with_hook::h2bb3722bbaf2f6df
[INFO] [stderr]                                  at /rustc/1b7dd2252b99671ce5d1cb9664c5f8636329436d/library/std/src/panicking.rs:691:13
[INFO] [stderr]     11:     0x555f89c0b909 - std::panicking::begin_panic_handler::{{closure}}::h91bc7f36a4be011b
[INFO] [stderr]                                  at /rustc/1b7dd2252b99671ce5d1cb9664c5f8636329436d/library/std/src/panicking.rs:582:13
[INFO] [stderr]     12:     0x555f89c0a4a6 - std::sys_common::backtrace::__rust_end_short_backtrace::h8b3d3717114f9e59
[INFO] [stderr]                                  at /rustc/1b7dd2252b99671ce5d1cb9664c5f8636329436d/library/std/src/sys_common/backtrace.rs:150:18
[INFO] [stderr]     13:     0x555f89c0b662 - rust_begin_unwind
[INFO] [stderr]                                  at /rustc/1b7dd2252b99671ce5d1cb9664c5f8636329436d/library/std/src/panicking.rs:578:5
[INFO] [stderr]     14:     0x555f897b0473 - core::panicking::panic_fmt::hfd368e3fbdabea26
[INFO] [stderr]                                  at /rustc/1b7dd2252b99671ce5d1cb9664c5f8636329436d/library/core/src/panicking.rs:67:14
[INFO] [stderr]     15:     0x555f897b0a13 - core::result::unwrap_failed::he54eb4b2f125b26f
[INFO] [stderr]                                  at /rustc/1b7dd2252b99671ce5d1cb9664c5f8636329436d/library/core/src/result.rs:1687:5
[INFO] [stderr]     16:     0x555f897b35a3 - core::result::Result<T,E>::unwrap::h5142805eed65024b
[INFO] [stderr]     17:     0x555f897b1785 - build_script_build::main::h8e127ca1b9dd5189
[INFO] [stderr]     18:     0x555f897b2b43 - core::ops::function::FnOnce::call_once::ha6de32907fdbfdf9
[INFO] [stderr]     19:     0x555f897b3016 - std::sys_common::backtrace::__rust_begin_short_backtrace::h39626b928dec21d4
[INFO] [stderr]     20:     0x555f897b38c9 - std::rt::lang_start::{{closure}}::h3ec37db016166975
[INFO] [stderr]     21:     0x555f89c02dbe - core::ops::function::impls::<impl core::ops::function::FnOnce<A> for &F>::call_once::h2eb19b8ce4148df4
[INFO] [stderr]                                  at /rustc/1b7dd2252b99671ce5d1cb9664c5f8636329436d/library/core/src/ops/function.rs:287:13
[INFO] [stderr]     22:     0x555f89c02dbe - std::panicking::try::do_call::h2e900feff5d504c5
[INFO] [stderr]                                  at /rustc/1b7dd2252b99671ce5d1cb9664c5f8636329436d/library/std/src/panicking.rs:485:40
[INFO] [stderr]     23:     0x555f89c02dbe - std::panicking::try::h8854836cb85aa9f2
[INFO] [stderr]                                  at /rustc/1b7dd2252b99671ce5d1cb9664c5f8636329436d/library/std/src/panicking.rs:449:19
[INFO] [stderr]     24:     0x555f89c02dbe - std::panic::catch_unwind::h706025dd4c48f64b
[INFO] [stderr]                                  at /rustc/1b7dd2252b99671ce5d1cb9664c5f8636329436d/library/std/src/panic.rs:140:14
[INFO] [stderr]     25:     0x555f89c02dbe - std::rt::lang_start_internal::{{closure}}::h7be5b97f4a07a91a
[INFO] [stderr]                                  at /rustc/1b7dd2252b99671ce5d1cb9664c5f8636329436d/library/std/src/rt.rs:148:48
[INFO] [stderr]     26:     0x555f89c02dbe - std::panicking::try::do_call::h59847e9d0a176965
[INFO] [stderr]                                  at /rustc/1b7dd2252b99671ce5d1cb9664c5f8636329436d/library/std/src/panicking.rs:485:40
[INFO] [stderr]     27:     0x555f89c02dbe - std::panicking::try::h399a918ba8522823
[INFO] [stderr]                                  at /rustc/1b7dd2252b99671ce5d1cb9664c5f8636329436d/library/std/src/panicking.rs:449:19
[INFO] [stderr]     28:     0x555f89c02dbe - std::panic::catch_unwind::hca7ca6c55b2a2e26
[INFO] [stderr]                                  at /rustc/1b7dd2252b99671ce5d1cb9664c5f8636329436d/library/std/src/panic.rs:140:14
[INFO] [stderr]     29:     0x555f89c02dbe - std::rt::lang_start_internal::h2c807a81560459eb
[INFO] [stderr]                                  at /rustc/1b7dd2252b99671ce5d1cb9664c5f8636329436d/library/std/src/rt.rs:148:20
[INFO] [stderr]     30:     0x555f897b38a7 - std::rt::lang_start::h373795febeb3f4fa
[INFO] [stderr]     31:     0x555f897b2b25 - main
[INFO] [stderr]     32:     0x7f872cebbd90 - <unknown>
[INFO] [stderr]     33:     0x7f872cebbe40 - __libc_start_main
[INFO] [stderr]     34:     0x555f897b0bf5 - _start
[INFO] [stderr]     35:                0x0 - <unknown>
[INFO] [stderr] warning: build failed, waiting for other jobs to finish...
[INFO] running `Command { std: "docker" "inspect" "3922292f6b3ec9391c83c0488173286cb27505ab4cc22e62f9c7129c3d795c12", kill_on_drop: false }`
[INFO] running `Command { std: "docker" "rm" "-f" "3922292f6b3ec9391c83c0488173286cb27505ab4cc22e62f9c7129c3d795c12", kill_on_drop: false }`
[INFO] [stdout] 3922292f6b3ec9391c83c0488173286cb27505ab4cc22e62f9c7129c3d795c12
