[INFO] cloning repository https://github.com/AXIA-DEV/moonbeam
[INFO] running `Command { std: "git" "-c" "credential.helper=" "-c" "credential.helper=/workspace/cargo-home/bin/git-credential-null" "clone" "--bare" "https://github.com/AXIA-DEV/moonbeam" "/workspace/cache/git-repos/https%3A%2F%2Fgithub.com%2FAXIA-DEV%2Fmoonbeam", kill_on_drop: false }`
[INFO] [stderr] Cloning into bare repository '/workspace/cache/git-repos/https%3A%2F%2Fgithub.com%2FAXIA-DEV%2Fmoonbeam'...
[INFO] running `Command { std: "git" "rev-parse" "HEAD", kill_on_drop: false }`
[INFO] [stdout] 0f37c7e6a004371f152529e8532dd604e0ef3909
[INFO] documenting AXIA-DEV/moonbeam against 1.69.0 for beta-1.70-rustdoc-1
[INFO] running `Command { std: "git" "clone" "/workspace/cache/git-repos/https%3A%2F%2Fgithub.com%2FAXIA-DEV%2Fmoonbeam" "/workspace/builds/worker-7-tc1/source", kill_on_drop: false }`
[INFO] [stderr] Cloning into '/workspace/builds/worker-7-tc1/source'...
[INFO] [stderr] done.
[INFO] validating manifest of git repo https://github.com/AXIA-DEV/moonbeam on toolchain 1.69.0
[INFO] running `Command { std: CARGO_HOME="/workspace/cargo-home" RUSTUP_HOME="/workspace/rustup-home" "/workspace/cargo-home/bin/cargo" "+1.69.0" "metadata" "--manifest-path" "Cargo.toml" "--no-deps", kill_on_drop: false }`
[INFO] removed /workspace/builds/worker-7-tc1/source/.cargo/config.toml
[INFO] removed /workspace/builds/worker-7-tc1/source/rust-toolchain
[INFO] started tweaking git repo https://github.com/AXIA-DEV/moonbeam
[INFO] finished tweaking git repo https://github.com/AXIA-DEV/moonbeam
[INFO] tweaked toml for git repo https://github.com/AXIA-DEV/moonbeam written to /workspace/builds/worker-7-tc1/source/Cargo.toml
[INFO] crate git repo https://github.com/AXIA-DEV/moonbeam already has a lockfile, it will not be regenerated
[INFO] running `Command { std: CARGO_HOME="/workspace/cargo-home" RUSTUP_HOME="/workspace/rustup-home" "/workspace/cargo-home/bin/cargo" "+1.69.0" "fetch" "--manifest-path" "Cargo.toml", kill_on_drop: false }`
[INFO] [stderr]     Blocking waiting for file lock on package cache
[INFO] [stderr]     Updating git repository `https://github.com/purestake/ethereum`
[INFO] [stderr]     Updating git repository `https://github.com/purestake/evm`
[INFO] [stderr]     Updating git repository `https://github.com/purestake/substrate`
[INFO] [stderr]     Updating git repository `https://github.com/purestake/polkadot`
[INFO] [stderr]     Updating git repository `https://github.com/purestake/cumulus`
[INFO] [stderr]     Updating git repository `https://github.com/purestake/nimbus`
[INFO] [stderr]     Updating git repository `https://github.com/purestake/frontier`
[INFO] [stderr]     Updating git repository `https://github.com/heim-rs/heim`
[INFO] [stderr]     Updating git repository `https://github.com/purestake/open-runtime-module-library`
[INFO] [stderr]     Updating git repository `https://github.com/purestake/crowdloan-rewards`
[INFO] [stderr]     Updating git repository `https://github.com/encointer/substrate-fixed`
[INFO] [stderr]     Blocking waiting for file lock on package cache
[INFO] [stderr]  Downloading crates ...
[INFO] [stderr]   Downloaded environmental v1.1.3
[INFO] [stderr]   Downloaded parity-wasm v0.32.0
[INFO] [stderr]   Downloaded memory-db v0.27.0
[INFO] [stderr]   Downloaded cranelift-frontend v0.77.0
[INFO] [stderr]   Downloaded enumn v0.1.3
[INFO] [stderr]   Downloaded substrate-bn v0.6.0
[INFO] [stderr]   Downloaded libp2p-ping v0.30.0
[INFO] [stderr]   Downloaded libp2p-plaintext v0.29.0
[INFO] [stderr]   Downloaded libp2p-noise v0.32.0
[INFO] [stderr]   Downloaded libp2p-request-response v0.12.0
[INFO] [stderr]   Downloaded chacha20poly1305 v0.8.0
[INFO] [stderr]   Downloaded libp2p-gossipsub v0.32.0
[INFO] [stderr]   Downloaded wasmtime-cache v0.30.0
[INFO] [stderr]   Downloaded kvdb-memorydb v0.10.0
[INFO] [stderr]   Downloaded memzero v0.1.0
[INFO] [stderr]   Downloaded bounded-vec v0.4.0
[INFO] [stderr]   Downloaded mick-jaeger v0.1.4
[INFO] [stderr]   Downloaded platforms v1.1.0
[INFO] [stderr]   Downloaded jsonrpsee-ws-client v0.3.1
[INFO] [stderr]   Downloaded slices v0.2.0
[INFO] [stderr]   Downloaded bae v0.1.6
[INFO] [stderr]   Downloaded escargot v0.5.2
[INFO] [stderr]   Downloaded predicates-tree v1.0.2
[INFO] [stderr]   Downloaded cli-table-derive v0.4.4
[INFO] [stderr]   Downloaded cli-table v0.4.6
[INFO] [stderr]   Downloaded zstd-safe v4.1.1+zstd.1.5.0
[INFO] [stderr]   Downloaded fs-err v2.6.0
[INFO] [stderr]   Downloaded synstructure v0.12.5
[INFO] [stderr]   Downloaded wasmi-validation v0.4.0
[INFO] [stderr]   Downloaded darwin-libproc v0.1.2
[INFO] [stderr]   Downloaded always-assert v0.1.2
[INFO] [stderr]   Downloaded names v0.12.0
[INFO] [stderr]   Downloaded platforms v0.2.1
[INFO] [stderr]   Downloaded async-fs v1.5.0
[INFO] [stderr]   Downloaded darwin-libproc-sys v0.1.2
[INFO] [stderr]   Downloaded bindgen v0.59.1
[INFO] [stderr]   Downloaded jsonrpsee-proc-macros v0.3.1
[INFO] [stderr]   Downloaded libp2p-mdns v0.31.0
[INFO] [stderr]   Downloaded safe-mix v1.0.1
[INFO] [stderr]   Downloaded hex-literal v0.3.3
[INFO] [stderr]   Downloaded snow v0.8.0
[INFO] [stderr]   Downloaded cid v0.6.1
[INFO] [stderr]   Downloaded static_init v0.5.2
[INFO] [stderr]   Downloaded psutil v3.2.1
[INFO] [stderr]   Downloaded integer-encoding v1.1.7
[INFO] [stderr]   Downloaded libp2p-uds v0.29.0
[INFO] [stderr]   Downloaded smol v1.2.5
[INFO] [stderr]   Downloaded libp2p-yamux v0.33.0
[INFO] [stderr]   Downloaded minicbor v0.8.1
[INFO] [stderr]   Downloaded exit-future v0.2.0
[INFO] [stderr]   Downloaded snap v1.0.5
[INFO] [stderr]   Downloaded libsecp256k1 v0.5.0
[INFO] [stderr]   Downloaded trust-dns-proto v0.20.3
[INFO] [stderr]   Downloaded libsecp256k1 v0.7.0
[INFO] [stderr]   Downloaded cranelift-codegen v0.77.0
[INFO] [stderr]   Downloaded if-watch v0.2.2
[INFO] [stderr]   Downloaded libp2p-core v0.29.0
[INFO] [stderr]   Downloaded retain_mut v0.1.4
[INFO] [stderr]   Downloaded libp2p-swarm v0.30.0
[INFO] [stderr]   Downloaded libp2p-swarm-derive v0.24.0
[INFO] [stderr]   Downloaded libp2p-tcp v0.29.0
[INFO] [stderr]   Downloaded libp2p-wasm-ext v0.29.0
[INFO] [stderr]   Downloaded libp2p-websocket v0.30.0
[INFO] [stderr]   Downloaded asn1_der v0.7.4
[INFO] [stderr]   Downloaded multistream-select v0.10.2
[INFO] [stderr]   Downloaded libp2p v0.39.1
[INFO] [stderr]   Downloaded zstd-sys v1.6.1+zstd.1.5.0
[INFO] [stderr]   Downloaded librocksdb-sys v6.20.3
[INFO] [stderr]   Downloaded multiaddr v0.13.0
[INFO] [stderr]   Downloaded parity-tokio-ipc v0.9.0
[INFO] [stderr]   Downloaded jsonrpc-ipc-server v18.0.0
[INFO] [stderr]   Downloaded finality-grandpa v0.14.4
[INFO] [stderr]   Downloaded uint v0.9.1
[INFO] [stderr]   Downloaded parity-ws v0.11.1
[INFO] [stderr]   Downloaded jsonrpc-ws-server v18.0.0
[INFO] [stderr]   Downloaded pwasm-utils v0.18.1
[INFO] [stderr]   Downloaded psm v0.1.13
[INFO] [stderr]   Downloaded yamux v0.9.0
[INFO] [stderr]   Downloaded ckb-merkle-mountain-range v0.3.1
[INFO] [stderr]   Downloaded cpp_demangle v0.3.3
[INFO] [stderr]   Downloaded kvdb v0.10.0
[INFO] [stderr]   Downloaded rand_distr v0.4.1
[INFO] [stderr]   Downloaded ss58-registry v1.5.0
[INFO] [stderr]   Downloaded twox-hash v1.6.1
[INFO] [stderr]   Downloaded tiny-hderive v0.3.0
[INFO] [stderr]   Downloaded target-lexicon v0.12.1
[INFO] [stderr]   Downloaded cargo-platform v0.1.1
[INFO] [stderr]   Downloaded beef v0.5.0
[INFO] [stderr]   Downloaded static_init_macro v0.5.0
[INFO] [stderr]   Downloaded trie-root v0.15.2
[INFO] [stderr]   Downloaded parity-db v0.3.5
[INFO] [stderr]   Downloaded arrayvec v0.7.1
[INFO] [stderr]   Downloaded rocksdb v0.17.0
[INFO] [stderr]   Downloaded ip_network v0.4.0
[INFO] [stderr]   Downloaded zeroize v1.4.2
[INFO] [stderr]   Downloaded build-helper v0.1.1
[INFO] [stderr]   Downloaded libp2p-deflate v0.29.0
[INFO] [stderr]   Downloaded async-std-resolver v0.20.3
[INFO] [stderr]   Downloaded trust-dns-resolver v0.20.3
[INFO] [stderr]   Downloaded libp2p-dns v0.29.0
[INFO] [stderr]   Downloaded libp2p-floodsub v0.30.0
[INFO] [stderr]   Downloaded libp2p-identify v0.30.0
[INFO] [stderr]   Downloaded libp2p-kad v0.31.0
[INFO] [stderr]   Downloaded cranelift-native v0.77.0
[INFO] [stderr]   Downloaded cranelift-codegen-meta v0.77.0
[INFO] [stderr]   Downloaded cranelift-codegen-shared v0.77.0
[INFO] [stderr]   Downloaded cranelift-wasm v0.77.0
[INFO] [stderr]   Downloaded wasmtime-cranelift v0.30.0
[INFO] [stderr]   Downloaded wasmtime-jit v0.30.0
[INFO] [stderr]   Downloaded wasmparser v0.80.2
[INFO] [stderr]   Downloaded cranelift-entity v0.77.0
[INFO] [stderr]   Downloaded wasmtime-types v0.30.0
[INFO] [stderr]   Downloaded wasmtime-environ v0.30.0
[INFO] [stderr]   Downloaded wasmtime-runtime v0.30.0
[INFO] [stderr]   Downloaded wasmtime v0.30.0
[INFO] [stderr]   Downloaded similar-asserts v1.1.0
[INFO] [stderr]   Downloaded similar v1.3.0
[INFO] [stderr]   Downloaded triehash v0.8.4
[INFO] [stderr]   Downloaded matrixmultiply v0.3.1
[INFO] [stderr]   Downloaded linregress v0.4.3
[INFO] [stderr]   Downloaded frame-metadata v14.0.0
[INFO] [stderr]   Downloaded ethbloom v0.11.1
[INFO] [stderr]   Downloaded ethereum-types v0.12.1
[INFO] [stderr]   Downloaded parity-util-mem v0.10.2
[INFO] [stderr]   Downloaded rlp v0.5.0
[INFO] [stderr]   Downloaded scale-info-derive v1.0.0
[INFO] [stderr]   Downloaded tinyvec v1.3.0
[INFO] [stderr]   Downloaded scale-info v1.0.0
[INFO] [stderr]   Downloaded substrate-bip39 v0.4.2
[INFO] [stderr]   Downloaded camino v1.0.4
[INFO] [stderr]   Downloaded libp2p-mplex v0.29.0
[INFO] [stderr]   Downloaded cranelift-bforest v0.77.0
[INFO] [stderr]   Downloaded lz4-sys v1.9.2
[INFO] [stderr]   Downloaded lz4 v1.23.2
[INFO] [stderr]   Downloaded salsa20 v0.8.1
[INFO] [stderr]   Downloaded wasmi v0.9.0
[INFO] [stderr]   Downloaded cargo_metadata v0.13.1
[INFO] [stderr]   Downloaded wasm-gc-api v0.1.11
[INFO] [stderr]   Downloaded zstd v0.9.0+zstd.1.5.0
[INFO] [stderr]   Downloaded uom v0.31.1
[INFO] [stderr]   Downloaded raw-cpuid v10.2.0
[INFO] [stderr]   Downloaded exit-future v0.1.4
[INFO] [stderr]   Downloaded libp2p-pnet v0.21.0
[INFO] [stderr]   Downloaded libp2p-relay v0.3.0
[INFO] [stderr]   Downloaded slotmap v1.0.5
[INFO] [stderr]   Downloaded jsonrpsee-types v0.3.1
[INFO] [stderr]   Downloaded soketto v0.6.0
[INFO] [stderr]   Downloaded reed-solomon-novelpoly v1.0.0
[INFO] [stderr]   Downloaded memory-lru v0.1.0
[INFO] [stderr]   Downloaded lru v0.7.0
[INFO] [stderr]   Downloaded kvdb-rocksdb v0.14.0
[INFO] [stderr]   Downloaded cexpr v0.5.0
[INFO] [stderr]   Downloaded minicbor-derive v0.6.3
[INFO] [stderr]   Downloaded num-bigint v0.4.2
[INFO] running `Command { std: "docker" "create" "-v" "/var/lib/crater-agent-workspace/builds/worker-7-tc1/target:/opt/rustwide/target:rw,Z" "-v" "/var/lib/crater-agent-workspace/builds/worker-7-tc1/source:/opt/rustwide/workdir:ro,Z" "-v" "/var/lib/crater-agent-workspace/cargo-home:/opt/rustwide/cargo-home:ro,Z" "-v" "/var/lib/crater-agent-workspace/rustup-home:/opt/rustwide/rustup-home:ro,Z" "-e" "SOURCE_DIR=/opt/rustwide/workdir" "-e" "CARGO_TARGET_DIR=/opt/rustwide/target" "-e" "CARGO_HOME=/opt/rustwide/cargo-home" "-e" "RUSTUP_HOME=/opt/rustwide/rustup-home" "-w" "/opt/rustwide/workdir" "-m" "1610612736" "--user" "0:0" "--network" "none" "ghcr.io/rust-lang/crates-build-env/linux@sha256:5ff2268d62e97bff2cde7d5815dd6ed5b47097566f13b8d0ca110b04b60e07ed" "/opt/rustwide/cargo-home/bin/cargo" "+1.69.0" "metadata" "--no-deps" "--format-version=1", kill_on_drop: false }`
[INFO] [stdout] bee2f537fb5c139960e3c28c9fa9109b6619745eba0b4ebc5007984441c0a661
[INFO] running `Command { std: "docker" "start" "-a" "bee2f537fb5c139960e3c28c9fa9109b6619745eba0b4ebc5007984441c0a661", kill_on_drop: false }`
[INFO] running `Command { std: "docker" "inspect" "bee2f537fb5c139960e3c28c9fa9109b6619745eba0b4ebc5007984441c0a661", kill_on_drop: false }`
[INFO] running `Command { std: "docker" "rm" "-f" "bee2f537fb5c139960e3c28c9fa9109b6619745eba0b4ebc5007984441c0a661", kill_on_drop: false }`
[INFO] [stdout] bee2f537fb5c139960e3c28c9fa9109b6619745eba0b4ebc5007984441c0a661
[INFO] running `Command { std: "docker" "create" "-v" "/var/lib/crater-agent-workspace/builds/worker-7-tc1/target:/opt/rustwide/target:rw,Z" "-v" "/var/lib/crater-agent-workspace/builds/worker-7-tc1/source:/opt/rustwide/workdir:ro,Z" "-v" "/var/lib/crater-agent-workspace/cargo-home:/opt/rustwide/cargo-home:ro,Z" "-v" "/var/lib/crater-agent-workspace/rustup-home:/opt/rustwide/rustup-home:ro,Z" "-e" "SOURCE_DIR=/opt/rustwide/workdir" "-e" "CARGO_TARGET_DIR=/opt/rustwide/target" "-e" "CARGO_INCREMENTAL=0" "-e" "RUST_BACKTRACE=full" "-e" "RUSTFLAGS=--cap-lints=warn" "-e" "RUSTDOCFLAGS=--cap-lints=warn" "-e" "CARGO_HOME=/opt/rustwide/cargo-home" "-e" "RUSTUP_HOME=/opt/rustwide/rustup-home" "-w" "/opt/rustwide/workdir" "-m" "1610612736" "--user" "0:0" "--network" "none" "ghcr.io/rust-lang/crates-build-env/linux@sha256:5ff2268d62e97bff2cde7d5815dd6ed5b47097566f13b8d0ca110b04b60e07ed" "/opt/rustwide/cargo-home/bin/cargo" "+1.69.0" "doc" "--frozen" "--no-deps" "--document-private-items" "--message-format=json", kill_on_drop: false }`
[INFO] [stdout] 918ccc035947cdf3ccd1a0548632c78660283d63d05141eaaad97f9e7c32d007
[INFO] running `Command { std: "docker" "start" "-a" "918ccc035947cdf3ccd1a0548632c78660283d63d05141eaaad97f9e7c32d007", kill_on_drop: false }`
[INFO] [stderr]    Compiling proc-macro2 v1.0.30
[INFO] [stderr]    Compiling syn v1.0.80
[INFO] [stderr]    Compiling libc v0.2.104
[INFO] [stderr]    Compiling version_check v0.9.3
[INFO] [stderr]    Compiling serde v1.0.130
[INFO] [stderr]    Compiling log v0.4.14
[INFO] [stderr]    Compiling memchr v2.4.1
[INFO] [stderr]    Compiling typenum v1.13.0
[INFO] [stderr]     Checking once_cell v1.8.0
[INFO] [stderr]     Checking pin-project-lite v0.2.7
[INFO] [stderr]    Compiling value-bag v1.0.0-alpha.7
[INFO] [stderr]    Compiling generic-array v0.14.4
[INFO] [stderr]     Checking ppv-lite86 v0.2.10
[INFO] [stderr]    Compiling futures-core v0.3.17
[INFO] [stderr]     Checking futures-io v0.3.17
[INFO] [stderr]     Checking slab v0.4.3
[INFO] [stderr]    Compiling quote v1.0.10
[INFO] [stderr]     Checking lazy_static v1.4.0
[INFO] [stderr]     Checking bytes v1.0.1
[INFO] [stderr]    Compiling ahash v0.7.4
[INFO] [stderr]     Checking byteorder v1.4.3
[INFO] [stderr]     Checking futures-sink v0.3.17
[INFO] [stderr]    Compiling proc-macro-hack v0.5.19
[INFO] [stderr]    Compiling futures-macro v0.3.17
[INFO] [stderr]    Compiling futures-task v0.3.17
[INFO] [stderr]    Compiling futures-channel v0.3.17
[INFO] [stderr]    Compiling jobserver v0.1.22
[INFO] [stderr]     Checking num_cpus v1.13.0
[INFO] [stderr]    Compiling proc-macro-nested v0.1.7
[INFO] [stderr]     Checking getrandom v0.2.3
[INFO] [stderr]    Compiling cc v1.0.69
[INFO] [stderr]    Compiling futures-util v0.3.17
[INFO] [stderr]    Compiling crunchy v0.2.2
[INFO] [stderr]     Checking smallvec v1.7.0
[INFO] [stderr]     Checking digest v0.9.0
[INFO] [stderr]     Checking opaque-debug v0.3.0
[INFO] [stderr]    Compiling anyhow v1.0.42
[INFO] [stderr]    Compiling getrandom v0.1.16
[INFO] [stderr]     Checking static_assertions v1.1.0
[INFO] [stderr]     Checking rand_core v0.6.3
[INFO] [stderr]    Compiling indexmap v1.7.0
[INFO] [stderr]     Checking instant v0.1.10
[INFO] [stderr]     Checking rand_chacha v0.3.1
[INFO] [stderr]     Checking parking_lot_core v0.8.3
[INFO] [stderr]     Checking lock_api v0.4.4
[INFO] [stderr]     Checking block-padding v0.2.1
[INFO] [stderr]     Checking rand v0.8.4
[INFO] [stderr]     Checking subtle v2.4.1
[INFO] [stderr]     Checking rand_core v0.5.1
[INFO] [stderr]     Checking block-buffer v0.9.0
[INFO] [stderr]     Checking parking_lot v0.11.1
[INFO] [stderr]    Compiling serde_json v1.0.68
[INFO] [stderr]    Compiling radium v0.6.2
[INFO] [stderr]     Checking tinyvec v1.3.0
[INFO] [stderr]     Checking rand_pcg v0.2.1
[INFO] [stderr]     Checking rand_chacha v0.2.2
[INFO] [stderr]     Checking cpufeatures v0.2.1
[INFO] [stderr]    Compiling convert_case v0.4.0
[INFO] [stderr]     Checking tap v1.0.1
[INFO] [stderr]     Checking rand v0.7.3
[INFO] [stderr]     Checking funty v1.1.0
[INFO] [stderr]     Checking wyz v0.2.0
[INFO] [stderr]    Compiling libm v0.2.1
[INFO] [stderr]    Compiling num-traits v0.2.14
[INFO] [stderr]     Checking arrayvec v0.7.1
[INFO] [stderr]     Checking unicode-normalization v0.1.19
[INFO] [stderr]     Checking byte-slice-cast v1.0.0
[INFO] [stderr]     Checking bitvec v0.20.4
[INFO] [stderr]     Checking arrayref v0.3.6
[INFO] [stderr]     Checking sha2 v0.9.8
[INFO] [stderr]     Checking itoa v0.4.7
[INFO] [stderr]     Checking crypto-mac v0.8.0
[INFO] [stderr]    Compiling libsecp256k1-core v0.2.2
[INFO] [stderr]     Checking rustc-hex v2.1.0
[INFO] [stderr]     Checking regex-syntax v0.6.25
[INFO] [stderr]     Checking hashbrown v0.11.2
[INFO] [stderr]     Checking hmac v0.8.1
[INFO] [stderr]    Compiling spin v0.5.2
[INFO] [stderr]     Checking rlp v0.5.0
[INFO] [stderr]    Compiling libsecp256k1-gen-ecmult v0.2.1
[INFO] [stderr]    Compiling libsecp256k1-gen-genmult v0.2.1
[INFO] [stderr]     Checking base64 v0.12.3
[INFO] [stderr]     Checking hmac-drbg v0.3.0
[INFO] [stderr]     Checking generic-array v0.12.4
[INFO] [stderr]     Checking signature v1.3.1
[INFO] [stderr]     Checking impl-rlp v0.3.0
[INFO] [stderr]     Checking num-integer v0.1.44
[INFO] [stderr]     Checking ed25519 v1.1.1
[INFO] [stderr]     Checking fixed-hash v0.7.0
[INFO] [stderr]     Checking aho-corasick v0.7.18
[INFO] [stderr]     Checking keccak v0.1.0
[INFO] [stderr]     Checking digest v0.8.1
[INFO] [stderr]    Compiling tiny-keccak v2.0.2
[INFO] [stderr]    Compiling ryu v1.0.5
[INFO] [stderr]     Checking byte-tools v0.3.1
[INFO] [stderr]     Checking tracing-core v0.1.21
[INFO] [stderr]     Checking block-padding v0.1.5
[INFO] [stderr]     Checking opaque-debug v0.2.3
[INFO] [stderr]    Compiling synstructure v0.12.5
[INFO] [stderr]     Checking block-buffer v0.7.3
[INFO] [stderr]     Checking regex v1.5.4
[INFO] [stderr]     Checking regex-automata v0.1.10
[INFO] [stderr]     Checking hash-db v0.15.2
[INFO] [stderr]    Compiling autocfg v0.1.7
[INFO] [stderr]     Checking either v1.6.1
[INFO] [stderr]     Checking lru v0.6.6
[INFO] [stderr]     Checking arrayvec v0.5.2
[INFO] [stderr]     Checking stable_deref_trait v1.2.0
[INFO] [stderr]     Checking environmental v1.1.3
[INFO] [stderr]     Checking fake-simd v0.1.2
[INFO] [stderr]     Checking sp-std v4.0.0-dev (https://github.com/purestake/substrate?branch=moonbeam-polkadot-v0.9.12#f0d3cd39)
[INFO] [stderr]     Checking hash256-std-hasher v0.15.2
[INFO] [stderr]    Compiling num-bigint v0.2.6
[INFO] [stderr]     Checking rustc-hash v1.1.0
[INFO] [stderr]    Compiling rand_chacha v0.1.1
[INFO] [stderr]    Compiling rand_pcg v0.1.2
[INFO] [stderr]     Checking time v0.1.44
[INFO] [stderr]    Compiling num-rational v0.2.4
[INFO] [stderr]    Compiling arrayvec v0.4.12
[INFO] [stderr]    Compiling parity-util-mem v0.10.2
[INFO] [stderr]     Checking constant_time_eq v0.1.5
[INFO] [stderr]    Compiling ref-cast v1.0.6
[INFO] [stderr]     Checking subtle v1.0.0
[INFO] [stderr]     Checking parity-wasm v0.42.2
[INFO] [stderr]     Checking crypto-mac v0.7.0
[INFO] [stderr]     Checking chrono v0.4.19
[INFO] [stderr]    Compiling rand v0.6.5
[INFO] [stderr]    Compiling miniz_oxide v0.4.4
[INFO] [stderr]     Checking matchers v0.0.1
[INFO] [stderr]     Checking rand_os v0.1.3
[INFO] [stderr]     Checking sharded-slab v0.1.1
[INFO] [stderr]     Checking thread_local v1.1.3
[INFO] [stderr]     Checking memory_units v0.3.0
[INFO] [stderr]     Checking fallible-iterator v0.2.0
[INFO] [stderr]     Checking ansi_term v0.12.1
[INFO] [stderr]     Checking wasmi-validation v0.4.0
[INFO] [stderr]     Checking downcast-rs v1.2.0
[INFO] [stderr]     Checking hmac v0.7.1
[INFO] [stderr]     Checking sha2 v0.8.2
[INFO] [stderr]    Compiling async-trait v0.1.51
[INFO] [stderr]     Checking wasmi v0.9.0
[INFO] [stderr]     Checking nodrop v0.1.14
[INFO] [stderr]    Compiling libsecp256k1 v0.6.0
[INFO] [stderr]    Compiling Inflector v0.11.4
[INFO] [stderr]    Compiling serde_derive v1.0.130
[INFO] [stderr]    Compiling ctor v0.1.20
[INFO] [stderr]    Compiling thiserror-impl v1.0.30
[INFO] [stderr]    Compiling derive_more v0.99.16
[INFO] [stderr]    Compiling impl-trait-for-tuples v0.2.1
[INFO] [stderr]    Compiling zeroize_derive v1.1.0
[INFO] [stderr]     Checking zeroize v1.4.2
[INFO] [stderr]    Compiling tracing-attributes v0.1.18
[INFO] [stderr]     Checking curve25519-dalek v3.1.0
[INFO] [stderr]    Compiling sp-debug-derive v3.0.0 (https://github.com/purestake/substrate?branch=moonbeam-polkadot-v0.9.12#f0d3cd39)
[INFO] [stderr]    Compiling ref-cast-impl v1.0.6
[INFO] [stderr]    Compiling thiserror v1.0.30
[INFO] [stderr]    Compiling parity-util-mem-derive v0.1.0
[INFO] [stderr]     Checking tracing-log v0.1.2
[INFO] [stderr]     Checking curve25519-dalek v2.1.3
[INFO] [stderr]     Checking merlin v2.0.1
[INFO] [stderr]     Checking tracing v0.1.29
[INFO] [stderr]     Checking blake2-rfc v0.2.18
[INFO] [stderr]    Compiling dyn-clonable-impl v0.9.0
[INFO] [stderr]     Checking schnorrkel v0.9.1
[INFO] [stderr]     Checking pbkdf2 v0.3.0
[INFO] [stderr]     Checking pbkdf2 v0.4.0
[INFO] [stderr]     Checking dyn-clone v1.0.4
[INFO] [stderr]     Checking futures-executor v0.3.17
[INFO] [stderr]     Checking tiny-bip39 v0.8.2
[INFO] [stderr]     Checking dyn-clonable v0.9.0
[INFO] [stderr]     Checking substrate-bip39 v0.4.2
[INFO] [stderr]     Checking secrecy v0.8.0
[INFO] [stderr]     Checking twox-hash v1.6.1
[INFO] [stderr]     Checking futures v0.3.17
[INFO] [stderr]     Checking base58 v0.2.0
[INFO] [stderr]    Compiling backtrace v0.3.61
[INFO] [stderr]     Checking rustc-demangle v0.1.20
[INFO] [stderr]     Checking trie-db v0.22.6
[INFO] [stderr]     Checking trie-root v0.16.0
[INFO] [stderr]    Compiling paste v1.0.5
[INFO] [stderr]     Checking integer-sqrt v0.1.5
[INFO] [stderr]    Compiling frame-support-procedural-tools-derive v3.0.0 (https://github.com/purestake/substrate?branch=moonbeam-polkadot-v0.9.12#f0d3cd39)
[INFO] [stderr]     Checking futures-timer v3.0.2
[INFO] [stderr]    Compiling unicode-segmentation v1.8.0
[INFO] [stderr]     Checking sha3 v0.9.1
[INFO] [stderr]    Compiling heck v0.3.3
[INFO] [stderr]    Compiling remove_dir_all v0.5.3
[INFO] [stderr]     Checking matches v0.1.8
[INFO] [stderr]     Checking unicode-bidi v0.3.5
[INFO] [stderr]    Compiling itertools v0.10.1
[INFO] [stderr]     Checking hex v0.4.3
[INFO] [stderr]     Checking impl-serde v0.3.1
[INFO] [stderr]     Checking ed25519-dalek v1.0.1
[INFO] [stderr]     Checking tracing-serde v0.1.2
[INFO] [stderr]     Checking uint v0.9.1
[INFO] [stderr]     Checking gimli v0.25.0
[INFO] [stderr]    Compiling toml v0.5.8
[INFO] [stderr]     Checking tracing-subscriber v0.2.19
[INFO] [stderr]     Checking object v0.26.2
[INFO] [stderr]    Compiling prost-derive v0.8.0
[INFO] [stderr]    Compiling proc-macro-crate v1.1.0
[INFO] [stderr]    Compiling tempfile v3.2.0
[INFO] [stderr]    Compiling ss58-registry v1.5.0
[INFO] [stderr]    Compiling frame-support-procedural-tools v4.0.0-dev (https://github.com/purestake/substrate?branch=moonbeam-polkadot-v0.9.12#f0d3cd39)
[INFO] [stderr]    Compiling parity-scale-codec-derive v2.3.1
[INFO] [stderr]    Compiling scale-info-derive v1.0.0
[INFO] [stderr]    Compiling sp-runtime-interface-proc-macro v4.0.0-dev (https://github.com/purestake/substrate?branch=moonbeam-polkadot-v0.9.12#f0d3cd39)
[INFO] [stderr]     Checking addr2line v0.16.0
[INFO] [stderr]    Compiling sp-api-proc-macro v4.0.0-dev (https://github.com/purestake/substrate?branch=moonbeam-polkadot-v0.9.12#f0d3cd39)
[INFO] [stderr]    Compiling frame-support-procedural v4.0.0-dev (https://github.com/purestake/substrate?branch=moonbeam-polkadot-v0.9.12#f0d3cd39)
[INFO] [stderr]    Compiling which v4.1.0
[INFO] [stderr]    Compiling prost-build v0.8.0
[INFO] [stderr]     Checking sp-panic-handler v3.0.0 (https://github.com/purestake/substrate?branch=moonbeam-polkadot-v0.9.12#f0d3cd39)
[INFO] [stderr]    Compiling zstd-sys v1.6.1+zstd.1.5.0
[INFO] [stderr]     Checking parity-scale-codec v2.3.1
[INFO] [stderr]    Compiling prost v0.8.0
[INFO] [stderr]    Compiling fixedbitset v0.2.0
[INFO] [stderr]    Compiling multimap v0.8.3
[INFO] [stderr]    Compiling petgraph v0.5.1
[INFO] [stderr]    Compiling prost-types v0.8.0
[INFO] [stderr]    Compiling zstd-safe v4.1.1+zstd.1.5.0
[INFO] [stderr]     Checking scale-info v1.0.0
[INFO] [stderr]     Checking impl-codec v0.5.1
[INFO] [stderr]     Checking sp-storage v4.0.0-dev (https://github.com/purestake/substrate?branch=moonbeam-polkadot-v0.9.12#f0d3cd39)
[INFO] [stderr]     Checking sp-wasm-interface v4.0.0-dev (https://github.com/purestake/substrate?branch=moonbeam-polkadot-v0.9.12#f0d3cd39)
[INFO] [stderr]     Checking sp-externalities v0.10.0-dev (https://github.com/purestake/substrate?branch=moonbeam-polkadot-v0.9.12#f0d3cd39)
[INFO] [stderr]     Checking sp-tracing v4.0.0-dev (https://github.com/purestake/substrate?branch=moonbeam-polkadot-v0.9.12#f0d3cd39)
[INFO] [stderr]    Compiling sp-version-proc-macro v4.0.0-dev (https://github.com/purestake/substrate?branch=moonbeam-polkadot-v0.9.12#f0d3cd39)
[INFO] [stderr]     Checking signal-hook-registry v1.4.0
[INFO] [stderr]     Checking primitive-types v0.10.1
[INFO] [stderr]     Checking ethbloom v0.11.1
[INFO] [stderr]     Checking sp-arithmetic v4.0.0-dev (https://github.com/purestake/substrate?branch=moonbeam-polkadot-v0.9.12#f0d3cd39)
[INFO] [stderr]     Checking frame-metadata v14.0.0
[INFO] [stderr]    Compiling ring v0.16.20
[INFO] [stderr]     Checking socket2 v0.4.0
[INFO] [stderr]     Checking base64 v0.13.0
[INFO] [stderr]    Compiling proc-macro-error-attr v1.0.4
[INFO] [stderr]     Checking cache-padded v1.1.1
[INFO] [stderr]     Checking concurrent-queue v1.2.2
[INFO] [stderr]     Checking ethereum-types v0.12.1
[INFO] [stderr]     Checking sp-runtime-interface v4.0.0-dev (https://github.com/purestake/substrate?branch=moonbeam-polkadot-v0.9.12#f0d3cd39)
[INFO] [stderr]    Compiling proc-macro-error v1.0.4
[INFO] [stderr]     Checking waker-fn v1.1.0
[INFO] [stderr]     Checking parking v2.0.0
[INFO] [stderr]     Checking fastrand v1.5.0
[INFO] [stderr]    Compiling ucd-trie v0.1.3
[INFO] [stderr]    Compiling pest v2.1.3
[INFO] [stderr]     Checking futures-lite v1.12.0
[INFO] [stderr]     Checking form_urlencoded v1.0.1
[INFO] [stderr]     Checking sp-core v4.0.0-dev (https://github.com/purestake/substrate?branch=moonbeam-polkadot-v0.9.12#f0d3cd39)
[INFO] [stderr]     Checking memory-db v0.27.0
[INFO] [stderr]     Checking idna v0.2.3
[INFO] [stderr]     Checking event-listener v2.5.1
[INFO] [stderr]     Checking polling v2.1.0
[INFO] [stderr]     Checking data-encoding v2.3.2
[INFO] [stderr]     Checking url v2.2.2
[INFO] [stderr]     Checking async-io v1.6.0
[INFO] [stderr]    Compiling semver-parser v0.10.2
[INFO] [stderr]    Compiling pin-project-internal v1.0.8
[INFO] [stderr]     Checking async-task v4.0.3
[INFO] [stderr]     Checking async-channel v1.6.1
[INFO] [stderr]     Checking sp-trie v4.0.0-dev (https://github.com/purestake/substrate?branch=moonbeam-polkadot-v0.9.12#f0d3cd39)
[INFO] [stderr]     Checking sp-keystore v0.10.0-dev (https://github.com/purestake/substrate?branch=moonbeam-polkadot-v0.9.12#f0d3cd39)
[INFO] [stderr]    Compiling semver v0.11.0
[INFO] [stderr]     Checking sp-state-machine v0.10.0-dev (https://github.com/purestake/substrate?branch=moonbeam-polkadot-v0.9.12#f0d3cd39)
[INFO] [stderr]    Compiling httparse v1.5.1
[INFO] [stderr]     Checking atomic-waker v1.0.0
[INFO] [stderr]     Checking crossbeam-utils v0.8.5
[INFO] [stderr]    Compiling multihash-derive v0.7.2
[INFO] [stderr]     Checking blocking v1.0.2
[INFO] [stderr]     Checking asynchronous-codec v0.6.0
[INFO] [stderr]    Compiling tokio v1.12.0
[INFO] [stderr]    Compiling pin-project-internal v0.4.28
[INFO] [stderr]    Compiling signal-hook v0.3.9
[INFO] [stderr]     Checking pin-project v1.0.8
[INFO] [stderr]     Checking unsigned-varint v0.7.0
[INFO] [stderr]     Checking mio v0.7.14
[INFO] [stderr]     Checking sp-io v4.0.0-dev (https://github.com/purestake/substrate?branch=moonbeam-polkadot-v0.9.12#f0d3cd39)
[INFO] [stderr]    Compiling tokio-macros v1.5.0
[INFO] [stderr]     Checking async-executor v1.4.1
[INFO] [stderr]     Checking async-lock v2.4.0
[INFO] [stderr]    Compiling libsecp256k1 v0.5.0
[INFO] [stderr]     Checking void v1.0.2
[INFO] [stderr]     Checking multihash v0.14.0
[INFO] [stderr]     Checking async-process v1.1.0
[INFO] [stderr]    Compiling libp2p-core v0.29.0
[INFO] [stderr]     Checking bs58 v0.4.0
[INFO] [stderr]     Checking quick-error v1.2.3
[INFO] [stderr]     Checking multistream-select v0.10.2
[INFO] [stderr]     Checking multiaddr v0.13.0
[INFO] [stderr]     Checking asn1_der v0.7.4
[INFO] [stderr]     Checking sp-application-crypto v4.0.0-dev (https://github.com/purestake/substrate?branch=moonbeam-polkadot-v0.9.12#f0d3cd39)
[INFO] [stderr]     Checking cranelift-entity v0.77.0
[INFO] [stderr]     Checking atty v0.2.14
[INFO] [stderr]    Compiling target-lexicon v0.12.1
[INFO] [stderr]     Checking sp-runtime v4.0.0-dev (https://github.com/purestake/substrate?branch=moonbeam-polkadot-v0.9.12#f0d3cd39)
[INFO] [stderr]     Checking async-mutex v1.4.0
[INFO] [stderr]     Checking http v0.2.4
[INFO] [stderr]     Checking async-global-executor v2.0.2
[INFO] [stderr]     Checking pin-project v0.4.28
[INFO] [stderr]     Checking kv-log-macro v1.0.7
[INFO] [stderr]    Compiling async-attributes v1.1.2
[INFO] [stderr]     Checking rw-stream-sink v0.2.1
[INFO] [stderr]     Checking tower-service v0.3.1
[INFO] [stderr]    Compiling cranelift-codegen-shared v0.77.0
[INFO] [stderr]     Checking want v0.3.0
[INFO] [stderr]    Compiling cranelift-codegen-meta v0.77.0
[INFO] [stderr]     Checking httpdate v1.0.1
[INFO] [stderr]     Checking termcolor v1.1.2
[INFO] [stderr]     Checking wasmparser v0.80.2
[INFO] [stderr]     Checking async-std v1.10.0
[INFO] [stderr]     Checking cranelift-bforest v0.77.0
[INFO] [stderr]     Checking kvdb v0.10.0
[INFO] [stderr]     Checking regalloc v0.0.31
[INFO] [stderr]     Checking http-body v0.4.2
[INFO] [stderr]    Compiling prometheus v0.12.0
[INFO] [stderr]     Checking hyper v0.14.13
[INFO] [stderr]     Checking wasmtime-types v0.30.0
[INFO] [stderr]     Checking sp-version v4.0.0-dev (https://github.com/purestake/substrate?branch=moonbeam-polkadot-v0.9.12#f0d3cd39)
[INFO] [stderr]     Checking sp-inherents v4.0.0-dev (https://github.com/purestake/substrate?branch=moonbeam-polkadot-v0.9.12#f0d3cd39)
[INFO] [stderr]     Checking sp-staking v4.0.0-dev (https://github.com/purestake/substrate?branch=moonbeam-polkadot-v0.9.12#f0d3cd39)
[INFO] [stderr]     Checking more-asserts v0.2.1
[INFO] [stderr]     Checking wasmtime-environ v0.30.0
[INFO] [stderr]     Checking sp-api v4.0.0-dev (https://github.com/purestake/substrate?branch=moonbeam-polkadot-v0.9.12#f0d3cd39)
[INFO] [stderr]     Checking crossbeam-epoch v0.9.5
[INFO] [stderr]     Checking humantime v1.3.0
[INFO] [stderr]    Compiling wasmtime-runtime v0.30.0
[INFO] [stderr]     Checking cpufeatures v0.1.5
[INFO] [stderr]     Checking env_logger v0.7.1
[INFO] [stderr]     Checking crossbeam-deque v0.8.0
[INFO] [stderr]     Checking sp-database v4.0.0-dev (https://github.com/purestake/substrate?branch=moonbeam-polkadot-v0.9.12#f0d3cd39)
[INFO] [stderr]     Checking crossbeam-channel v0.5.1
[INFO] [stderr]     Checking bincode v1.3.3
[INFO] [stderr]     Checking frame-support v4.0.0-dev (https://github.com/purestake/substrate?branch=moonbeam-polkadot-v0.9.12#f0d3cd39)
[INFO] [stderr]     Checking sp-timestamp v4.0.0-dev (https://github.com/purestake/substrate?branch=moonbeam-polkadot-v0.9.12#f0d3cd39)
[INFO] [stderr]     Checking sp-consensus v0.10.0-dev (https://github.com/purestake/substrate?branch=moonbeam-polkadot-v0.9.12#f0d3cd39)
[INFO] [stderr]     Checking region v2.2.0
[INFO] [stderr]    Compiling psm v0.1.13
[INFO] [stderr]     Checking dirs-sys-next v0.1.2
[INFO] [stderr]    Compiling wasmtime-cache v0.30.0
[INFO] [stderr]    Compiling cpp_demangle v0.3.3
[INFO] [stderr]     Checking directories-next v2.0.0
[INFO] [stderr]     Checking rayon-core v1.9.1
[INFO] [stderr]     Checking file-per-thread-logger v0.1.4
[INFO] [stderr]     Checking sct v0.6.1
[INFO] [stderr]     Checking webpki v0.21.4
[INFO] [stderr]     Checking sc-allocator v4.0.0-dev (https://github.com/purestake/substrate?branch=moonbeam-polkadot-v0.9.12#f0d3cd39)
[INFO] [stderr]     Checking sp-serializer v3.0.0 (https://github.com/purestake/substrate?branch=moonbeam-polkadot-v0.9.12#f0d3cd39)
[INFO] [stderr]     Checking wasm-timer v0.2.5
[INFO] [stderr]     Checking pwasm-utils v0.18.1
[INFO] [stderr]     Checking cipher v0.3.0
[INFO] [stderr]     Checking errno v0.2.7
[INFO] [stderr]    Compiling wasm-bindgen-shared v0.2.74
[INFO] [stderr]    Compiling wasmtime v0.30.0
[INFO] [stderr]     Checking libp2p-swarm v0.30.0
[INFO] [stderr]     Checking rayon v1.5.1
[INFO] [stderr]     Checking sp-blockchain v4.0.0-dev (https://github.com/purestake/substrate?branch=moonbeam-polkadot-v0.9.12#f0d3cd39)
[INFO] [stderr]     Checking substrate-prometheus-endpoint v0.9.0 (https://github.com/purestake/substrate?branch=moonbeam-polkadot-v0.9.12#f0d3cd39)
[INFO] [stderr]     Checking rustls v0.19.1
[INFO] [stderr]     Checking universal-hash v0.4.1
[INFO] [stderr]    Compiling num-bigint v0.4.2
[INFO] [stderr]     Checking ipnet v2.3.1
[INFO] [stderr]    Compiling bumpalo v3.7.0
[INFO] [stderr]     Checking linked-hash-map v0.5.4
[INFO] [stderr]    Compiling pkg-config v0.3.19
[INFO] [stderr]     Checking scoped-tls v1.0.0
[INFO] [stderr]    Compiling wasm-bindgen-backend v0.2.74
[INFO] [stderr]     Checking sha-1 v0.9.7
[INFO] [stderr]     Checking sc-utils v4.0.0-dev (https://github.com/purestake/substrate?branch=moonbeam-polkadot-v0.9.12#f0d3cd39)
[INFO] [stderr]     Checking sp-tasks v4.0.0-dev (https://github.com/purestake/substrate?branch=moonbeam-polkadot-v0.9.12#f0d3cd39)
[INFO] [stderr]    Compiling num-rational v0.4.0
[INFO] [stderr]    Compiling libz-sys v1.1.3
[INFO] [stderr]     Checking sc-transaction-pool-api v4.0.0-dev (https://github.com/purestake/substrate?branch=moonbeam-polkadot-v0.9.12#f0d3cd39)
[INFO] [stderr]     Checking num-complex v0.4.0
[INFO] [stderr]     Checking match_cfg v0.1.0
[INFO] [stderr]    Compiling wasm-bindgen v0.2.74
[INFO] [stderr]     Checking hostname v0.3.1
[INFO] [stderr]    Compiling wasm-bindgen-macro-support v0.2.74
[INFO] [stderr]     Checking polyval v0.5.3
[INFO] [stderr]    Compiling rustc_version v0.3.3
[INFO] [stderr]    Compiling enum-as-inner v0.3.3
[INFO] [stderr]     Checking aead v0.4.3
[INFO] [stderr]     Checking ghash v0.4.4
[INFO] [stderr]     Checking flate2 v1.0.20
[INFO] [stderr]    Compiling snow v0.8.0
[INFO] [stderr]     Checking resolv-conf v0.7.0
[INFO] [stderr]     Checking lru-cache v0.1.2
[INFO] [stderr]     Checking poly1305 v0.7.2
[INFO] [stderr]     Checking aes v0.7.5
[INFO] [stderr]     Checking ctr v0.8.0
[INFO] [stderr]     Checking chacha20 v0.7.1
[INFO] [stderr]     Checking approx v0.5.0
[INFO] [stderr]     Checking rawpointer v0.2.1
[INFO] [stderr]     Checking nohash-hasher v0.2.0
[INFO] [stderr]     Checking matrixmultiply v0.3.1
[INFO] [stderr]     Checking trust-dns-proto v0.20.3
[INFO] [stderr]     Checking chacha20poly1305 v0.8.0
[INFO] [stderr]    Compiling wasm-bindgen-macro v0.2.74
[INFO] [stderr]     Checking simba v0.5.1
[INFO] [stderr]     Checking aes-gcm v0.9.4
[INFO] [stderr]     Checking if-watch v0.2.2
[INFO] [stderr]    Compiling libp2p-relay v0.3.0
[INFO] [stderr]    Compiling libp2p-floodsub v0.30.0
[INFO] [stderr]    Compiling libp2p-gossipsub v0.32.0
[INFO] [stderr]    Compiling cranelift-codegen v0.77.0
[INFO] [stderr]     Checking trust-dns-resolver v0.20.3
[INFO] [stderr]    Compiling libp2p-identify v0.30.0
[INFO] [stderr]    Compiling libp2p-plaintext v0.29.0
[INFO] [stderr]    Compiling libp2p-noise v0.32.0
[INFO] [stderr]     Checking js-sys v0.3.51
[INFO] [stderr]     Checking frame-system v4.0.0-dev (https://github.com/purestake/substrate?branch=moonbeam-polkadot-v0.9.12#f0d3cd39)
[INFO] [stderr]    Compiling libp2p-kad v0.31.0
[INFO] [stderr]     Checking x25519-dalek v1.1.1
[INFO] [stderr]    Compiling nalgebra-macros v0.1.0
[INFO] [stderr]    Compiling minicbor-derive v0.6.3
[INFO] [stderr]     Checking rand_distr v0.4.1
[INFO] [stderr]     Checking blake2 v0.9.1
[INFO] [stderr]    Compiling atomic v0.5.0
[INFO] [stderr]     Checking bytes v0.5.6
[INFO] [stderr]     Checking pin-project-lite v0.1.12
[INFO] [stderr]     Checking quicksink v0.1.2
[INFO] [stderr]     Checking soketto v0.4.2
[INFO] [stderr]     Checking async-std-resolver v0.20.3
[INFO] [stderr]     Checking wasm-bindgen-futures v0.4.24
[INFO] [stderr]     Checking yamux v0.9.0
[INFO] [stderr]     Checking futures-rustls v0.21.1
[INFO] [stderr]     Checking salsa20 v0.8.1
[INFO] [stderr]     Checking webpki-roots v0.21.1
[INFO] [stderr]     Checking dns-parser v0.8.0
[INFO] [stderr]     Checking cuckoofilter v0.5.0
[INFO] [stderr]     Checking hex_fmt v0.3.0
[INFO] [stderr]     Checking parity-send-wrapper v0.1.0
[INFO] [stderr]     Checking libp2p-wasm-ext v0.29.0
[INFO] [stderr]     Checking libp2p-yamux v0.33.0
[INFO] [stderr]     Checking libp2p-mdns v0.31.0
[INFO] [stderr]     Checking libp2p-websocket v0.30.0
[INFO] [stderr]     Checking libp2p-pnet v0.21.0
[INFO] [stderr]     Checking minicbor v0.8.1
[INFO] [stderr]     Checking libp2p-dns v0.29.0
[INFO] [stderr]     Checking libp2p-request-response v0.12.0
[INFO] [stderr]     Checking libp2p-tcp v0.29.0
[INFO] [stderr]     Checking libp2p-mplex v0.29.0
[INFO] [stderr]     Checking libp2p-deflate v0.29.0
[INFO] [stderr]     Checking libp2p-ping v0.30.0
[INFO] [stderr]     Checking libp2p-uds v0.29.0
[INFO] [stderr]    Compiling libp2p-swarm-derive v0.24.0
[INFO] [stderr]     Checking polkadot-core-primitives v0.9.12 (https://github.com/purestake/polkadot?branch=moonbeam-polkadot-v0.9.12#415ce0db)
[INFO] [stderr]     Checking sp-block-builder v4.0.0-dev (https://github.com/purestake/substrate?branch=moonbeam-polkadot-v0.9.12#f0d3cd39)
[INFO] [stderr]     Checking sp-consensus-slots v0.10.0-dev (https://github.com/purestake/substrate?branch=moonbeam-polkadot-v0.9.12#f0d3cd39)
[INFO] [stderr]     Checking finality-grandpa v0.14.4
[INFO] [stderr]     Checking nalgebra v0.27.1
[INFO] [stderr]     Checking sp-authority-discovery v4.0.0-dev (https://github.com/purestake/substrate?branch=moonbeam-polkadot-v0.9.12#f0d3cd39)
[INFO] [stderr]     Checking polkadot-parachain v0.9.12 (https://github.com/purestake/polkadot?branch=moonbeam-polkadot-v0.9.12#415ce0db)
[INFO] [stderr]    Compiling blake3 v0.3.8
[INFO] [stderr]     Checking fork-tree v3.0.0 (https://github.com/purestake/substrate?branch=moonbeam-polkadot-v0.9.12#f0d3cd39)
[INFO] [stderr]    Compiling hex-literal v0.3.3
[INFO] [stderr]     Checking blake2s_simd v0.5.11
[INFO] [stderr]     Checking sp-finality-grandpa v4.0.0-dev (https://github.com/purestake/substrate?branch=moonbeam-polkadot-v0.9.12#f0d3cd39)
[INFO] [stderr]     Checking blake2b_simd v0.5.11
[INFO] [stderr]     Checking polkadot-primitives v0.9.12 (https://github.com/purestake/polkadot?branch=moonbeam-polkadot-v0.9.12#415ce0db)
[INFO] [stderr]     Checking libp2p v0.39.1
[INFO] [stderr]     Checking base-x v0.2.8
[INFO] [stderr]     Checking unsigned-varint v0.5.1
[INFO] [stderr]    Compiling sc-network v0.10.0-dev (https://github.com/purestake/substrate?branch=moonbeam-polkadot-v0.9.12#f0d3cd39)
[INFO] [stderr]     Checking asynchronous-codec v0.5.0
[INFO] [stderr]     Checking sc-peerset v4.0.0-dev (https://github.com/purestake/substrate?branch=moonbeam-polkadot-v0.9.12#f0d3cd39)
[INFO] [stderr]     Checking linked_hash_set v0.1.4
[INFO] [stderr]    Compiling data-encoding-macro-internal v0.1.10
[INFO] [stderr]     Checking unsigned-varint v0.6.0
[INFO] [stderr]     Checking ip_network v0.4.0
[INFO] [stderr]    Compiling derivative v2.2.0
[INFO] [stderr]     Checking sha3 v0.8.2
[INFO] [stderr]    Compiling rlp-derive v0.1.0
[INFO] [stderr]     Checking triehash v0.8.4
[INFO] [stderr]     Checking threadpool v1.8.1
[INFO] [stderr]     Checking sp-consensus-vrf v0.10.0-dev (https://github.com/purestake/substrate?branch=moonbeam-polkadot-v0.9.12#f0d3cd39)
[INFO] [stderr]     Checking data-encoding-macro v0.1.12
[INFO] [stderr]     Checking evm-core v0.30.0 (https://github.com/purestake/evm?branch=moonbeam-polkadot-v0.9.11#e17436b5)
[INFO] [stderr]     Checking sp-consensus-babe v0.10.0-dev (https://github.com/purestake/substrate?branch=moonbeam-polkadot-v0.9.12#f0d3cd39)
[INFO] [stderr]     Checking multibase v0.8.0
[INFO] [stderr]    Compiling xcm-procedural v0.1.0 (https://github.com/purestake/polkadot?branch=moonbeam-polkadot-v0.9.12#415ce0db)
[INFO] [stderr]     Checking ethereum v0.9.0 (https://github.com/purestake/ethereum?branch=joshy-scale-info#2b98173b)
[INFO] [stderr]     Checking evm-runtime v0.30.0 (https://github.com/purestake/evm?branch=moonbeam-polkadot-v0.9.11#e17436b5)
[INFO] [stderr]     Checking jsonrpc-core v18.0.0
[INFO] [stderr]     Checking evm-gasometer v0.30.0 (https://github.com/purestake/evm?branch=moonbeam-polkadot-v0.9.11#e17436b5)
[INFO] [stderr]     Checking sp-session v4.0.0-dev (https://github.com/purestake/substrate?branch=moonbeam-polkadot-v0.9.12#f0d3cd39)
[INFO] [stderr]     Checking idna v0.1.5
[INFO] [stderr]    Compiling proc-macro-crate v0.1.5
[INFO] [stderr]     Checking jsonrpc-pubsub v18.0.0
[INFO] [stderr]     Checking evm v0.30.1 (https://github.com/purestake/evm?branch=moonbeam-polkadot-v0.9.11#e17436b5)
[INFO] [stderr]     Checking url v1.7.2
[INFO] [stderr]    Compiling impl-trait-for-tuples v0.1.3
[INFO] [stderr]     Checking sc-telemetry v4.0.0-dev (https://github.com/purestake/substrate?branch=moonbeam-polkadot-v0.9.12#f0d3cd39)
[INFO] [stderr]    Compiling jsonrpc-derive v18.0.0
[INFO] [stderr]    Compiling radium v0.5.3
[INFO] [stderr]    Compiling glob v0.3.0
[INFO] [stderr]     Checking cranelift-frontend v0.77.0
[INFO] [stderr]     Checking cranelift-native v0.77.0
[INFO] [stderr]     Checking jsonrpc-client-transports v18.0.0
[INFO] [stderr]     Checking xcm v0.9.12 (https://github.com/purestake/polkadot?branch=moonbeam-polkadot-v0.9.12#415ce0db)
[INFO] [stderr]     Checking bstr v0.2.16
[INFO] [stderr]     Checking cranelift-wasm v0.77.0
[INFO] [stderr]     Checking jsonrpc-core-client v18.0.0
[INFO] [stderr]    Compiling nom v6.1.2
[INFO] [stderr]    Compiling clang-sys v1.2.0
[INFO] [stderr]    Compiling bitvec v0.19.5
[INFO] [stderr]     Checking wasmtime-cranelift v0.30.0
[INFO] [stderr]     Checking pallet-transaction-payment v4.0.0-dev (https://github.com/purestake/substrate?branch=moonbeam-polkadot-v0.9.12#f0d3cd39)
[INFO] [stderr]     Checking tokio-util v0.6.8
[INFO] [stderr]     Checking sc-keystore v4.0.0-dev (https://github.com/purestake/substrate?branch=moonbeam-polkadot-v0.9.12#f0d3cd39)
[INFO] [stderr]    Compiling unicase v2.6.0
[INFO] [stderr]     Checking net2 v0.2.37
[INFO] [stderr]    Compiling libloading v0.7.0
[INFO] [stderr]     Checking iovec v0.1.4
[INFO] [stderr]    Compiling bindgen v0.59.1
[INFO] [stderr]     Checking xcm-executor v0.9.12 (https://github.com/purestake/polkadot?branch=moonbeam-polkadot-v0.9.12#415ce0db)
[INFO] [stderr]     Checking globset v0.4.8
[INFO] [stderr]     Checking tokio-stream v0.1.7
[INFO] [stderr]     Checking sp-rpc v4.0.0-dev (https://github.com/purestake/substrate?branch=moonbeam-polkadot-v0.9.12#f0d3cd39)
[INFO] [stderr]     Checking statrs v0.15.0
[INFO] [stderr]    Compiling num_enum_derive v0.5.4
[INFO] [stderr]    Compiling camino v1.0.4
[INFO] [stderr]    Compiling shlex v1.0.0
[INFO] [stderr]     Checking jsonrpc-server-utils v18.0.0
[INFO] [stderr]     Checking linregress v0.4.3
[INFO] [stderr]     Checking mio v0.6.23
[INFO] [stderr]     Checking sp-authorship v4.0.0-dev (https://github.com/purestake/substrate?branch=moonbeam-polkadot-v0.9.12#f0d3cd39)
[INFO] [stderr]     Checking frame-benchmarking v4.0.0-dev (https://github.com/purestake/substrate?branch=moonbeam-polkadot-v0.9.12#f0d3cd39)
[INFO] [stderr]     Checking fp-evm v3.0.0-dev (https://github.com/purestake/frontier?branch=moonbeam-polkadot-v0.9.12#bfc78701)
[INFO] [stderr]     Checking sp-offchain v4.0.0-dev (https://github.com/purestake/substrate?branch=moonbeam-polkadot-v0.9.12#f0d3cd39)
[INFO] [stderr]    Compiling sc-chain-spec-derive v4.0.0-dev (https://github.com/purestake/substrate?branch=moonbeam-polkadot-v0.9.12#f0d3cd39)
[INFO] [stderr]    Compiling cexpr v0.5.0
[INFO] [stderr]     Checking lazycell v1.3.0
[INFO] [stderr]     Checking bytes v0.4.12
[INFO] [stderr]     Checking pallet-timestamp v4.0.0-dev (https://github.com/purestake/substrate?branch=moonbeam-polkadot-v0.9.12#f0d3cd39)
[INFO] [stderr]     Checking pallet-balances v4.0.0-dev (https://github.com/purestake/substrate?branch=moonbeam-polkadot-v0.9.12#f0d3cd39)
[INFO] [stderr]     Checking pallet-session v4.0.0-dev (https://github.com/purestake/substrate?branch=moonbeam-polkadot-v0.9.12#f0d3cd39)
[INFO] [stderr]     Checking mio-extras v2.0.6
[INFO] [stderr]    Compiling semver v0.6.0
[INFO] [stderr]    Compiling parity-wasm v0.32.0
[INFO] [stderr]    Compiling sp-npos-elections-solution-type v4.0.0-dev (https://github.com/purestake/substrate?branch=moonbeam-polkadot-v0.9.12#f0d3cd39)
[INFO] [stderr]     Checking pallet-evm v6.0.0-dev (https://github.com/purestake/frontier?branch=moonbeam-polkadot-v0.9.12#bfc78701)
[INFO] [stderr]    Compiling cargo-platform v0.1.1
[INFO] [stderr]     Checking sha-1 v0.8.2
[INFO] [stderr]     Checking owning_ref v0.4.1
[INFO] [stderr]    Compiling same-file v1.0.6
[INFO] [stderr]    Compiling walkdir v2.3.2
[INFO] [stderr]     Checking parity-ws v0.11.1
[INFO] [stderr]    Compiling cargo_metadata v0.13.1
[INFO] [stderr]    Compiling wasm-gc-api v0.1.11
[INFO] [stderr]    Compiling build-helper v0.1.1
[INFO] [stderr]     Checking num_enum v0.5.4
[INFO] [stderr]     Checking parity-tokio-ipc v0.9.0
[INFO] [stderr]     Checking bounded-vec v0.4.0
[INFO] [stderr]     Checking retain_mut v0.1.4
[INFO] [stderr]     Checking jsonrpc-ipc-server v18.0.0
[INFO] [stderr]     Checking sp-npos-elections v4.0.0-dev (https://github.com/purestake/substrate?branch=moonbeam-polkadot-v0.9.12#f0d3cd39)
[INFO] [stderr]     Checking jsonrpc-ws-server v18.0.0
[INFO] [stderr]     Checking pallet-authorship v4.0.0-dev (https://github.com/purestake/substrate?branch=moonbeam-polkadot-v0.9.12#f0d3cd39)
[INFO] [stderr]     Checking jsonrpc-http-server v18.0.0
[INFO] [stderr]     Checking sp-transaction-pool v4.0.0-dev (https://github.com/purestake/substrate?branch=moonbeam-polkadot-v0.9.12#f0d3cd39)
[INFO] [stderr]     Checking ordered-float v1.1.1
[INFO] [stderr]     Checking integer-encoding v1.1.7
[INFO] [stderr]     Checking sc-rpc-server v4.0.0-dev (https://github.com/purestake/substrate?branch=moonbeam-polkadot-v0.9.12#f0d3cd39)
[INFO] [stderr]     Checking frame-election-provider-support v4.0.0-dev (https://github.com/purestake/substrate?branch=moonbeam-polkadot-v0.9.12#f0d3cd39)
[INFO] [stderr]     Checking thrift v0.13.0
[INFO] [stderr]     Checking xcm-builder v0.9.12 (https://github.com/purestake/polkadot?branch=moonbeam-polkadot-v0.9.12#415ce0db)
[INFO] [stderr]    Compiling sc-authority-discovery v0.10.0-dev (https://github.com/purestake/substrate?branch=moonbeam-polkadot-v0.9.12#f0d3cd39)
[INFO] [stderr]    Compiling sc-tracing-proc-macro v4.0.0-dev (https://github.com/purestake/substrate?branch=moonbeam-polkadot-v0.9.12#f0d3cd39)
[INFO] [stderr]    Compiling lz4-sys v1.9.2
[INFO] [stderr]     Checking fs-swap v0.2.6
[INFO] [stderr]     Checking openssl-probe v0.1.4
[INFO] [stderr]     Checking tokio-rustls v0.22.0
[INFO] [stderr]     Checking mick-jaeger v0.1.4
[INFO] [stderr]     Checking rustls-native-certs v0.5.0
[INFO] [stderr]    Compiling strum_macros v0.22.0
[INFO] [stderr]    Compiling polkadot-overseer-gen-proc-macro v0.9.12 (https://github.com/purestake/polkadot?branch=moonbeam-polkadot-v0.9.12#415ce0db)
[INFO] [stderr]    Compiling snap v1.0.5
[INFO] [stderr]     Checking cumulus-primitives-core v0.1.0 (https://github.com/purestake/cumulus?branch=moonbeam-polkadot-v0.9.12#ea2b71e0)
[INFO] [stderr]     Checking metered-channel v0.9.12 (https://github.com/purestake/polkadot?branch=moonbeam-polkadot-v0.9.12#415ce0db)
[INFO] [stderr]    Compiling libsecp256k1-core v0.3.0
[INFO] [stderr]     Checking futures-timer v2.0.2
[INFO] [stderr]     Checking intervalier v0.4.0
[INFO] [stderr]     Checking ct-logs v0.8.0
[INFO] [stderr]     Checking pallet-staking v4.0.0-dev (https://github.com/purestake/substrate?branch=moonbeam-polkadot-v0.9.12#f0d3cd39)
[INFO] [stderr]     Checking beefy-primitives v4.0.0-dev (https://github.com/purestake/substrate?branch=moonbeam-polkadot-v0.9.12#f0d3cd39)
[INFO] [stderr]     Checking fs2 v0.4.3
[INFO] [stderr]     Checking memmap2 v0.2.3
[INFO] [stderr]    Compiling libsecp256k1-gen-genmult v0.3.0
[INFO] [stderr]    Compiling libsecp256k1-gen-ecmult v0.3.0
[INFO] [stderr]     Checking hyper-rustls v0.22.1
[INFO] [stderr]     Checking polkadot-statement-table v0.9.12 (https://github.com/purestake/polkadot?branch=moonbeam-polkadot-v0.9.12#415ce0db)
[INFO] [stderr]     Checking pallet-mmr-primitives v4.0.0-dev (https://github.com/purestake/substrate?branch=moonbeam-polkadot-v0.9.12#f0d3cd39)
[INFO] [stderr]     Checking kvdb-memorydb v0.10.0
[INFO] [stderr]     Checking dirs-sys v0.3.6
[INFO] [stderr]     Checking strum v0.22.0
[INFO] [stderr]    Compiling libsecp256k1 v0.7.0
[INFO] [stderr]     Checking directories v3.0.2
[INFO] [stderr]     Checking polkadot-node-metrics v0.9.12 (https://github.com/purestake/polkadot?branch=moonbeam-polkadot-v0.9.12#415ce0db)
[INFO] [stderr]     Checking sp-transaction-storage-proof v4.0.0-dev (https://github.com/purestake/substrate?branch=moonbeam-polkadot-v0.9.12#f0d3cd39)
[INFO] [stderr]     Checking tracing-futures v0.2.5
[INFO] [stderr]     Checking exit-future v0.2.0
[INFO] [stderr]     Checking lru v0.7.0
[INFO] [stderr]     Checking pallet-treasury v4.0.0-dev (https://github.com/purestake/substrate?branch=moonbeam-polkadot-v0.9.12#f0d3cd39)
[INFO] [stderr]     Checking bp-runtime v0.1.0 (https://github.com/purestake/polkadot?branch=moonbeam-polkadot-v0.9.12#415ce0db)
[INFO] [stderr]     Checking ckb-merkle-mountain-range v0.3.1
[INFO] [stderr]    Compiling librocksdb-sys v6.20.3
[INFO] [stderr]    Compiling strum_macros v0.20.1
[INFO] [stderr]     Checking pallet-mmr v4.0.0-dev (https://github.com/purestake/substrate?branch=moonbeam-polkadot-v0.9.12#f0d3cd39)
[INFO] [stderr]     Checking pallet-beefy v4.0.0-dev (https://github.com/purestake/substrate?branch=moonbeam-polkadot-v0.9.12#f0d3cd39)
[INFO] [stderr]     Checking pallet-authority-discovery v4.0.0-dev (https://github.com/purestake/substrate?branch=moonbeam-polkadot-v0.9.12#f0d3cd39)
[INFO] [stderr]     Checking pallet-vesting v4.0.0-dev (https://github.com/purestake/substrate?branch=moonbeam-polkadot-v0.9.12#f0d3cd39)
[INFO] [stderr]    Compiling enumn v0.1.3
[INFO] [stderr]     Checking beefy-merkle-tree v4.0.0-dev (https://github.com/purestake/substrate?branch=moonbeam-polkadot-v0.9.12#f0d3cd39)
[INFO] [stderr]     Checking pallet-bags-list v4.0.0-dev (https://github.com/purestake/substrate?branch=moonbeam-polkadot-v0.9.12#f0d3cd39)
[INFO] [stderr]     Checking pallet-beefy-mmr v4.0.0-dev (https://github.com/purestake/substrate?branch=moonbeam-polkadot-v0.9.12#f0d3cd39)
[INFO] [stderr]     Checking pallet-election-provider-multi-phase v4.0.0-dev (https://github.com/purestake/substrate?branch=moonbeam-polkadot-v0.9.12#f0d3cd39)
[INFO] [stderr]     Checking polkadot-runtime-parachains v0.9.12 (https://github.com/purestake/polkadot?branch=moonbeam-polkadot-v0.9.12#415ce0db)
[INFO] [stderr]     Checking slot-range-helper v0.9.12 (https://github.com/purestake/polkadot?branch=moonbeam-polkadot-v0.9.12#415ce0db)
[INFO] [stderr]     Checking bp-messages v0.1.0 (https://github.com/purestake/polkadot?branch=moonbeam-polkadot-v0.9.12#415ce0db)
[INFO] [stderr]     Checking pallet-collective v4.0.0-dev (https://github.com/purestake/substrate?branch=moonbeam-polkadot-v0.9.12#f0d3cd39)
[INFO] [stderr]     Checking pallet-transaction-payment-rpc-runtime-api v4.0.0-dev (https://github.com/purestake/substrate?branch=moonbeam-polkadot-v0.9.12#f0d3cd39)
[INFO] [stderr]     Checking strum v0.20.0
[INFO] [stderr]     Checking pallet-proxy v4.0.0-dev (https://github.com/purestake/substrate?branch=moonbeam-polkadot-v0.9.12#f0d3cd39)
[INFO] [stderr]     Checking sp-keyring v4.0.0-dev (https://github.com/purestake/substrate?branch=moonbeam-polkadot-v0.9.12#f0d3cd39)
[INFO] [stderr]    Compiling precompile-utils-macro v0.1.0 (/opt/rustwide/workdir/precompiles/utils/macro)
[INFO] [stderr]     Checking frame-system-rpc-runtime-api v4.0.0-dev (https://github.com/purestake/substrate?branch=moonbeam-polkadot-v0.9.12#f0d3cd39)
[INFO] [stderr]     Checking pallet-democracy v4.0.0-dev (https://github.com/purestake/substrate?branch=moonbeam-polkadot-v0.9.12#f0d3cd39)
[INFO] [stderr]    Compiling enumflags2_derive v0.6.4
[INFO] [stderr]     Checking pallet-indices v4.0.0-dev (https://github.com/purestake/substrate?branch=moonbeam-polkadot-v0.9.12#f0d3cd39)
[INFO] [stderr]     Checking bp-message-dispatch v0.1.0 (https://github.com/purestake/polkadot?branch=moonbeam-polkadot-v0.9.12#415ce0db)
[INFO] [stderr]     Checking pallet-babe v4.0.0-dev (https://github.com/purestake/substrate?branch=moonbeam-polkadot-v0.9.12#f0d3cd39)
[INFO] [stderr]     Checking precompile-utils v0.1.0 (/opt/rustwide/workdir/precompiles/utils)
[INFO] [stderr]     Checking pallet-grandpa v4.0.0-dev (https://github.com/purestake/substrate?branch=moonbeam-polkadot-v0.9.12#f0d3cd39)
[INFO] [stderr]     Checking enumflags2 v0.6.4
[INFO] [stderr]     Checking pallet-im-online v4.0.0-dev (https://github.com/purestake/substrate?branch=moonbeam-polkadot-v0.9.12#f0d3cd39)
[INFO] [stderr]     Checking pallet-offences v4.0.0-dev (https://github.com/purestake/substrate?branch=moonbeam-polkadot-v0.9.12#f0d3cd39)
[INFO] [stderr]     Checking pallet-membership v4.0.0-dev (https://github.com/purestake/substrate?branch=moonbeam-polkadot-v0.9.12#f0d3cd39)
[INFO] [stderr]     Checking bp-header-chain v0.1.0 (https://github.com/purestake/polkadot?branch=moonbeam-polkadot-v0.9.12#415ce0db)
[INFO] [stderr]     Checking frame-executive v4.0.0-dev (https://github.com/purestake/substrate?branch=moonbeam-polkadot-v0.9.12#f0d3cd39)
[INFO] [stderr]     Checking pallet-utility v4.0.0-dev (https://github.com/purestake/substrate?branch=moonbeam-polkadot-v0.9.12#f0d3cd39)
[INFO] [stderr]     Checking pallet-multisig v4.0.0-dev (https://github.com/purestake/substrate?branch=moonbeam-polkadot-v0.9.12#f0d3cd39)
[INFO] [stderr]     Checking pallet-identity v4.0.0-dev (https://github.com/purestake/substrate?branch=moonbeam-polkadot-v0.9.12#f0d3cd39)
[INFO] [stderr]     Checking bp-polkadot-core v0.1.0 (https://github.com/purestake/polkadot?branch=moonbeam-polkadot-v0.9.12#415ce0db)
[INFO] [stderr]     Checking bp-rialto v0.1.0 (https://github.com/purestake/polkadot?branch=moonbeam-polkadot-v0.9.12#415ce0db)
[INFO] [stderr]     Checking bp-test-utils v0.1.0 (https://github.com/purestake/polkadot?branch=moonbeam-polkadot-v0.9.12#415ce0db)
[INFO] [stderr]     Checking pallet-elections-phragmen v5.0.0-dev (https://github.com/purestake/substrate?branch=moonbeam-polkadot-v0.9.12#f0d3cd39)
[INFO] [stderr]     Checking pallet-xcm v0.9.12 (https://github.com/purestake/polkadot?branch=moonbeam-polkadot-v0.9.12#415ce0db)
[INFO] [stderr]     Checking pallet-scheduler v4.0.0-dev (https://github.com/purestake/substrate?branch=moonbeam-polkadot-v0.9.12#f0d3cd39)
[INFO] [stderr]     Checking pallet-nicks v4.0.0-dev (https://github.com/purestake/substrate?branch=moonbeam-polkadot-v0.9.12#f0d3cd39)
[INFO] [stderr]     Checking frame-try-runtime v0.10.0-dev (https://github.com/purestake/substrate?branch=moonbeam-polkadot-v0.9.12#f0d3cd39)
[INFO] [stderr]     Checking pallet-bridge-messages v0.1.0 (https://github.com/purestake/polkadot?branch=moonbeam-polkadot-v0.9.12#415ce0db)
[INFO] [stderr]     Checking pallet-bridge-grandpa v0.1.0 (https://github.com/purestake/polkadot?branch=moonbeam-polkadot-v0.9.12#415ce0db)
[INFO] [stderr]     Checking bp-rococo v0.1.0 (https://github.com/purestake/polkadot?branch=moonbeam-polkadot-v0.9.12#415ce0db)
[INFO] [stderr]     Checking pallet-bridge-dispatch v0.1.0 (https://github.com/purestake/polkadot?branch=moonbeam-polkadot-v0.9.12#415ce0db)
[INFO] [stderr]     Checking pallet-tips v4.0.0-dev (https://github.com/purestake/substrate?branch=moonbeam-polkadot-v0.9.12#f0d3cd39)
[INFO] [stderr]     Checking pallet-bounties v4.0.0-dev (https://github.com/purestake/substrate?branch=moonbeam-polkadot-v0.9.12#f0d3cd39)
[INFO] [stderr]     Checking polkadot-runtime-common v0.9.12 (https://github.com/purestake/polkadot?branch=moonbeam-polkadot-v0.9.12#415ce0db)
[INFO] [stderr]     Checking pallet-sudo v4.0.0-dev (https://github.com/purestake/substrate?branch=moonbeam-polkadot-v0.9.12#f0d3cd39)
[INFO] [stderr]     Checking pallet-society v4.0.0-dev (https://github.com/purestake/substrate?branch=moonbeam-polkadot-v0.9.12#f0d3cd39)
[INFO] [stderr]     Checking pallet-recovery v4.0.0-dev (https://github.com/purestake/substrate?branch=moonbeam-polkadot-v0.9.12#f0d3cd39)
[INFO] [stderr]    Compiling pallet-staking-reward-curve v4.0.0-dev (https://github.com/purestake/substrate?branch=moonbeam-polkadot-v0.9.12#f0d3cd39)
[INFO] [stderr]     Checking bridge-runtime-common v0.1.0 (https://github.com/purestake/polkadot?branch=moonbeam-polkadot-v0.9.12#415ce0db)
[INFO] [stderr]     Checking bp-wococo v0.1.0 (https://github.com/purestake/polkadot?branch=moonbeam-polkadot-v0.9.12#415ce0db)
[INFO] [stderr]     Checking pallet-gilt v4.0.0-dev (https://github.com/purestake/substrate?branch=moonbeam-polkadot-v0.9.12#f0d3cd39)
[INFO] [stderr]     Checking evm-tracing-events v0.1.0 (/opt/rustwide/workdir/primitives/rpc/evm-tracing-events)
[INFO] [stderr]     Checking pallet-staking-reward-fn v4.0.0-dev (https://github.com/purestake/substrate?branch=moonbeam-polkadot-v0.9.12#f0d3cd39)
[INFO] [stderr]     Checking fp-self-contained v1.0.0-dev (https://github.com/purestake/frontier?branch=moonbeam-polkadot-v0.9.12#bfc78701)
[INFO] [stderr]     Checking xcm-primitives v0.1.0 (/opt/rustwide/workdir/primitives/xcm)
[INFO] [stderr]     Checking fp-rpc v3.0.0-dev (https://github.com/purestake/frontier?branch=moonbeam-polkadot-v0.9.12#bfc78701)
[INFO] [stderr]     Checking fp-consensus v2.0.0-dev (https://github.com/purestake/frontier?branch=moonbeam-polkadot-v0.9.12#bfc78701)
[INFO] [stderr]     Checking nimbus-primitives v0.1.0 (https://github.com/purestake/nimbus?branch=moonbeam-polkadot-v0.9.12#94e54bda)
[INFO] [stderr]    Compiling cfg_aliases v0.1.1
[INFO] [stderr]     Checking fp-storage v2.0.0 (https://github.com/purestake/frontier?branch=moonbeam-polkadot-v0.9.12#bfc78701)
[INFO] [stderr]     Checking moonbeam-rpc-primitives-debug v0.1.0 (/opt/rustwide/workdir/primitives/rpc/debug)
[INFO] [stderr]    Compiling static_init_macro v0.5.0
[INFO] [stderr]    Compiling substrate-fixed v0.5.6 (https://github.com/encointer/substrate-fixed#b33d1868)
[INFO] [stderr]    Compiling static_init v0.5.2
[INFO] [stderr]     Checking pallet-ethereum v4.0.0-dev (https://github.com/purestake/frontier?branch=moonbeam-polkadot-v0.9.12#bfc78701)
[INFO] [stderr]    Compiling fs-err v2.6.0
[INFO] [stderr]     Checking cumulus-test-relay-sproof-builder v0.1.0 (https://github.com/purestake/cumulus?branch=moonbeam-polkadot-v0.9.12#ea2b71e0)
[INFO] [stderr]     Checking hmac-drbg v0.2.0
[INFO] [stderr]     Checking libsecp256k1 v0.3.5
[INFO] [stderr]     Checking orml-utilities v0.4.1-dev (https://github.com/purestake/open-runtime-module-library?branch=moonbeam-polkadot-v0.9.12#679f1939)
[INFO] [stderr]     Checking account v0.1.1 (/opt/rustwide/workdir/primitives/account)
[INFO] [stderr]    Compiling reed-solomon-novelpoly v1.0.0
[INFO] [stderr]    Compiling sc-consensus-slots v0.10.0-dev (https://github.com/purestake/substrate?branch=moonbeam-polkadot-v0.9.12#f0d3cd39)
[INFO] [stderr]     Checking orml-traits v0.4.1-dev (https://github.com/purestake/open-runtime-module-library?branch=moonbeam-polkadot-v0.9.12#679f1939)
[INFO] [stderr]    Compiling cumulus-pallet-parachain-system-proc-macro v0.1.0 (https://github.com/purestake/cumulus?branch=moonbeam-polkadot-v0.9.12#ea2b71e0)
[INFO] [stderr]    Compiling num-iter v0.1.42
[INFO] [stderr]     Checking clap v2.33.3
[INFO] [stderr]     Checking fc-rpc-core v1.1.0-dev (https://github.com/purestake/frontier?branch=moonbeam-polkadot-v0.9.12#bfc78701)
[INFO] [stderr]    Compiling structopt-derive v0.4.18
[INFO] [stderr]     Checking moonbeam-client-evm-tracing v0.1.0 (/opt/rustwide/workdir/client/evm-tracing)
[INFO] [stderr]     Checking pallet-author-mapping v2.0.4 (/opt/rustwide/workdir/pallets/author-mapping)
[INFO] [stderr]     Checking pallet-asset-manager v0.1.0 (/opt/rustwide/workdir/pallets/asset-manager)
[INFO] [stderr]     Checking moonbeam-primitives-ext v0.1.0 (/opt/rustwide/workdir/primitives/ext)
[INFO] [stderr]     Checking moonbeam-rpc-primitives-txpool v0.6.0 (/opt/rustwide/workdir/primitives/rpc/txpool)
[INFO] [stderr]     Checking pallet-migrations v0.1.0 (/opt/rustwide/workdir/pallets/migrations)
[INFO] [stderr]     Checking moonbeam-rpc-core-types v0.1.0 (/opt/rustwide/workdir/client/rpc-core/types)
[INFO] [stderr]    Compiling proc-macro-error-attr v0.4.12
[INFO] [stderr]    Compiling platforms v1.1.0
[INFO] [stderr]     Checking num v0.4.0
[INFO] [stderr]    Compiling syn-mid v0.5.3
[INFO] [stderr]     Checking substrate-bn v0.6.0
[INFO] [stderr]     Checking ripemd160 v0.9.1
[INFO] [stderr]    Compiling slotmap v1.0.5
[INFO] [stderr]    Compiling proc-macro-error v0.4.12
[INFO] [stderr]     Checking structopt v0.3.25
[INFO] [stderr]    Compiling names v0.12.0
[INFO] [stderr]     Checking safe-mix v1.0.1
[INFO] [stderr]    Compiling faster-hex v0.6.0
[INFO] [stderr]     Checking pallet-randomness-collective-flip v4.0.0-dev (https://github.com/purestake/substrate?branch=moonbeam-polkadot-v0.9.12#f0d3cd39)
[INFO] [stderr]     Checking pallet-evm-precompile-simple v2.0.0-dev (https://github.com/purestake/frontier?branch=moonbeam-polkadot-v0.9.12#bfc78701)
[INFO] [stderr]    Compiling slices v0.2.0
[INFO] [stderr]     Checking pallet-evm-precompile-bn128 v2.0.0-dev (https://github.com/purestake/frontier?branch=moonbeam-polkadot-v0.9.12#bfc78701)
[INFO] [stderr]     Checking pallet-evm-precompile-modexp v2.0.0-dev (https://github.com/purestake/frontier?branch=moonbeam-polkadot-v0.9.12#bfc78701)
[INFO] [stderr]     Checking moonbeam-evm-tracer v0.1.0 (/opt/rustwide/workdir/runtime/evm_tracer)
[INFO] [stderr]     Checking moonbeam-core-primitives v0.1.1 (/opt/rustwide/workdir/core-primitives)
[INFO] [stderr]     Checking pallet-author-inherent v0.1.0 (https://github.com/purestake/nimbus?branch=moonbeam-polkadot-v0.9.12#94e54bda)
[INFO] [stderr]     Checking pallet-author-slot-filter v0.1.0 (https://github.com/purestake/nimbus?branch=moonbeam-polkadot-v0.9.12#94e54bda)
[INFO] [stderr]     Checking pallet-proxy-genesis-companion v0.1.0 (/opt/rustwide/workdir/pallets/proxy-genesis-companion)
[INFO] [stderr]     Checking cumulus-primitives-timestamp v0.1.0 (https://github.com/purestake/cumulus?branch=moonbeam-polkadot-v0.9.12#ea2b71e0)
[INFO] [stderr]     Checking parachain-info v0.1.0 (https://github.com/purestake/cumulus?branch=moonbeam-polkadot-v0.9.12#ea2b71e0)
[INFO] [stderr]     Checking pallet-evm-precompile-dispatch v2.0.0-dev (https://github.com/purestake/frontier?branch=moonbeam-polkadot-v0.9.12#bfc78701)
[INFO] [stderr]     Checking pallet-evm-precompile-sha3fips v2.0.0-dev (https://github.com/purestake/frontier?branch=moonbeam-polkadot-v0.9.12#bfc78701)
[INFO] [stderr]     Checking pallet-evm-precompile-blake2 v2.0.0-dev (https://github.com/purestake/frontier?branch=moonbeam-polkadot-v0.9.12#bfc78701)
[INFO] [stderr]     Checking pallet-ethereum-chain-id v1.0.0 (/opt/rustwide/workdir/pallets/ethereum-chain-id)
[INFO] [stderr]     Checking pallet-maintenance-mode v0.1.0 (/opt/rustwide/workdir/pallets/maintenance-mode)
[INFO] [stderr]    Compiling maplit v1.0.2
[INFO] [stderr]     Checking always-assert v0.1.2
[INFO] [stderr]     Checking assert_matches v1.5.0
[INFO] [stderr]    Compiling substrate-build-script-utils v3.0.0 (https://github.com/purestake/substrate?branch=moonbeam-polkadot-v0.9.12#f0d3cd39)
[INFO] [stderr]    Compiling pest_meta v2.1.3
[INFO] [stderr]     Checking orml-xcm-support v0.4.1-dev (https://github.com/purestake/open-runtime-module-library?branch=moonbeam-polkadot-v0.9.12#679f1939)
[INFO] [stderr]     Checking soketto v0.6.0
[INFO] [stderr]     Checking parking_lot_core v0.7.2
[INFO] [stderr]     Checking beef v0.5.0
[INFO] [stderr]     Checking rpassword v5.0.1
[INFO] [stderr]     Checking fdlimit v0.2.1
[INFO] [stderr]    Compiling bae v0.1.6
[INFO] [stderr]     Checking orml-xtokens v0.4.1-dev (https://github.com/purestake/open-runtime-module-library?branch=moonbeam-polkadot-v0.9.12#679f1939)
[INFO] [stderr]     Checking xcm-transactor v0.1.0 (/opt/rustwide/workdir/pallets/xcm-transactor)
[INFO] [stderr]     Checking parking_lot v0.10.2
[INFO] [stderr]    Compiling pest_generator v2.1.3
[INFO] [stderr]     Checking jsonrpsee-types v0.3.1
[INFO] [stderr]    Compiling parking_lot_core v0.4.0
[INFO] [stderr]    Compiling parking_lot_core v0.6.2
[INFO] [stderr]     Checking relay-encoder-precompiles v0.1.0 (/opt/rustwide/workdir/precompiles/relay-encoder)
[INFO] [stderr]     Checking pallet-transaction-payment-rpc v4.0.0-dev (https://github.com/purestake/substrate?branch=moonbeam-polkadot-v0.9.12#f0d3cd39)
[INFO] [stderr]     Checking allychain-staking v3.0.0 (/opt/rustwide/workdir/pallets/allychain-staking)
[INFO] [stderr]     Checking pallet-mmr-rpc v3.0.0 (https://github.com/purestake/substrate?branch=moonbeam-polkadot-v0.9.12#f0d3cd39)
[INFO] [stderr]     Checking pallet-assets v4.0.0-dev (https://github.com/purestake/substrate?branch=moonbeam-polkadot-v0.9.12#f0d3cd39)
[INFO] [stderr]     Checking sc-proposer-metrics v0.9.0 (https://github.com/purestake/substrate?branch=moonbeam-polkadot-v0.9.12#f0d3cd39)
[INFO] [stderr]     Checking memory-lru v0.1.0
[INFO] [stderr]     Checking humantime v2.1.0
[INFO] [stderr]     Checking base58 v0.1.0
[INFO] [stderr]     Checking memzero v0.1.0
[INFO] [stderr]    Compiling jsonrpsee-proc-macros v0.3.1
[INFO] [stderr]     Checking env_logger v0.9.0
[INFO] [stderr]     Checking tiny-hderive v0.3.0
[INFO] [stderr]     Checking jsonrpsee-ws-client v0.3.1
[INFO] [stderr]     Checking num-rational v0.3.2
[INFO] [stderr]    Compiling pest_derive v2.1.0
[INFO] [stderr]     Checking async-fs v1.5.0
[INFO] [stderr]     Checking async-net v1.6.1
[INFO] [stderr]     Checking quick-error v2.0.1
[INFO] [stderr]    Compiling heim-common v0.1.0-rc.1 (https://github.com/heim-rs/heim?rev=1fb090576629cd2788dff993cc6ef77547f3df18#1fb09057)
[INFO] [stderr]     Checking scopeguard v0.3.3
[INFO] [stderr]     Checking lock_api v0.1.5
[INFO] [stderr]     Checking smol v1.2.5
[INFO] [stderr]     Checking uom v0.31.1
[INFO] [stderr]     Checking moonbeam-relay-encoder v0.1.0 (/opt/rustwide/workdir/runtime/relay-encoder)
[INFO] [stderr]     Checking handlebars v3.5.5
[INFO] [stderr]     Checking pallet-evm-precompile-assets-erc20 v0.1.0 (/opt/rustwide/workdir/precompiles/assets-erc20)
[INFO] [stderr]     Checking xcm-transactor-precompiles v0.1.0 (/opt/rustwide/workdir/precompiles/xcm_transactor)
[INFO] [stderr]     Checking xtokens-precompiles v0.1.0 (/opt/rustwide/workdir/precompiles/xtokens)
[INFO] [stderr]    Compiling polkadot-cli v0.9.12 (https://github.com/purestake/polkadot?branch=moonbeam-polkadot-v0.9.12#415ce0db)
[INFO] [stderr]     Checking pallet-evm-precompile-balances-erc20 v0.1.0 (/opt/rustwide/workdir/precompiles/balances-erc20)
[INFO] [stderr]     Checking moonbeam-rpc-core-trace v0.6.0 (/opt/rustwide/workdir/client/rpc-core/trace)
[INFO] [stderr]     Checking moonbeam-rpc-core-debug v0.1.0 (/opt/rustwide/workdir/client/rpc-core/debug)
[INFO] [stdout] warning: function cannot return without recursing
[INFO] [stdout]     --> pallets/allychain-staking/src/lib.rs:1649:3
[INFO] [stdout]      |
[INFO] [stdout] 1649 |         fn default() -> Self {
[INFO] [stdout]      |         ^^^^^^^^^^^^^^^^^^^^ cannot return without recursing
[INFO] [stdout] ...
[INFO] [stdout] 1653 |                 ..Default::default()
[INFO] [stdout]      |                   ------------------ recursive call site
[INFO] [stdout]      |
[INFO] [stdout]      = help: a `loop` may express intention better if this is on purpose
[INFO] [stdout]      = note: `#[warn(unconditional_recursion)]` on by default
[INFO] [stdout] 
[INFO] [stdout] 
[INFO] [stderr]     Checking moonbeam-rpc-core-txpool v0.6.0 (/opt/rustwide/workdir/client/rpc-core/txpool)
[INFO] [stderr]     Checking pallet-democracy-precompiles v0.2.0 (/opt/rustwide/workdir/precompiles/pallet-democracy)
[INFO] [stderr]     Checking cumulus-primitives-utility v0.1.0 (https://github.com/purestake/cumulus?branch=moonbeam-polkadot-v0.9.12#ea2b71e0)
[INFO] [stderr]     Checking cumulus-pallet-xcmp-queue v0.1.0 (https://github.com/purestake/cumulus?branch=moonbeam-polkadot-v0.9.12#ea2b71e0)
[INFO] [stderr]     Checking cumulus-pallet-xcm v0.1.0 (https://github.com/purestake/cumulus?branch=moonbeam-polkadot-v0.9.12#ea2b71e0)
[INFO] [stderr]     Checking cumulus-pallet-dmp-queue v0.1.0 (https://github.com/purestake/cumulus?branch=moonbeam-polkadot-v0.9.12#ea2b71e0)
[INFO] [stdout] warning: 1 warning emitted
[INFO] [stdout] 
[INFO] [stdout] 
[INFO] [stderr]     Checking runtime-common v0.8.0-dev (/opt/rustwide/workdir/runtime/common)
[INFO] [stderr]     Checking allychain-staking-precompiles v1.0.0 (/opt/rustwide/workdir/precompiles/allychain-staking)
[INFO] [stderr]     Checking nix v0.20.0
[INFO] [stderr]     Checking parking_lot v0.9.0
[INFO] [stderr]     Checking parking_lot v0.7.1
[INFO] [stderr]     Checking heim-runtime v0.1.0-rc.1 (https://github.com/heim-rs/heim?rev=1fb090576629cd2788dff993cc6ef77547f3df18#1fb09057)
[INFO] [stderr]     Checking remote-externalities v0.10.0-dev (https://github.com/purestake/substrate?branch=moonbeam-polkadot-v0.9.12#f0d3cd39)
[INFO] [stderr]     Checking moonbeam-cli-opt v0.15.1 (/opt/rustwide/workdir/node/cli-opt)
[INFO] [stderr]    Compiling nix v0.17.0
[INFO] [stderr]     Checking trie-root v0.15.2
[INFO] [stderr]     Checking csv-core v0.1.10
[INFO] [stderr]    Compiling cli-table-derive v0.4.4
[INFO] [stderr]     Checking exit-future v0.1.4
[INFO] [stderr]     Checking platforms v0.2.1
[INFO] [stderr]     Checking unescape v0.1.0
[INFO] [stderr]     Checking raw-cpuid v10.2.0
[INFO] [stderr]     Checking csv v1.1.6
[INFO] [stderr]    Compiling moonbeam-cli v0.15.1 (/opt/rustwide/workdir/node/cli)
[INFO] [stderr]     Checking unicode-xid v0.2.2
[INFO] [stderr]  Documenting moonkey v0.1.1 (/opt/rustwide/workdir/bin/utils/moonkey)
[INFO] [stderr]  Documenting allychain-staking-precompiles v1.0.0 (/opt/rustwide/workdir/precompiles/allychain-staking)
[INFO] [stderr]     Checking cli-table v0.4.6
[INFO] [stderr]  Documenting runtime-common v0.8.0-dev (/opt/rustwide/workdir/runtime/common)
[INFO] [stderr]  Documenting pallet-evm-precompile-assets-erc20 v0.1.0 (/opt/rustwide/workdir/precompiles/assets-erc20)
[INFO] [stderr] error: could not compile `uom`
[INFO] [stderr] 
[INFO] [stderr] Caused by:
[INFO] [stderr]   process didn't exit successfully: `rustc --crate-name uom --edition=2018 /opt/rustwide/cargo-home/registry/src/github.com-1ecc6299db9ec823/uom-0.31.1/src/lib.rs --error-format=json --json=diagnostic-rendered-ansi,artifacts,future-incompat --crate-type lib --emit=dep-info,metadata -C embed-bitcode=no -C debuginfo=2 --cfg 'feature="autoconvert"' --cfg 'feature="f32"' --cfg 'feature="f64"' --cfg 'feature="num-rational"' --cfg 'feature="rational-support"' --cfg 'feature="si"' --cfg 'feature="std"' --cfg 'feature="u64"' -C metadata=0e35b08754b264dc -C extra-filename=-0e35b08754b264dc --out-dir /opt/rustwide/target/debug/deps -L dependency=/opt/rustwide/target/debug/deps --extern num_rational=/opt/rustwide/target/debug/deps/libnum_rational-01bd4b889dfb9673.rmeta --extern num_traits=/opt/rustwide/target/debug/deps/libnum_traits-bb8102de7637b29e.rmeta --extern typenum=/opt/rustwide/target/debug/deps/libtypenum-3d2a0011ffe1ce16.rmeta --cap-lints allow --cap-lints=warn` (signal: 9, SIGKILL: kill)
[INFO] [stderr] warning: build failed, waiting for other jobs to finish...
[INFO] [stdout] warning: unclosed HTML tag `R`
[INFO] [stdout]   --> precompiles/assets-erc20/src/lib.rs:87:59
[INFO] [stdout]    |
[INFO] [stdout] 87 | /// In order to route the address to Erc20AssetsPrecompile<R>, we first check whether the AssetId
[INFO] [stdout]    |                                                           ^^^
[INFO] [stdout]    |
[INFO] [stdout]    = note: `#[warn(rustdoc::invalid_html_tags)]` on by default
[INFO] [stdout] help: try marking as source code
[INFO] [stdout]    |
[INFO] [stdout] 87 | /// In order to route the address to `Erc20AssetsPrecompile<R>`, we first check whether the AssetId
[INFO] [stdout]    |                                      +                        +
[INFO] [stdout] 
[INFO] [stdout] 
[INFO] [stdout] warning: unclosed HTML tag `H160`
[INFO] [stdout]   --> runtime/common/src/lib.rs:29:17
[INFO] [stdout]    |
[INFO] [stdout] 29 | /// that is Into<H160> like AccountId20 for example.
[INFO] [stdout]    |                 ^^^^^^
[INFO] [stdout]    |
[INFO] [stdout]    = note: `#[warn(rustdoc::invalid_html_tags)]` on by default
[INFO] [stdout] help: try marking as source code
[INFO] [stdout]    |
[INFO] [stdout] 29 | /// that is `Into<H160>` like AccountId20 for example.
[INFO] [stdout]    |             +          +
[INFO] [stdout] 
[INFO] [stdout] 
[INFO] [stdout] warning: 1 warning emitted
[INFO] [stdout] 
[INFO] [stdout] 
[INFO] [stdout] warning: 1 warning emitted
[INFO] [stdout] 
[INFO] [stdout] 
[INFO] [stderr] The following warnings were emitted during compilation:
[INFO] [stderr] 
[INFO] [stderr] warning: c++: fatal error: Killed signal terminated program cc1plus
[INFO] [stderr] warning: compilation terminated.
[INFO] [stderr] warning: c++: fatal error: Killed signal terminated program cc1plus
[INFO] [stderr] warning: compilation terminated.
[INFO] [stderr] 
[INFO] [stderr] error: failed to run custom build command for `librocksdb-sys v6.20.3`
[INFO] [stderr] note: To improve backtraces for build dependencies, set the CARGO_PROFILE_DEV_BUILD_OVERRIDE_DEBUG=true environment variable to enable debug information generation.
[INFO] [stderr] 
[INFO] [stderr] Caused by:
[INFO] [stderr]   process didn't exit successfully: `/opt/rustwide/target/debug/build/librocksdb-sys-81af65185ce57e65/build-script-build` (exit status: 1)
[INFO] [stderr]   --- stdout
[INFO] [stderr]   cargo:rerun-if-changed=rocksdb/
[INFO] [stderr]   TARGET = Some("x86_64-unknown-linux-gnu")
[INFO] [stderr]   OPT_LEVEL = Some("0")
[INFO] [stderr]   HOST = Some("x86_64-unknown-linux-gnu")
[INFO] [stderr]   CXX_x86_64-unknown-linux-gnu = None
[INFO] [stderr]   CXX_x86_64_unknown_linux_gnu = None
[INFO] [stderr]   HOST_CXX = None
[INFO] [stderr]   CXX = None
[INFO] [stderr]   CXXFLAGS_x86_64-unknown-linux-gnu = None
[INFO] [stderr]   CXXFLAGS_x86_64_unknown_linux_gnu = None
[INFO] [stderr]   HOST_CXXFLAGS = None
[INFO] [stderr]   CXXFLAGS = None
[INFO] [stderr]   CRATE_CC_NO_DEFAULTS = None
[INFO] [stderr]   DEBUG = Some("true")
[INFO] [stderr]   CARGO_CFG_TARGET_FEATURE = Some("fxsr,sse,sse2")
[INFO] [stderr]   CXX_x86_64-unknown-linux-gnu = None
[INFO] [stderr]   CXX_x86_64_unknown_linux_gnu = None
[INFO] [stderr]   HOST_CXX = None
[INFO] [stderr]   CXX = None
[INFO] [stderr]   CXXFLAGS_x86_64-unknown-linux-gnu = None
[INFO] [stderr]   CXXFLAGS_x86_64_unknown_linux_gnu = None
[INFO] [stderr]   HOST_CXXFLAGS = None
[INFO] [stderr]   CXXFLAGS = None
[INFO] [stderr]   CRATE_CC_NO_DEFAULTS = None
[INFO] [stderr]   CARGO_CFG_TARGET_FEATURE = Some("fxsr,sse,sse2")
[INFO] [stderr]   running: "c++" "-O0" "-ffunction-sections" "-fdata-sections" "-fPIC" "-g" "-fno-omit-frame-pointer" "-m64" "-I" "rocksdb/include/" "-I" "rocksdb/" "-I" "rocksdb/third-party/gtest-1.8.1/fused-src/" "-I" "snappy/" "-I" "." "-Wall" "-Wextra" "-std=c++11" "-Wno-unused-parameter" "-msse2" "-DSNAPPY=1" "-DNDEBUG=1" "-DOS_LINUX" "-DROCKSDB_PLATFORM_POSIX" "-DROCKSDB_LIB_IO_POSIX" "-DROCKSDB_SUPPORT_THREAD_LOCAL" "-o" "/opt/rustwide/target/debug/build/librocksdb-sys-74158a1c7d5336b7/out/rocksdb/cache/cache.o" "-c" "rocksdb/cache/cache.cc"
[INFO] [stderr]   running: "c++" "-O0" "-ffunction-sections" "-fdata-sections" "-fPIC" "-g" "-fno-omit-frame-pointer" "-m64" "-I" "rocksdb/include/" "-I" "rocksdb/" "-I" "rocksdb/third-party/gtest-1.8.1/fused-src/" "-I" "snappy/" "-I" "." "-Wall" "-Wextra" "-std=c++11" "-Wno-unused-parameter" "-msse2" "-DSNAPPY=1" "-DNDEBUG=1" "-DOS_LINUX" "-DROCKSDB_PLATFORM_POSIX" "-DROCKSDB_LIB_IO_POSIX" "-DROCKSDB_SUPPORT_THREAD_LOCAL" "-o" "/opt/rustwide/target/debug/build/librocksdb-sys-74158a1c7d5336b7/out/rocksdb/cache/clock_cache.o" "-c" "rocksdb/cache/clock_cache.cc"
[INFO] [stderr]   running: "c++" "-O0" "-ffunction-sections" "-fdata-sections" "-fPIC" "-g" "-fno-omit-frame-pointer" "-m64" "-I" "rocksdb/include/" "-I" "rocksdb/" "-I" "rocksdb/third-party/gtest-1.8.1/fused-src/" "-I" "snappy/" "-I" "." "-Wall" "-Wextra" "-std=c++11" "-Wno-unused-parameter" "-msse2" "-DSNAPPY=1" "-DNDEBUG=1" "-DOS_LINUX" "-DROCKSDB_PLATFORM_POSIX" "-DROCKSDB_LIB_IO_POSIX" "-DROCKSDB_SUPPORT_THREAD_LOCAL" "-o" "/opt/rustwide/target/debug/build/librocksdb-sys-74158a1c7d5336b7/out/rocksdb/cache/lru_cache.o" "-c" "rocksdb/cache/lru_cache.cc"
[INFO] [stderr]   running: "c++" "-O0" "-ffunction-sections" "-fdata-sections" "-fPIC" "-g" "-fno-omit-frame-pointer" "-m64" "-I" "rocksdb/include/" "-I" "rocksdb/" "-I" "rocksdb/third-party/gtest-1.8.1/fused-src/" "-I" "snappy/" "-I" "." "-Wall" "-Wextra" "-std=c++11" "-Wno-unused-parameter" "-msse2" "-DSNAPPY=1" "-DNDEBUG=1" "-DOS_LINUX" "-DROCKSDB_PLATFORM_POSIX" "-DROCKSDB_LIB_IO_POSIX" "-DROCKSDB_SUPPORT_THREAD_LOCAL" "-o" "/opt/rustwide/target/debug/build/librocksdb-sys-74158a1c7d5336b7/out/rocksdb/cache/sharded_cache.o" "-c" "rocksdb/cache/sharded_cache.cc"
[INFO] [stderr]   running: "c++" "-O0" "-ffunction-sections" "-fdata-sections" "-fPIC" "-g" "-fno-omit-frame-pointer" "-m64" "-I" "rocksdb/include/" "-I" "rocksdb/" "-I" "rocksdb/third-party/gtest-1.8.1/fused-src/" "-I" "snappy/" "-I" "." "-Wall" "-Wextra" "-std=c++11" "-Wno-unused-parameter" "-msse2" "-DSNAPPY=1" "-DNDEBUG=1" "-DOS_LINUX" "-DROCKSDB_PLATFORM_POSIX" "-DROCKSDB_LIB_IO_POSIX" "-DROCKSDB_SUPPORT_THREAD_LOCAL" "-o" "/opt/rustwide/target/debug/build/librocksdb-sys-74158a1c7d5336b7/out/rocksdb/db/arena_wrapped_db_iter.o" "-c" "rocksdb/db/arena_wrapped_db_iter.cc"
[INFO] [stderr]   exit status: 0
[INFO] [stderr]   running: "c++" "-O0" "-ffunction-sections" "-fdata-sections" "-fPIC" "-g" "-fno-omit-frame-pointer" "-m64" "-I" "rocksdb/include/" "-I" "rocksdb/" "-I" "rocksdb/third-party/gtest-1.8.1/fused-src/" "-I" "snappy/" "-I" "." "-Wall" "-Wextra" "-std=c++11" "-Wno-unused-parameter" "-msse2" "-DSNAPPY=1" "-DNDEBUG=1" "-DOS_LINUX" "-DROCKSDB_PLATFORM_POSIX" "-DROCKSDB_LIB_IO_POSIX" "-DROCKSDB_SUPPORT_THREAD_LOCAL" "-o" "/opt/rustwide/target/debug/build/librocksdb-sys-74158a1c7d5336b7/out/rocksdb/db/blob/blob_file_addition.o" "-c" "rocksdb/db/blob/blob_file_addition.cc"
[INFO] [stderr]   exit status: 0
[INFO] [stderr]   exit status: 0
[INFO] [stderr]   running: "c++" "-O0" "-ffunction-sections" "-fdata-sections" "-fPIC" "-g" "-fno-omit-frame-pointer" "-m64" "-I" "rocksdb/include/" "-I" "rocksdb/" "-I" "rocksdb/third-party/gtest-1.8.1/fused-src/" "-I" "snappy/" "-I" "." "-Wall" "-Wextra" "-std=c++11" "-Wno-unused-parameter" "-msse2" "-DSNAPPY=1" "-DNDEBUG=1" "-DOS_LINUX" "-DROCKSDB_PLATFORM_POSIX" "-DROCKSDB_LIB_IO_POSIX" "-DROCKSDB_SUPPORT_THREAD_LOCAL" "-o" "/opt/rustwide/target/debug/build/librocksdb-sys-74158a1c7d5336b7/out/rocksdb/db/blob/blob_file_builder.o" "-c" "rocksdb/db/blob/blob_file_builder.cc"
[INFO] [stderr]   exit status: 0
[INFO] [stderr]   exit status: 0
[INFO] [stderr]   running: "c++" "-O0" "-ffunction-sections" "-fdata-sections" "-fPIC" "-g" "-fno-omit-frame-pointer" "-m64" "-I" "rocksdb/include/" "-I" "rocksdb/" "-I" "rocksdb/third-party/gtest-1.8.1/fused-src/" "-I" "snappy/" "-I" "." "-Wall" "-Wextra" "-std=c++11" "-Wno-unused-parameter" "-msse2" "-DSNAPPY=1" "-DNDEBUG=1" "-DOS_LINUX" "-DROCKSDB_PLATFORM_POSIX" "-DROCKSDB_LIB_IO_POSIX" "-DROCKSDB_SUPPORT_THREAD_LOCAL" "-o" "/opt/rustwide/target/debug/build/librocksdb-sys-74158a1c7d5336b7/out/rocksdb/db/blob/blob_file_cache.o" "-c" "rocksdb/db/blob/blob_file_cache.cc"
[INFO] [stderr]   exit status: 0
[INFO] [stderr]   running: "c++" "-O0" "-ffunction-sections" "-fdata-sections" "-fPIC" "-g" "-fno-omit-frame-pointer" "-m64" "-I" "rocksdb/include/" "-I" "rocksdb/" "-I" "rocksdb/third-party/gtest-1.8.1/fused-src/" "-I" "snappy/" "-I" "." "-Wall" "-Wextra" "-std=c++11" "-Wno-unused-parameter" "-msse2" "-DSNAPPY=1" "-DNDEBUG=1" "-DOS_LINUX" "-DROCKSDB_PLATFORM_POSIX" "-DROCKSDB_LIB_IO_POSIX" "-DROCKSDB_SUPPORT_THREAD_LOCAL" "-o" "/opt/rustwide/target/debug/build/librocksdb-sys-74158a1c7d5336b7/out/rocksdb/db/blob/blob_file_garbage.o" "-c" "rocksdb/db/blob/blob_file_garbage.cc"
[INFO] [stderr]   exit status: 0
[INFO] [stderr]   running: "c++" "-O0" "-ffunction-sections" "-fdata-sections" "-fPIC" "-g" "-fno-omit-frame-pointer" "-m64" "-I" "rocksdb/include/" "-I" "rocksdb/" "-I" "rocksdb/third-party/gtest-1.8.1/fused-src/" "-I" "snappy/" "-I" "." "-Wall" "-Wextra" "-std=c++11" "-Wno-unused-parameter" "-msse2" "-DSNAPPY=1" "-DNDEBUG=1" "-DOS_LINUX" "-DROCKSDB_PLATFORM_POSIX" "-DROCKSDB_LIB_IO_POSIX" "-DROCKSDB_SUPPORT_THREAD_LOCAL" "-o" "/opt/rustwide/target/debug/build/librocksdb-sys-74158a1c7d5336b7/out/rocksdb/db/blob/blob_file_meta.o" "-c" "rocksdb/db/blob/blob_file_meta.cc"
[INFO] [stderr]   exit status: 0
[INFO] [stderr]   running: "c++" "-O0" "-ffunction-sections" "-fdata-sections" "-fPIC" "-g" "-fno-omit-frame-pointer" "-m64" "-I" "rocksdb/include/" "-I" "rocksdb/" "-I" "rocksdb/third-party/gtest-1.8.1/fused-src/" "-I" "snappy/" "-I" "." "-Wall" "-Wextra" "-std=c++11" "-Wno-unused-parameter" "-msse2" "-DSNAPPY=1" "-DNDEBUG=1" "-DOS_LINUX" "-DROCKSDB_PLATFORM_POSIX" "-DROCKSDB_LIB_IO_POSIX" "-DROCKSDB_SUPPORT_THREAD_LOCAL" "-o" "/opt/rustwide/target/debug/build/librocksdb-sys-74158a1c7d5336b7/out/rocksdb/db/blob/blob_file_reader.o" "-c" "rocksdb/db/blob/blob_file_reader.cc"
[INFO] [stderr]   running: "c++" "-O0" "-ffunction-sections" "-fdata-sections" "-fPIC" "-g" "-fno-omit-frame-pointer" "-m64" "-I" "rocksdb/include/" "-I" "rocksdb/" "-I" "rocksdb/third-party/gtest-1.8.1/fused-src/" "-I" "snappy/" "-I" "." "-Wall" "-Wextra" "-std=c++11" "-Wno-unused-parameter" "-msse2" "-DSNAPPY=1" "-DNDEBUG=1" "-DOS_LINUX" "-DROCKSDB_PLATFORM_POSIX" "-DROCKSDB_LIB_IO_POSIX" "-DROCKSDB_SUPPORT_THREAD_LOCAL" "-o" "/opt/rustwide/target/debug/build/librocksdb-sys-74158a1c7d5336b7/out/rocksdb/db/blob/blob_log_format.o" "-c" "rocksdb/db/blob/blob_log_format.cc"
[INFO] [stderr]   exit status: 0
[INFO] [stderr]   running: "c++" "-O0" "-ffunction-sections" "-fdata-sections" "-fPIC" "-g" "-fno-omit-frame-pointer" "-m64" "-I" "rocksdb/include/" "-I" "rocksdb/" "-I" "rocksdb/third-party/gtest-1.8.1/fused-src/" "-I" "snappy/" "-I" "." "-Wall" "-Wextra" "-std=c++11" "-Wno-unused-parameter" "-msse2" "-DSNAPPY=1" "-DNDEBUG=1" "-DOS_LINUX" "-DROCKSDB_PLATFORM_POSIX" "-DROCKSDB_LIB_IO_POSIX" "-DROCKSDB_SUPPORT_THREAD_LOCAL" "-o" "/opt/rustwide/target/debug/build/librocksdb-sys-74158a1c7d5336b7/out/rocksdb/db/blob/blob_log_sequential_reader.o" "-c" "rocksdb/db/blob/blob_log_sequential_reader.cc"
[INFO] [stderr]   exit status: 0
[INFO] [stderr]   running: "c++" "-O0" "-ffunction-sections" "-fdata-sections" "-fPIC" "-g" "-fno-omit-frame-pointer" "-m64" "-I" "rocksdb/include/" "-I" "rocksdb/" "-I" "rocksdb/third-party/gtest-1.8.1/fused-src/" "-I" "snappy/" "-I" "." "-Wall" "-Wextra" "-std=c++11" "-Wno-unused-parameter" "-msse2" "-DSNAPPY=1" "-DNDEBUG=1" "-DOS_LINUX" "-DROCKSDB_PLATFORM_POSIX" "-DROCKSDB_LIB_IO_POSIX" "-DROCKSDB_SUPPORT_THREAD_LOCAL" "-o" "/opt/rustwide/target/debug/build/librocksdb-sys-74158a1c7d5336b7/out/rocksdb/db/blob/blob_log_writer.o" "-c" "rocksdb/db/blob/blob_log_writer.cc"
[INFO] [stderr]   running: "c++" "-O0" "-ffunction-sections" "-fdata-sections" "-fPIC" "-g" "-fno-omit-frame-pointer" "-m64" "-I" "rocksdb/include/" "-I" "rocksdb/" "-I" "rocksdb/third-party/gtest-1.8.1/fused-src/" "-I" "snappy/" "-I" "." "-Wall" "-Wextra" "-std=c++11" "-Wno-unused-parameter" "-msse2" "-DSNAPPY=1" "-DNDEBUG=1" "-DOS_LINUX" "-DROCKSDB_PLATFORM_POSIX" "-DROCKSDB_LIB_IO_POSIX" "-DROCKSDB_SUPPORT_THREAD_LOCAL" "-o" "/opt/rustwide/target/debug/build/librocksdb-sys-74158a1c7d5336b7/out/rocksdb/db/builder.o" "-c" "rocksdb/db/builder.cc"
[INFO] [stderr]   exit status: 0
[INFO] [stderr]   running: "c++" "-O0" "-ffunction-sections" "-fdata-sections" "-fPIC" "-g" "-fno-omit-frame-pointer" "-m64" "-I" "rocksdb/include/" "-I" "rocksdb/" "-I" "rocksdb/third-party/gtest-1.8.1/fused-src/" "-I" "snappy/" "-I" "." "-Wall" "-Wextra" "-std=c++11" "-Wno-unused-parameter" "-msse2" "-DSNAPPY=1" "-DNDEBUG=1" "-DOS_LINUX" "-DROCKSDB_PLATFORM_POSIX" "-DROCKSDB_LIB_IO_POSIX" "-DROCKSDB_SUPPORT_THREAD_LOCAL" "-o" "/opt/rustwide/target/debug/build/librocksdb-sys-74158a1c7d5336b7/out/rocksdb/db/c.o" "-c" "rocksdb/db/c.cc"
[INFO] [stderr]   running: "c++" "-O0" "-ffunction-sections" "-fdata-sections" "-fPIC" "-g" "-fno-omit-frame-pointer" "-m64" "-I" "rocksdb/include/" "-I" "rocksdb/" "-I" "rocksdb/third-party/gtest-1.8.1/fused-src/" "-I" "snappy/" "-I" "." "-Wall" "-Wextra" "-std=c++11" "-Wno-unused-parameter" "-msse2" "-DSNAPPY=1" "-DNDEBUG=1" "-DOS_LINUX" "-DROCKSDB_PLATFORM_POSIX" "-DROCKSDB_LIB_IO_POSIX" "-DROCKSDB_SUPPORT_THREAD_LOCAL" "-o" "/opt/rustwide/target/debug/build/librocksdb-sys-74158a1c7d5336b7/out/rocksdb/db/column_family.o" "-c" "rocksdb/db/column_family.cc"
[INFO] [stderr]   exit status: 0
[INFO] [stderr]   exit status: 0
[INFO] [stderr]   running: "c++" "-O0" "-ffunction-sections" "-fdata-sections" "-fPIC" "-g" "-fno-omit-frame-pointer" "-m64" "-I" "rocksdb/include/" "-I" "rocksdb/" "-I" "rocksdb/third-party/gtest-1.8.1/fused-src/" "-I" "snappy/" "-I" "." "-Wall" "-Wextra" "-std=c++11" "-Wno-unused-parameter" "-msse2" "-DSNAPPY=1" "-DNDEBUG=1" "-DOS_LINUX" "-DROCKSDB_PLATFORM_POSIX" "-DROCKSDB_LIB_IO_POSIX" "-DROCKSDB_SUPPORT_THREAD_LOCAL" "-o" "/opt/rustwide/target/debug/build/librocksdb-sys-74158a1c7d5336b7/out/rocksdb/db/compaction/compaction.o" "-c" "rocksdb/db/compaction/compaction.cc"
[INFO] [stderr]   exit status: 0
[INFO] [stderr]   cargo:warning=c++: fatal error: Killed signal terminated program cc1plus
[INFO] [stderr]   cargo:warning=compilation terminated.
[INFO] [stderr]   exit status: 1
[INFO] [stderr]   running: "c++" "-O0" "-ffunction-sections" "-fdata-sections" "-fPIC" "-g" "-fno-omit-frame-pointer" "-m64" "-I" "rocksdb/include/" "-I" "rocksdb/" "-I" "rocksdb/third-party/gtest-1.8.1/fused-src/" "-I" "snappy/" "-I" "." "-Wall" "-Wextra" "-std=c++11" "-Wno-unused-parameter" "-msse2" "-DSNAPPY=1" "-DNDEBUG=1" "-DOS_LINUX" "-DROCKSDB_PLATFORM_POSIX" "-DROCKSDB_LIB_IO_POSIX" "-DROCKSDB_SUPPORT_THREAD_LOCAL" "-o" "/opt/rustwide/target/debug/build/librocksdb-sys-74158a1c7d5336b7/out/rocksdb/db/compaction/compaction_iterator.o" "-c" "rocksdb/db/compaction/compaction_iterator.cc"
[INFO] [stderr]   exit status: 0
[INFO] [stderr]   cargo:warning=c++: fatal error: Killed signal terminated program cc1plus
[INFO] [stderr]   cargo:warning=compilation terminated.
[INFO] [stderr]   exit status: 1
[INFO] [stderr]   exit status: 0
[INFO] [stderr]   exit status: 0
[INFO] [stderr] 
[INFO] [stderr]   --- stderr
[INFO] [stderr]   error: 'rustfmt' is not installed for the toolchain '1.69.0-x86_64-unknown-linux-gnu'
[INFO] [stderr]   To install, run `rustup component add rustfmt --toolchain 1.69.0-x86_64-unknown-linux-gnu`
[INFO] [stderr]   Failed to run rustfmt: Internal rustfmt error (non-fatal, continuing)
[INFO] [stderr] 
[INFO] [stderr] 
[INFO] [stderr]   error occurred: Command "c++" "-O0" "-ffunction-sections" "-fdata-sections" "-fPIC" "-g" "-fno-omit-frame-pointer" "-m64" "-I" "rocksdb/include/" "-I" "rocksdb/" "-I" "rocksdb/third-party/gtest-1.8.1/fused-src/" "-I" "snappy/" "-I" "." "-Wall" "-Wextra" "-std=c++11" "-Wno-unused-parameter" "-msse2" "-DSNAPPY=1" "-DNDEBUG=1" "-DOS_LINUX" "-DROCKSDB_PLATFORM_POSIX" "-DROCKSDB_LIB_IO_POSIX" "-DROCKSDB_SUPPORT_THREAD_LOCAL" "-o" "/opt/rustwide/target/debug/build/librocksdb-sys-74158a1c7d5336b7/out/rocksdb/db/builder.o" "-c" "rocksdb/db/builder.cc" with args "c++" did not execute successfully (status code exit status: 1).
[INFO] [stderr] 
[INFO] [stderr] 
[INFO] running `Command { std: "docker" "inspect" "918ccc035947cdf3ccd1a0548632c78660283d63d05141eaaad97f9e7c32d007", kill_on_drop: false }`
[INFO] running `Command { std: "docker" "rm" "-f" "918ccc035947cdf3ccd1a0548632c78660283d63d05141eaaad97f9e7c32d007", kill_on_drop: false }`
[INFO] [stdout] 918ccc035947cdf3ccd1a0548632c78660283d63d05141eaaad97f9e7c32d007
