[INFO] cloning repository https://github.com/1925chicken/library-rs
[INFO] running `Command { std: "git" "-c" "credential.helper=" "-c" "credential.helper=/workspace/cargo-home/bin/git-credential-null" "clone" "--bare" "https://github.com/1925chicken/library-rs" "/workspace/cache/git-repos/https%3A%2F%2Fgithub.com%2F1925chicken%2Flibrary-rs", kill_on_drop: false }`
[INFO] [stderr] Cloning into bare repository '/workspace/cache/git-repos/https%3A%2F%2Fgithub.com%2F1925chicken%2Flibrary-rs'...
[INFO] running `Command { std: "git" "rev-parse" "HEAD", kill_on_drop: false }`
[INFO] [stdout] b5ed0ce97f06e0ee399062088bd107f9b444fee8
[INFO] documenting 1925chicken/library-rs against 1.69.0 for beta-1.70-rustdoc-1
[INFO] running `Command { std: "git" "clone" "/workspace/cache/git-repos/https%3A%2F%2Fgithub.com%2F1925chicken%2Flibrary-rs" "/workspace/builds/worker-3-tc1/source", kill_on_drop: false }`
[INFO] [stderr] Cloning into '/workspace/builds/worker-3-tc1/source'...
[INFO] [stderr] done.
[INFO] [stderr] Updating files:  57% (549/953)
Updating files:  58% (553/953)
Updating files:  59% (563/953)
Updating files:  60% (572/953)
Updating files:  61% (582/953)
Updating files:  62% (591/953)
Updating files:  63% (601/953)
Updating files:  64% (610/953)
Updating files:  65% (620/953)
Updating files:  66% (629/953)
Updating files:  67% (639/953)
Updating files:  68% (649/953)
Updating files:  69% (658/953)
Updating files:  70% (668/953)
Updating files:  71% (677/953)
Updating files:  72% (687/953)
Updating files:  73% (696/953)
Updating files:  74% (706/953)
Updating files:  75% (715/953)
Updating files:  76% (725/953)
Updating files:  77% (734/953)
Updating files:  78% (744/953)
Updating files:  79% (753/953)
Updating files:  80% (763/953)
Updating files:  81% (772/953)
Updating files:  82% (782/953)
Updating files:  83% (791/953)
Updating files:  84% (801/953)
Updating files:  85% (811/953)
Updating files:  86% (820/953)
Updating files:  87% (830/953)
Updating files:  88% (839/953)
Updating files:  89% (849/953)
Updating files:  90% (858/953)
Updating files:  91% (868/953)
Updating files:  92% (877/953)
Updating files:  93% (887/953)
Updating files:  94% (896/953)
Updating files:  95% (906/953)
Updating files:  96% (915/953)
Updating files:  97% (925/953)
Updating files:  98% (934/953)
Updating files:  99% (944/953)
Updating files: 100% (953/953)
Updating files: 100% (953/953), done.
[INFO] validating manifest of git repo https://github.com/1925chicken/library-rs on toolchain 1.69.0
[INFO] running `Command { std: CARGO_HOME="/workspace/cargo-home" RUSTUP_HOME="/workspace/rustup-home" "/workspace/cargo-home/bin/cargo" "+1.69.0" "metadata" "--manifest-path" "Cargo.toml" "--no-deps", kill_on_drop: false }`
[INFO] removed /workspace/builds/worker-3-tc1/source/rust-toolchain
[INFO] started tweaking git repo https://github.com/1925chicken/library-rs
[INFO] finished tweaking git repo https://github.com/1925chicken/library-rs
[INFO] tweaked toml for git repo https://github.com/1925chicken/library-rs written to /workspace/builds/worker-3-tc1/source/Cargo.toml
[INFO] crate git repo https://github.com/1925chicken/library-rs already has a lockfile, it will not be regenerated
[INFO] running `Command { std: CARGO_HOME="/workspace/cargo-home" RUSTUP_HOME="/workspace/rustup-home" "/workspace/cargo-home/bin/cargo" "+1.69.0" "fetch" "--manifest-path" "Cargo.toml", kill_on_drop: false }`
[INFO] [stderr]  Downloading crates ...
[INFO] [stderr]   Downloaded cli_test_dir v0.1.7
[INFO] [stderr]   Downloaded num-derive v0.3.0
[INFO] [stderr]   Downloaded proconio v0.3.6
[INFO] [stderr]   Downloaded proconio-derive v0.1.5
[INFO] running `Command { std: "docker" "create" "-v" "/var/lib/crater-agent-workspace/builds/worker-3-tc1/target:/opt/rustwide/target:rw,Z" "-v" "/var/lib/crater-agent-workspace/builds/worker-3-tc1/source:/opt/rustwide/workdir:ro,Z" "-v" "/var/lib/crater-agent-workspace/cargo-home:/opt/rustwide/cargo-home:ro,Z" "-v" "/var/lib/crater-agent-workspace/rustup-home:/opt/rustwide/rustup-home:ro,Z" "-e" "SOURCE_DIR=/opt/rustwide/workdir" "-e" "CARGO_TARGET_DIR=/opt/rustwide/target" "-e" "CARGO_HOME=/opt/rustwide/cargo-home" "-e" "RUSTUP_HOME=/opt/rustwide/rustup-home" "-w" "/opt/rustwide/workdir" "-m" "1610612736" "--user" "0:0" "--network" "none" "ghcr.io/rust-lang/crates-build-env/linux@sha256:5ff2268d62e97bff2cde7d5815dd6ed5b47097566f13b8d0ca110b04b60e07ed" "/opt/rustwide/cargo-home/bin/cargo" "+1.69.0" "metadata" "--no-deps" "--format-version=1", kill_on_drop: false }`
[INFO] [stdout] f3e692f1def40f656613e5e707b9316ed4a44b6d12230e8c62146ce8783ee1ca
[INFO] running `Command { std: "docker" "start" "-a" "f3e692f1def40f656613e5e707b9316ed4a44b6d12230e8c62146ce8783ee1ca", kill_on_drop: false }`
[INFO] running `Command { std: "docker" "inspect" "f3e692f1def40f656613e5e707b9316ed4a44b6d12230e8c62146ce8783ee1ca", kill_on_drop: false }`
[INFO] running `Command { std: "docker" "rm" "-f" "f3e692f1def40f656613e5e707b9316ed4a44b6d12230e8c62146ce8783ee1ca", kill_on_drop: false }`
[INFO] [stdout] f3e692f1def40f656613e5e707b9316ed4a44b6d12230e8c62146ce8783ee1ca
[INFO] running `Command { std: "docker" "create" "-v" "/var/lib/crater-agent-workspace/builds/worker-3-tc1/target:/opt/rustwide/target:rw,Z" "-v" "/var/lib/crater-agent-workspace/builds/worker-3-tc1/source:/opt/rustwide/workdir:ro,Z" "-v" "/var/lib/crater-agent-workspace/cargo-home:/opt/rustwide/cargo-home:ro,Z" "-v" "/var/lib/crater-agent-workspace/rustup-home:/opt/rustwide/rustup-home:ro,Z" "-e" "SOURCE_DIR=/opt/rustwide/workdir" "-e" "CARGO_TARGET_DIR=/opt/rustwide/target" "-e" "CARGO_INCREMENTAL=0" "-e" "RUST_BACKTRACE=full" "-e" "RUSTFLAGS=--cap-lints=warn" "-e" "RUSTDOCFLAGS=--cap-lints=warn" "-e" "CARGO_HOME=/opt/rustwide/cargo-home" "-e" "RUSTUP_HOME=/opt/rustwide/rustup-home" "-w" "/opt/rustwide/workdir" "-m" "1610612736" "--user" "0:0" "--network" "none" "ghcr.io/rust-lang/crates-build-env/linux@sha256:5ff2268d62e97bff2cde7d5815dd6ed5b47097566f13b8d0ca110b04b60e07ed" "/opt/rustwide/cargo-home/bin/cargo" "+1.69.0" "doc" "--frozen" "--no-deps" "--document-private-items" "--message-format=json", kill_on_drop: false }`
[INFO] [stdout] 519a34dcc74eb96f914b6d4c5ada90f53c3c47096df8b178207dfd8c08850d38
[INFO] running `Command { std: "docker" "start" "-a" "519a34dcc74eb96f914b6d4c5ada90f53c3c47096df8b178207dfd8c08850d38", kill_on_drop: false }`
[INFO] [stderr]    Compiling libm v0.2.1
[INFO] [stderr]    Compiling num-traits v0.2.11
[INFO] [stderr]    Compiling num-integer v0.1.42
[INFO] [stderr]    Compiling proc-macro2 v0.4.30
[INFO] [stderr]    Compiling proc-macro2 v1.0.24
[INFO] [stderr]    Compiling num-bigint v0.2.6
[INFO] [stderr]    Compiling num-complex v0.2.4
[INFO] [stderr]    Compiling syn v0.15.39
[INFO] [stderr]    Compiling num-iter v0.1.40
[INFO] [stderr]    Compiling num-rational v0.2.4
[INFO] [stderr]    Compiling syn v1.0.60
[INFO] [stderr]     Checking lazy_static v1.3.0
[INFO] [stderr]    Compiling quote v0.6.12
[INFO] [stderr]    Compiling quote v1.0.8
[INFO] [stderr]     Checking approx v0.3.2
[INFO] [stderr]     Checking alga v0.9.3
[INFO] [stderr]     Checking num v0.2.1
[INFO] [stderr]    Compiling num-derive v0.3.0
[INFO] [stderr]    Compiling proconio-derive v0.1.5
[INFO] [stderr]     Checking proconio v0.3.6
[INFO] [stderr]  Documenting libarary v0.1.0 (/opt/rustwide/workdir)
[INFO] [stdout] error: expected one of `!`, `(`, `+`, `::`, `<`, `where`, or `{`, found `<eof>`
[INFO] [stdout]   --> src/bin/polynomial_factrise.rs:27:11
[INFO] [stdout]    |
[INFO] [stdout] 27 | impl Zero fpr 
[INFO] [stdout]    |           ^^^ expected one of 7 possible tokens
[INFO] [stdout] 
[INFO] [stdout] 
[INFO] [stdout] error: unknown start of token: \
[INFO] [stdout]   --> src/main.rs:61:14
[INFO] [stdout]    |
[INFO] [stdout] 61 |             (\$(\$ty:tt,)*) => {
[INFO] [stdout]    |              ^
[INFO] [stdout] 
[INFO] [stdout] 
[INFO] [stdout] error: aborting due to previous error
[INFO] [stdout] 
[INFO] [stdout] 
[INFO] [stderr] error: could not document `libarary`
[INFO] [stderr] 
[INFO] [stderr] Caused by:
[INFO] [stderr]   process didn't exit successfully: `rustdoc --edition=2018 --crate-type bin --crate-name polynomial_factrise src/bin/polynomial_factrise.rs -o /opt/rustwide/target/doc --error-format=json --json=diagnostic-rendered-ansi,artifacts,future-incompat --document-private-items '-Arustdoc::private-intra-doc-links' -C metadata=309ee1295ec9a67f -L dependency=/opt/rustwide/target/debug/deps --extern alga=/opt/rustwide/target/debug/deps/libalga-60cc7f392942bda3.rmeta --extern num=/opt/rustwide/target/debug/deps/libnum-0ec63755056d81ce.rmeta --extern num_bigint=/opt/rustwide/target/debug/deps/libnum_bigint-4a9aa6d181b61658.rmeta --extern num_complex=/opt/rustwide/target/debug/deps/libnum_complex-ebaeb525ecea624e.rmeta --extern num_derive=/opt/rustwide/target/debug/deps/libnum_derive-7c00756c8d9137a2.so --extern num_integer=/opt/rustwide/target/debug/deps/libnum_integer-ccabe47128f3b818.rmeta --extern num_iter=/opt/rustwide/target/debug/deps/libnum_iter-970ed78a2954090c.rmeta --extern num_rational=/opt/rustwide/target/debug/deps/libnum_rational-56d1cfc79581e0e2.rmeta --extern num_traits=/opt/rustwide/target/debug/deps/libnum_traits-a4d406ad60dbab4e.rmeta --extern proconio=/opt/rustwide/target/debug/deps/libproconio-15fcd5c9e52e4d8a.rmeta --cap-lints=warn --crate-version 0.1.0` (exit status: 1)
[INFO] [stderr] warning: build failed, waiting for other jobs to finish...
[INFO] [stdout] error: unknown start of token: \
[INFO] [stdout]   --> src/main.rs:61:17
[INFO] [stdout]    |
[INFO] [stdout] 61 |             (\$(\$ty:tt,)*) => {
[INFO] [stdout]    |                 ^
[INFO] [stdout] 
[INFO] [stdout] 
[INFO] [stdout] error: unknown start of token: \
[INFO] [stdout]   --> src/main.rs:63:21
[INFO] [stdout]    |
[INFO] [stdout] 63 |                     \$(
[INFO] [stdout]    |                     ^
[INFO] [stdout] 
[INFO] [stdout] 
[INFO] [stdout] error: unknown start of token: \
[INFO] [stdout]   --> src/main.rs:65:28
[INFO] [stdout]    |
[INFO] [stdout] 65 |                     pub fn \$ty (&mut self) -> \$ty {
[INFO] [stdout]    |                            ^
[INFO] [stdout] 
[INFO] [stdout] 
[INFO] [stdout] error: unknown start of token: \
[INFO] [stdout]   --> src/main.rs:65:48
[INFO] [stdout]    |
[INFO] [stdout] 65 |                     pub fn \$ty (&mut self) -> \$ty {
[INFO] [stdout]    |                                                ^
[INFO] [stdout] 
[INFO] [stdout] 
[INFO] [stdout] error: unknown start of token: \
[INFO] [stdout]   --> src/main.rs:66:37
[INFO] [stdout]    |
[INFO] [stdout] 66 |                         self.read::<\$ty>()
[INFO] [stdout]    |                                     ^
[INFO] [stdout] 
[INFO] [stdout] 
[INFO] [stdout] error: Compilation failed, aborting rustdoc
[INFO] [stdout] 
[INFO] [stdout] 
[INFO] [stdout] error: aborting due to 7 previous errors
[INFO] [stdout] 
[INFO] [stdout] 
[INFO] [stdout] error[E0412]: cannot find type `T` in this scope
[INFO] [stdout]  --> src/bin/polynomial_gcd.rs:3:5
[INFO] [stdout]   |
[INFO] [stdout] 3 |     T: Add<Output = T>
[INFO] [stdout]   |     ^ not found in this scope
[INFO] [stdout]   |
[INFO] [stdout] help: you might be missing a type parameter
[INFO] [stdout]   |
[INFO] [stdout] 1 | fn polynomial_gcd<T>(a: Vec<T>, b: Vec<T>) -> Vec<T>
[INFO] [stdout]   |                  +++
[INFO] [stdout] 
[INFO] [stdout] 
[INFO] [stdout] error[E0405]: cannot find trait `Add` in this scope
[INFO] [stdout]  --> src/bin/polynomial_gcd.rs:3:8
[INFO] [stdout]   |
[INFO] [stdout] 3 |     T: Add<Output = T>
[INFO] [stdout]   |        ^^^ not found in this scope
[INFO] [stdout]   |
[INFO] [stdout] help: consider importing one of these items
[INFO] [stdout]   |
[INFO] [stdout] 1 | use core::ops::Add;
[INFO] [stdout]   |
[INFO] [stdout] 1 | use std::ops::Add;
[INFO] [stdout]   |
[INFO] [stdout] 
[INFO] [stdout] 
[INFO] [stdout] error[E0412]: cannot find type `T` in this scope
[INFO] [stdout]  --> src/bin/polynomial_gcd.rs:3:21
[INFO] [stdout]   |
[INFO] [stdout] 3 |     T: Add<Output = T>
[INFO] [stdout]   |                     ^ not found in this scope
[INFO] [stdout]   |
[INFO] [stdout] help: you might be missing a type parameter
[INFO] [stdout]   |
[INFO] [stdout] 1 | fn polynomial_gcd<T>(a: Vec<T>, b: Vec<T>) -> Vec<T>
[INFO] [stdout]   |                  +++
[INFO] [stdout] 
[INFO] [stdout] 
[INFO] [stdout] error[E0405]: cannot find trait `Sub` in this scope
[INFO] [stdout]  --> src/bin/polynomial_gcd.rs:4:11
[INFO] [stdout]   |
[INFO] [stdout] 4 |         + Sub<Output = T>
[INFO] [stdout]   |           ^^^ not found in this scope
[INFO] [stdout]   |
[INFO] [stdout] help: consider importing one of these items
[INFO] [stdout]   |
[INFO] [stdout] 1 | use core::ops::Sub;
[INFO] [stdout]   |
[INFO] [stdout] 1 | use std::ops::Sub;
[INFO] [stdout]   |
[INFO] [stdout] 
[INFO] [stdout] 
[INFO] [stdout] error[E0412]: cannot find type `T` in this scope
[INFO] [stdout]  --> src/bin/polynomial_gcd.rs:4:24
[INFO] [stdout]   |
[INFO] [stdout] 4 |         + Sub<Output = T>
[INFO] [stdout]   |                        ^ not found in this scope
[INFO] [stdout]   |
[INFO] [stdout] help: you might be missing a type parameter
[INFO] [stdout]   |
[INFO] [stdout] 1 | fn polynomial_gcd<T>(a: Vec<T>, b: Vec<T>) -> Vec<T>
[INFO] [stdout]   |                  +++
[INFO] [stdout] 
[INFO] [stdout] 
[INFO] [stdout] error[E0405]: cannot find trait `Mul` in this scope
[INFO] [stdout]  --> src/bin/polynomial_gcd.rs:5:11
[INFO] [stdout]   |
[INFO] [stdout] 5 |         + Mul<Output = T>
[INFO] [stdout]   |           ^^^ not found in this scope
[INFO] [stdout]   |
[INFO] [stdout] help: consider importing one of these items
[INFO] [stdout]   |
[INFO] [stdout] 1 | use core::ops::Mul;
[INFO] [stdout]   |
[INFO] [stdout] 1 | use std::ops::Mul;
[INFO] [stdout]   |
[INFO] [stdout] 
[INFO] [stdout] 
[INFO] [stdout] error[E0412]: cannot find type `T` in this scope
[INFO] [stdout]  --> src/bin/polynomial_gcd.rs:5:24
[INFO] [stdout]   |
[INFO] [stdout] 5 |         + Mul<Output = T>
[INFO] [stdout]   |                        ^ not found in this scope
[INFO] [stdout]   |
[INFO] [stdout] help: you might be missing a type parameter
[INFO] [stdout]   |
[INFO] [stdout] 1 | fn polynomial_gcd<T>(a: Vec<T>, b: Vec<T>) -> Vec<T>
[INFO] [stdout]   |                  +++
[INFO] [stdout] 
[INFO] [stdout] 
[INFO] [stdout] error[E0405]: cannot find trait `Rem` in this scope
[INFO] [stdout]  --> src/bin/polynomial_gcd.rs:6:11
[INFO] [stdout]   |
[INFO] [stdout] 6 |         + Rem<Output = T>
[INFO] [stdout]   |           ^^^ not found in this scope
[INFO] [stdout]   |
[INFO] [stdout] help: consider importing one of these items
[INFO] [stdout]   |
[INFO] [stdout] 1 | use core::ops::Rem;
[INFO] [stdout]   |
[INFO] [stdout] 1 | use std::ops::Rem;
[INFO] [stdout]   |
[INFO] [stdout] 
[INFO] [stdout] 
[INFO] [stdout] error[E0412]: cannot find type `T` in this scope
[INFO] [stdout]  --> src/bin/polynomial_gcd.rs:6:24
[INFO] [stdout]   |
[INFO] [stdout] 6 |         + Rem<Output = T>
[INFO] [stdout]   |                        ^ not found in this scope
[INFO] [stdout]   |
[INFO] [stdout] help: you might be missing a type parameter
[INFO] [stdout]   |
[INFO] [stdout] 1 | fn polynomial_gcd<T>(a: Vec<T>, b: Vec<T>) -> Vec<T>
[INFO] [stdout]   |                  +++
[INFO] [stdout] 
[INFO] [stdout] 
[INFO] [stdout] error[E0405]: cannot find trait `Zero` in this scope
[INFO] [stdout]  --> src/bin/polynomial_gcd.rs:7:11
[INFO] [stdout]   |
[INFO] [stdout] 7 |         + Zero
[INFO] [stdout]   |           ^^^^ not found in this scope
[INFO] [stdout]   |
[INFO] [stdout] help: consider importing one of these items
[INFO] [stdout]   |
[INFO] [stdout] 1 | use num::Zero;
[INFO] [stdout]   |
[INFO] [stdout] 1 | use num_traits::Zero;
[INFO] [stdout]   |
[INFO] [stdout] 
[INFO] [stdout] 
[INFO] [stdout] error[E0412]: cannot find type `T` in this scope
[INFO] [stdout]  --> src/bin/polynomial_gcd.rs:1:26
[INFO] [stdout]   |
[INFO] [stdout] 1 | fn polynomial_gcd(a: Vec<T>, b: Vec<T>) -> Vec<T>
[INFO] [stdout]   |                          ^ not found in this scope
[INFO] [stdout]   |
[INFO] [stdout] help: you might be missing a type parameter
[INFO] [stdout]   |
[INFO] [stdout] 1 | fn polynomial_gcd<T>(a: Vec<T>, b: Vec<T>) -> Vec<T>
[INFO] [stdout]   |                  +++
[INFO] [stdout] 
[INFO] [stdout] 
[INFO] [stdout] error[E0412]: cannot find type `T` in this scope
[INFO] [stdout]  --> src/bin/polynomial_gcd.rs:1:37
[INFO] [stdout]   |
[INFO] [stdout] 1 | fn polynomial_gcd(a: Vec<T>, b: Vec<T>) -> Vec<T>
[INFO] [stdout]   |                                     ^ not found in this scope
[INFO] [stdout]   |
[INFO] [stdout] help: you might be missing a type parameter
[INFO] [stdout]   |
[INFO] [stdout] 1 | fn polynomial_gcd<T>(a: Vec<T>, b: Vec<T>) -> Vec<T>
[INFO] [stdout]   |                  +++
[INFO] [stdout] 
[INFO] [stdout] 
[INFO] [stdout] error[E0412]: cannot find type `T` in this scope
[INFO] [stdout]  --> src/bin/polynomial_gcd.rs:1:48
[INFO] [stdout]   |
[INFO] [stdout] 1 | fn polynomial_gcd(a: Vec<T>, b: Vec<T>) -> Vec<T>
[INFO] [stdout]   |                                                ^ not found in this scope
[INFO] [stdout]   |
[INFO] [stdout] help: you might be missing a type parameter
[INFO] [stdout]   |
[INFO] [stdout] 1 | fn polynomial_gcd<T>(a: Vec<T>, b: Vec<T>) -> Vec<T>
[INFO] [stdout]   |                  +++
[INFO] [stdout] 
[INFO] [stdout] 
[INFO] [stdout] error[E0405]: cannot find trait `Zero` in this scope
[INFO] [stdout]   --> src/bin/polynomial_gcd.rs:16:18
[INFO] [stdout]    |
[INFO] [stdout] 16 |             impl Zero for $t {
[INFO] [stdout]    |                  ^^^^ not found in this scope
[INFO] [stdout] ...
[INFO] [stdout] 28 | impl_zero! {u64,usize,i64,i32,u32,isize}
[INFO] [stdout]    | ---------------------------------------- in this macro invocation
[INFO] [stdout]    |
[INFO] [stdout]    = note: this error originates in the macro `impl_zero` (in Nightly builds, run with -Z macro-backtrace for more info)
[INFO] [stdout] help: consider importing one of these items
[INFO] [stdout]    |
[INFO] [stdout] 1  | use num::Zero;
[INFO] [stdout]    |
[INFO] [stdout] 1  | use num_traits::Zero;
[INFO] [stdout]    |
[INFO] [stdout] 
[INFO] [stdout] 
[INFO] [stderr] error: could not document `libarary`
[INFO] [stderr] 
[INFO] [stderr] Caused by:
[INFO] [stderr]   process didn't exit successfully: `rustdoc --edition=2018 --crate-type bin --crate-name main src/main.rs -o /opt/rustwide/target/doc --error-format=json --json=diagnostic-rendered-ansi,artifacts,future-incompat --document-private-items '-Arustdoc::private-intra-doc-links' -C metadata=57ad83cecf747557 -L dependency=/opt/rustwide/target/debug/deps --extern alga=/opt/rustwide/target/debug/deps/libalga-60cc7f392942bda3.rmeta --extern num=/opt/rustwide/target/debug/deps/libnum-0ec63755056d81ce.rmeta --extern num_bigint=/opt/rustwide/target/debug/deps/libnum_bigint-4a9aa6d181b61658.rmeta --extern num_complex=/opt/rustwide/target/debug/deps/libnum_complex-ebaeb525ecea624e.rmeta --extern num_derive=/opt/rustwide/target/debug/deps/libnum_derive-7c00756c8d9137a2.so --extern num_integer=/opt/rustwide/target/debug/deps/libnum_integer-ccabe47128f3b818.rmeta --extern num_iter=/opt/rustwide/target/debug/deps/libnum_iter-970ed78a2954090c.rmeta --extern num_rational=/opt/rustwide/target/debug/deps/libnum_rational-56d1cfc79581e0e2.rmeta --extern num_traits=/opt/rustwide/target/debug/deps/libnum_traits-a4d406ad60dbab4e.rmeta --extern proconio=/opt/rustwide/target/debug/deps/libproconio-15fcd5c9e52e4d8a.rmeta --cap-lints=warn --crate-version 0.1.0` (exit status: 1)
[INFO] [stdout] error: aborting due to 14 previous errors
[INFO] [stdout] 
[INFO] [stdout] 
[INFO] [stdout] Some errors have detailed explanations: E0405, E0412.
[INFO] [stdout] 
[INFO] [stdout] For more information about an error, try `rustc --explain E0405`.
[INFO] [stdout] 
[INFO] [stdout] error[E0432]: unresolved import `rand`
[INFO] [stdout]  --> src/bin/Jacobi_symbol.rs:6:5
[INFO] [stdout]   |
[INFO] [stdout] 6 | use rand::*;
[INFO] [stdout]   |     ^^^^ use of undeclared crate or module `rand`
[INFO] [stdout] 
[INFO] [stdout] 
[INFO] [stderr] error: could not document `libarary`
[INFO] [stderr] 
[INFO] [stderr] Caused by:
[INFO] [stderr]   process didn't exit successfully: `rustdoc --edition=2018 --crate-type bin --crate-name polynomial_gcd src/bin/polynomial_gcd.rs -o /opt/rustwide/target/doc --error-format=json --json=diagnostic-rendered-ansi,artifacts,future-incompat --document-private-items '-Arustdoc::private-intra-doc-links' -C metadata=b919a0a84fcf30f5 -L dependency=/opt/rustwide/target/debug/deps --extern alga=/opt/rustwide/target/debug/deps/libalga-60cc7f392942bda3.rmeta --extern num=/opt/rustwide/target/debug/deps/libnum-0ec63755056d81ce.rmeta --extern num_bigint=/opt/rustwide/target/debug/deps/libnum_bigint-4a9aa6d181b61658.rmeta --extern num_complex=/opt/rustwide/target/debug/deps/libnum_complex-ebaeb525ecea624e.rmeta --extern num_derive=/opt/rustwide/target/debug/deps/libnum_derive-7c00756c8d9137a2.so --extern num_integer=/opt/rustwide/target/debug/deps/libnum_integer-ccabe47128f3b818.rmeta --extern num_iter=/opt/rustwide/target/debug/deps/libnum_iter-970ed78a2954090c.rmeta --extern num_rational=/opt/rustwide/target/debug/deps/libnum_rational-56d1cfc79581e0e2.rmeta --extern num_traits=/opt/rustwide/target/debug/deps/libnum_traits-a4d406ad60dbab4e.rmeta --extern proconio=/opt/rustwide/target/debug/deps/libproconio-15fcd5c9e52e4d8a.rmeta --cap-lints=warn --crate-version 0.1.0` (exit status: 1)
[INFO] [stdout] error: aborting due to previous error
[INFO] [stdout] 
[INFO] [stdout] 
[INFO] [stdout] For more information about this error, try `rustc --explain E0432`.
[INFO] [stdout] 
[INFO] [stderr] error: could not document `libarary`
[INFO] [stderr] 
[INFO] [stderr] Caused by:
[INFO] [stderr]   process didn't exit successfully: `rustdoc --edition=2018 --crate-type bin --crate-name Jacobi_symbol src/bin/Jacobi_symbol.rs -o /opt/rustwide/target/doc --error-format=json --json=diagnostic-rendered-ansi,artifacts,future-incompat --document-private-items '-Arustdoc::private-intra-doc-links' -C metadata=c5dd710679cb0284 -L dependency=/opt/rustwide/target/debug/deps --extern alga=/opt/rustwide/target/debug/deps/libalga-60cc7f392942bda3.rmeta --extern num=/opt/rustwide/target/debug/deps/libnum-0ec63755056d81ce.rmeta --extern num_bigint=/opt/rustwide/target/debug/deps/libnum_bigint-4a9aa6d181b61658.rmeta --extern num_complex=/opt/rustwide/target/debug/deps/libnum_complex-ebaeb525ecea624e.rmeta --extern num_derive=/opt/rustwide/target/debug/deps/libnum_derive-7c00756c8d9137a2.so --extern num_integer=/opt/rustwide/target/debug/deps/libnum_integer-ccabe47128f3b818.rmeta --extern num_iter=/opt/rustwide/target/debug/deps/libnum_iter-970ed78a2954090c.rmeta --extern num_rational=/opt/rustwide/target/debug/deps/libnum_rational-56d1cfc79581e0e2.rmeta --extern num_traits=/opt/rustwide/target/debug/deps/libnum_traits-a4d406ad60dbab4e.rmeta --extern proconio=/opt/rustwide/target/debug/deps/libproconio-15fcd5c9e52e4d8a.rmeta --cap-lints=warn --crate-version 0.1.0` (exit status: 1)
[INFO] [stdout] error[E0432]: unresolved import `rand`
[INFO] [stdout]  --> src/bin/pollards_rho_bigint.rs:5:5
[INFO] [stdout]   |
[INFO] [stdout] 5 | use rand::*;
[INFO] [stdout]   |     ^^^^ use of undeclared crate or module `rand`
[INFO] [stdout] 
[INFO] [stdout] 
[INFO] [stdout] error[E0432]: unresolved import `rand`
[INFO] [stdout]  --> src/bin/miller_rabbin_bigint.rs:4:5
[INFO] [stdout]   |
[INFO] [stdout] 4 | use rand::*;
[INFO] [stdout]   |     ^^^^ use of undeclared crate or module `rand`
[INFO] [stdout] 
[INFO] [stdout] 
[INFO] [stdout] error: aborting due to previous error
[INFO] [stdout] 
[INFO] [stdout] 
[INFO] [stdout] For more information about this error, try `rustc --explain E0432`.
[INFO] [stdout] 
[INFO] [stderr] error: could not document `libarary`
[INFO] [stderr] 
[INFO] [stderr] Caused by:
[INFO] [stderr]   process didn't exit successfully: `rustdoc --edition=2018 --crate-type bin --crate-name miller_rabbin_bigint src/bin/miller_rabbin_bigint.rs -o /opt/rustwide/target/doc --error-format=json --json=diagnostic-rendered-ansi,artifacts,future-incompat --document-private-items '-Arustdoc::private-intra-doc-links' -C metadata=789fb11d38ed3b38 -L dependency=/opt/rustwide/target/debug/deps --extern alga=/opt/rustwide/target/debug/deps/libalga-60cc7f392942bda3.rmeta --extern num=/opt/rustwide/target/debug/deps/libnum-0ec63755056d81ce.rmeta --extern num_bigint=/opt/rustwide/target/debug/deps/libnum_bigint-4a9aa6d181b61658.rmeta --extern num_complex=/opt/rustwide/target/debug/deps/libnum_complex-ebaeb525ecea624e.rmeta --extern num_derive=/opt/rustwide/target/debug/deps/libnum_derive-7c00756c8d9137a2.so --extern num_integer=/opt/rustwide/target/debug/deps/libnum_integer-ccabe47128f3b818.rmeta --extern num_iter=/opt/rustwide/target/debug/deps/libnum_iter-970ed78a2954090c.rmeta --extern num_rational=/opt/rustwide/target/debug/deps/libnum_rational-56d1cfc79581e0e2.rmeta --extern num_traits=/opt/rustwide/target/debug/deps/libnum_traits-a4d406ad60dbab4e.rmeta --extern proconio=/opt/rustwide/target/debug/deps/libproconio-15fcd5c9e52e4d8a.rmeta --cap-lints=warn --crate-version 0.1.0` (exit status: 1)
[INFO] [stdout] error: aborting due to previous error
[INFO] [stdout] 
[INFO] [stdout] 
[INFO] [stdout] For more information about this error, try `rustc --explain E0432`.
[INFO] [stdout] 
[INFO] [stderr] error: could not document `libarary`
[INFO] [stderr] 
[INFO] [stderr] Caused by:
[INFO] [stderr]   process didn't exit successfully: `rustdoc --edition=2018 --crate-type bin --crate-name pollards_rho_bigint src/bin/pollards_rho_bigint.rs -o /opt/rustwide/target/doc --error-format=json --json=diagnostic-rendered-ansi,artifacts,future-incompat --document-private-items '-Arustdoc::private-intra-doc-links' -C metadata=91b4ab27c6eaf9f6 -L dependency=/opt/rustwide/target/debug/deps --extern alga=/opt/rustwide/target/debug/deps/libalga-60cc7f392942bda3.rmeta --extern num=/opt/rustwide/target/debug/deps/libnum-0ec63755056d81ce.rmeta --extern num_bigint=/opt/rustwide/target/debug/deps/libnum_bigint-4a9aa6d181b61658.rmeta --extern num_complex=/opt/rustwide/target/debug/deps/libnum_complex-ebaeb525ecea624e.rmeta --extern num_derive=/opt/rustwide/target/debug/deps/libnum_derive-7c00756c8d9137a2.so --extern num_integer=/opt/rustwide/target/debug/deps/libnum_integer-ccabe47128f3b818.rmeta --extern num_iter=/opt/rustwide/target/debug/deps/libnum_iter-970ed78a2954090c.rmeta --extern num_rational=/opt/rustwide/target/debug/deps/libnum_rational-56d1cfc79581e0e2.rmeta --extern num_traits=/opt/rustwide/target/debug/deps/libnum_traits-a4d406ad60dbab4e.rmeta --extern proconio=/opt/rustwide/target/debug/deps/libproconio-15fcd5c9e52e4d8a.rmeta --cap-lints=warn --crate-version 0.1.0` (exit status: 1)
[INFO] running `Command { std: "docker" "inspect" "519a34dcc74eb96f914b6d4c5ada90f53c3c47096df8b178207dfd8c08850d38", kill_on_drop: false }`
[INFO] running `Command { std: "docker" "rm" "-f" "519a34dcc74eb96f914b6d4c5ada90f53c3c47096df8b178207dfd8c08850d38", kill_on_drop: false }`
[INFO] [stdout] 519a34dcc74eb96f914b6d4c5ada90f53c3c47096df8b178207dfd8c08850d38
