[INFO] cloning repository https://github.com/0xCold/FaceFighters
[INFO] running `Command { std: "git" "-c" "credential.helper=" "-c" "credential.helper=/workspace/cargo-home/bin/git-credential-null" "clone" "--bare" "https://github.com/0xCold/FaceFighters" "/workspace/cache/git-repos/https%3A%2F%2Fgithub.com%2F0xCold%2FFaceFighters", kill_on_drop: false }`
[INFO] [stderr] Cloning into bare repository '/workspace/cache/git-repos/https%3A%2F%2Fgithub.com%2F0xCold%2FFaceFighters'...
[INFO] running `Command { std: "git" "rev-parse" "HEAD", kill_on_drop: false }`
[INFO] [stdout] 2adafd7bd9e53ab8bc49b563d403287b2563bdf3
[INFO] documenting 0xCold/FaceFighters against beta-2023-04-20 for beta-1.70-rustdoc-1
[INFO] running `Command { std: "git" "clone" "/workspace/cache/git-repos/https%3A%2F%2Fgithub.com%2F0xCold%2FFaceFighters" "/workspace/builds/worker-7-tc2/source", kill_on_drop: false }`
[INFO] [stderr] Cloning into '/workspace/builds/worker-7-tc2/source'...
[INFO] [stderr] done.
[INFO] validating manifest of git repo https://github.com/0xCold/FaceFighters on toolchain beta-2023-04-20
[INFO] running `Command { std: CARGO_HOME="/workspace/cargo-home" RUSTUP_HOME="/workspace/rustup-home" "/workspace/cargo-home/bin/cargo" "+beta-2023-04-20" "metadata" "--manifest-path" "Cargo.toml" "--no-deps", kill_on_drop: false }`
[INFO] started tweaking git repo https://github.com/0xCold/FaceFighters
[INFO] finished tweaking git repo https://github.com/0xCold/FaceFighters
[INFO] tweaked toml for git repo https://github.com/0xCold/FaceFighters written to /workspace/builds/worker-7-tc2/source/Cargo.toml
[INFO] crate git repo https://github.com/0xCold/FaceFighters already has a lockfile, it will not be regenerated
[INFO] running `Command { std: CARGO_HOME="/workspace/cargo-home" RUSTUP_HOME="/workspace/rustup-home" "/workspace/cargo-home/bin/cargo" "+beta-2023-04-20" "fetch" "--manifest-path" "Cargo.toml", kill_on_drop: false }`
[INFO] [stderr]     Updating crates.io index
[INFO] [stderr]  Downloading crates ...
[INFO] [stderr]   Downloaded solana-logger v1.9.9
[INFO] [stderr]   Downloaded spl-token v3.3.0
[INFO] [stderr]   Downloaded solana-sdk-macro v1.9.9
[INFO] [stderr]   Downloaded spl-associated-token-account v1.0.3
[INFO] [stderr]   Downloaded anchor-attribute-account v0.21.0
[INFO] [stderr]   Downloaded anchor-attribute-access-control v0.21.0
[INFO] [stderr]   Downloaded anchor-attribute-event v0.21.0
[INFO] [stderr]   Downloaded anchor-syn v0.21.0
[INFO] [stderr]   Downloaded anchor-attribute-constant v0.21.0
[INFO] [stderr]   Downloaded anchor-spl v0.21.0
[INFO] [stderr]   Downloaded anchor-attribute-error v0.21.0
[INFO] [stderr]   Downloaded anchor-attribute-interface v0.21.0
[INFO] [stderr]   Downloaded anchor-attribute-program v0.21.0
[INFO] [stderr]   Downloaded anchor-attribute-state v0.21.0
[INFO] [stderr]   Downloaded anyhow v1.0.55
[INFO] [stderr]   Downloaded anchor-derive-accounts v0.21.0
[INFO] [stderr]   Downloaded anchor-lang v0.21.0
[INFO] [stderr]   Downloaded solana-program v1.9.9
[INFO] [stderr]   Downloaded solana-frozen-abi v1.9.9
[INFO] [stderr]   Downloaded solana-frozen-abi-macro v1.9.9
[INFO] running `Command { std: "docker" "create" "-v" "/var/lib/crater-agent-workspace/builds/worker-7-tc2/target:/opt/rustwide/target:rw,Z" "-v" "/var/lib/crater-agent-workspace/builds/worker-7-tc2/source:/opt/rustwide/workdir:ro,Z" "-v" "/var/lib/crater-agent-workspace/cargo-home:/opt/rustwide/cargo-home:ro,Z" "-v" "/var/lib/crater-agent-workspace/rustup-home:/opt/rustwide/rustup-home:ro,Z" "-e" "SOURCE_DIR=/opt/rustwide/workdir" "-e" "CARGO_TARGET_DIR=/opt/rustwide/target" "-e" "CARGO_HOME=/opt/rustwide/cargo-home" "-e" "RUSTUP_HOME=/opt/rustwide/rustup-home" "-w" "/opt/rustwide/workdir" "-m" "1610612736" "--user" "0:0" "--network" "none" "ghcr.io/rust-lang/crates-build-env/linux@sha256:5ff2268d62e97bff2cde7d5815dd6ed5b47097566f13b8d0ca110b04b60e07ed" "/opt/rustwide/cargo-home/bin/cargo" "+beta-2023-04-20" "metadata" "--no-deps" "--format-version=1", kill_on_drop: false }`
[INFO] [stdout] 0dbd1ebb94edd6ae464be6b2a61dc490eccb89e0ad44b115d121d274ad4c36e9
[INFO] running `Command { std: "docker" "start" "-a" "0dbd1ebb94edd6ae464be6b2a61dc490eccb89e0ad44b115d121d274ad4c36e9", kill_on_drop: false }`
[INFO] running `Command { std: "docker" "inspect" "0dbd1ebb94edd6ae464be6b2a61dc490eccb89e0ad44b115d121d274ad4c36e9", kill_on_drop: false }`
[INFO] running `Command { std: "docker" "rm" "-f" "0dbd1ebb94edd6ae464be6b2a61dc490eccb89e0ad44b115d121d274ad4c36e9", kill_on_drop: false }`
[INFO] [stdout] 0dbd1ebb94edd6ae464be6b2a61dc490eccb89e0ad44b115d121d274ad4c36e9
[INFO] running `Command { std: "docker" "create" "-v" "/var/lib/crater-agent-workspace/builds/worker-7-tc2/target:/opt/rustwide/target:rw,Z" "-v" "/var/lib/crater-agent-workspace/builds/worker-7-tc2/source:/opt/rustwide/workdir:ro,Z" "-v" "/var/lib/crater-agent-workspace/cargo-home:/opt/rustwide/cargo-home:ro,Z" "-v" "/var/lib/crater-agent-workspace/rustup-home:/opt/rustwide/rustup-home:ro,Z" "-e" "SOURCE_DIR=/opt/rustwide/workdir" "-e" "CARGO_TARGET_DIR=/opt/rustwide/target" "-e" "CARGO_INCREMENTAL=0" "-e" "RUST_BACKTRACE=full" "-e" "RUSTFLAGS=--cap-lints=warn" "-e" "RUSTDOCFLAGS=--cap-lints=warn" "-e" "CARGO_HOME=/opt/rustwide/cargo-home" "-e" "RUSTUP_HOME=/opt/rustwide/rustup-home" "-w" "/opt/rustwide/workdir" "-m" "1610612736" "--user" "0:0" "--network" "none" "ghcr.io/rust-lang/crates-build-env/linux@sha256:5ff2268d62e97bff2cde7d5815dd6ed5b47097566f13b8d0ca110b04b60e07ed" "/opt/rustwide/cargo-home/bin/cargo" "+beta-2023-04-20" "doc" "--frozen" "--no-deps" "--document-private-items" "--message-format=json", kill_on_drop: false }`
[INFO] [stdout] 986bdfdd33a5e2078b0160c66cd5b70b818e4eff8f7cc4686e50e5cd0241ab27
[INFO] running `Command { std: "docker" "start" "-a" "986bdfdd33a5e2078b0160c66cd5b70b818e4eff8f7cc4686e50e5cd0241ab27", kill_on_drop: false }`
[INFO] [stderr]    Compiling unicode-xid v0.2.2
[INFO] [stderr]    Compiling syn v1.0.86
[INFO] [stderr]    Compiling serde_derive v1.0.136
[INFO] [stderr]    Compiling serde v1.0.136
[INFO] [stderr]    Compiling typenum v1.15.0
[INFO] [stderr]    Compiling libc v0.2.119
[INFO] [stderr]    Compiling generic-array v0.14.5
[INFO] [stderr]    Compiling cfg-if v1.0.0
[INFO] [stderr]    Compiling memchr v2.4.1
[INFO] [stderr]    Compiling proc-macro2 v1.0.36
[INFO] [stderr]    Compiling semver v1.0.6
[INFO] [stderr]    Compiling log v0.4.14
[INFO] [stderr]    Compiling crunchy v0.2.2
[INFO] [stderr]    Compiling proc-macro2-diagnostics v0.9.1
[INFO] [stderr]    Compiling block-padding v0.2.1
[INFO] [stderr]    Compiling quote v1.0.15
[INFO] [stderr]    Compiling serde_json v1.0.79
[INFO] [stderr]    Compiling anyhow v1.0.55
[INFO] [stderr]    Compiling cpufeatures v0.2.1
[INFO] [stderr]    Compiling rustc_version v0.4.0
[INFO] [stderr]     Checking subtle v2.4.1
[INFO] [stderr]    Compiling opaque-debug v0.3.0
[INFO] [stderr]    Compiling yansi v0.5.0
[INFO] [stderr]    Compiling unicode-segmentation v1.9.0
[INFO] [stderr]    Compiling ryu v1.0.9
[INFO] [stderr]    Compiling itoa v1.0.1
[INFO] [stderr]    Compiling bs58 v0.3.1
[INFO] [stderr]    Compiling getrandom v0.1.16
[INFO] [stderr]    Compiling heck v0.3.3
[INFO] [stderr]    Compiling wasm-bindgen-shared v0.2.79
[INFO] [stderr]    Compiling ahash v0.7.6
[INFO] [stderr]    Compiling feature-probe v0.1.1
[INFO] [stderr]    Compiling lazy_static v1.4.0
[INFO] [stderr]    Compiling rustversion v1.0.6
[INFO] [stderr]     Checking rand_core v0.5.1
[INFO] [stderr]     Checking regex-syntax v0.6.25
[INFO] [stderr]    Compiling bumpalo v3.9.1
[INFO] [stderr]     Checking aho-corasick v0.7.18
[INFO] [stderr]    Compiling bv v0.11.1
[INFO] [stderr]    Compiling solana-frozen-abi-macro v1.9.9
[INFO] [stderr]     Checking atty v0.2.14
[INFO] [stderr]     Checking getrandom v0.2.5
[INFO] [stderr]    Compiling cc v1.0.73
[INFO] [stderr]     Checking humantime v2.1.0
[INFO] [stderr]     Checking termcolor v1.1.2
[INFO] [stderr]     Checking once_cell v1.9.0
[INFO] [stderr]     Checking ppv-lite86 v0.2.16
[INFO] [stderr]    Compiling num-traits v0.2.14
[INFO] [stderr]     Checking rand_chacha v0.2.2
[INFO] [stderr]    Compiling solana-frozen-abi v1.9.9
[INFO] [stderr]     Checking arrayref v0.3.6
[INFO] [stderr]    Compiling wasm-bindgen v0.2.79
[INFO] [stderr]    Compiling bs58 v0.4.0
[INFO] [stderr]     Checking rand v0.7.3
[INFO] [stderr]     Checking hashbrown v0.11.2
[INFO] [stderr]    Compiling solana-program v1.9.9
[INFO] [stderr]     Checking regex v1.5.4
[INFO] [stderr]     Checking memmap2 v0.5.3
[INFO] [stderr]     Checking either v1.6.1
[INFO] [stderr]     Checking constant_time_eq v0.1.5
[INFO] [stderr]     Checking byteorder v1.4.3
[INFO] [stderr]     Checking arrayvec v0.7.2
[INFO] [stderr]     Checking zeroize v1.3.0
[INFO] [stderr]     Checking keccak v0.1.0
[INFO] [stderr]    Compiling blake3 v1.3.1
[INFO] [stderr]     Checking base64 v0.12.3
[INFO] [stderr]     Checking itertools v0.10.3
[INFO] [stderr]     Checking bitflags v1.3.2
[INFO] [stderr]     Checking env_logger v0.9.0
[INFO] [stderr]     Checking solana-logger v1.9.9
[INFO] [stderr]    Compiling wasm-bindgen-backend v0.2.79
[INFO] [stderr]    Compiling borsh-derive-internal v0.9.3
[INFO] [stderr]    Compiling borsh-schema-derive-internal v0.9.3
[INFO] [stderr]    Compiling wasm-bindgen-macro-support v0.2.79
[INFO] [stderr]    Compiling thiserror-impl v1.0.30
[INFO] [stderr]    Compiling bytemuck_derive v1.0.1
[INFO] [stderr]    Compiling num-derive v0.3.3
[INFO] [stderr]    Compiling solana-sdk-macro v1.9.9
[INFO] [stderr]    Compiling wasm-bindgen-macro v0.2.79
[INFO] [stderr]     Checking bytemuck v1.7.3
[INFO] [stderr]    Compiling thiserror v1.0.30
[INFO] [stderr]     Checking serde_bytes v0.11.5
[INFO] [stderr]     Checking bincode v1.3.3
[INFO] [stderr]    Compiling toml v0.5.8
[INFO] [stderr]     Checking digest v0.9.0
[INFO] [stderr]     Checking block-buffer v0.9.0
[INFO] [stderr]     Checking crypto-mac v0.8.0
[INFO] [stderr]     Checking crypto-common v0.1.3
[INFO] [stderr]     Checking block-buffer v0.10.2
[INFO] [stderr]     Checking sha2 v0.9.9
[INFO] [stderr]     Checking hmac v0.8.1
[INFO] [stderr]     Checking libsecp256k1-core v0.2.2
[INFO] [stderr]     Checking sha3 v0.9.1
[INFO] [stderr]     Checking digest v0.10.3
[INFO] [stderr]     Checking hmac-drbg v0.3.0
[INFO] [stderr]     Checking curve25519-dalek v3.2.1
[INFO] [stderr]    Compiling proc-macro-crate v0.1.5
[INFO] [stderr]    Compiling proc-macro-crate v1.1.3
[INFO] [stderr]    Compiling anchor-syn v0.21.0
[INFO] [stderr]    Compiling borsh-derive v0.9.3
[INFO] [stderr]    Compiling num_enum_derive v0.5.6
[INFO] [stderr]    Compiling libsecp256k1-gen-genmult v0.2.1
[INFO] [stderr]    Compiling libsecp256k1-gen-ecmult v0.2.1
[INFO] [stderr]    Compiling libsecp256k1 v0.6.0
[INFO] [stderr]     Checking borsh v0.9.3
[INFO] [stderr]     Checking num_enum v0.5.6
[INFO] [stderr]    Compiling anchor-attribute-program v0.21.0
[INFO] [stderr]    Compiling anchor-derive-accounts v0.21.0
[INFO] [stderr]    Compiling anchor-attribute-event v0.21.0
[INFO] [stderr]    Compiling anchor-attribute-interface v0.21.0
[INFO] [stderr]    Compiling anchor-attribute-error v0.21.0
[INFO] [stderr]    Compiling anchor-attribute-access-control v0.21.0
[INFO] [stderr]    Compiling anchor-attribute-constant v0.21.0
[INFO] [stderr]    Compiling anchor-attribute-account v0.21.0
[INFO] [stderr]    Compiling anchor-attribute-state v0.21.0
[INFO] [stderr]     Checking spl-token v3.3.0
[INFO] [stderr]     Checking anchor-lang v0.21.0
[INFO] [stderr]     Checking spl-associated-token-account v1.0.3
[INFO] [stderr]     Checking anchor-spl v0.21.0
[INFO] [stderr]     Checking FighterGenerator v0.1.0 (/opt/rustwide/workdir/programs/FighterGenerator)
[INFO] [stderr]  Documenting FighterGenerator v0.1.0 (/opt/rustwide/workdir/programs/FighterGenerator)
[INFO] [stdout] error[E0583]: file not found for module `util`
[INFO] [stdout]   --> programs/FighterGenerator/src/lib.rs:12:1
[INFO] [stdout]    |
[INFO] [stdout] 12 | pub mod util;
[INFO] [stdout]    | ^^^^^^^^^^^^^
[INFO] [stdout]    |
[INFO] [stdout]    = help: to create the module `util`, create file "programs/FighterGenerator/src/util.rs" or "programs/FighterGenerator/src/util/mod.rs"
[INFO] [stdout] 
[INFO] [stdout] 
[INFO] [stdout] error[E0583]: file not found for module `util`
[INFO] [stdout]   --> programs/FighterGenerator/src/lib.rs:12:1
[INFO] [stdout]    |
[INFO] [stdout] 12 | pub mod util;
[INFO] [stdout]    | ^^^^^^^^^^^^^
[INFO] [stdout]    |
[INFO] [stdout]    = help: to create the module `util`, create file "programs/FighterGenerator/src/util.rs" or "programs/FighterGenerator/src/util/mod.rs"
[INFO] [stdout] 
[INFO] [stdout] 
[INFO] [stdout] error[E0432]: unresolved import `util::generate_random_integer`
[INFO] [stdout]  --> programs/FighterGenerator/src/lib.rs:7:5
[INFO] [stdout]   |
[INFO] [stdout] 7 |     generate_random_integer
[INFO] [stdout]   |     ^^^^^^^^^^^^^^^^^^^^^^^ no `generate_random_integer` in `util`
[INFO] [stdout] 
[INFO] [stdout] 
[INFO] [stdout] error[E0432]: unresolved import `util::generate_random_integer`
[INFO] [stdout]  --> programs/FighterGenerator/src/lib.rs:7:5
[INFO] [stdout]   |
[INFO] [stdout] 7 |     generate_random_integer
[INFO] [stdout]   |     ^^^^^^^^^^^^^^^^^^^^^^^ no `generate_random_integer` in `util`
[INFO] [stdout] 
[INFO] [stdout] 
[INFO] [stdout] error[E0425]: cannot find value `candy_machine_creator` in this scope
[INFO] [stdout]   --> programs/FighterGenerator/src/lib.rs:78:17
[INFO] [stdout]    |
[INFO] [stdout] 78 |                 candy_machine_creator.key(),
[INFO] [stdout]    |                 ^^^^^^^^^^^^^^^^^^^^^ not found in this scope
[INFO] [stdout] 
[INFO] [stdout] 
[INFO] [stdout] error[E0425]: cannot find value `config_line` in this scope
[INFO] [stdout]   --> programs/FighterGenerator/src/lib.rs:79:17
[INFO] [stdout]    |
[INFO] [stdout] 79 |                 config_line.name,
[INFO] [stdout]    |                 ^^^^^^^^^^^ not found in this scope
[INFO] [stdout] 
[INFO] [stdout] 
[INFO] [stdout] error[E0425]: cannot find value `candy_machine` in this scope
[INFO] [stdout]   --> programs/FighterGenerator/src/lib.rs:80:17
[INFO] [stdout]    |
[INFO] [stdout] 80 |                 candy_machine.data.symbol.clone(),
[INFO] [stdout]    |                 ^^^^^^^^^^^^^ not found in this scope
[INFO] [stdout] 
[INFO] [stdout] 
[INFO] [stdout] error[E0425]: cannot find value `config_line` in this scope
[INFO] [stdout]   --> programs/FighterGenerator/src/lib.rs:81:17
[INFO] [stdout]    |
[INFO] [stdout] 81 |                 config_line.uri,
[INFO] [stdout]    |                 ^^^^^^^^^^^ not found in this scope
[INFO] [stdout] 
[INFO] [stdout] 
[INFO] [stdout] error[E0425]: cannot find value `creators` in this scope
[INFO] [stdout]   --> programs/FighterGenerator/src/lib.rs:82:22
[INFO] [stdout]    |
[INFO] [stdout] 82 |                 Some(creators),
[INFO] [stdout]    |                      ^^^^^^^^ not found in this scope
[INFO] [stdout] 
[INFO] [stdout] 
[INFO] [stdout] error[E0425]: cannot find value `candy_machine` in this scope
[INFO] [stdout]   --> programs/FighterGenerator/src/lib.rs:83:17
[INFO] [stdout]    |
[INFO] [stdout] 83 |                 candy_machine.data.seller_fee_basis_points,
[INFO] [stdout]    |                 ^^^^^^^^^^^^^ not found in this scope
[INFO] [stdout] 
[INFO] [stdout] 
[INFO] [stdout] error[E0425]: cannot find value `candy_machine` in this scope
[INFO] [stdout]   --> programs/FighterGenerator/src/lib.rs:85:17
[INFO] [stdout]    |
[INFO] [stdout] 85 |                 candy_machine.data.is_mutable,
[INFO] [stdout]    |                 ^^^^^^^^^^^^^ not found in this scope
[INFO] [stdout] 
[INFO] [stdout] 
[INFO] [stdout] error[E0425]: cannot find value `authority_seeds` in this scope
[INFO] [stdout]   --> programs/FighterGenerator/src/lib.rs:90:16
[INFO] [stdout]    |
[INFO] [stdout] 90 |             &[&authority_seeds],
[INFO] [stdout]    |                ^^^^^^^^^^^^^^^ not found in this scope
[INFO] [stdout] 
[INFO] [stdout] 
[INFO] [stdout] error[E0425]: cannot find value `candy_machine_creator` in this scope
[INFO] [stdout]   --> programs/FighterGenerator/src/lib.rs:97:17
[INFO] [stdout]    |
[INFO] [stdout] 97 |                 candy_machine_creator.key(),
[INFO] [stdout]    |                 ^^^^^^^^^^^^^^^^^^^^^ not found in this scope
[INFO] [stdout] 
[INFO] [stdout] 
[INFO] [stdout] error[E0425]: cannot find value `candy_machine` in this scope
[INFO] [stdout]    --> programs/FighterGenerator/src/lib.rs:101:22
[INFO] [stdout]     |
[INFO] [stdout] 101 |                 Some(candy_machine.data.max_supply),
[INFO] [stdout]     |                      ^^^^^^^^^^^^^ not found in this scope
[INFO] [stdout] 
[INFO] [stdout] 
[INFO] [stdout] error[E0425]: cannot find value `authority_seeds` in this scope
[INFO] [stdout]    --> programs/FighterGenerator/src/lib.rs:104:16
[INFO] [stdout]     |
[INFO] [stdout] 104 |             &[&authority_seeds],
[INFO] [stdout]     |                ^^^^^^^^^^^^^^^ not found in this scope
[INFO] [stdout] 
[INFO] [stdout] 
[INFO] [stdout] error: aborting due to 2 previous errors
[INFO] [stdout] 
[INFO] [stdout] 
[INFO] [stdout] Some errors have detailed explanations: E0432, E0583.
[INFO] [stdout] 
[INFO] [stdout] For more information about an error, try `rustc --explain E0432`.
[INFO] [stdout] 
[INFO] [stderr] error: could not document `FighterGenerator`
[INFO] [stderr] 
[INFO] [stderr] Caused by:
[INFO] [stderr]   process didn't exit successfully: `rustdoc --edition=2018 --crate-type cdylib --crate-type lib --crate-name fighter_generator programs/FighterGenerator/src/lib.rs -o /opt/rustwide/target/doc --cfg 'feature="cpi"' --cfg 'feature="default"' --cfg 'feature="no-entrypoint"' --error-format=json --json=diagnostic-rendered-ansi,artifacts,future-incompat --document-private-items -C metadata=7bf0425696360258 -L dependency=/opt/rustwide/target/debug/deps --extern anchor_lang=/opt/rustwide/target/debug/deps/libanchor_lang-73a90f724d7c835b.rmeta --extern anchor_spl=/opt/rustwide/target/debug/deps/libanchor_spl-c6a26b5c59edcb75.rmeta --extern spl_token=/opt/rustwide/target/debug/deps/libspl_token-248eb0be49ff3a89.rmeta --cap-lints=warn --crate-version 0.1.0` (exit status: 1)
[INFO] [stderr] warning: build failed, waiting for other jobs to finish...
[INFO] [stdout] error[E0609]: no field `fighter_master_edition` on type `&mut instructions::GenerateFighter<'_>`
[INFO] [stdout]   --> programs/FighterGenerator/src/lib.rs:60:26
[INFO] [stdout]    |
[INFO] [stdout] 60 |             ctx.accounts.fighter_master_edition.to_account_info(),
[INFO] [stdout]    |                          ^^^^^^^^^^^^^^^^^^^^^^ unknown field
[INFO] [stdout]    |
[INFO] [stdout]    = note: available fields are: `minter`, `authority`, `fighter_generator`, `whitelist_token_mint`, `whitelist_token_storage` ... and 11 others
[INFO] [stdout] 
[INFO] [stdout] 
[INFO] [stdout] error[E0609]: no field `mint_authority` on type `&mut instructions::GenerateFighter<'_>`
[INFO] [stdout]   --> programs/FighterGenerator/src/lib.rs:76:30
[INFO] [stdout]    |
[INFO] [stdout] 76 |                 ctx.accounts.mint_authority.key(),
[INFO] [stdout]    |                              ^^^^^^^^^^^^^^ unknown field
[INFO] [stdout]    |
[INFO] [stdout]    = note: available fields are: `minter`, `authority`, `fighter_generator`, `whitelist_token_mint`, `whitelist_token_storage` ... and 11 others
[INFO] [stdout] help: some of the expressions' fields have a field of the same name
[INFO] [stdout]    |
[INFO] [stdout] 76 |                 ctx.accounts.fighter_mint.mint_authority.key(),
[INFO] [stdout]    |                              +++++++++++++
[INFO] [stdout] 76 |                 ctx.accounts.fighter_tracker_coin_mint.mint_authority.key(),
[INFO] [stdout]    |                              ++++++++++++++++++++++++++
[INFO] [stdout] 76 |                 ctx.accounts.whitelist_token_mint.mint_authority.key(),
[INFO] [stdout]    |                              +++++++++++++++++++++
[INFO] [stdout] 
[INFO] [stdout] 
[INFO] [stdout] error[E0425]: cannot find function `create_metadata_accounts_v2` in this scope
[INFO] [stdout]   --> programs/FighterGenerator/src/lib.rs:72:14
[INFO] [stdout]    |
[INFO] [stdout] 72 |             &create_metadata_accounts_v2(
[INFO] [stdout]    |              ^^^^^^^^^^^^^^^^^^^^^^^^^^^ not found in this scope
[INFO] [stdout] 
[INFO] [stdout] 
[INFO] [stdout] error[E0425]: cannot find function `invoke_signed` in this scope
[INFO] [stdout]   --> programs/FighterGenerator/src/lib.rs:71:9
[INFO] [stdout]    |
[INFO] [stdout] 71 |         invoke_signed(
[INFO] [stdout]    |         ^^^^^^^^^^^^^ not found in this scope
[INFO] [stdout] 
[INFO] [stdout] 
[INFO] [stdout] error[E0609]: no field `master_edition` on type `&mut instructions::GenerateFighter<'_>`
[INFO] [stdout]   --> programs/FighterGenerator/src/lib.rs:95:30
[INFO] [stdout]    |
[INFO] [stdout] 95 |                 ctx.accounts.master_edition.key(),
[INFO] [stdout]    |                              ^^^^^^^^^^^^^^ unknown field
[INFO] [stdout]    |
[INFO] [stdout]    = note: available fields are: `minter`, `authority`, `fighter_generator`, `whitelist_token_mint`, `whitelist_token_storage` ... and 11 others
[INFO] [stdout] 
[INFO] [stdout] 
[INFO] [stdout] error[E0609]: no field `mint` on type `&mut instructions::GenerateFighter<'_>`
[INFO] [stdout]   --> programs/FighterGenerator/src/lib.rs:96:30
[INFO] [stdout]    |
[INFO] [stdout] 96 |                 ctx.accounts.mint.key(),
[INFO] [stdout]    |                              ^^^^ unknown field
[INFO] [stdout]    |
[INFO] [stdout]    = note: available fields are: `minter`, `authority`, `fighter_generator`, `whitelist_token_mint`, `whitelist_token_storage` ... and 11 others
[INFO] [stdout] help: some of the expressions' fields have a field of the same name
[INFO] [stdout]    |
[INFO] [stdout] 96 |                 ctx.accounts.fighter_destination.mint.key(),
[INFO] [stdout]    |                              ++++++++++++++++++++
[INFO] [stdout] 96 |                 ctx.accounts.fighter_tracker_coin_destination.mint.key(),
[INFO] [stdout]    |                              +++++++++++++++++++++++++++++++++
[INFO] [stdout] 
[INFO] [stdout] 
[INFO] [stdout] error[E0609]: no field `mint_authority` on type `&mut instructions::GenerateFighter<'_>`
[INFO] [stdout]   --> programs/FighterGenerator/src/lib.rs:98:30
[INFO] [stdout]    |
[INFO] [stdout] 98 |                 ctx.accounts.mint_authority.key(),
[INFO] [stdout]    |                              ^^^^^^^^^^^^^^ unknown field
[INFO] [stdout]    |
[INFO] [stdout]    = note: available fields are: `minter`, `authority`, `fighter_generator`, `whitelist_token_mint`, `whitelist_token_storage` ... and 11 others
[INFO] [stdout] help: some of the expressions' fields have a field of the same name
[INFO] [stdout]    |
[INFO] [stdout] 98 |                 ctx.accounts.fighter_mint.mint_authority.key(),
[INFO] [stdout]    |                              +++++++++++++
[INFO] [stdout] 98 |                 ctx.accounts.fighter_tracker_coin_mint.mint_authority.key(),
[INFO] [stdout]    |                              ++++++++++++++++++++++++++
[INFO] [stdout] 98 |                 ctx.accounts.whitelist_token_mint.mint_authority.key(),
[INFO] [stdout]    |                              +++++++++++++++++++++
[INFO] [stdout] 
[INFO] [stdout] 
[INFO] [stdout] error[E0609]: no field `metadata` on type `&mut instructions::GenerateFighter<'_>`
[INFO] [stdout]   --> programs/FighterGenerator/src/lib.rs:99:30
[INFO] [stdout]    |
[INFO] [stdout] 99 |                 ctx.accounts.metadata.key(),
[INFO] [stdout]    |                              ^^^^^^^^ unknown field
[INFO] [stdout]    |
[INFO] [stdout]    = note: available fields are: `minter`, `authority`, `fighter_generator`, `whitelist_token_mint`, `whitelist_token_storage` ... and 11 others
[INFO] [stdout] 
[INFO] [stdout] 
[INFO] [stdout] error[E0609]: no field `payer` on type `&mut instructions::GenerateFighter<'_>`
[INFO] [stdout]    --> programs/FighterGenerator/src/lib.rs:100:30
[INFO] [stdout]     |
[INFO] [stdout] 100 |                 ctx.accounts.payer.key(),
[INFO] [stdout]     |                              ^^^^^ unknown field
[INFO] [stdout]     |
[INFO] [stdout]     = note: available fields are: `minter`, `authority`, `fighter_generator`, `whitelist_token_mint`, `whitelist_token_storage` ... and 11 others
[INFO] [stdout] 
[INFO] [stdout] 
[INFO] [stdout] error[E0425]: cannot find function `create_master_edition_v3` in this scope
[INFO] [stdout]   --> programs/FighterGenerator/src/lib.rs:93:14
[INFO] [stdout]    |
[INFO] [stdout] 93 |             &create_master_edition_v3(
[INFO] [stdout]    |              ^^^^^^^^^^^^^^^^^^^^^^^^ not found in this scope
[INFO] [stdout] 
[INFO] [stdout] 
[INFO] [stdout] error[E0425]: cannot find function `invoke_signed` in this scope
[INFO] [stdout]   --> programs/FighterGenerator/src/lib.rs:92:9
[INFO] [stdout]    |
[INFO] [stdout] 92 |         invoke_signed(
[INFO] [stdout]    |         ^^^^^^^^^^^^^ not found in this scope
[INFO] [stdout] 
[INFO] [stdout] 
[INFO] [stdout] error: aborting due to 24 previous errors
[INFO] [stdout] 
[INFO] [stdout] 
[INFO] [stdout] Some errors have detailed explanations: E0425, E0432, E0583, E0609.
[INFO] [stdout] 
[INFO] [stdout] For more information about an error, try `rustc --explain E0425`.
[INFO] [stdout] 
[INFO] [stderr] error: could not compile `FighterGenerator` (lib) due to 25 previous errors
[INFO] running `Command { std: "docker" "inspect" "986bdfdd33a5e2078b0160c66cd5b70b818e4eff8f7cc4686e50e5cd0241ab27", kill_on_drop: false }`
[INFO] running `Command { std: "docker" "rm" "-f" "986bdfdd33a5e2078b0160c66cd5b70b818e4eff8f7cc4686e50e5cd0241ab27", kill_on_drop: false }`
[INFO] [stdout] 986bdfdd33a5e2078b0160c66cd5b70b818e4eff8f7cc4686e50e5cd0241ab27
