[INFO] fetching crate zenoh-backend-filesystem 0.7.0-rc...
[INFO] documenting zenoh-backend-filesystem-0.7.0-rc against 1.69.0 for beta-1.70-rustdoc-1
[INFO] extracting crate zenoh-backend-filesystem 0.7.0-rc into /workspace/builds/worker-1-tc1/source
[INFO] validating manifest of crates.io crate zenoh-backend-filesystem 0.7.0-rc on toolchain 1.69.0
[INFO] running `Command { std: CARGO_HOME="/workspace/cargo-home" RUSTUP_HOME="/workspace/rustup-home" "/workspace/cargo-home/bin/cargo" "+1.69.0" "metadata" "--manifest-path" "Cargo.toml" "--no-deps", kill_on_drop: false }`
[INFO] removed /workspace/builds/worker-1-tc1/source/.cargo/config
[INFO] removed /workspace/builds/worker-1-tc1/source/rust-toolchain
[INFO] started tweaking crates.io crate zenoh-backend-filesystem 0.7.0-rc
[INFO] finished tweaking crates.io crate zenoh-backend-filesystem 0.7.0-rc
[INFO] tweaked toml for crates.io crate zenoh-backend-filesystem 0.7.0-rc written to /workspace/builds/worker-1-tc1/source/Cargo.toml
[INFO] running `Command { std: CARGO_HOME="/workspace/cargo-home" RUSTUP_HOME="/workspace/rustup-home" __CARGO_TEST_CHANNEL_OVERRIDE_DO_NOT_USE_THIS="nightly" "/workspace/cargo-home/bin/cargo" "+1.69.0" "generate-lockfile" "--manifest-path" "Cargo.toml" "-Zno-index-update", kill_on_drop: false }`
[INFO] running `Command { std: CARGO_HOME="/workspace/cargo-home" RUSTUP_HOME="/workspace/rustup-home" "/workspace/cargo-home/bin/cargo" "+1.69.0" "fetch" "--manifest-path" "Cargo.toml", kill_on_drop: false }`
[INFO] [stderr]  Downloading crates ...
[INFO] [stderr]   Downloaded zenoh-util v0.7.0-rc
[INFO] [stderr]   Downloaded zenoh-crypto v0.7.0-rc
[INFO] [stderr]   Downloaded zenoh-macros v0.7.0-rc
[INFO] [stderr]   Downloaded zenoh-core v0.7.0-rc
[INFO] [stderr]   Downloaded zenoh-sync v0.7.0-rc
[INFO] [stderr]   Downloaded zenoh-collections v0.7.0-rc
[INFO] [stderr]   Downloaded zenoh-cfg-properties v0.7.0-rc
[INFO] [stderr]   Downloaded zenoh-protocol v0.7.0-rc
[INFO] [stderr]   Downloaded zenoh-protocol-core v0.7.0-rc
[INFO] [stderr]   Downloaded zenoh v0.7.0-rc
[INFO] [stderr]   Downloaded zenoh-buffers v0.7.0-rc
[INFO] [stderr]   Downloaded zenoh-link-unixsock_stream v0.7.0-rc
[INFO] [stderr]   Downloaded zenoh-link-tls v0.7.0-rc
[INFO] [stderr]   Downloaded zenoh-link-udp v0.7.0-rc
[INFO] [stderr]   Downloaded async-rustls v0.3.0
[INFO] [stderr]   Downloaded validated_struct_macros v2.1.0
[INFO] [stderr]   Downloaded zenoh-link-quic v0.7.0-rc
[INFO] [stderr]   Downloaded zenoh-link-tcp v0.7.0-rc
[INFO] [stderr]   Downloaded zenoh-plugin-trait v0.7.0-rc
[INFO] [stderr]   Downloaded pnet_macros_support v0.31.0
[INFO] [stderr]   Downloaded rsa v0.7.2
[INFO] [stderr]   Downloaded stop-token v0.7.0
[INFO] [stderr]   Downloaded pnet_transport v0.31.0
[INFO] [stderr]   Downloaded ipnetwork v0.19.0
[INFO] [stderr]   Downloaded pnet_macros v0.31.0
[INFO] [stderr]   Downloaded pnet_packet v0.31.0
[INFO] [stderr]   Downloaded pnet_datalink v0.31.0
[INFO] [stderr]   Downloaded pnet v0.31.0
[INFO] [stderr]   Downloaded pnet_base v0.31.0
[INFO] [stderr]   Downloaded zenoh_backend_traits v0.7.0-rc
[INFO] [stderr]   Downloaded ringbuffer-spsc v0.1.9
[INFO] [stderr]   Downloaded zenoh-config v0.7.0-rc
[INFO] [stderr]   Downloaded validated_struct v2.1.0
[INFO] [stderr]   Downloaded zenoh-link-commons v0.7.0-rc
[INFO] [stderr]   Downloaded zenoh-link v0.7.0-rc
[INFO] [stderr]   Downloaded zenoh-transport v0.7.0-rc
[INFO] running `Command { std: "docker" "create" "-v" "/var/lib/crater-agent-workspace/builds/worker-1-tc1/target:/opt/rustwide/target:rw,Z" "-v" "/var/lib/crater-agent-workspace/builds/worker-1-tc1/source:/opt/rustwide/workdir:ro,Z" "-v" "/var/lib/crater-agent-workspace/cargo-home:/opt/rustwide/cargo-home:ro,Z" "-v" "/var/lib/crater-agent-workspace/rustup-home:/opt/rustwide/rustup-home:ro,Z" "-e" "SOURCE_DIR=/opt/rustwide/workdir" "-e" "CARGO_TARGET_DIR=/opt/rustwide/target" "-e" "CARGO_HOME=/opt/rustwide/cargo-home" "-e" "RUSTUP_HOME=/opt/rustwide/rustup-home" "-w" "/opt/rustwide/workdir" "-m" "1610612736" "--user" "0:0" "--network" "none" "ghcr.io/rust-lang/crates-build-env/linux@sha256:5ff2268d62e97bff2cde7d5815dd6ed5b47097566f13b8d0ca110b04b60e07ed" "/opt/rustwide/cargo-home/bin/cargo" "+1.69.0" "metadata" "--no-deps" "--format-version=1", kill_on_drop: false }`
[INFO] [stdout] b401c9cbd2af966b723d16346ffcf99ddc08fb2611c65b2bc5c09bc6bd0dc331
[INFO] running `Command { std: "docker" "start" "-a" "b401c9cbd2af966b723d16346ffcf99ddc08fb2611c65b2bc5c09bc6bd0dc331", kill_on_drop: false }`
[INFO] running `Command { std: "docker" "inspect" "b401c9cbd2af966b723d16346ffcf99ddc08fb2611c65b2bc5c09bc6bd0dc331", kill_on_drop: false }`
[INFO] running `Command { std: "docker" "rm" "-f" "b401c9cbd2af966b723d16346ffcf99ddc08fb2611c65b2bc5c09bc6bd0dc331", kill_on_drop: false }`
[INFO] [stdout] b401c9cbd2af966b723d16346ffcf99ddc08fb2611c65b2bc5c09bc6bd0dc331
[INFO] running `Command { std: "docker" "create" "-v" "/var/lib/crater-agent-workspace/builds/worker-1-tc1/target:/opt/rustwide/target:rw,Z" "-v" "/var/lib/crater-agent-workspace/builds/worker-1-tc1/source:/opt/rustwide/workdir:ro,Z" "-v" "/var/lib/crater-agent-workspace/cargo-home:/opt/rustwide/cargo-home:ro,Z" "-v" "/var/lib/crater-agent-workspace/rustup-home:/opt/rustwide/rustup-home:ro,Z" "-e" "SOURCE_DIR=/opt/rustwide/workdir" "-e" "CARGO_TARGET_DIR=/opt/rustwide/target" "-e" "CARGO_INCREMENTAL=0" "-e" "RUST_BACKTRACE=full" "-e" "RUSTFLAGS=--cap-lints=warn" "-e" "RUSTDOCFLAGS=--cap-lints=warn" "-e" "CARGO_HOME=/opt/rustwide/cargo-home" "-e" "RUSTUP_HOME=/opt/rustwide/rustup-home" "-w" "/opt/rustwide/workdir" "-m" "1610612736" "--user" "0:0" "--network" "none" "ghcr.io/rust-lang/crates-build-env/linux@sha256:5ff2268d62e97bff2cde7d5815dd6ed5b47097566f13b8d0ca110b04b60e07ed" "/opt/rustwide/cargo-home/bin/cargo" "+1.69.0" "doc" "--frozen" "--no-deps" "--document-private-items" "--message-format=json", kill_on_drop: false }`
[INFO] [stdout] c3ead4b1c52a806b24d3ad5e124569ca6704d9ec6be9f94f21ff6c32eff1495f
[INFO] running `Command { std: "docker" "start" "-a" "c3ead4b1c52a806b24d3ad5e124569ca6704d9ec6be9f94f21ff6c32eff1495f", kill_on_drop: false }`
[INFO] [stderr]    Compiling syn v1.0.109
[INFO] [stderr]    Compiling log v0.4.17
[INFO] [stderr]    Compiling futures-core v0.3.28
[INFO] [stderr]    Compiling value-bag v1.0.0-alpha.9
[INFO] [stderr]    Compiling libc v0.2.142
[INFO] [stderr]     Checking event-listener v2.5.3
[INFO] [stderr]    Compiling rustix v0.37.18
[INFO] [stderr]     Checking getrandom v0.2.9
[INFO] [stderr]    Compiling semver v1.0.17
[INFO] [stderr]     Checking linux-raw-sys v0.3.6
[INFO] [stderr]     Checking socket2 v0.4.9
[INFO] [stderr]     Checking concurrent-queue v2.2.0
[INFO] [stderr]    Compiling polling v2.8.0
[INFO] [stderr]    Compiling tokio v1.28.0
[INFO] [stderr]    Compiling async-io v1.13.0
[INFO] [stderr]    Compiling signal-hook v0.3.15
[INFO] [stderr]     Checking async-lock v2.7.0
[INFO] [stderr]     Checking async-task v4.4.0
[INFO] [stderr]     Checking rand_core v0.6.4
[INFO] [stderr]    Compiling memchr v2.5.0
[INFO] [stderr]    Compiling async-process v1.7.0
[INFO] [stderr]     Checking lazy_static v1.4.0
[INFO] [stderr]     Checking atomic-waker v1.1.1
[INFO] [stderr]     Checking futures-lite v1.13.0
[INFO] [stderr]     Checking async-channel v1.8.0
[INFO] [stderr]    Compiling zenoh-macros v0.7.0-rc
[INFO] [stderr]    Compiling anyhow v1.0.71
[INFO] [stderr]     Checking rand_chacha v0.3.1
[INFO] [stderr]    Compiling futures-channel v0.3.28
[INFO] [stderr]     Checking spin v0.9.8
[INFO] [stderr]    Compiling futures-macro v0.3.28
[INFO] [stderr]     Checking nanorand v0.7.0
[INFO] [stderr]     Checking subtle v2.4.1
[INFO] [stderr]     Checking no-std-net v0.6.0
[INFO] [stderr]     Checking rand v0.8.5
[INFO] [stderr]    Compiling indexmap v1.9.3
[INFO] [stderr]    Compiling rustc_version v0.4.0
[INFO] [stderr]     Checking pnet_base v0.31.0
[INFO] [stderr]    Compiling aho-corasick v1.0.1
[INFO] [stderr]     Checking hashbrown v0.12.3
[INFO] [stderr]     Checking digest v0.10.6
[INFO] [stderr]     Checking pnet_macros_support v0.31.0
[INFO] [stderr]     Checking inout v0.1.3
[INFO] [stderr]     Checking uuid v1.3.2
[INFO] [stderr]     Checking pnet_sys v0.31.0
[INFO] [stderr]     Checking option-ext v0.2.0
[INFO] [stderr]     Checking cipher v0.4.4
[INFO] [stderr]     Checking ipnetwork v0.19.0
[INFO] [stderr]    Compiling ucd-trie v0.1.5
[INFO] [stderr]     Checking dirs-sys v0.4.1
[INFO] [stderr]     Checking os_str_bytes v6.5.0
[INFO] [stderr]    Compiling pnet v0.31.0
[INFO] [stderr]     Checking async-executor v1.5.1
[INFO] [stderr]     Checking sha3 v0.10.7
[INFO] [stderr]    Compiling pest v2.6.0
[INFO] [stderr]     Checking aes v0.8.2
[INFO] [stderr]     Checking dirs v5.0.1
[INFO] [stderr]     Checking pnet_datalink v0.31.0
[INFO] [stderr]     Checking hmac v0.12.1
[INFO] [stderr]    Compiling jobserver v0.1.26
[INFO] [stderr]     Checking clap_lex v0.2.4
[INFO] [stderr]     Checking atty v0.2.14
[INFO] [stderr]    Compiling rustls v0.20.8
[INFO] [stderr]     Checking textwrap v0.16.0
[INFO] [stderr]     Checking shellexpand v3.1.0
[INFO] [stderr]     Checking libloading v0.7.4
[INFO] [stderr]     Checking home v0.5.5
[INFO] [stderr]    Compiling num-traits v0.2.15
[INFO] [stderr]    Compiling cc v1.0.79
[INFO] [stderr]     Checking serde_json v1.0.96
[INFO] [stderr]     Checking tracing-core v0.1.30
[INFO] [stderr]     Checking base64ct v1.6.0
[INFO] [stderr]     Checking zeroize v1.6.0
[INFO] [stderr]    Compiling pkg-config v0.3.26
[INFO] [stderr]     Checking clap v3.2.25
[INFO] [stderr]    Compiling clang-sys v1.6.1
[INFO] [stderr]    Compiling memoffset v0.7.1
[INFO] [stderr]    Compiling regex v1.8.1
[INFO] [stderr]     Checking pem-rfc7468 v0.6.0
[INFO] [stderr]     Checking futures-util v0.3.28
[INFO] [stderr]     Checking tracing v0.1.37
[INFO] [stderr]    Compiling num-integer v0.1.45
[INFO] [stderr]    Compiling prettyplease v0.2.4
[INFO] [stderr]     Checking unsafe-libyaml v0.2.8
[INFO] [stderr]     Checking rustc-hash v1.1.0
[INFO] [stderr]     Checking der v0.6.1
[INFO] [stderr]    Compiling num-iter v0.1.43
[INFO] [stderr]    Compiling nom v7.1.3
[INFO] [stderr]    Compiling pest_meta v2.6.0
[INFO] [stderr]    Compiling spin v0.5.2
[INFO] [stderr]    Compiling bindgen v0.65.1
[INFO] [stderr]    Compiling num-bigint-dig v0.8.2
[INFO] [stderr]    Compiling proc-macro-hack v0.5.20+deprecated
[INFO] [stderr]     Checking nix v0.26.2
[INFO] [stderr]    Compiling ring v0.16.20
[INFO] [stderr]     Checking serde_yaml v0.9.21
[INFO] [stderr]    Compiling zstd-sys v1.6.3+zstd.1.5.2
[INFO] [stderr]    Compiling bzip2-sys v0.1.11+1.0.8
[INFO] [stderr]    Compiling libz-sys v1.1.9
[INFO] [stderr]    Compiling unicase v2.6.0
[INFO] [stderr]     Checking spki v0.6.0
[INFO] [stderr]    Compiling pest_generator v2.6.0
[INFO] [stderr]     Checking pkcs8 v0.9.0
[INFO] [stderr]    Compiling peeking_take_while v0.1.2
[INFO] [stderr]    Compiling shlex v1.1.0
[INFO] [stderr]    Compiling lazycell v1.3.0
[INFO] [stderr]     Checking byteorder v1.4.3
[INFO] [stderr]     Checking pkcs1 v0.4.1
[INFO] [stderr]     Checking signature v1.6.4
[INFO] [stderr]     Checking cache-padded v1.2.0
[INFO] [stderr]     Checking array-init v2.1.0
[INFO] [stderr]     Checking is-terminal v0.4.7
[INFO] [stderr]     Checking ringbuffer-spsc v0.1.9
[INFO] [stderr]    Compiling zenoh v0.7.0-rc
[INFO] [stderr]     Checking fixedbitset v0.4.2
[INFO] [stderr]    Compiling mime_guess v2.0.4
[INFO] [stderr]     Checking petgraph v0.6.3
[INFO] [stderr]     Checking ordered-float v3.7.0
[INFO] [stderr]    Compiling cexpr v0.6.0
[INFO] [stderr]     Checking stop-token v0.7.0
[INFO] [stderr]    Compiling convert_case v0.4.0
[INFO] [stderr]    Compiling pest_derive v2.6.0
[INFO] [stderr]    Compiling zenoh-backend-filesystem v0.7.0-rc (/opt/rustwide/workdir)
[INFO] [stderr]     Checking walkdir v2.3.3
[INFO] [stderr]     Checking tempfile v3.5.0
[INFO] [stderr]     Checking futures-executor v0.3.28
[INFO] [stderr]     Checking dunce v1.0.4
[INFO] [stderr]     Checking rsa v0.7.2
[INFO] [stderr]     Checking futures v0.3.28
[INFO] [stderr]     Checking json5 v0.4.1
[INFO] [stderr]     Checking webpki v0.22.0
[INFO] [stderr]    Compiling ctor v0.1.26
[INFO] [stderr]    Compiling unzip-n v0.1.2
[INFO] [stderr]    Compiling async-attributes v1.1.2
[INFO] [stderr]    Compiling pin-project-internal v1.0.12
[INFO] [stderr]    Compiling pnet_macros v0.31.0
[INFO] [stderr]     Checking sct v0.7.0
[INFO] [stderr]    Compiling validated_struct_macros v2.1.0
[INFO] [stderr]     Checking webpki-roots v0.22.6
[INFO] [stderr]    Compiling git-version-macro v0.3.5
[INFO] [stderr]     Checking mio v0.8.6
[INFO] [stderr]     Checking blocking v1.3.1
[INFO] [stderr]     Checking kv-log-macro v1.0.7
[INFO] [stderr]     Checking uhlc v0.5.2
[INFO] [stderr]     Checking pin-project v1.0.12
[INFO] [stderr]     Checking pnet_packet v0.31.0
[INFO] [stderr]     Checking flume v0.10.14
[INFO] [stderr]     Checking env_logger v0.10.0
[INFO] [stderr]    Compiling derive_more v0.99.17
[INFO] [stderr]     Checking git-version v0.3.5
[INFO] [stderr]     Checking validated_struct v2.1.0
[INFO] [stderr]     Checking quinn-proto v0.9.3
[INFO] [stderr]     Checking async-rustls v0.3.0
[INFO] [stderr]    Compiling librocksdb-sys v0.6.3+6.28.2
[INFO] [stderr]     Checking async-global-executor v2.3.1
[INFO] [stderr]     Checking pnet_transport v0.31.0
[INFO] [stderr]     Checking async-std v1.12.0
[INFO] [stderr]     Checking quinn-udp v0.3.2
[INFO] [stderr]     Checking quinn v0.9.3
[INFO] [stderr]     Checking zenoh-core v0.7.0-rc
[INFO] [stderr]     Checking zenoh-sync v0.7.0-rc
[INFO] [stderr]     Checking zenoh-cfg-properties v0.7.0-rc
[INFO] [stderr]     Checking zenoh-protocol-core v0.7.0-rc
[INFO] [stderr]     Checking zenoh-crypto v0.7.0-rc
[INFO] [stderr]     Checking zenoh-collections v0.7.0-rc
[INFO] [stderr]     Checking zenoh-buffers v0.7.0-rc
[INFO] [stderr]     Checking zenoh-util v0.7.0-rc
[INFO] [stderr]     Checking zenoh-protocol v0.7.0-rc
[INFO] [stderr]     Checking zenoh-config v0.7.0-rc
[INFO] [stderr]     Checking zenoh-plugin-trait v0.7.0-rc
[INFO] [stderr]     Checking zenoh-link-commons v0.7.0-rc
[INFO] [stderr]     Checking zenoh-link-tcp v0.7.0-rc
[INFO] [stderr]     Checking zenoh-link-udp v0.7.0-rc
[INFO] [stderr]     Checking zenoh-link-unixsock_stream v0.7.0-rc
[INFO] [stderr]     Checking zenoh-link-tls v0.7.0-rc
[INFO] [stderr]     Checking zenoh-link-quic v0.7.0-rc
[INFO] [stderr]     Checking zenoh-link v0.7.0-rc
[INFO] [stderr]     Checking zenoh-transport v0.7.0-rc
[INFO] [stderr] error: could not compile `zenoh`
[INFO] [stderr] 
[INFO] [stderr] Caused by:
[INFO] [stderr]   process didn't exit successfully: `rustc --crate-name zenoh --edition=2018 /opt/rustwide/cargo-home/registry/src/github.com-1ecc6299db9ec823/zenoh-0.7.0-rc/src/lib.rs --error-format=json --json=diagnostic-rendered-ansi,artifacts,future-incompat --crate-type lib --emit=dep-info,metadata -C embed-bitcode=no -C debuginfo=2 --cfg 'feature="auth_pubkey"' --cfg 'feature="auth_usrpwd"' --cfg 'feature="default"' --cfg 'feature="transport_quic"' --cfg 'feature="transport_tcp"' --cfg 'feature="transport_tls"' --cfg 'feature="transport_udp"' --cfg 'feature="transport_unixsock-stream"' --cfg 'feature="unstable"' -C metadata=b665323bffe2de02 -C extra-filename=-b665323bffe2de02 --out-dir /opt/rustwide/target/debug/deps -L dependency=/opt/rustwide/target/debug/deps --extern async_global_executor=/opt/rustwide/target/debug/deps/libasync_global_executor-590623cb2b7b0473.rmeta --extern async_std=/opt/rustwide/target/debug/deps/libasync_std-e7b5a0bcc356398c.rmeta --extern async_trait=/opt/rustwide/target/debug/deps/libasync_trait-5c5a83255ee3ee25.so --extern base64=/opt/rustwide/target/debug/deps/libbase64-c957872d89323658.rmeta --extern env_logger=/opt/rustwide/target/debug/deps/libenv_logger-14f4d56d724be3e4.rmeta --extern event_listener=/opt/rustwide/target/debug/deps/libevent_listener-cdab0271f9ddd092.rmeta --extern flume=/opt/rustwide/target/debug/deps/libflume-aaee3327a2843729.rmeta --extern form_urlencoded=/opt/rustwide/target/debug/deps/libform_urlencoded-5ea283653e4f8efc.rmeta --extern futures=/opt/rustwide/target/debug/deps/libfutures-53bb9392647aebe4.rmeta --extern git_version=/opt/rustwide/target/debug/deps/libgit_version-6ecbcea4d1185a61.rmeta --extern hex=/opt/rustwide/target/debug/deps/libhex-7658a505e7fe0549.rmeta --extern lazy_static=/opt/rustwide/target/debug/deps/liblazy_static-a2d0853c03991e68.rmeta --extern log=/opt/rustwide/target/debug/deps/liblog-fd51ccb6079ea67d.rmeta --extern ordered_float=/opt/rustwide/target/debug/deps/libordered_float-128c7724aaf94a94.rmeta --extern petgraph=/opt/rustwide/target/debug/deps/libpetgraph-d8975d9d0730fccb.rmeta --extern rand=/opt/rustwide/target/debug/deps/librand-22b0f1e09ca9f196.rmeta --extern regex=/opt/rustwide/target/debug/deps/libregex-551828a6df28d000.rmeta --extern serde=/opt/rustwide/target/debug/deps/libserde-dd64e518a334bddf.rmeta --extern serde_json=/opt/rustwide/target/debug/deps/libserde_json-76aab825ce4a8314.rmeta --extern socket2=/opt/rustwide/target/debug/deps/libsocket2-43ddc3ff39e29850.rmeta --extern stop_token=/opt/rustwide/target/debug/deps/libstop_token-5e85ed92aeb98adf.rmeta --extern uhlc=/opt/rustwide/target/debug/deps/libuhlc-951cadf7a4ba3768.rmeta --extern uuid=/opt/rustwide/target/debug/deps/libuuid-4908244883d46a4c.rmeta --extern vec_map=/opt/rustwide/target/debug/deps/libvec_map-00614f59716e008c.rmeta --extern zenoh_buffers=/opt/rustwide/target/debug/deps/libzenoh_buffers-c376819d63d16cd6.rmeta --extern zenoh_cfg_properties=/opt/rustwide/target/debug/deps/libzenoh_cfg_properties-724262270774c78d.rmeta --extern zenoh_collections=/opt/rustwide/target/debug/deps/libzenoh_collections-d42684ab94b57946.rmeta --extern zenoh_config=/opt/rustwide/target/debug/deps/libzenoh_config-9a13ac5848546a78.rmeta --extern zenoh_core=/opt/rustwide/target/debug/deps/libzenoh_core-4f72551cbe611aee.rmeta --extern zenoh_crypto=/opt/rustwide/target/debug/deps/libzenoh_crypto-2e131e0d2ceed2a6.rmeta --extern zenoh_link=/opt/rustwide/target/debug/deps/libzenoh_link-7741526c215cf828.rmeta --extern zenoh_plugin_trait=/opt/rustwide/target/debug/deps/libzenoh_plugin_trait-8702b625544c6b51.rmeta --extern zenoh_protocol=/opt/rustwide/target/debug/deps/libzenoh_protocol-575c29d6eb17cc79.rmeta --extern zenoh_protocol_core=/opt/rustwide/target/debug/deps/libzenoh_protocol_core-7fcccef78c3bec48.rmeta --extern zenoh_sync=/opt/rustwide/target/debug/deps/libzenoh_sync-ffef410b7961fc26.rmeta --extern zenoh_transport=/opt/rustwide/target/debug/deps/libzenoh_transport-ecf84f1bb36efcea.rmeta --extern zenoh_util=/opt/rustwide/target/debug/deps/libzenoh_util-33df8a7304179e93.rmeta --cap-lints allow --cap-lints=warn -L native=/opt/rustwide/target/debug/build/ring-78194e2a2489f4de/out` (signal: 9, SIGKILL: kill)
[INFO] [stderr] warning: build failed, waiting for other jobs to finish...
[INFO] [stderr] The following warnings were emitted during compilation:
[INFO] [stderr] 
[INFO] [stderr] warning: c++: fatal error: Killed signal terminated program cc1plus
[INFO] [stderr] warning: compilation terminated.
[INFO] [stderr] warning: c++: fatal error: Killed signal terminated program cc1plus
[INFO] [stderr] warning: compilation terminated.
[INFO] [stderr] warning: c++: fatal error: Killed signal terminated program cc1plus
[INFO] [stderr] warning: compilation terminated.
[INFO] [stderr] warning: c++: fatal error: Killed signal terminated program cc1plus
[INFO] [stderr] warning: compilation terminated.
[INFO] [stderr] 
[INFO] [stderr] error: failed to run custom build command for `librocksdb-sys v0.6.3+6.28.2`
[INFO] [stderr] note: To improve backtraces for build dependencies, set the CARGO_PROFILE_DEV_BUILD_OVERRIDE_DEBUG=true environment variable to enable debug information generation.
[INFO] [stderr] 
[INFO] [stderr] Caused by:
[INFO] [stderr]   process didn't exit successfully: `/opt/rustwide/target/debug/build/librocksdb-sys-e152cf140a302331/build-script-build` (exit status: 1)
[INFO] [stderr]   --- stdout
[INFO] [stderr]   cargo:rerun-if-changed=rocksdb/
[INFO] [stderr]   TARGET = Some("x86_64-unknown-linux-gnu")
[INFO] [stderr]   OPT_LEVEL = Some("0")
[INFO] [stderr]   HOST = Some("x86_64-unknown-linux-gnu")
[INFO] [stderr]   cargo:rerun-if-env-changed=CXX_x86_64-unknown-linux-gnu
[INFO] [stderr]   CXX_x86_64-unknown-linux-gnu = None
[INFO] [stderr]   cargo:rerun-if-env-changed=CXX_x86_64_unknown_linux_gnu
[INFO] [stderr]   CXX_x86_64_unknown_linux_gnu = None
[INFO] [stderr]   cargo:rerun-if-env-changed=HOST_CXX
[INFO] [stderr]   HOST_CXX = None
[INFO] [stderr]   cargo:rerun-if-env-changed=CXX
[INFO] [stderr]   CXX = None
[INFO] [stderr]   cargo:rerun-if-env-changed=CXXFLAGS_x86_64-unknown-linux-gnu
[INFO] [stderr]   CXXFLAGS_x86_64-unknown-linux-gnu = None
[INFO] [stderr]   cargo:rerun-if-env-changed=CXXFLAGS_x86_64_unknown_linux_gnu
[INFO] [stderr]   CXXFLAGS_x86_64_unknown_linux_gnu = None
[INFO] [stderr]   cargo:rerun-if-env-changed=HOST_CXXFLAGS
[INFO] [stderr]   HOST_CXXFLAGS = None
[INFO] [stderr]   cargo:rerun-if-env-changed=CXXFLAGS
[INFO] [stderr]   CXXFLAGS = None
[INFO] [stderr]   cargo:rerun-if-env-changed=CRATE_CC_NO_DEFAULTS
[INFO] [stderr]   CRATE_CC_NO_DEFAULTS = None
[INFO] [stderr]   DEBUG = Some("true")
[INFO] [stderr]   CARGO_CFG_TARGET_FEATURE = Some("fxsr,sse,sse2")
[INFO] [stderr]   cargo:rerun-if-env-changed=CXX_x86_64-unknown-linux-gnu
[INFO] [stderr]   CXX_x86_64-unknown-linux-gnu = None
[INFO] [stderr]   cargo:rerun-if-env-changed=CXX_x86_64_unknown_linux_gnu
[INFO] [stderr]   CXX_x86_64_unknown_linux_gnu = None
[INFO] [stderr]   cargo:rerun-if-env-changed=HOST_CXX
[INFO] [stderr]   HOST_CXX = None
[INFO] [stderr]   cargo:rerun-if-env-changed=CXX
[INFO] [stderr]   CXX = None
[INFO] [stderr]   cargo:rerun-if-env-changed=CXXFLAGS_x86_64-unknown-linux-gnu
[INFO] [stderr]   CXXFLAGS_x86_64-unknown-linux-gnu = None
[INFO] [stderr]   cargo:rerun-if-env-changed=CXXFLAGS_x86_64_unknown_linux_gnu
[INFO] [stderr]   CXXFLAGS_x86_64_unknown_linux_gnu = None
[INFO] [stderr]   cargo:rerun-if-env-changed=HOST_CXXFLAGS
[INFO] [stderr]   HOST_CXXFLAGS = None
[INFO] [stderr]   cargo:rerun-if-env-changed=CXXFLAGS
[INFO] [stderr]   CXXFLAGS = None
[INFO] [stderr]   cargo:rerun-if-env-changed=CRATE_CC_NO_DEFAULTS
[INFO] [stderr]   CRATE_CC_NO_DEFAULTS = None
[INFO] [stderr]   CARGO_CFG_TARGET_FEATURE = Some("fxsr,sse,sse2")
[INFO] [stderr]   running: "c++" "-O0" "-ffunction-sections" "-fdata-sections" "-fPIC" "-gdwarf-4" "-fno-omit-frame-pointer" "-m64" "-I" "rocksdb/include/" "-I" "rocksdb/" "-I" "rocksdb/third-party/gtest-1.8.1/fused-src/" "-I" "snappy/" "-I" "lz4/lib/" "-I" "/opt/rustwide/cargo-home/registry/src/github.com-1ecc6299db9ec823/zstd-sys-1.6.3+zstd.1.5.2/zstd/lib" "-I" "/opt/rustwide/target/debug/build/libz-sys-ee257d0e96e6bd1c/out/include" "-I" "/opt/rustwide/target/debug/build/bzip2-sys-f862a9c21a93e4c8/out/include" "-I" "." "-Wall" "-Wextra" "-std=c++11" "-Wno-unused-parameter" "-msse2" "-DSNAPPY=1" "-DLZ4=1" "-DZSTD=1" "-DZLIB=1" "-DBZIP2=1" "-DNDEBUG=1" "-DOS_LINUX" "-DROCKSDB_PLATFORM_POSIX" "-DROCKSDB_LIB_IO_POSIX" "-DROCKSDB_SUPPORT_THREAD_LOCAL" "-o" "/opt/rustwide/target/debug/build/librocksdb-sys-d789d67e5dd52aef/out/rocksdb/cache/cache.o" "-c" "rocksdb/cache/cache.cc"
[INFO] [stderr]   running: "c++" "-O0" "-ffunction-sections" "-fdata-sections" "-fPIC" "-gdwarf-4" "-fno-omit-frame-pointer" "-m64" "-I" "rocksdb/include/" "-I" "rocksdb/" "-I" "rocksdb/third-party/gtest-1.8.1/fused-src/" "-I" "snappy/" "-I" "lz4/lib/" "-I" "/opt/rustwide/cargo-home/registry/src/github.com-1ecc6299db9ec823/zstd-sys-1.6.3+zstd.1.5.2/zstd/lib" "-I" "/opt/rustwide/target/debug/build/libz-sys-ee257d0e96e6bd1c/out/include" "-I" "/opt/rustwide/target/debug/build/bzip2-sys-f862a9c21a93e4c8/out/include" "-I" "." "-Wall" "-Wextra" "-std=c++11" "-Wno-unused-parameter" "-msse2" "-DSNAPPY=1" "-DLZ4=1" "-DZSTD=1" "-DZLIB=1" "-DBZIP2=1" "-DNDEBUG=1" "-DOS_LINUX" "-DROCKSDB_PLATFORM_POSIX" "-DROCKSDB_LIB_IO_POSIX" "-DROCKSDB_SUPPORT_THREAD_LOCAL" "-o" "/opt/rustwide/target/debug/build/librocksdb-sys-d789d67e5dd52aef/out/rocksdb/cache/cache_reservation_manager.o" "-c" "rocksdb/cache/cache_reservation_manager.cc"
[INFO] [stderr]   running: "c++" "-O0" "-ffunction-sections" "-fdata-sections" "-fPIC" "-gdwarf-4" "-fno-omit-frame-pointer" "-m64" "-I" "rocksdb/include/" "-I" "rocksdb/" "-I" "rocksdb/third-party/gtest-1.8.1/fused-src/" "-I" "snappy/" "-I" "lz4/lib/" "-I" "/opt/rustwide/cargo-home/registry/src/github.com-1ecc6299db9ec823/zstd-sys-1.6.3+zstd.1.5.2/zstd/lib" "-I" "/opt/rustwide/target/debug/build/libz-sys-ee257d0e96e6bd1c/out/include" "-I" "/opt/rustwide/target/debug/build/bzip2-sys-f862a9c21a93e4c8/out/include" "-I" "." "-Wall" "-Wextra" "-std=c++11" "-Wno-unused-parameter" "-msse2" "-DSNAPPY=1" "-DLZ4=1" "-DZSTD=1" "-DZLIB=1" "-DBZIP2=1" "-DNDEBUG=1" "-DOS_LINUX" "-DROCKSDB_PLATFORM_POSIX" "-DROCKSDB_LIB_IO_POSIX" "-DROCKSDB_SUPPORT_THREAD_LOCAL" "-o" "/opt/rustwide/target/debug/build/librocksdb-sys-d789d67e5dd52aef/out/rocksdb/cache/cache_key.o" "-c" "rocksdb/cache/cache_key.cc"
[INFO] [stderr]   running: "c++" "-O0" "-ffunction-sections" "-fdata-sections" "-fPIC" "-gdwarf-4" "-fno-omit-frame-pointer" "-m64" "-I" "rocksdb/include/" "-I" "rocksdb/" "-I" "rocksdb/third-party/gtest-1.8.1/fused-src/" "-I" "snappy/" "-I" "lz4/lib/" "-I" "/opt/rustwide/cargo-home/registry/src/github.com-1ecc6299db9ec823/zstd-sys-1.6.3+zstd.1.5.2/zstd/lib" "-I" "/opt/rustwide/target/debug/build/libz-sys-ee257d0e96e6bd1c/out/include" "-I" "/opt/rustwide/target/debug/build/bzip2-sys-f862a9c21a93e4c8/out/include" "-I" "." "-Wall" "-Wextra" "-std=c++11" "-Wno-unused-parameter" "-msse2" "-DSNAPPY=1" "-DLZ4=1" "-DZSTD=1" "-DZLIB=1" "-DBZIP2=1" "-DNDEBUG=1" "-DOS_LINUX" "-DROCKSDB_PLATFORM_POSIX" "-DROCKSDB_LIB_IO_POSIX" "-DROCKSDB_SUPPORT_THREAD_LOCAL" "-o" "/opt/rustwide/target/debug/build/librocksdb-sys-d789d67e5dd52aef/out/rocksdb/cache/clock_cache.o" "-c" "rocksdb/cache/clock_cache.cc"
[INFO] [stderr]   running: "c++" "-O0" "-ffunction-sections" "-fdata-sections" "-fPIC" "-gdwarf-4" "-fno-omit-frame-pointer" "-m64" "-I" "rocksdb/include/" "-I" "rocksdb/" "-I" "rocksdb/third-party/gtest-1.8.1/fused-src/" "-I" "snappy/" "-I" "lz4/lib/" "-I" "/opt/rustwide/cargo-home/registry/src/github.com-1ecc6299db9ec823/zstd-sys-1.6.3+zstd.1.5.2/zstd/lib" "-I" "/opt/rustwide/target/debug/build/libz-sys-ee257d0e96e6bd1c/out/include" "-I" "/opt/rustwide/target/debug/build/bzip2-sys-f862a9c21a93e4c8/out/include" "-I" "." "-Wall" "-Wextra" "-std=c++11" "-Wno-unused-parameter" "-msse2" "-DSNAPPY=1" "-DLZ4=1" "-DZSTD=1" "-DZLIB=1" "-DBZIP2=1" "-DNDEBUG=1" "-DOS_LINUX" "-DROCKSDB_PLATFORM_POSIX" "-DROCKSDB_LIB_IO_POSIX" "-DROCKSDB_SUPPORT_THREAD_LOCAL" "-o" "/opt/rustwide/target/debug/build/librocksdb-sys-d789d67e5dd52aef/out/rocksdb/cache/cache_entry_roles.o" "-c" "rocksdb/cache/cache_entry_roles.cc"
[INFO] [stderr]   running: "c++" "-O0" "-ffunction-sections" "-fdata-sections" "-fPIC" "-gdwarf-4" "-fno-omit-frame-pointer" "-m64" "-I" "rocksdb/include/" "-I" "rocksdb/" "-I" "rocksdb/third-party/gtest-1.8.1/fused-src/" "-I" "snappy/" "-I" "lz4/lib/" "-I" "/opt/rustwide/cargo-home/registry/src/github.com-1ecc6299db9ec823/zstd-sys-1.6.3+zstd.1.5.2/zstd/lib" "-I" "/opt/rustwide/target/debug/build/libz-sys-ee257d0e96e6bd1c/out/include" "-I" "/opt/rustwide/target/debug/build/bzip2-sys-f862a9c21a93e4c8/out/include" "-I" "." "-Wall" "-Wextra" "-std=c++11" "-Wno-unused-parameter" "-msse2" "-DSNAPPY=1" "-DLZ4=1" "-DZSTD=1" "-DZLIB=1" "-DBZIP2=1" "-DNDEBUG=1" "-DOS_LINUX" "-DROCKSDB_PLATFORM_POSIX" "-DROCKSDB_LIB_IO_POSIX" "-DROCKSDB_SUPPORT_THREAD_LOCAL" "-o" "/opt/rustwide/target/debug/build/librocksdb-sys-d789d67e5dd52aef/out/rocksdb/db/arena_wrapped_db_iter.o" "-c" "rocksdb/db/arena_wrapped_db_iter.cc"
[INFO] [stderr]   running: "c++" "-O0" "-ffunction-sections" "-fdata-sections" "-fPIC" "-gdwarf-4" "-fno-omit-frame-pointer" "-m64" "-I" "rocksdb/include/" "-I" "rocksdb/" "-I" "rocksdb/third-party/gtest-1.8.1/fused-src/" "-I" "snappy/" "-I" "lz4/lib/" "-I" "/opt/rustwide/cargo-home/registry/src/github.com-1ecc6299db9ec823/zstd-sys-1.6.3+zstd.1.5.2/zstd/lib" "-I" "/opt/rustwide/target/debug/build/libz-sys-ee257d0e96e6bd1c/out/include" "-I" "/opt/rustwide/target/debug/build/bzip2-sys-f862a9c21a93e4c8/out/include" "-I" "." "-Wall" "-Wextra" "-std=c++11" "-Wno-unused-parameter" "-msse2" "-DSNAPPY=1" "-DLZ4=1" "-DZSTD=1" "-DZLIB=1" "-DBZIP2=1" "-DNDEBUG=1" "-DOS_LINUX" "-DROCKSDB_PLATFORM_POSIX" "-DROCKSDB_LIB_IO_POSIX" "-DROCKSDB_SUPPORT_THREAD_LOCAL" "-o" "/opt/rustwide/target/debug/build/librocksdb-sys-d789d67e5dd52aef/out/rocksdb/cache/sharded_cache.o" "-c" "rocksdb/cache/sharded_cache.cc"
[INFO] [stderr]   running: "c++" "-O0" "-ffunction-sections" "-fdata-sections" "-fPIC" "-gdwarf-4" "-fno-omit-frame-pointer" "-m64" "-I" "rocksdb/include/" "-I" "rocksdb/" "-I" "rocksdb/third-party/gtest-1.8.1/fused-src/" "-I" "snappy/" "-I" "lz4/lib/" "-I" "/opt/rustwide/cargo-home/registry/src/github.com-1ecc6299db9ec823/zstd-sys-1.6.3+zstd.1.5.2/zstd/lib" "-I" "/opt/rustwide/target/debug/build/libz-sys-ee257d0e96e6bd1c/out/include" "-I" "/opt/rustwide/target/debug/build/bzip2-sys-f862a9c21a93e4c8/out/include" "-I" "." "-Wall" "-Wextra" "-std=c++11" "-Wno-unused-parameter" "-msse2" "-DSNAPPY=1" "-DLZ4=1" "-DZSTD=1" "-DZLIB=1" "-DBZIP2=1" "-DNDEBUG=1" "-DOS_LINUX" "-DROCKSDB_PLATFORM_POSIX" "-DROCKSDB_LIB_IO_POSIX" "-DROCKSDB_SUPPORT_THREAD_LOCAL" "-o" "/opt/rustwide/target/debug/build/librocksdb-sys-d789d67e5dd52aef/out/rocksdb/db/blob/blob_file_builder.o" "-c" "rocksdb/db/blob/blob_file_builder.cc"
[INFO] [stderr]   running: "c++" "-O0" "-ffunction-sections" "-fdata-sections" "-fPIC" "-gdwarf-4" "-fno-omit-frame-pointer" "-m64" "-I" "rocksdb/include/" "-I" "rocksdb/" "-I" "rocksdb/third-party/gtest-1.8.1/fused-src/" "-I" "snappy/" "-I" "lz4/lib/" "-I" "/opt/rustwide/cargo-home/registry/src/github.com-1ecc6299db9ec823/zstd-sys-1.6.3+zstd.1.5.2/zstd/lib" "-I" "/opt/rustwide/target/debug/build/libz-sys-ee257d0e96e6bd1c/out/include" "-I" "/opt/rustwide/target/debug/build/bzip2-sys-f862a9c21a93e4c8/out/include" "-I" "." "-Wall" "-Wextra" "-std=c++11" "-Wno-unused-parameter" "-msse2" "-DSNAPPY=1" "-DLZ4=1" "-DZSTD=1" "-DZLIB=1" "-DBZIP2=1" "-DNDEBUG=1" "-DOS_LINUX" "-DROCKSDB_PLATFORM_POSIX" "-DROCKSDB_LIB_IO_POSIX" "-DROCKSDB_SUPPORT_THREAD_LOCAL" "-o" "/opt/rustwide/target/debug/build/librocksdb-sys-d789d67e5dd52aef/out/rocksdb/db/blob/blob_file_cache.o" "-c" "rocksdb/db/blob/blob_file_cache.cc"
[INFO] [stderr]   running: "c++" "-O0" "-ffunction-sections" "-fdata-sections" "-fPIC" "-gdwarf-4" "-fno-omit-frame-pointer" "-m64" "-I" "rocksdb/include/" "-I" "rocksdb/" "-I" "rocksdb/third-party/gtest-1.8.1/fused-src/" "-I" "snappy/" "-I" "lz4/lib/" "-I" "/opt/rustwide/cargo-home/registry/src/github.com-1ecc6299db9ec823/zstd-sys-1.6.3+zstd.1.5.2/zstd/lib" "-I" "/opt/rustwide/target/debug/build/libz-sys-ee257d0e96e6bd1c/out/include" "-I" "/opt/rustwide/target/debug/build/bzip2-sys-f862a9c21a93e4c8/out/include" "-I" "." "-Wall" "-Wextra" "-std=c++11" "-Wno-unused-parameter" "-msse2" "-DSNAPPY=1" "-DLZ4=1" "-DZSTD=1" "-DZLIB=1" "-DBZIP2=1" "-DNDEBUG=1" "-DOS_LINUX" "-DROCKSDB_PLATFORM_POSIX" "-DROCKSDB_LIB_IO_POSIX" "-DROCKSDB_SUPPORT_THREAD_LOCAL" "-o" "/opt/rustwide/target/debug/build/librocksdb-sys-d789d67e5dd52aef/out/rocksdb/cache/lru_cache.o" "-c" "rocksdb/cache/lru_cache.cc"
[INFO] [stderr]   running: "c++" "-O0" "-ffunction-sections" "-fdata-sections" "-fPIC" "-gdwarf-4" "-fno-omit-frame-pointer" "-m64" "-I" "rocksdb/include/" "-I" "rocksdb/" "-I" "rocksdb/third-party/gtest-1.8.1/fused-src/" "-I" "snappy/" "-I" "lz4/lib/" "-I" "/opt/rustwide/cargo-home/registry/src/github.com-1ecc6299db9ec823/zstd-sys-1.6.3+zstd.1.5.2/zstd/lib" "-I" "/opt/rustwide/target/debug/build/libz-sys-ee257d0e96e6bd1c/out/include" "-I" "/opt/rustwide/target/debug/build/bzip2-sys-f862a9c21a93e4c8/out/include" "-I" "." "-Wall" "-Wextra" "-std=c++11" "-Wno-unused-parameter" "-msse2" "-DSNAPPY=1" "-DLZ4=1" "-DZSTD=1" "-DZLIB=1" "-DBZIP2=1" "-DNDEBUG=1" "-DOS_LINUX" "-DROCKSDB_PLATFORM_POSIX" "-DROCKSDB_LIB_IO_POSIX" "-DROCKSDB_SUPPORT_THREAD_LOCAL" "-o" "/opt/rustwide/target/debug/build/librocksdb-sys-d789d67e5dd52aef/out/rocksdb/db/blob/blob_file_reader.o" "-c" "rocksdb/db/blob/blob_file_reader.cc"
[INFO] [stderr]   running: "c++" "-O0" "-ffunction-sections" "-fdata-sections" "-fPIC" "-gdwarf-4" "-fno-omit-frame-pointer" "-m64" "-I" "rocksdb/include/" "-I" "rocksdb/" "-I" "rocksdb/third-party/gtest-1.8.1/fused-src/" "-I" "snappy/" "-I" "lz4/lib/" "-I" "/opt/rustwide/cargo-home/registry/src/github.com-1ecc6299db9ec823/zstd-sys-1.6.3+zstd.1.5.2/zstd/lib" "-I" "/opt/rustwide/target/debug/build/libz-sys-ee257d0e96e6bd1c/out/include" "-I" "/opt/rustwide/target/debug/build/bzip2-sys-f862a9c21a93e4c8/out/include" "-I" "." "-Wall" "-Wextra" "-std=c++11" "-Wno-unused-parameter" "-msse2" "-DSNAPPY=1" "-DLZ4=1" "-DZSTD=1" "-DZLIB=1" "-DBZIP2=1" "-DNDEBUG=1" "-DOS_LINUX" "-DROCKSDB_PLATFORM_POSIX" "-DROCKSDB_LIB_IO_POSIX" "-DROCKSDB_SUPPORT_THREAD_LOCAL" "-o" "/opt/rustwide/target/debug/build/librocksdb-sys-d789d67e5dd52aef/out/rocksdb/db/blob/blob_file_addition.o" "-c" "rocksdb/db/blob/blob_file_addition.cc"
[INFO] [stderr]   running: "c++" "-O0" "-ffunction-sections" "-fdata-sections" "-fPIC" "-gdwarf-4" "-fno-omit-frame-pointer" "-m64" "-I" "rocksdb/include/" "-I" "rocksdb/" "-I" "rocksdb/third-party/gtest-1.8.1/fused-src/" "-I" "snappy/" "-I" "lz4/lib/" "-I" "/opt/rustwide/cargo-home/registry/src/github.com-1ecc6299db9ec823/zstd-sys-1.6.3+zstd.1.5.2/zstd/lib" "-I" "/opt/rustwide/target/debug/build/libz-sys-ee257d0e96e6bd1c/out/include" "-I" "/opt/rustwide/target/debug/build/bzip2-sys-f862a9c21a93e4c8/out/include" "-I" "." "-Wall" "-Wextra" "-std=c++11" "-Wno-unused-parameter" "-msse2" "-DSNAPPY=1" "-DLZ4=1" "-DZSTD=1" "-DZLIB=1" "-DBZIP2=1" "-DNDEBUG=1" "-DOS_LINUX" "-DROCKSDB_PLATFORM_POSIX" "-DROCKSDB_LIB_IO_POSIX" "-DROCKSDB_SUPPORT_THREAD_LOCAL" "-o" "/opt/rustwide/target/debug/build/librocksdb-sys-d789d67e5dd52aef/out/rocksdb/db/blob/blob_fetcher.o" "-c" "rocksdb/db/blob/blob_fetcher.cc"
[INFO] [stderr]   running: "c++" "-O0" "-ffunction-sections" "-fdata-sections" "-fPIC" "-gdwarf-4" "-fno-omit-frame-pointer" "-m64" "-I" "rocksdb/include/" "-I" "rocksdb/" "-I" "rocksdb/third-party/gtest-1.8.1/fused-src/" "-I" "snappy/" "-I" "lz4/lib/" "-I" "/opt/rustwide/cargo-home/registry/src/github.com-1ecc6299db9ec823/zstd-sys-1.6.3+zstd.1.5.2/zstd/lib" "-I" "/opt/rustwide/target/debug/build/libz-sys-ee257d0e96e6bd1c/out/include" "-I" "/opt/rustwide/target/debug/build/bzip2-sys-f862a9c21a93e4c8/out/include" "-I" "." "-Wall" "-Wextra" "-std=c++11" "-Wno-unused-parameter" "-msse2" "-DSNAPPY=1" "-DLZ4=1" "-DZSTD=1" "-DZLIB=1" "-DBZIP2=1" "-DNDEBUG=1" "-DOS_LINUX" "-DROCKSDB_PLATFORM_POSIX" "-DROCKSDB_LIB_IO_POSIX" "-DROCKSDB_SUPPORT_THREAD_LOCAL" "-o" "/opt/rustwide/target/debug/build/librocksdb-sys-d789d67e5dd52aef/out/rocksdb/db/blob/blob_file_garbage.o" "-c" "rocksdb/db/blob/blob_file_garbage.cc"
[INFO] [stderr]   running: "c++" "-O0" "-ffunction-sections" "-fdata-sections" "-fPIC" "-gdwarf-4" "-fno-omit-frame-pointer" "-m64" "-I" "rocksdb/include/" "-I" "rocksdb/" "-I" "rocksdb/third-party/gtest-1.8.1/fused-src/" "-I" "snappy/" "-I" "lz4/lib/" "-I" "/opt/rustwide/cargo-home/registry/src/github.com-1ecc6299db9ec823/zstd-sys-1.6.3+zstd.1.5.2/zstd/lib" "-I" "/opt/rustwide/target/debug/build/libz-sys-ee257d0e96e6bd1c/out/include" "-I" "/opt/rustwide/target/debug/build/bzip2-sys-f862a9c21a93e4c8/out/include" "-I" "." "-Wall" "-Wextra" "-std=c++11" "-Wno-unused-parameter" "-msse2" "-DSNAPPY=1" "-DLZ4=1" "-DZSTD=1" "-DZLIB=1" "-DBZIP2=1" "-DNDEBUG=1" "-DOS_LINUX" "-DROCKSDB_PLATFORM_POSIX" "-DROCKSDB_LIB_IO_POSIX" "-DROCKSDB_SUPPORT_THREAD_LOCAL" "-o" "/opt/rustwide/target/debug/build/librocksdb-sys-d789d67e5dd52aef/out/rocksdb/db/blob/blob_file_meta.o" "-c" "rocksdb/db/blob/blob_file_meta.cc"
[INFO] [stderr]   exit status: 0
[INFO] [stderr]   running: "c++" "-O0" "-ffunction-sections" "-fdata-sections" "-fPIC" "-gdwarf-4" "-fno-omit-frame-pointer" "-m64" "-I" "rocksdb/include/" "-I" "rocksdb/" "-I" "rocksdb/third-party/gtest-1.8.1/fused-src/" "-I" "snappy/" "-I" "lz4/lib/" "-I" "/opt/rustwide/cargo-home/registry/src/github.com-1ecc6299db9ec823/zstd-sys-1.6.3+zstd.1.5.2/zstd/lib" "-I" "/opt/rustwide/target/debug/build/libz-sys-ee257d0e96e6bd1c/out/include" "-I" "/opt/rustwide/target/debug/build/bzip2-sys-f862a9c21a93e4c8/out/include" "-I" "." "-Wall" "-Wextra" "-std=c++11" "-Wno-unused-parameter" "-msse2" "-DSNAPPY=1" "-DLZ4=1" "-DZSTD=1" "-DZLIB=1" "-DBZIP2=1" "-DNDEBUG=1" "-DOS_LINUX" "-DROCKSDB_PLATFORM_POSIX" "-DROCKSDB_LIB_IO_POSIX" "-DROCKSDB_SUPPORT_THREAD_LOCAL" "-o" "/opt/rustwide/target/debug/build/librocksdb-sys-d789d67e5dd52aef/out/rocksdb/db/blob/blob_garbage_meter.o" "-c" "rocksdb/db/blob/blob_garbage_meter.cc"
[INFO] [stderr]   exit status: 0
[INFO] [stderr]   running: "c++" "-O0" "-ffunction-sections" "-fdata-sections" "-fPIC" "-gdwarf-4" "-fno-omit-frame-pointer" "-m64" "-I" "rocksdb/include/" "-I" "rocksdb/" "-I" "rocksdb/third-party/gtest-1.8.1/fused-src/" "-I" "snappy/" "-I" "lz4/lib/" "-I" "/opt/rustwide/cargo-home/registry/src/github.com-1ecc6299db9ec823/zstd-sys-1.6.3+zstd.1.5.2/zstd/lib" "-I" "/opt/rustwide/target/debug/build/libz-sys-ee257d0e96e6bd1c/out/include" "-I" "/opt/rustwide/target/debug/build/bzip2-sys-f862a9c21a93e4c8/out/include" "-I" "." "-Wall" "-Wextra" "-std=c++11" "-Wno-unused-parameter" "-msse2" "-DSNAPPY=1" "-DLZ4=1" "-DZSTD=1" "-DZLIB=1" "-DBZIP2=1" "-DNDEBUG=1" "-DOS_LINUX" "-DROCKSDB_PLATFORM_POSIX" "-DROCKSDB_LIB_IO_POSIX" "-DROCKSDB_SUPPORT_THREAD_LOCAL" "-o" "/opt/rustwide/target/debug/build/librocksdb-sys-d789d67e5dd52aef/out/rocksdb/db/blob/blob_log_format.o" "-c" "rocksdb/db/blob/blob_log_format.cc"
[INFO] [stderr]   exit status: 0
[INFO] [stderr]   running: "c++" "-O0" "-ffunction-sections" "-fdata-sections" "-fPIC" "-gdwarf-4" "-fno-omit-frame-pointer" "-m64" "-I" "rocksdb/include/" "-I" "rocksdb/" "-I" "rocksdb/third-party/gtest-1.8.1/fused-src/" "-I" "snappy/" "-I" "lz4/lib/" "-I" "/opt/rustwide/cargo-home/registry/src/github.com-1ecc6299db9ec823/zstd-sys-1.6.3+zstd.1.5.2/zstd/lib" "-I" "/opt/rustwide/target/debug/build/libz-sys-ee257d0e96e6bd1c/out/include" "-I" "/opt/rustwide/target/debug/build/bzip2-sys-f862a9c21a93e4c8/out/include" "-I" "." "-Wall" "-Wextra" "-std=c++11" "-Wno-unused-parameter" "-msse2" "-DSNAPPY=1" "-DLZ4=1" "-DZSTD=1" "-DZLIB=1" "-DBZIP2=1" "-DNDEBUG=1" "-DOS_LINUX" "-DROCKSDB_PLATFORM_POSIX" "-DROCKSDB_LIB_IO_POSIX" "-DROCKSDB_SUPPORT_THREAD_LOCAL" "-o" "/opt/rustwide/target/debug/build/librocksdb-sys-d789d67e5dd52aef/out/rocksdb/db/blob/blob_log_sequential_reader.o" "-c" "rocksdb/db/blob/blob_log_sequential_reader.cc"
[INFO] [stderr]   running: "c++" "-O0" "-ffunction-sections" "-fdata-sections" "-fPIC" "-gdwarf-4" "-fno-omit-frame-pointer" "-m64" "-I" "rocksdb/include/" "-I" "rocksdb/" "-I" "rocksdb/third-party/gtest-1.8.1/fused-src/" "-I" "snappy/" "-I" "lz4/lib/" "-I" "/opt/rustwide/cargo-home/registry/src/github.com-1ecc6299db9ec823/zstd-sys-1.6.3+zstd.1.5.2/zstd/lib" "-I" "/opt/rustwide/target/debug/build/libz-sys-ee257d0e96e6bd1c/out/include" "-I" "/opt/rustwide/target/debug/build/bzip2-sys-f862a9c21a93e4c8/out/include" "-I" "." "-Wall" "-Wextra" "-std=c++11" "-Wno-unused-parameter" "-msse2" "-DSNAPPY=1" "-DLZ4=1" "-DZSTD=1" "-DZLIB=1" "-DBZIP2=1" "-DNDEBUG=1" "-DOS_LINUX" "-DROCKSDB_PLATFORM_POSIX" "-DROCKSDB_LIB_IO_POSIX" "-DROCKSDB_SUPPORT_THREAD_LOCAL" "-o" "/opt/rustwide/target/debug/build/librocksdb-sys-d789d67e5dd52aef/out/rocksdb/db/blob/blob_log_writer.o" "-c" "rocksdb/db/blob/blob_log_writer.cc"
[INFO] [stderr]   cargo:warning=c++: fatal error: Killed signal terminated program cc1plus
[INFO] [stderr]   cargo:warning=compilation terminated.
[INFO] [stderr]   exit status: 1
[INFO] [stderr]   running: "c++" "-O0" "-ffunction-sections" "-fdata-sections" "-fPIC" "-gdwarf-4" "-fno-omit-frame-pointer" "-m64" "-I" "rocksdb/include/" "-I" "rocksdb/" "-I" "rocksdb/third-party/gtest-1.8.1/fused-src/" "-I" "snappy/" "-I" "lz4/lib/" "-I" "/opt/rustwide/cargo-home/registry/src/github.com-1ecc6299db9ec823/zstd-sys-1.6.3+zstd.1.5.2/zstd/lib" "-I" "/opt/rustwide/target/debug/build/libz-sys-ee257d0e96e6bd1c/out/include" "-I" "/opt/rustwide/target/debug/build/bzip2-sys-f862a9c21a93e4c8/out/include" "-I" "." "-Wall" "-Wextra" "-std=c++11" "-Wno-unused-parameter" "-msse2" "-DSNAPPY=1" "-DLZ4=1" "-DZSTD=1" "-DZLIB=1" "-DBZIP2=1" "-DNDEBUG=1" "-DOS_LINUX" "-DROCKSDB_PLATFORM_POSIX" "-DROCKSDB_LIB_IO_POSIX" "-DROCKSDB_SUPPORT_THREAD_LOCAL" "-o" "/opt/rustwide/target/debug/build/librocksdb-sys-d789d67e5dd52aef/out/rocksdb/db/blob/prefetch_buffer_collection.o" "-c" "rocksdb/db/blob/prefetch_buffer_collection.cc"
[INFO] [stderr]   cargo:warning=c++: fatal error: Killed signal terminated program cc1plus
[INFO] [stderr]   cargo:warning=compilation terminated.
[INFO] [stderr]   exit status: 1
[INFO] [stderr]   exit status: 0
[INFO] [stderr]   exit status: 0
[INFO] [stderr]   exit status: 0
[INFO] [stderr]   exit status: 0
[INFO] [stderr]   cargo:warning=c++: fatal error: Killed signal terminated program cc1plus
[INFO] [stderr]   cargo:warning=compilation terminated.
[INFO] [stderr]   exit status: 1
[INFO] [stderr]   exit status: 0
[INFO] [stderr]   exit status: 0
[INFO] [stderr]   cargo:warning=c++: fatal error: Killed signal terminated program cc1plus
[INFO] [stderr]   cargo:warning=compilation terminated.
[INFO] [stderr]   exit status: 1
[INFO] [stderr]   exit status: 0
[INFO] [stderr]   exit status: 0
[INFO] [stderr]   exit status: 0
[INFO] [stderr]   exit status: 0
[INFO] [stderr]   exit status: 0
[INFO] [stderr]   exit status: 0
[INFO] [stderr]   exit status: 0
[INFO] [stderr] 
[INFO] [stderr]   --- stderr
[INFO] [stderr]   error: 'rustfmt' is not installed for the toolchain '1.69.0-x86_64-unknown-linux-gnu'
[INFO] [stderr]   To install, run `rustup component add rustfmt --toolchain 1.69.0-x86_64-unknown-linux-gnu`
[INFO] [stderr]   Failed to run rustfmt: Internal rustfmt error (non-fatal, continuing)
[INFO] [stderr] 
[INFO] [stderr] 
[INFO] [stderr]   error occurred: Command "c++" "-O0" "-ffunction-sections" "-fdata-sections" "-fPIC" "-gdwarf-4" "-fno-omit-frame-pointer" "-m64" "-I" "rocksdb/include/" "-I" "rocksdb/" "-I" "rocksdb/third-party/gtest-1.8.1/fused-src/" "-I" "snappy/" "-I" "lz4/lib/" "-I" "/opt/rustwide/cargo-home/registry/src/github.com-1ecc6299db9ec823/zstd-sys-1.6.3+zstd.1.5.2/zstd/lib" "-I" "/opt/rustwide/target/debug/build/libz-sys-ee257d0e96e6bd1c/out/include" "-I" "/opt/rustwide/target/debug/build/bzip2-sys-f862a9c21a93e4c8/out/include" "-I" "." "-Wall" "-Wextra" "-std=c++11" "-Wno-unused-parameter" "-msse2" "-DSNAPPY=1" "-DLZ4=1" "-DZSTD=1" "-DZLIB=1" "-DBZIP2=1" "-DNDEBUG=1" "-DOS_LINUX" "-DROCKSDB_PLATFORM_POSIX" "-DROCKSDB_LIB_IO_POSIX" "-DROCKSDB_SUPPORT_THREAD_LOCAL" "-o" "/opt/rustwide/target/debug/build/librocksdb-sys-d789d67e5dd52aef/out/rocksdb/cache/cache.o" "-c" "rocksdb/cache/cache.cc" with args "c++" did not execute successfully (status code exit status: 1).
[INFO] [stderr] 
[INFO] [stderr] 
[INFO] running `Command { std: "docker" "inspect" "c3ead4b1c52a806b24d3ad5e124569ca6704d9ec6be9f94f21ff6c32eff1495f", kill_on_drop: false }`
[INFO] running `Command { std: "docker" "rm" "-f" "c3ead4b1c52a806b24d3ad5e124569ca6704d9ec6be9f94f21ff6c32eff1495f", kill_on_drop: false }`
[INFO] [stdout] c3ead4b1c52a806b24d3ad5e124569ca6704d9ec6be9f94f21ff6c32eff1495f
