[INFO] fetching crate yubirs 0.9.0...
[INFO] documenting yubirs-0.9.0 against 1.69.0 for beta-1.70-rustdoc-1
[INFO] extracting crate yubirs 0.9.0 into /workspace/builds/worker-5-tc1/source
[INFO] validating manifest of crates.io crate yubirs 0.9.0 on toolchain 1.69.0
[INFO] running `Command { std: CARGO_HOME="/workspace/cargo-home" RUSTUP_HOME="/workspace/rustup-home" "/workspace/cargo-home/bin/cargo" "+1.69.0" "metadata" "--manifest-path" "Cargo.toml" "--no-deps", kill_on_drop: false }`
[INFO] started tweaking crates.io crate yubirs 0.9.0
[INFO] finished tweaking crates.io crate yubirs 0.9.0
[INFO] tweaked toml for crates.io crate yubirs 0.9.0 written to /workspace/builds/worker-5-tc1/source/Cargo.toml
[INFO] running `Command { std: CARGO_HOME="/workspace/cargo-home" RUSTUP_HOME="/workspace/rustup-home" __CARGO_TEST_CHANNEL_OVERRIDE_DO_NOT_USE_THIS="nightly" "/workspace/cargo-home/bin/cargo" "+1.69.0" "generate-lockfile" "--manifest-path" "Cargo.toml" "-Zno-index-update", kill_on_drop: false }`
[INFO] running `Command { std: CARGO_HOME="/workspace/cargo-home" RUSTUP_HOME="/workspace/rustup-home" "/workspace/cargo-home/bin/cargo" "+1.69.0" "fetch" "--manifest-path" "Cargo.toml", kill_on_drop: false }`
[INFO] [stderr]  Downloading crates ...
[INFO] [stderr]   Downloaded pcsc-sys v1.2.0
[INFO] [stderr]   Downloaded halite-sys v0.1.4
[INFO] [stderr]   Downloaded bdrck v0.19.3
[INFO] running `Command { std: "docker" "create" "-v" "/var/lib/crater-agent-workspace/builds/worker-5-tc1/target:/opt/rustwide/target:rw,Z" "-v" "/var/lib/crater-agent-workspace/builds/worker-5-tc1/source:/opt/rustwide/workdir:ro,Z" "-v" "/var/lib/crater-agent-workspace/cargo-home:/opt/rustwide/cargo-home:ro,Z" "-v" "/var/lib/crater-agent-workspace/rustup-home:/opt/rustwide/rustup-home:ro,Z" "-e" "SOURCE_DIR=/opt/rustwide/workdir" "-e" "CARGO_TARGET_DIR=/opt/rustwide/target" "-e" "CARGO_HOME=/opt/rustwide/cargo-home" "-e" "RUSTUP_HOME=/opt/rustwide/rustup-home" "-w" "/opt/rustwide/workdir" "-m" "1610612736" "--user" "0:0" "--network" "none" "ghcr.io/rust-lang/crates-build-env/linux@sha256:5ff2268d62e97bff2cde7d5815dd6ed5b47097566f13b8d0ca110b04b60e07ed" "/opt/rustwide/cargo-home/bin/cargo" "+1.69.0" "metadata" "--no-deps" "--format-version=1", kill_on_drop: false }`
[INFO] [stdout] 55f56ef8b0d7bb1f899186551fa94baa426a8401fabaa718be03de608c690b25
[INFO] running `Command { std: "docker" "start" "-a" "55f56ef8b0d7bb1f899186551fa94baa426a8401fabaa718be03de608c690b25", kill_on_drop: false }`
[INFO] running `Command { std: "docker" "inspect" "55f56ef8b0d7bb1f899186551fa94baa426a8401fabaa718be03de608c690b25", kill_on_drop: false }`
[INFO] running `Command { std: "docker" "rm" "-f" "55f56ef8b0d7bb1f899186551fa94baa426a8401fabaa718be03de608c690b25", kill_on_drop: false }`
[INFO] [stdout] 55f56ef8b0d7bb1f899186551fa94baa426a8401fabaa718be03de608c690b25
[INFO] running `Command { std: "docker" "create" "-v" "/var/lib/crater-agent-workspace/builds/worker-5-tc1/target:/opt/rustwide/target:rw,Z" "-v" "/var/lib/crater-agent-workspace/builds/worker-5-tc1/source:/opt/rustwide/workdir:ro,Z" "-v" "/var/lib/crater-agent-workspace/cargo-home:/opt/rustwide/cargo-home:ro,Z" "-v" "/var/lib/crater-agent-workspace/rustup-home:/opt/rustwide/rustup-home:ro,Z" "-e" "SOURCE_DIR=/opt/rustwide/workdir" "-e" "CARGO_TARGET_DIR=/opt/rustwide/target" "-e" "CARGO_INCREMENTAL=0" "-e" "RUST_BACKTRACE=full" "-e" "RUSTFLAGS=--cap-lints=warn" "-e" "RUSTDOCFLAGS=--cap-lints=warn" "-e" "CARGO_HOME=/opt/rustwide/cargo-home" "-e" "RUSTUP_HOME=/opt/rustwide/rustup-home" "-w" "/opt/rustwide/workdir" "-m" "1610612736" "--user" "0:0" "--network" "none" "ghcr.io/rust-lang/crates-build-env/linux@sha256:5ff2268d62e97bff2cde7d5815dd6ed5b47097566f13b8d0ca110b04b60e07ed" "/opt/rustwide/cargo-home/bin/cargo" "+1.69.0" "doc" "--frozen" "--no-deps" "--document-private-items" "--message-format=json", kill_on_drop: false }`
[INFO] [stdout] 1785d246d5351c626a80aeeefe4b3489802f28d86a9f01ae68e0d6fb1e0a2d0b
[INFO] running `Command { std: "docker" "start" "-a" "1785d246d5351c626a80aeeefe4b3489802f28d86a9f01ae68e0d6fb1e0a2d0b", kill_on_drop: false }`
[INFO] [stderr]    Compiling libc v0.2.142
[INFO] [stderr]    Compiling memchr v2.5.0
[INFO] [stderr]    Compiling tokio v1.28.0
[INFO] [stderr]    Compiling futures-util v0.3.28
[INFO] [stderr]    Compiling clang-sys v1.6.1
[INFO] [stderr]    Compiling futures-macro v0.3.28
[INFO] [stderr]     Checking mio v0.8.6
[INFO] [stderr]     Checking openssl-sys v0.9.87
[INFO] [stderr]    Compiling backtrace v0.3.67
[INFO] [stderr]    Compiling prettyplease v0.2.4
[INFO] [stderr]    Compiling io-lifetimes v1.0.10
[INFO] [stderr]    Compiling num-traits v0.2.15
[INFO] [stderr]    Compiling gimli v0.27.2
[INFO] [stderr]    Compiling adler v1.0.2
[INFO] [stderr]    Compiling minimal-lexical v0.2.1
[INFO] [stderr]    Compiling miniz_oxide v0.6.2
[INFO] [stderr]    Compiling log v0.4.17
[INFO] [stderr]    Compiling rustix v0.37.18
[INFO] [stderr]    Compiling nom v7.1.3
[INFO] [stderr]     Checking serde v1.0.160
[INFO] [stderr]    Compiling object v0.30.3
[INFO] [stderr]    Compiling libloading v0.7.4
[INFO] [stderr]    Compiling openssl-macros v0.1.1
[INFO] [stderr]    Compiling libz-sys v1.1.9
[INFO] [stderr]    Compiling either v1.8.1
[INFO] [stderr]    Compiling bindgen v0.65.1
[INFO] [stderr]    Compiling rustc-demangle v0.1.23
[INFO] [stderr]    Compiling anyhow v1.0.71
[INFO] [stderr]    Compiling addr2line v0.19.0
[INFO] [stderr]    Compiling linux-raw-sys v0.3.6
[INFO] [stderr]    Compiling regex-syntax v0.7.1
[INFO] [stderr]    Compiling cexpr v0.6.0
[INFO] [stderr]     Checking tokio-util v0.7.8
[INFO] [stderr]     Checking openssl v0.10.52
[INFO] [stderr]    Compiling which v4.4.0
[INFO] [stderr]    Compiling shlex v1.1.0
[INFO] [stderr]    Compiling lazycell v1.3.0
[INFO] [stderr]    Compiling same-file v1.0.6
[INFO] [stderr]    Compiling regex v1.8.1
[INFO] [stderr]    Compiling fastrand v1.9.0
[INFO] [stderr]    Compiling walkdir v2.3.3
[INFO] [stderr]     Checking h2 v0.3.18
[INFO] [stderr]     Checking native-tls v0.2.11
[INFO] [stderr]    Compiling tempfile v3.5.0
[INFO] [stderr]     Checking getrandom v0.2.9
[INFO] [stderr]    Compiling curl-sys v0.4.61+curl-8.0.1
[INFO] [stderr]     Checking tokio-native-tls v0.3.1
[INFO] [stderr]     Checking rand_core v0.6.4
[INFO] [stderr]     Checking rmp v0.8.11
[INFO] [stderr]     Checking num-integer v0.1.45
[INFO] [stderr]     Checking rand_chacha v0.3.1
[INFO] [stderr]     Checking serde_urlencoded v0.7.1
[INFO] [stderr]     Checking futures-executor v0.3.28
[INFO] [stderr]    Compiling pcsc-sys v1.2.0
[INFO] [stderr]    Compiling curl v0.4.44
[INFO] [stderr]     Checking chrono v0.4.24
[INFO] [stderr]     Checking rmp-serde v1.1.1
[INFO] [stderr]     Checking futures v0.3.28
[INFO] [stderr]     Checking rand v0.8.5
[INFO] [stderr]     Checking serde_json v1.0.96
[INFO] [stderr]     Checking hyper v0.14.26
[INFO] [stderr]     Checking errno v0.2.8
[INFO] [stderr]     Checking bincode v1.3.3
[INFO] [stderr]     Checking hyper-tls v0.5.0
[INFO] [stderr]     Checking reqwest v0.11.17
[INFO] [stderr]    Compiling halite-sys v0.1.4
[INFO] [stderr]     Checking bdrck v0.19.3
[INFO] [stdout] error[E0308]: mismatched types
[INFO] [stdout]    --> /opt/rustwide/cargo-home/registry/src/github.com-1ecc6299db9ec823/bdrck-0.19.3/src/crypto/digest.rs:161:13
[INFO] [stdout]     |
[INFO] [stdout] 154 |         halite_sys::crypto_pwhash_scryptsalsa208sha256(
[INFO] [stdout]     |         ---------------------------------------------- arguments to this function are incorrect
[INFO] [stdout] ...
[INFO] [stdout] 161 |             mem_limit as c_ulonglong,
[INFO] [stdout]     |             ^^^^^^^^^^^^^^^^^^^^^^^^ expected `usize`, found `u64`
[INFO] [stdout]     |
[INFO] [stdout] note: function defined here
[INFO] [stdout]    --> /opt/rustwide/target/debug/build/halite-sys-644da531aea10bd3/out/bindings.rs:3:213413
[INFO] [stdout]     |
[INFO] [stdout] 3   | ...mit_sensitive () -> usize ; } extern "C" { pub fn crypto_pwhash_scryptsalsa208sha256 (out : * mut :: std :: os :: raw :: c_uchar , out...
[INFO] [stdout]     |                                                      ^^^^^^^^^^^^^^^^^^^^^^^^^^^^^^^^^^
[INFO] [stdout] help: you can convert a `u64` to a `usize` and panic if the converted value doesn't fit
[INFO] [stdout]     |
[INFO] [stdout] 161 |             (mem_limit as c_ulonglong).try_into().unwrap(),
[INFO] [stdout]     |             +                        +++++++++++++++++++++
[INFO] [stdout] 
[INFO] [stdout] 
[INFO] [stdout] error[E0308]: mismatched types
[INFO] [stdout]   --> /opt/rustwide/cargo-home/registry/src/github.com-1ecc6299db9ec823/bdrck-0.19.3/src/crypto/key.rs:72:69
[INFO] [stdout]    |
[INFO] [stdout] 72 |             halite_sys::sodium_increment(self.nonce.0.as_mut_ptr(), NONCE_BYTES as u64);
[INFO] [stdout]    |             ----------------------------                            ^^^^^^^^^^^^^^^^^^ expected `usize`, found `u64`
[INFO] [stdout]    |             |
[INFO] [stdout]    |             arguments to this function are incorrect
[INFO] [stdout]    |
[INFO] [stdout] note: function defined here
[INFO] [stdout]   --> /opt/rustwide/target/debug/build/halite-sys-644da531aea10bd3/out/bindings.rs:3:194532
[INFO] [stdout]    |
[INFO] [stdout] 3  | ...e) -> :: std :: os :: raw :: c_int ; } extern "C" { pub fn sodium_increment (n : * mut :: std :: os :: raw :: c_uchar , nlen : usize) ...
[INFO] [stdout]    |                                                               ^^^^^^^^^^^^^^^^
[INFO] [stdout] help: you can convert a `u64` to a `usize` and panic if the converted value doesn't fit
[INFO] [stdout]    |
[INFO] [stdout] 72 |             halite_sys::sodium_increment(self.nonce.0.as_mut_ptr(), (NONCE_BYTES as u64).try_into().unwrap());
[INFO] [stdout]    |                                                                     +                  +++++++++++++++++++++
[INFO] [stdout] 
[INFO] [stdout] 
[INFO] [stdout] error[E0308]: mismatched types
[INFO] [stdout]   --> /opt/rustwide/cargo-home/registry/src/github.com-1ecc6299db9ec823/bdrck-0.19.3/src/crypto/util.rs:25:70
[INFO] [stdout]    |
[INFO] [stdout] 25 |         halite_sys::randombytes_buf(buf.as_mut_ptr() as *mut c_void, buf.len() as c_ulonglong);
[INFO] [stdout]    |         ---------------------------                                  ^^^^^^^^^^^^^^^^^^^^^^^^ expected `usize`, found `u64`
[INFO] [stdout]    |         |
[INFO] [stdout]    |         arguments to this function are incorrect
[INFO] [stdout]    |
[INFO] [stdout] note: function defined here
[INFO] [stdout]   --> /opt/rustwide/target/debug/build/halite-sys-644da531aea10bd3/out/bindings.rs:3:191822
[INFO] [stdout]    |
[INFO] [stdout] 3  | ... randombytes_seedbytes () -> usize ; } extern "C" { pub fn randombytes_buf (buf : * mut :: std :: os :: raw :: c_void , size : usize) ...
[INFO] [stdout]    |                                                               ^^^^^^^^^^^^^^^
[INFO] [stdout] help: you can convert a `u64` to a `usize` and panic if the converted value doesn't fit
[INFO] [stdout]    |
[INFO] [stdout] 25 |         halite_sys::randombytes_buf(buf.as_mut_ptr() as *mut c_void, (buf.len() as c_ulonglong).try_into().unwrap());
[INFO] [stdout]    |                                                                      +                        +++++++++++++++++++++
[INFO] [stdout] 
[INFO] [stdout] 
[INFO] [stdout] error: aborting due to 3 previous errors
[INFO] [stdout] 
[INFO] [stdout] 
[INFO] [stdout] For more information about this error, try `rustc --explain E0308`.
[INFO] [stdout] 
[INFO] [stderr] error: could not compile `bdrck` due to 4 previous errors
[INFO] running `Command { std: "docker" "inspect" "1785d246d5351c626a80aeeefe4b3489802f28d86a9f01ae68e0d6fb1e0a2d0b", kill_on_drop: false }`
[INFO] running `Command { std: "docker" "rm" "-f" "1785d246d5351c626a80aeeefe4b3489802f28d86a9f01ae68e0d6fb1e0a2d0b", kill_on_drop: false }`
[INFO] [stdout] 1785d246d5351c626a80aeeefe4b3489802f28d86a9f01ae68e0d6fb1e0a2d0b
