[INFO] fetching crate yarte_format 0.12.1...
[INFO] documenting yarte_format-0.12.1 against 1.69.0 for beta-1.70-rustdoc-1
[INFO] extracting crate yarte_format 0.12.1 into /workspace/builds/worker-2-tc1/source
[INFO] validating manifest of crates.io crate yarte_format 0.12.1 on toolchain 1.69.0
[INFO] running `Command { std: CARGO_HOME="/workspace/cargo-home" RUSTUP_HOME="/workspace/rustup-home" "/workspace/cargo-home/bin/cargo" "+1.69.0" "metadata" "--manifest-path" "Cargo.toml" "--no-deps", kill_on_drop: false }`
[INFO] started tweaking crates.io crate yarte_format 0.12.1
[INFO] finished tweaking crates.io crate yarte_format 0.12.1
[INFO] tweaked toml for crates.io crate yarte_format 0.12.1 written to /workspace/builds/worker-2-tc1/source/Cargo.toml
[INFO] running `Command { std: CARGO_HOME="/workspace/cargo-home" RUSTUP_HOME="/workspace/rustup-home" __CARGO_TEST_CHANNEL_OVERRIDE_DO_NOT_USE_THIS="nightly" "/workspace/cargo-home/bin/cargo" "+1.69.0" "generate-lockfile" "--manifest-path" "Cargo.toml" "-Zno-index-update", kill_on_drop: false }`
[INFO] running `Command { std: CARGO_HOME="/workspace/cargo-home" RUSTUP_HOME="/workspace/rustup-home" "/workspace/cargo-home/bin/cargo" "+1.69.0" "fetch" "--manifest-path" "Cargo.toml", kill_on_drop: false }`
[INFO] [stderr]  Downloading crates ...
[INFO] [stderr]   Downloaded liquid-derive v0.20.1
[INFO] [stderr]   Downloaded toolchain_find v0.1.4
[INFO] [stderr]   Downloaded yarte_parser v0.12.2
[INFO] [stderr]   Downloaded v_htmlescape v0.10.4
[INFO] [stderr]   Downloaded yarte_hir v0.12.2
[INFO] [stderr]   Downloaded liquid-core v0.20.2
[INFO] [stderr]   Downloaded liquid v0.20.1
[INFO] [stderr]   Downloaded buf-min v0.1.1
[INFO] [stderr]   Downloaded yarte_derive v0.12.2
[INFO] [stderr]   Downloaded v_jsonescape v0.2.4
[INFO] [stderr]   Downloaded yarte_codegen v0.12.2
[INFO] [stderr]   Downloaded ansi_colours v1.2.1
[INFO] [stderr]   Downloaded liquid-lib v0.20.2
[INFO] [stderr]   Downloaded kstring v0.1.2
[INFO] [stderr]   Downloaded wild v2.1.0
[INFO] [stderr]   Downloaded v_escape v0.13.2
[INFO] [stderr]   Downloaded yarte_helpers v0.12.2
[INFO] [stderr]   Downloaded proc-quote v0.3.2
[INFO] [stderr]   Downloaded bat v0.15.4
[INFO] running `Command { std: "docker" "create" "-v" "/var/lib/crater-agent-workspace/builds/worker-2-tc1/target:/opt/rustwide/target:rw,Z" "-v" "/var/lib/crater-agent-workspace/builds/worker-2-tc1/source:/opt/rustwide/workdir:ro,Z" "-v" "/var/lib/crater-agent-workspace/cargo-home:/opt/rustwide/cargo-home:ro,Z" "-v" "/var/lib/crater-agent-workspace/rustup-home:/opt/rustwide/rustup-home:ro,Z" "-e" "SOURCE_DIR=/opt/rustwide/workdir" "-e" "CARGO_TARGET_DIR=/opt/rustwide/target" "-e" "CARGO_HOME=/opt/rustwide/cargo-home" "-e" "RUSTUP_HOME=/opt/rustwide/rustup-home" "-w" "/opt/rustwide/workdir" "-m" "1610612736" "--user" "0:0" "--network" "none" "ghcr.io/rust-lang/crates-build-env/linux@sha256:5ff2268d62e97bff2cde7d5815dd6ed5b47097566f13b8d0ca110b04b60e07ed" "/opt/rustwide/cargo-home/bin/cargo" "+1.69.0" "metadata" "--no-deps" "--format-version=1", kill_on_drop: false }`
[INFO] [stdout] b6616df48f19219942a33ee3120e52cff162c67a40e5e3ae302255fc9d9d6f47
[INFO] running `Command { std: "docker" "start" "-a" "b6616df48f19219942a33ee3120e52cff162c67a40e5e3ae302255fc9d9d6f47", kill_on_drop: false }`
[INFO] running `Command { std: "docker" "inspect" "b6616df48f19219942a33ee3120e52cff162c67a40e5e3ae302255fc9d9d6f47", kill_on_drop: false }`
[INFO] running `Command { std: "docker" "rm" "-f" "b6616df48f19219942a33ee3120e52cff162c67a40e5e3ae302255fc9d9d6f47", kill_on_drop: false }`
[INFO] [stdout] b6616df48f19219942a33ee3120e52cff162c67a40e5e3ae302255fc9d9d6f47
[INFO] running `Command { std: "docker" "create" "-v" "/var/lib/crater-agent-workspace/builds/worker-2-tc1/target:/opt/rustwide/target:rw,Z" "-v" "/var/lib/crater-agent-workspace/builds/worker-2-tc1/source:/opt/rustwide/workdir:ro,Z" "-v" "/var/lib/crater-agent-workspace/cargo-home:/opt/rustwide/cargo-home:ro,Z" "-v" "/var/lib/crater-agent-workspace/rustup-home:/opt/rustwide/rustup-home:ro,Z" "-e" "SOURCE_DIR=/opt/rustwide/workdir" "-e" "CARGO_TARGET_DIR=/opt/rustwide/target" "-e" "CARGO_INCREMENTAL=0" "-e" "RUST_BACKTRACE=full" "-e" "RUSTFLAGS=--cap-lints=warn" "-e" "RUSTDOCFLAGS=--cap-lints=warn" "-e" "CARGO_HOME=/opt/rustwide/cargo-home" "-e" "RUSTUP_HOME=/opt/rustwide/rustup-home" "-w" "/opt/rustwide/workdir" "-m" "1610612736" "--user" "0:0" "--network" "none" "ghcr.io/rust-lang/crates-build-env/linux@sha256:5ff2268d62e97bff2cde7d5815dd6ed5b47097566f13b8d0ca110b04b60e07ed" "/opt/rustwide/cargo-home/bin/cargo" "+1.69.0" "doc" "--frozen" "--no-deps" "--document-private-items" "--message-format=json", kill_on_drop: false }`
[INFO] [stdout] 1e118e8a081102076f43b54c5e7fea28870fa8fa8e2cfb6f3eb1166be4b70803
[INFO] running `Command { std: "docker" "start" "-a" "1e118e8a081102076f43b54c5e7fea28870fa8fa8e2cfb6f3eb1166be4b70803", kill_on_drop: false }`
[INFO] [stderr]    Compiling syn v1.0.109
[INFO] [stderr]    Compiling percent-encoding v2.2.0
[INFO] [stderr]    Compiling jobserver v0.1.26
[INFO] [stderr]    Compiling num-traits v0.2.15
[INFO] [stderr]    Compiling num-integer v0.1.45
[INFO] [stderr]    Compiling time v0.1.45
[INFO] [stderr]    Compiling either v1.8.1
[INFO] [stderr]    Compiling iana-time-zone v0.1.56
[INFO] [stderr]    Compiling anymap v0.12.1
[INFO] [stderr]    Compiling proc-quote-impl v0.3.2
[INFO] [stderr]    Compiling doc-comment v0.3.3
[INFO] [stderr]    Compiling thiserror-impl v1.0.40
[INFO] [stderr]    Compiling term_size v0.3.2
[INFO] [stderr]    Compiling encoding_index_tests v0.1.4
[INFO] [stderr]    Compiling serde v1.0.160
[INFO] [stderr]    Compiling error-chain v0.12.4
[INFO] [stderr]    Compiling textwrap v0.11.0
[INFO] [stderr]    Compiling atty v0.2.14
[INFO] [stderr]    Compiling itertools v0.9.0
[INFO] [stderr]    Compiling tinyvec_macros v0.1.1
[INFO] [stderr]    Compiling v_escape v0.13.2
[INFO] [stderr]    Compiling cc v1.0.79
[INFO] [stderr]    Compiling hashbrown v0.12.3
[INFO] [stderr]    Compiling linked-hash-map v0.5.6
[INFO] [stderr]    Compiling unicode-bidi v0.3.13
[INFO] [stderr]    Compiling tinyvec v1.6.0
[INFO] [stderr]    Compiling clap v2.34.0
[INFO] [stderr]    Compiling time-core v0.1.0
[INFO] [stderr]    Compiling v_htmlescape v0.10.4
[INFO] [stderr]    Compiling adler v1.0.2
[INFO] [stderr]    Compiling yaml-rust v0.4.5
[INFO] [stderr]    Compiling time v0.3.20
[INFO] [stderr]    Compiling line-wrap v0.1.1
[INFO] [stderr]    Compiling miniz_oxide v0.7.1
[INFO] [stderr]    Compiling form_urlencoded v1.1.0
[INFO] [stderr]    Compiling quick-xml v0.28.2
[INFO] [stderr]    Compiling crc32fast v1.3.2
[INFO] [stderr]    Compiling indexmap v1.9.3
[INFO] [stderr]    Compiling bytemuck v1.13.1
[INFO] [stderr]    Compiling bytes v0.5.6
[INFO] [stderr]    Compiling unicode-normalization v0.1.22
[INFO] [stderr]    Compiling flate2 v1.0.26
[INFO] [stderr]    Compiling rgb v0.8.36
[INFO] [stderr]    Compiling encoding-index-simpchinese v1.20141219.5
[INFO] [stderr]    Compiling encoding-index-singlebyte v1.20141219.5
[INFO] [stderr]    Compiling encoding-index-japanese v1.20141219.5
[INFO] [stderr]    Compiling libz-sys v1.1.9
[INFO] [stderr]    Compiling onig_sys v69.8.1
[INFO] [stderr]    Compiling libgit2-sys v0.12.26+1.3.0
[INFO] [stderr]    Compiling idna v0.3.0
[INFO] [stderr]    Compiling buf-min v0.1.1
[INFO] [stderr]    Compiling encoding-index-tradchinese v1.20141219.5
[INFO] [stderr]    Compiling encoding-index-korean v1.20141219.5
[INFO] [stderr]    Compiling aho-corasick v0.7.20
[INFO] [stderr]    Compiling bstr v1.4.0
[INFO] [stderr]    Compiling dirs-sys v0.3.7
[INFO] [stderr]    Compiling thiserror v1.0.40
[INFO] [stderr]    Compiling pest v2.6.0
[INFO] [stderr]    Compiling chrono v0.4.24
[INFO] [stderr]    Compiling terminal_size v0.1.17
[INFO] [stderr]    Compiling termios v0.3.3
[INFO] [stderr]    Compiling regex-syntax v0.6.29
[INFO] [stderr]    Compiling std_prelude v0.2.12
[INFO] [stderr]    Compiling cfg-if v0.1.10
[INFO] [stderr]    Compiling url v2.3.1
[INFO] [stderr]    Compiling console v0.11.3
[INFO] [stderr]    Compiling dirs v2.0.2
[INFO] [stderr]    Compiling path_abs v0.5.1
[INFO] [stderr]    Compiling encoding v0.2.33
[INFO] [stderr]    Compiling ansi_colours v1.2.1
[INFO] [stderr]    Compiling globset v0.4.10
[INFO] [stderr]    Compiling content_inspector v0.2.4
[INFO] [stderr]    Compiling dirs v1.0.5
[INFO] [stderr]    Compiling shell-words v1.1.0
[INFO] [stderr]    Compiling wild v2.1.0
[INFO] [stderr]    Compiling toolchain_find v0.1.4
[INFO] [stderr]    Compiling convert_case v0.4.0
[INFO] [stderr]    Compiling dtoa v0.4.8
[INFO] [stderr]    Compiling yansi-term v0.1.2
[INFO] [stderr]    Compiling itoa v0.4.8
[INFO] [stderr]    Compiling annotate-snippets v0.9.1
[INFO] [stderr]    Compiling pest_meta v2.6.0
[INFO] [stderr]     Checking semver-parser v0.7.0
[INFO] [stderr]     Checking bincode v1.3.3
[INFO] [stderr]     Checking semver v0.9.0
[INFO] [stderr]     Checking serde_json v1.0.96
[INFO] [stderr]    Compiling kstring v0.1.2
[INFO] [stderr]    Compiling plist v1.4.3
[INFO] [stderr]    Compiling serde_yaml v0.8.26
[INFO] [stderr]    Compiling toml v0.5.11
[INFO] [stderr]    Compiling pest_generator v2.6.0
[INFO] [stderr]     Checking lazycell v1.3.0
[INFO] [stderr]    Compiling proc-quote v0.3.2
[INFO] [stderr]    Compiling v_eval v0.6.0
[INFO] [stderr]    Compiling pest_derive v2.6.0
[INFO] [stderr]    Compiling liquid-derive v0.20.1
[INFO] [stderr]    Compiling v_escape_derive v0.8.5
[INFO] [stderr]    Compiling derive_more v0.99.17
[INFO] [stderr]    Compiling onig v6.4.0
[INFO] [stderr]     Checking syntect v4.6.0
[INFO] [stderr]    Compiling liquid-core v0.20.2
[INFO] [stderr]    Compiling git2 v0.13.25
[INFO] [stderr]    Compiling liquid-lib v0.20.2
[INFO] [stderr]    Compiling liquid v0.20.1
[INFO] [stderr]    Compiling bat v0.15.4
[INFO] [stderr]     Checking yarte_helpers v0.12.2
[INFO] [stderr]    Compiling yarte_parser v0.12.2
[INFO] [stderr]    Compiling yarte_hir v0.12.2
[INFO] [stdout] error[E0433]: failed to resolve: could not find `export` in `syn`
[INFO] [stdout]    --> /opt/rustwide/cargo-home/registry/src/github.com-1ecc6299db9ec823/yarte_hir-0.12.2/src/lib.rs:445:57
[INFO] [stdout]     |
[INFO] [stdout] 445 |                     paren_token: syn::token::Paren(syn::export::Span::call_site()),
[INFO] [stdout]     |                                                         ^^^^^^ could not find `export` in `syn`
[INFO] [stdout]     |
[INFO] [stdout] help: consider importing one of these items
[INFO] [stdout]     |
[INFO] [stdout] 6   | use proc_macro2::Span;
[INFO] [stdout]     |
[INFO] [stdout] 6   | use quote::__private::Span;
[INFO] [stdout]     |
[INFO] [stdout] 6   | use syn::__private::Span;
[INFO] [stdout]     |
[INFO] [stdout] 6   | use yarte_parser::source_map::Span;
[INFO] [stdout]     |
[INFO] [stdout] help: if you import `Span`, refer to it directly
[INFO] [stdout]     |
[INFO] [stdout] 445 -                     paren_token: syn::token::Paren(syn::export::Span::call_site()),
[INFO] [stdout] 445 +                     paren_token: syn::token::Paren(Span::call_site()),
[INFO] [stdout]     |
[INFO] [stdout] 
[INFO] [stdout] 
[INFO] [stdout] error[E0433]: failed to resolve: could not find `export` in `syn`
[INFO] [stdout]    --> /opt/rustwide/cargo-home/registry/src/github.com-1ecc6299db9ec823/yarte_hir-0.12.2/src/lib.rs:880:135
[INFO] [stdout]     |
[INFO] [stdout] 880 | ... let field = syn::Index{ index: u32::from_str_radix(str::from_utf8(&ident[1..]).unwrap(), 10).unwrap(), span: syn::export::Span::call_...
[INFO] [stdout]     |                                                                                                                       ^^^^^^ could not find `export` in `syn`
[INFO] [stdout] ...
[INFO] [stdout] 974 | ... None => self_var!(ident),
[INFO] [stdout]     |             ---------------- in this macro invocation
[INFO] [stdout]     |
[INFO] [stdout]     = note: this error originates in the macro `index_var` which comes from the expansion of the macro `self_var` (in Nightly builds, run with -Z macro-backtrace for more info)
[INFO] [stdout] help: consider importing one of these items
[INFO] [stdout]     |
[INFO] [stdout] 6   | use crate::Span;
[INFO] [stdout]     |
[INFO] [stdout] 6   | use proc_macro2::Span;
[INFO] [stdout]     |
[INFO] [stdout] 6   | use quote::__private::Span;
[INFO] [stdout]     |
[INFO] [stdout] 6   | use syn::__private::Span;
[INFO] [stdout]     |
[INFO] [stdout]       and 1 other candidate
[INFO] [stdout] 
[INFO] [stdout] 
[INFO] [stdout] error[E0433]: failed to resolve: could not find `export` in `syn`
[INFO] [stdout]    --> /opt/rustwide/cargo-home/registry/src/github.com-1ecc6299db9ec823/yarte_hir-0.12.2/src/lib.rs:880:135
[INFO] [stdout]     |
[INFO] [stdout] 880 | ...d = syn::Index{ index: u32::from_str_radix(str::from_utf8(&ident[1..]).unwrap(), 10).unwrap(), span: syn::export::Span::call_site() };
[INFO] [stdout]     |                                                                                                              ^^^^^^ could not find `export` in `syn`
[INFO] [stdout] ...
[INFO] [stdout] 975 | ...:Each(j)) => each_var!(ident, *j),
[INFO] [stdout]     |                 -------------------- in this macro invocation
[INFO] [stdout]     |
[INFO] [stdout]     = note: this error originates in the macro `index_var` which comes from the expansion of the macro `each_var` (in Nightly builds, run with -Z macro-backtrace for more info)
[INFO] [stdout] help: consider importing one of these items
[INFO] [stdout]     |
[INFO] [stdout] 6   | use crate::Span;
[INFO] [stdout]     |
[INFO] [stdout] 6   | use proc_macro2::Span;
[INFO] [stdout]     |
[INFO] [stdout] 6   | use quote::__private::Span;
[INFO] [stdout]     |
[INFO] [stdout] 6   | use syn::__private::Span;
[INFO] [stdout]     |
[INFO] [stdout]       and 1 other candidate
[INFO] [stdout] 
[INFO] [stdout] 
[INFO] [stdout] error[E0433]: failed to resolve: could not find `export` in `syn`
[INFO] [stdout]    --> /opt/rustwide/cargo-home/registry/src/github.com-1ecc6299db9ec823/yarte_hir-0.12.2/src/lib.rs:880:135
[INFO] [stdout]     |
[INFO] [stdout] 880 | ...d = syn::Index{ index: u32::from_str_radix(str::from_utf8(&ident[1..]).unwrap(), 10).unwrap(), span: syn::export::Span::call_site() };
[INFO] [stdout]     |                                                                                                              ^^^^^^ could not find `export` in `syn`
[INFO] [stdout] ...
[INFO] [stdout] 976 | ...:With(j)) => with_var!(ident, *j),
[INFO] [stdout]     |                 -------------------- in this macro invocation
[INFO] [stdout]     |
[INFO] [stdout]     = note: this error originates in the macro `index_var` which comes from the expansion of the macro `with_var` (in Nightly builds, run with -Z macro-backtrace for more info)
[INFO] [stdout] help: consider importing one of these items
[INFO] [stdout]     |
[INFO] [stdout] 6   | use crate::Span;
[INFO] [stdout]     |
[INFO] [stdout] 6   | use proc_macro2::Span;
[INFO] [stdout]     |
[INFO] [stdout] 6   | use quote::__private::Span;
[INFO] [stdout]     |
[INFO] [stdout] 6   | use syn::__private::Span;
[INFO] [stdout]     |
[INFO] [stdout]       and 1 other candidate
[INFO] [stdout] 
[INFO] [stdout] 
[INFO] [stdout] error[E0433]: failed to resolve: could not find `export` in `syn`
[INFO] [stdout]    --> /opt/rustwide/cargo-home/registry/src/github.com-1ecc6299db9ec823/yarte_hir-0.12.2/src/lib.rs:880:135
[INFO] [stdout]     |
[INFO] [stdout] 880 | ...       let field = syn::Index{ index: u32::from_str_radix(str::from_utf8(&ident[1..]).unwrap(), 10).unwrap(), span: syn::export::Span:...
[INFO] [stdout]     |                                                                                                                             ^^^^^^ could not find `export` in `syn`
[INFO] [stdout] ...
[INFO] [stdout] 984 | ...   self_var!(ident);
[INFO] [stdout]     |       ---------------- in this macro invocation
[INFO] [stdout]     |
[INFO] [stdout]     = note: this error originates in the macro `index_var` which comes from the expansion of the macro `self_var` (in Nightly builds, run with -Z macro-backtrace for more info)
[INFO] [stdout] help: consider importing one of these items
[INFO] [stdout]     |
[INFO] [stdout] 6   | use crate::Span;
[INFO] [stdout]     |
[INFO] [stdout] 6   | use proc_macro2::Span;
[INFO] [stdout]     |
[INFO] [stdout] 6   | use quote::__private::Span;
[INFO] [stdout]     |
[INFO] [stdout] 6   | use syn::__private::Span;
[INFO] [stdout]     |
[INFO] [stdout]       and 1 other candidate
[INFO] [stdout] 
[INFO] [stdout] 
[INFO] [stdout] error[E0433]: failed to resolve: could not find `export` in `syn`
[INFO] [stdout]    --> /opt/rustwide/cargo-home/registry/src/github.com-1ecc6299db9ec823/yarte_hir-0.12.2/src/lib.rs:880:135
[INFO] [stdout]     |
[INFO] [stdout] 880 | ...field = syn::Index{ index: u32::from_str_radix(str::from_utf8(&ident[1..]).unwrap(), 10).unwrap(), span: syn::export::Span::call_site(...
[INFO] [stdout]     |                                                                                                                  ^^^^^^ could not find `export` in `syn`
[INFO] [stdout] ...
[INFO] [stdout] 988 | ...Each(j) => each_var!(ident.as_str(), j),
[INFO] [stdout]     |               ---------------------------- in this macro invocation
[INFO] [stdout]     |
[INFO] [stdout]     = note: this error originates in the macro `index_var` which comes from the expansion of the macro `each_var` (in Nightly builds, run with -Z macro-backtrace for more info)
[INFO] [stdout] help: consider importing one of these items
[INFO] [stdout]     |
[INFO] [stdout] 6   | use crate::Span;
[INFO] [stdout]     |
[INFO] [stdout] 6   | use proc_macro2::Span;
[INFO] [stdout]     |
[INFO] [stdout] 6   | use quote::__private::Span;
[INFO] [stdout]     |
[INFO] [stdout] 6   | use syn::__private::Span;
[INFO] [stdout]     |
[INFO] [stdout]       and 1 other candidate
[INFO] [stdout] 
[INFO] [stdout] 
[INFO] [stdout] error[E0433]: failed to resolve: could not find `export` in `syn`
[INFO] [stdout]    --> /opt/rustwide/cargo-home/registry/src/github.com-1ecc6299db9ec823/yarte_hir-0.12.2/src/lib.rs:880:135
[INFO] [stdout]     |
[INFO] [stdout] 880 | ...field = syn::Index{ index: u32::from_str_radix(str::from_utf8(&ident[1..]).unwrap(), 10).unwrap(), span: syn::export::Span::call_site(...
[INFO] [stdout]     |                                                                                                                  ^^^^^^ could not find `export` in `syn`
[INFO] [stdout] ...
[INFO] [stdout] 989 | ...With(j) => with_var!(ident, j),
[INFO] [stdout]     |               ------------------- in this macro invocation
[INFO] [stdout]     |
[INFO] [stdout]     = note: this error originates in the macro `index_var` which comes from the expansion of the macro `with_var` (in Nightly builds, run with -Z macro-backtrace for more info)
[INFO] [stdout] help: consider importing one of these items
[INFO] [stdout]     |
[INFO] [stdout] 6   | use crate::Span;
[INFO] [stdout]     |
[INFO] [stdout] 6   | use proc_macro2::Span;
[INFO] [stdout]     |
[INFO] [stdout] 6   | use quote::__private::Span;
[INFO] [stdout]     |
[INFO] [stdout] 6   | use syn::__private::Span;
[INFO] [stdout]     |
[INFO] [stdout]       and 1 other candidate
[INFO] [stdout] 
[INFO] [stdout] 
[INFO] [stdout] error: aborting due to 7 previous errors
[INFO] [stdout] 
[INFO] [stdout] 
[INFO] [stdout] For more information about this error, try `rustc --explain E0433`.
[INFO] [stdout] 
[INFO] [stderr] error: could not compile `yarte_hir` due to 8 previous errors; 19 warnings emitted
[INFO] running `Command { std: "docker" "inspect" "1e118e8a081102076f43b54c5e7fea28870fa8fa8e2cfb6f3eb1166be4b70803", kill_on_drop: false }`
[INFO] running `Command { std: "docker" "rm" "-f" "1e118e8a081102076f43b54c5e7fea28870fa8fa8e2cfb6f3eb1166be4b70803", kill_on_drop: false }`
[INFO] [stdout] 1e118e8a081102076f43b54c5e7fea28870fa8fa8e2cfb6f3eb1166be4b70803
