[INFO] fetching crate xaynet 0.11.0...
[INFO] documenting xaynet-0.11.0 against 1.69.0 for beta-1.70-rustdoc-1
[INFO] extracting crate xaynet 0.11.0 into /workspace/builds/worker-7-tc1/source
[INFO] validating manifest of crates.io crate xaynet 0.11.0 on toolchain 1.69.0
[INFO] running `Command { std: CARGO_HOME="/workspace/cargo-home" RUSTUP_HOME="/workspace/rustup-home" "/workspace/cargo-home/bin/cargo" "+1.69.0" "metadata" "--manifest-path" "Cargo.toml" "--no-deps", kill_on_drop: false }`
[INFO] started tweaking crates.io crate xaynet 0.11.0
[INFO] finished tweaking crates.io crate xaynet 0.11.0
[INFO] tweaked toml for crates.io crate xaynet 0.11.0 written to /workspace/builds/worker-7-tc1/source/Cargo.toml
[INFO] running `Command { std: CARGO_HOME="/workspace/cargo-home" RUSTUP_HOME="/workspace/rustup-home" __CARGO_TEST_CHANNEL_OVERRIDE_DO_NOT_USE_THIS="nightly" "/workspace/cargo-home/bin/cargo" "+1.69.0" "generate-lockfile" "--manifest-path" "Cargo.toml" "-Zno-index-update", kill_on_drop: false }`
[INFO] running `Command { std: CARGO_HOME="/workspace/cargo-home" RUSTUP_HOME="/workspace/rustup-home" "/workspace/cargo-home/bin/cargo" "+1.69.0" "fetch" "--manifest-path" "Cargo.toml", kill_on_drop: false }`
[INFO] [stderr]  Downloading crates ...
[INFO] [stderr]   Downloaded xaynet-sdk v0.1.0
[INFO] [stderr]   Downloaded validator_types v0.12.0
[INFO] [stderr]   Downloaded validator_derive v0.12.0
[INFO] [stderr]   Downloaded validator v0.12.0
[INFO] [stderr]   Downloaded warp v0.2.5
[INFO] [stderr]   Downloaded xaynet-mobile v0.1.0
[INFO] [stderr]   Downloaded ffi-support v0.4.4
[INFO] [stderr]   Downloaded multipart v0.17.1
[INFO] [stderr]   Downloaded displaydoc v0.1.7
[INFO] [stderr]   Downloaded influxdb v0.3.0
[INFO] [stderr]   Downloaded tokio-tungstenite v0.11.0
[INFO] [stderr]   Downloaded xaynet-server v0.2.0
[INFO] [stderr]   Downloaded xaynet-core v0.2.0
[INFO] running `Command { std: "docker" "create" "-v" "/var/lib/crater-agent-workspace/builds/worker-7-tc1/target:/opt/rustwide/target:rw,Z" "-v" "/var/lib/crater-agent-workspace/builds/worker-7-tc1/source:/opt/rustwide/workdir:ro,Z" "-v" "/var/lib/crater-agent-workspace/cargo-home:/opt/rustwide/cargo-home:ro,Z" "-v" "/var/lib/crater-agent-workspace/rustup-home:/opt/rustwide/rustup-home:ro,Z" "-e" "SOURCE_DIR=/opt/rustwide/workdir" "-e" "CARGO_TARGET_DIR=/opt/rustwide/target" "-e" "CARGO_HOME=/opt/rustwide/cargo-home" "-e" "RUSTUP_HOME=/opt/rustwide/rustup-home" "-w" "/opt/rustwide/workdir" "-m" "1610612736" "--user" "0:0" "--network" "none" "ghcr.io/rust-lang/crates-build-env/linux@sha256:5ff2268d62e97bff2cde7d5815dd6ed5b47097566f13b8d0ca110b04b60e07ed" "/opt/rustwide/cargo-home/bin/cargo" "+1.69.0" "metadata" "--no-deps" "--format-version=1", kill_on_drop: false }`
[INFO] [stdout] b0d64f7f3707979c4d1c97a334faeb7844526db7b0ec70eab46be189986df409
[INFO] running `Command { std: "docker" "start" "-a" "b0d64f7f3707979c4d1c97a334faeb7844526db7b0ec70eab46be189986df409", kill_on_drop: false }`
[INFO] running `Command { std: "docker" "inspect" "b0d64f7f3707979c4d1c97a334faeb7844526db7b0ec70eab46be189986df409", kill_on_drop: false }`
[INFO] running `Command { std: "docker" "rm" "-f" "b0d64f7f3707979c4d1c97a334faeb7844526db7b0ec70eab46be189986df409", kill_on_drop: false }`
[INFO] [stdout] b0d64f7f3707979c4d1c97a334faeb7844526db7b0ec70eab46be189986df409
[INFO] running `Command { std: "docker" "create" "-v" "/var/lib/crater-agent-workspace/builds/worker-7-tc1/target:/opt/rustwide/target:rw,Z" "-v" "/var/lib/crater-agent-workspace/builds/worker-7-tc1/source:/opt/rustwide/workdir:ro,Z" "-v" "/var/lib/crater-agent-workspace/cargo-home:/opt/rustwide/cargo-home:ro,Z" "-v" "/var/lib/crater-agent-workspace/rustup-home:/opt/rustwide/rustup-home:ro,Z" "-e" "SOURCE_DIR=/opt/rustwide/workdir" "-e" "CARGO_TARGET_DIR=/opt/rustwide/target" "-e" "CARGO_INCREMENTAL=0" "-e" "RUST_BACKTRACE=full" "-e" "RUSTFLAGS=--cap-lints=warn" "-e" "RUSTDOCFLAGS=--cap-lints=warn" "-e" "CARGO_HOME=/opt/rustwide/cargo-home" "-e" "RUSTUP_HOME=/opt/rustwide/rustup-home" "-w" "/opt/rustwide/workdir" "-m" "1610612736" "--user" "0:0" "--network" "none" "ghcr.io/rust-lang/crates-build-env/linux@sha256:5ff2268d62e97bff2cde7d5815dd6ed5b47097566f13b8d0ca110b04b60e07ed" "/opt/rustwide/cargo-home/bin/cargo" "+1.69.0" "doc" "--frozen" "--no-deps" "--document-private-items" "--message-format=json", kill_on_drop: false }`
[INFO] [stdout] 22e1f99a1f0db3db077f46203df374bbacb0733e317ae84e79918cc770cab1fd
[INFO] running `Command { std: "docker" "start" "-a" "22e1f99a1f0db3db077f46203df374bbacb0733e317ae84e79918cc770cab1fd", kill_on_drop: false }`
[INFO] [stderr]     Blocking waiting for file lock on package cache
[INFO] [stderr]    Compiling same-file v1.0.6
[INFO] [stderr]    Compiling num-bigint v0.3.3
[INFO] [stderr]    Compiling num-rational v0.3.2
[INFO] [stderr]    Compiling syn v1.0.109
[INFO] [stderr]    Compiling num-traits v0.2.15
[INFO] [stderr]    Compiling num-iter v0.1.43
[INFO] [stderr]     Checking signature v1.6.4
[INFO] [stderr]     Checking getrandom v0.2.9
[INFO] [stderr]     Checking ed25519 v1.5.3
[INFO] [stderr]    Compiling walkdir v2.3.3
[INFO] [stderr]     Checking rand_core v0.6.4
[INFO] [stderr]     Checking rand_chacha v0.3.1
[INFO] [stderr]    Compiling libsodium-sys v0.2.7
[INFO] [stderr]     Checking rand v0.8.5
[INFO] [stderr]     Checking num-integer v0.1.45
[INFO] [stderr]     Checking num-complex v0.3.1
[INFO] [stderr]    Compiling derive_more v0.99.17
[INFO] [stderr]     Checking num v0.3.1
[INFO] [stderr]     Checking sodiumoxide v0.2.7
[INFO] [stderr]     Checking xaynet-core v0.2.0
[INFO] [stdout] error[E0423]: cannot initialize a tuple struct which contains private fields
[INFO] [stdout]    --> /opt/rustwide/cargo-home/registry/src/github.com-1ecc6299db9ec823/xaynet-core-0.2.0/src/crypto/sign.rs:145:14
[INFO] [stdout]     |
[INFO] [stdout] 145 |         Self(sign::Signature([0_u8; sign::SIGNATUREBYTES]))
[INFO] [stdout]     |              ^^^^^^^^^^^^^^^
[INFO] [stdout]     |
[INFO] [stdout] note: constructor is not visible here due to private fields
[INFO] [stdout]    --> /opt/rustwide/cargo-home/registry/src/github.com-1ecc6299db9ec823/ed25519-1.5.3/src/lib.rs:284:22
[INFO] [stdout]     |
[INFO] [stdout] 284 | pub struct Signature([u8; Signature::BYTE_SIZE]);
[INFO] [stdout]     |                      ^^^^^^^^^^^^^^^^^^^^^^^^^^ private field
[INFO] [stdout] 
[INFO] [stdout] 
[INFO] [stdout] error[E0277]: the trait bound `sodiumoxide::crypto::sign::Signature: Serialize` is not satisfied
[INFO] [stdout]    --> /opt/rustwide/cargo-home/registry/src/github.com-1ecc6299db9ec823/xaynet-core-0.2.0/src/crypto/sign.rs:127:5
[INFO] [stdout]     |
[INFO] [stdout] 127 |     Serialize,
[INFO] [stdout]     |     ^^^^^^^^^ the trait `Serialize` is not implemented for `sodiumoxide::crypto::sign::Signature`
[INFO] [stdout] ...
[INFO] [stdout] 139 | pub struct Signature(sign::Signature);
[INFO] [stdout]     |                      ---- required by a bound introduced by this call
[INFO] [stdout]     |
[INFO] [stdout]     = help: the following other types implement trait `Serialize`:
[INFO] [stdout]               &'a T
[INFO] [stdout]               &'a mut T
[INFO] [stdout]               ()
[INFO] [stdout]               (T0, T1)
[INFO] [stdout]               (T0, T1, T2)
[INFO] [stdout]               (T0, T1, T2, T3)
[INFO] [stdout]               (T0, T1, T2, T3, T4)
[INFO] [stdout]               (T0, T1, T2, T3, T4, T5)
[INFO] [stdout]             and 214 others
[INFO] [stdout] note: required by a bound in `serialize_newtype_struct`
[INFO] [stdout]    --> /opt/rustwide/cargo-home/registry/src/github.com-1ecc6299db9ec823/serde-1.0.160/src/ser/mod.rs:906:12
[INFO] [stdout]     |
[INFO] [stdout] 906 |         T: Serialize;
[INFO] [stdout]     |            ^^^^^^^^^ required by this bound in `Serializer::serialize_newtype_struct`
[INFO] [stdout] 
[INFO] [stdout] 
[INFO] [stdout] error[E0277]: the trait bound `sodiumoxide::crypto::sign::Signature: Deserialize<'_>` is not satisfied
[INFO] [stdout]    --> /opt/rustwide/cargo-home/registry/src/github.com-1ecc6299db9ec823/xaynet-core-0.2.0/src/crypto/sign.rs:139:22
[INFO] [stdout]     |
[INFO] [stdout] 139 | pub struct Signature(sign::Signature);
[INFO] [stdout]     |                      ^^^^ the trait `Deserialize<'_>` is not implemented for `sodiumoxide::crypto::sign::Signature`
[INFO] [stdout]     |
[INFO] [stdout]     = help: the following other types implement trait `Deserialize<'de>`:
[INFO] [stdout]               &'a Path
[INFO] [stdout]               &'a [u8]
[INFO] [stdout]               &'a str
[INFO] [stdout]               ()
[INFO] [stdout]               (T0, T1)
[INFO] [stdout]               (T0, T1, T2)
[INFO] [stdout]               (T0, T1, T2, T3)
[INFO] [stdout]               (T0, T1, T2, T3, T4)
[INFO] [stdout]             and 215 others
[INFO] [stdout] 
[INFO] [stdout] 
[INFO] [stdout] error[E0277]: the trait bound `sodiumoxide::crypto::sign::Signature: Deserialize<'_>` is not satisfied
[INFO] [stdout]     --> /opt/rustwide/cargo-home/registry/src/github.com-1ecc6299db9ec823/xaynet-core-0.2.0/src/crypto/sign.rs:139:22
[INFO] [stdout]      |
[INFO] [stdout] 139  | pub struct Signature(sign::Signature);
[INFO] [stdout]      |                      ^^^^^^^^^^^^^^^ the trait `Deserialize<'_>` is not implemented for `sodiumoxide::crypto::sign::Signature`
[INFO] [stdout]      |
[INFO] [stdout]      = help: the following other types implement trait `Deserialize<'de>`:
[INFO] [stdout]                &'a Path
[INFO] [stdout]                &'a [u8]
[INFO] [stdout]                &'a str
[INFO] [stdout]                ()
[INFO] [stdout]                (T0, T1)
[INFO] [stdout]                (T0, T1, T2)
[INFO] [stdout]                (T0, T1, T2, T3)
[INFO] [stdout]                (T0, T1, T2, T3, T4)
[INFO] [stdout]              and 215 others
[INFO] [stdout] note: required by a bound in `next_element`
[INFO] [stdout]     --> /opt/rustwide/cargo-home/registry/src/github.com-1ecc6299db9ec823/serde-1.0.160/src/de/mod.rs:1729:12
[INFO] [stdout]      |
[INFO] [stdout] 1729 |         T: Deserialize<'de>,
[INFO] [stdout]      |            ^^^^^^^^^^^^^^^^ required by this bound in `SeqAccess::next_element`
[INFO] [stdout] 
[INFO] [stdout] 
[INFO] [stdout] error[E0277]: the trait bound `sodiumoxide::crypto::sign::Signature: Hash` is not satisfied
[INFO] [stdout]    --> /opt/rustwide/cargo-home/registry/src/github.com-1ecc6299db9ec823/xaynet-core-0.2.0/src/crypto/sign.rs:139:22
[INFO] [stdout]     |
[INFO] [stdout] 129 |     Hash,
[INFO] [stdout]     |     ---- in this derive macro expansion
[INFO] [stdout] ...
[INFO] [stdout] 139 | pub struct Signature(sign::Signature);
[INFO] [stdout]     |                      ^^^^^^^^^^^^^^^ the trait `Hash` is not implemented for `sodiumoxide::crypto::sign::Signature`
[INFO] [stdout]     |
[INFO] [stdout]     = note: this error originates in the derive macro `Hash` (in Nightly builds, run with -Z macro-backtrace for more info)
[INFO] [stdout] 
[INFO] [stdout] 
[INFO] [stdout] error[E0277]: the trait bound `sodiumoxide::crypto::sign::Signature: Ord` is not satisfied
[INFO] [stdout]    --> /opt/rustwide/cargo-home/registry/src/github.com-1ecc6299db9ec823/xaynet-core-0.2.0/src/crypto/sign.rs:139:22
[INFO] [stdout]     |
[INFO] [stdout] 131 |     Ord,
[INFO] [stdout]     |     --- in this derive macro expansion
[INFO] [stdout] ...
[INFO] [stdout] 139 | pub struct Signature(sign::Signature);
[INFO] [stdout]     |                      ^^^^^^^^^^^^^^^ the trait `Ord` is not implemented for `sodiumoxide::crypto::sign::Signature`
[INFO] [stdout]     |
[INFO] [stdout]     = note: this error originates in the derive macro `Ord` (in Nightly builds, run with -Z macro-backtrace for more info)
[INFO] [stdout] 
[INFO] [stdout] 
[INFO] [stdout] error[E0277]: can't compare `sodiumoxide::crypto::sign::Signature` with `sodiumoxide::crypto::sign::Signature`
[INFO] [stdout]    --> /opt/rustwide/cargo-home/registry/src/github.com-1ecc6299db9ec823/xaynet-core-0.2.0/src/crypto/sign.rs:139:22
[INFO] [stdout]     |
[INFO] [stdout] 135 |     PartialOrd,
[INFO] [stdout]     |     ---------- in this derive macro expansion
[INFO] [stdout] ...
[INFO] [stdout] 139 | pub struct Signature(sign::Signature);
[INFO] [stdout]     |                      ^^^^^^^^^^^^^^^ no implementation for `sodiumoxide::crypto::sign::Signature < sodiumoxide::crypto::sign::Signature` and `sodiumoxide::crypto::sign::Signature > sodiumoxide::crypto::sign::Signature`
[INFO] [stdout]     |
[INFO] [stdout]     = help: the trait `PartialOrd` is not implemented for `sodiumoxide::crypto::sign::Signature`
[INFO] [stdout]     = note: this error originates in the derive macro `PartialOrd` (in Nightly builds, run with -Z macro-backtrace for more info)
[INFO] [stdout] 
[INFO] [stdout] 
[INFO] [stdout] error[E0599]: no function or associated item named `from_slice` found for struct `sodiumoxide::crypto::sign::Signature` in the current scope
[INFO] [stdout]    --> /opt/rustwide/cargo-home/registry/src/github.com-1ecc6299db9ec823/xaynet-core-0.2.0/src/crypto/sign.rs:153:26
[INFO] [stdout]     |
[INFO] [stdout] 153 |         sign::Signature::from_slice(bytes).map(Self)
[INFO] [stdout]     |                          ^^^^^^^^^^ function or associated item not found in `Signature`
[INFO] [stdout]     |
[INFO] [stdout]     = help: items from traits can only be used if the trait is implemented and in scope
[INFO] [stdout] note: `crypto::ByteObject` defines an item `from_slice`, perhaps you need to implement it
[INFO] [stdout]    --> /opt/rustwide/cargo-home/registry/src/github.com-1ecc6299db9ec823/xaynet-core-0.2.0/src/crypto/mod.rs:44:1
[INFO] [stdout]     |
[INFO] [stdout] 44  | pub trait ByteObject: Sized {
[INFO] [stdout]     | ^^^^^^^^^^^^^^^^^^^^^^^^^^^
[INFO] [stdout] 
[INFO] [stdout] 
[INFO] [stdout] error: aborting due to 8 previous errors
[INFO] [stdout] 
[INFO] [stdout] 
[INFO] [stdout] Some errors have detailed explanations: E0277, E0423, E0599.
[INFO] [stdout] 
[INFO] [stdout] For more information about an error, try `rustc --explain E0277`.
[INFO] [stdout] 
[INFO] [stderr] error: could not compile `xaynet-core` due to 9 previous errors
[INFO] running `Command { std: "docker" "inspect" "22e1f99a1f0db3db077f46203df374bbacb0733e317ae84e79918cc770cab1fd", kill_on_drop: false }`
[INFO] running `Command { std: "docker" "rm" "-f" "22e1f99a1f0db3db077f46203df374bbacb0733e317ae84e79918cc770cab1fd", kill_on_drop: false }`
[INFO] [stdout] 22e1f99a1f0db3db077f46203df374bbacb0733e317ae84e79918cc770cab1fd
