[INFO] fetching crate win-idispatch 0.3.0...
[INFO] documenting win-idispatch-0.3.0 against 1.69.0 for beta-1.70-rustdoc-1
[INFO] extracting crate win-idispatch 0.3.0 into /workspace/builds/worker-6-tc1/source
[INFO] validating manifest of crates.io crate win-idispatch 0.3.0 on toolchain 1.69.0
[INFO] running `Command { std: CARGO_HOME="/workspace/cargo-home" RUSTUP_HOME="/workspace/rustup-home" "/workspace/cargo-home/bin/cargo" "+1.69.0" "metadata" "--manifest-path" "Cargo.toml" "--no-deps", kill_on_drop: false }`
[INFO] started tweaking crates.io crate win-idispatch 0.3.0
[INFO] finished tweaking crates.io crate win-idispatch 0.3.0
[INFO] tweaked toml for crates.io crate win-idispatch 0.3.0 written to /workspace/builds/worker-6-tc1/source/Cargo.toml
[INFO] running `Command { std: CARGO_HOME="/workspace/cargo-home" RUSTUP_HOME="/workspace/rustup-home" __CARGO_TEST_CHANNEL_OVERRIDE_DO_NOT_USE_THIS="nightly" "/workspace/cargo-home/bin/cargo" "+1.69.0" "generate-lockfile" "--manifest-path" "Cargo.toml" "-Zno-index-update", kill_on_drop: false }`
[INFO] running `Command { std: CARGO_HOME="/workspace/cargo-home" RUSTUP_HOME="/workspace/rustup-home" "/workspace/cargo-home/bin/cargo" "+1.69.0" "fetch" "--manifest-path" "Cargo.toml", kill_on_drop: false }`
[INFO] [stderr]  Downloading crates ...
[INFO] [stderr]   Downloaded win-variant v0.3.0
[INFO] running `Command { std: "docker" "create" "-v" "/var/lib/crater-agent-workspace/builds/worker-6-tc1/target:/opt/rustwide/target:rw,Z" "-v" "/var/lib/crater-agent-workspace/builds/worker-6-tc1/source:/opt/rustwide/workdir:ro,Z" "-v" "/var/lib/crater-agent-workspace/cargo-home:/opt/rustwide/cargo-home:ro,Z" "-v" "/var/lib/crater-agent-workspace/rustup-home:/opt/rustwide/rustup-home:ro,Z" "-e" "SOURCE_DIR=/opt/rustwide/workdir" "-e" "CARGO_TARGET_DIR=/opt/rustwide/target" "-e" "CARGO_HOME=/opt/rustwide/cargo-home" "-e" "RUSTUP_HOME=/opt/rustwide/rustup-home" "-w" "/opt/rustwide/workdir" "-m" "1610612736" "--user" "0:0" "--network" "none" "ghcr.io/rust-lang/crates-build-env/linux@sha256:5ff2268d62e97bff2cde7d5815dd6ed5b47097566f13b8d0ca110b04b60e07ed" "/opt/rustwide/cargo-home/bin/cargo" "+1.69.0" "metadata" "--no-deps" "--format-version=1", kill_on_drop: false }`
[INFO] [stdout] edd97781c1cff2f2136b671b2880791ae2a743bdc7d342ff60e8e6fb7d38d7a2
[INFO] running `Command { std: "docker" "start" "-a" "edd97781c1cff2f2136b671b2880791ae2a743bdc7d342ff60e8e6fb7d38d7a2", kill_on_drop: false }`
[INFO] running `Command { std: "docker" "inspect" "edd97781c1cff2f2136b671b2880791ae2a743bdc7d342ff60e8e6fb7d38d7a2", kill_on_drop: false }`
[INFO] running `Command { std: "docker" "rm" "-f" "edd97781c1cff2f2136b671b2880791ae2a743bdc7d342ff60e8e6fb7d38d7a2", kill_on_drop: false }`
[INFO] [stdout] edd97781c1cff2f2136b671b2880791ae2a743bdc7d342ff60e8e6fb7d38d7a2
[INFO] running `Command { std: "docker" "create" "-v" "/var/lib/crater-agent-workspace/builds/worker-6-tc1/target:/opt/rustwide/target:rw,Z" "-v" "/var/lib/crater-agent-workspace/builds/worker-6-tc1/source:/opt/rustwide/workdir:ro,Z" "-v" "/var/lib/crater-agent-workspace/cargo-home:/opt/rustwide/cargo-home:ro,Z" "-v" "/var/lib/crater-agent-workspace/rustup-home:/opt/rustwide/rustup-home:ro,Z" "-e" "SOURCE_DIR=/opt/rustwide/workdir" "-e" "CARGO_TARGET_DIR=/opt/rustwide/target" "-e" "CARGO_INCREMENTAL=0" "-e" "RUST_BACKTRACE=full" "-e" "RUSTFLAGS=--cap-lints=warn" "-e" "RUSTDOCFLAGS=--cap-lints=warn" "-e" "CARGO_HOME=/opt/rustwide/cargo-home" "-e" "RUSTUP_HOME=/opt/rustwide/rustup-home" "-w" "/opt/rustwide/workdir" "-m" "1610612736" "--user" "0:0" "--network" "none" "ghcr.io/rust-lang/crates-build-env/linux@sha256:5ff2268d62e97bff2cde7d5815dd6ed5b47097566f13b8d0ca110b04b60e07ed" "/opt/rustwide/cargo-home/bin/cargo" "+1.69.0" "doc" "--frozen" "--no-deps" "--document-private-items" "--message-format=json", kill_on_drop: false }`
[INFO] [stdout] 97ee4327cd58cdbf7f4ab620fb03fd2837861c2e3ab7dff3440c42d2bc2a3316
[INFO] running `Command { std: "docker" "start" "-a" "97ee4327cd58cdbf7f4ab620fb03fd2837861c2e3ab7dff3440c42d2bc2a3316", kill_on_drop: false }`
[INFO] [stderr]    Compiling num-traits v0.2.15
[INFO] [stderr]    Compiling matrixmultiply v0.3.5
[INFO] [stderr]    Compiling serde v1.0.160
[INFO] [stderr]    Compiling winapi v0.3.9
[INFO] [stderr]     Checking rawpointer v0.2.1
[INFO] [stderr]     Checking widestring v0.5.1
[INFO] [stderr]     Checking widestring v0.4.3
[INFO] [stderr]     Checking num-complex v0.4.3
[INFO] [stderr]     Checking num-integer v0.1.45
[INFO] [stderr]     Checking ndarray v0.15.6
[INFO] [stderr]     Checking win-variant v0.3.0
[INFO] [stdout] error[E0433]: failed to resolve: could not find `shared` in `winapi`
[INFO] [stdout]  --> /opt/rustwide/cargo-home/registry/src/github.com-1ecc6299db9ec823/win-variant-0.3.0/src/arg.rs:5:5
[INFO] [stdout]   |
[INFO] [stdout] 5 |     shared::{
[INFO] [stdout]   |     ^^^^^^ could not find `shared` in `winapi`
[INFO] [stdout] 
[INFO] [stdout] 
[INFO] [stdout] error[E0433]: failed to resolve: could not find `um` in `winapi`
[INFO] [stdout]   --> /opt/rustwide/cargo-home/registry/src/github.com-1ecc6299db9ec823/win-variant-0.3.0/src/arg.rs:12:5
[INFO] [stdout]    |
[INFO] [stdout] 12 |     um::{
[INFO] [stdout]    |     ^^ could not find `um` in `winapi`
[INFO] [stdout] 
[INFO] [stdout] 
[INFO] [stdout] error[E0433]: failed to resolve: could not find `shared` in `winapi`
[INFO] [stdout]  --> /opt/rustwide/cargo-home/registry/src/github.com-1ecc6299db9ec823/win-variant-0.3.0/src/errors.rs:5:13
[INFO] [stdout]   |
[INFO] [stdout] 5 | use winapi::shared::winerror::{DISP_E_BADINDEX, E_INVALIDARG, E_OUTOFMEMORY};
[INFO] [stdout]   |             ^^^^^^ could not find `shared` in `winapi`
[INFO] [stdout] 
[INFO] [stdout] 
[INFO] [stdout] error[E0433]: failed to resolve: could not find `shared` in `winapi`
[INFO] [stdout]  --> /opt/rustwide/cargo-home/registry/src/github.com-1ecc6299db9ec823/win-variant-0.3.0/src/errors.rs:6:14
[INFO] [stdout]   |
[INFO] [stdout] 6 | use winapi::{shared::wtypes::VARTYPE, um::winnt::HRESULT};
[INFO] [stdout]   |              ^^^^^^ could not find `shared` in `winapi`
[INFO] [stdout] 
[INFO] [stdout] 
[INFO] [stdout] error[E0433]: failed to resolve: could not find `um` in `winapi`
[INFO] [stdout]  --> /opt/rustwide/cargo-home/registry/src/github.com-1ecc6299db9ec823/win-variant-0.3.0/src/errors.rs:6:39
[INFO] [stdout]   |
[INFO] [stdout] 6 | use winapi::{shared::wtypes::VARTYPE, um::winnt::HRESULT};
[INFO] [stdout]   |                                       ^^ could not find `um` in `winapi`
[INFO] [stdout] 
[INFO] [stdout] 
[INFO] [stdout] error[E0433]: failed to resolve: could not find `shared` in `winapi`
[INFO] [stdout]  --> /opt/rustwide/cargo-home/registry/src/github.com-1ecc6299db9ec823/win-variant-0.3.0/src/result.rs:5:14
[INFO] [stdout]   |
[INFO] [stdout] 5 | use winapi::{shared::wtypes::VT_ARRAY, um::oaidl::VARIANT};
[INFO] [stdout]   |              ^^^^^^ could not find `shared` in `winapi`
[INFO] [stdout] 
[INFO] [stdout] 
[INFO] [stdout] error[E0433]: failed to resolve: could not find `um` in `winapi`
[INFO] [stdout]  --> /opt/rustwide/cargo-home/registry/src/github.com-1ecc6299db9ec823/win-variant-0.3.0/src/result.rs:5:40
[INFO] [stdout]   |
[INFO] [stdout] 5 | use winapi::{shared::wtypes::VT_ARRAY, um::oaidl::VARIANT};
[INFO] [stdout]   |                                        ^^ could not find `um` in `winapi`
[INFO] [stdout] 
[INFO] [stdout] 
[INFO] [stdout] error[E0433]: failed to resolve: could not find `shared` in `winapi`
[INFO] [stdout]   --> /opt/rustwide/cargo-home/registry/src/github.com-1ecc6299db9ec823/win-variant-0.3.0/src/result.rs:12:13
[INFO] [stdout]    |
[INFO] [stdout] 12 | use winapi::shared::wtypes::{
[INFO] [stdout]    |             ^^^^^^ could not find `shared` in `winapi`
[INFO] [stdout] 
[INFO] [stdout] 
[INFO] [stdout] error[E0433]: failed to resolve: could not find `shared` in `winapi`
[INFO] [stdout]  --> /opt/rustwide/cargo-home/registry/src/github.com-1ecc6299db9ec823/win-variant-0.3.0/src/safearray/mod.rs:9:5
[INFO] [stdout]   |
[INFO] [stdout] 9 |     shared::{
[INFO] [stdout]   |     ^^^^^^ could not find `shared` in `winapi`
[INFO] [stdout] 
[INFO] [stdout] 
[INFO] [stdout] error[E0433]: failed to resolve: could not find `um` in `winapi`
[INFO] [stdout]   --> /opt/rustwide/cargo-home/registry/src/github.com-1ecc6299db9ec823/win-variant-0.3.0/src/safearray/mod.rs:17:5
[INFO] [stdout]    |
[INFO] [stdout] 17 |     um::{
[INFO] [stdout]    |     ^^ could not find `um` in `winapi`
[INFO] [stdout] 
[INFO] [stdout] 
[INFO] [stdout] error[E0433]: failed to resolve: could not find `shared` in `winapi`
[INFO] [stdout]  --> /opt/rustwide/cargo-home/registry/src/github.com-1ecc6299db9ec823/win-variant-0.3.0/src/safearray/multidim.rs:9:5
[INFO] [stdout]   |
[INFO] [stdout] 9 |     shared::{
[INFO] [stdout]   |     ^^^^^^ could not find `shared` in `winapi`
[INFO] [stdout] 
[INFO] [stdout] 
[INFO] [stdout] error[E0433]: failed to resolve: could not find `um` in `winapi`
[INFO] [stdout]   --> /opt/rustwide/cargo-home/registry/src/github.com-1ecc6299db9ec823/win-variant-0.3.0/src/safearray/multidim.rs:17:5
[INFO] [stdout]    |
[INFO] [stdout] 17 |     um::{
[INFO] [stdout]    |     ^^ could not find `um` in `winapi`
[INFO] [stdout] 
[INFO] [stdout] 
[INFO] [stdout] error[E0433]: failed to resolve: could not find `shared` in `winapi`
[INFO] [stdout]  --> /opt/rustwide/cargo-home/registry/src/github.com-1ecc6299db9ec823/win-variant-0.3.0/src/safearray/serialize.rs:3:13
[INFO] [stdout]   |
[INFO] [stdout] 3 | use winapi::shared::wtypes::{
[INFO] [stdout]   |             ^^^^^^ could not find `shared` in `winapi`
[INFO] [stdout] 
[INFO] [stdout] 
[INFO] [stdout] error[E0433]: failed to resolve: could not find `um` in `winapi`
[INFO] [stdout]   --> /opt/rustwide/cargo-home/registry/src/github.com-1ecc6299db9ec823/win-variant-0.3.0/src/lib.rs:23:13
[INFO] [stdout]    |
[INFO] [stdout] 23 | use winapi::um::{oaidl::VARIANT, oleauto::VariantClear};
[INFO] [stdout]    |             ^^ could not find `um` in `winapi`
[INFO] [stdout] 
[INFO] [stdout] 
[INFO] [stdout] error: aborting due to 14 previous errors
[INFO] [stdout] 
[INFO] [stdout] 
[INFO] [stdout] For more information about this error, try `rustc --explain E0433`.
[INFO] [stdout] 
[INFO] [stderr] error: could not compile `win-variant` due to 15 previous errors
[INFO] running `Command { std: "docker" "inspect" "97ee4327cd58cdbf7f4ab620fb03fd2837861c2e3ab7dff3440c42d2bc2a3316", kill_on_drop: false }`
[INFO] running `Command { std: "docker" "rm" "-f" "97ee4327cd58cdbf7f4ab620fb03fd2837861c2e3ab7dff3440c42d2bc2a3316", kill_on_drop: false }`
[INFO] [stdout] 97ee4327cd58cdbf7f4ab620fb03fd2837861c2e3ab7dff3440c42d2bc2a3316
