[INFO] fetching crate wildtiger 0.0.3...
[INFO] documenting wildtiger-0.0.3 against 1.69.0 for beta-1.70-rustdoc-1
[INFO] extracting crate wildtiger 0.0.3 into /workspace/builds/worker-2-tc1/source
[INFO] validating manifest of crates.io crate wildtiger 0.0.3 on toolchain 1.69.0
[INFO] running `Command { std: CARGO_HOME="/workspace/cargo-home" RUSTUP_HOME="/workspace/rustup-home" "/workspace/cargo-home/bin/cargo" "+1.69.0" "metadata" "--manifest-path" "Cargo.toml" "--no-deps", kill_on_drop: false }`
[INFO] started tweaking crates.io crate wildtiger 0.0.3
[INFO] finished tweaking crates.io crate wildtiger 0.0.3
[INFO] tweaked toml for crates.io crate wildtiger 0.0.3 written to /workspace/builds/worker-2-tc1/source/Cargo.toml
[INFO] running `Command { std: CARGO_HOME="/workspace/cargo-home" RUSTUP_HOME="/workspace/rustup-home" __CARGO_TEST_CHANNEL_OVERRIDE_DO_NOT_USE_THIS="nightly" "/workspace/cargo-home/bin/cargo" "+1.69.0" "generate-lockfile" "--manifest-path" "Cargo.toml" "-Zno-index-update", kill_on_drop: false }`
[INFO] running `Command { std: CARGO_HOME="/workspace/cargo-home" RUSTUP_HOME="/workspace/rustup-home" "/workspace/cargo-home/bin/cargo" "+1.69.0" "fetch" "--manifest-path" "Cargo.toml", kill_on_drop: false }`
[INFO] [stderr]  Downloading crates ...
[INFO] [stderr]   Downloaded bindgen v0.50.1
[INFO] [stderr]   Downloaded mohan v0.0.53
[INFO] [stderr]   Downloaded randomx-sys v0.1.0
[INFO] running `Command { std: "docker" "create" "-v" "/var/lib/crater-agent-workspace/builds/worker-2-tc1/target:/opt/rustwide/target:rw,Z" "-v" "/var/lib/crater-agent-workspace/builds/worker-2-tc1/source:/opt/rustwide/workdir:ro,Z" "-v" "/var/lib/crater-agent-workspace/cargo-home:/opt/rustwide/cargo-home:ro,Z" "-v" "/var/lib/crater-agent-workspace/rustup-home:/opt/rustwide/rustup-home:ro,Z" "-e" "SOURCE_DIR=/opt/rustwide/workdir" "-e" "CARGO_TARGET_DIR=/opt/rustwide/target" "-e" "CARGO_HOME=/opt/rustwide/cargo-home" "-e" "RUSTUP_HOME=/opt/rustwide/rustup-home" "-w" "/opt/rustwide/workdir" "-m" "1610612736" "--user" "0:0" "--network" "none" "ghcr.io/rust-lang/crates-build-env/linux@sha256:5ff2268d62e97bff2cde7d5815dd6ed5b47097566f13b8d0ca110b04b60e07ed" "/opt/rustwide/cargo-home/bin/cargo" "+1.69.0" "metadata" "--no-deps" "--format-version=1", kill_on_drop: false }`
[INFO] [stdout] e221b7b6cb5440218c25fcabcfb86a532ec807eb2d96ae04f6622024d91c5873
[INFO] running `Command { std: "docker" "start" "-a" "e221b7b6cb5440218c25fcabcfb86a532ec807eb2d96ae04f6622024d91c5873", kill_on_drop: false }`
[INFO] running `Command { std: "docker" "inspect" "e221b7b6cb5440218c25fcabcfb86a532ec807eb2d96ae04f6622024d91c5873", kill_on_drop: false }`
[INFO] running `Command { std: "docker" "rm" "-f" "e221b7b6cb5440218c25fcabcfb86a532ec807eb2d96ae04f6622024d91c5873", kill_on_drop: false }`
[INFO] [stdout] e221b7b6cb5440218c25fcabcfb86a532ec807eb2d96ae04f6622024d91c5873
[INFO] running `Command { std: "docker" "create" "-v" "/var/lib/crater-agent-workspace/builds/worker-2-tc1/target:/opt/rustwide/target:rw,Z" "-v" "/var/lib/crater-agent-workspace/builds/worker-2-tc1/source:/opt/rustwide/workdir:ro,Z" "-v" "/var/lib/crater-agent-workspace/cargo-home:/opt/rustwide/cargo-home:ro,Z" "-v" "/var/lib/crater-agent-workspace/rustup-home:/opt/rustwide/rustup-home:ro,Z" "-e" "SOURCE_DIR=/opt/rustwide/workdir" "-e" "CARGO_TARGET_DIR=/opt/rustwide/target" "-e" "CARGO_INCREMENTAL=0" "-e" "RUST_BACKTRACE=full" "-e" "RUSTFLAGS=--cap-lints=warn" "-e" "RUSTDOCFLAGS=--cap-lints=warn" "-e" "CARGO_HOME=/opt/rustwide/cargo-home" "-e" "RUSTUP_HOME=/opt/rustwide/rustup-home" "-w" "/opt/rustwide/workdir" "-m" "1610612736" "--user" "0:0" "--network" "none" "ghcr.io/rust-lang/crates-build-env/linux@sha256:5ff2268d62e97bff2cde7d5815dd6ed5b47097566f13b8d0ca110b04b60e07ed" "/opt/rustwide/cargo-home/bin/cargo" "+1.69.0" "doc" "--frozen" "--no-deps" "--document-private-items" "--message-format=json", kill_on_drop: false }`
[INFO] [stdout] 57af4c9f269cf4a4cc3407830d604d40b60379b683a3bc8122767fba2e33a8f1
[INFO] running `Command { std: "docker" "start" "-a" "57af4c9f269cf4a4cc3407830d604d40b60379b683a3bc8122767fba2e33a8f1", kill_on_drop: false }`
[INFO] [stderr]    Compiling memchr v2.5.0
[INFO] [stderr]     Checking futures v0.1.31
[INFO] [stderr]    Compiling crossbeam-utils v0.7.2
[INFO] [stderr]    Compiling libc v0.2.142
[INFO] [stderr]     Checking lock_api v0.3.4
[INFO] [stderr]     Checking iovec v0.1.4
[INFO] [stderr]     Checking net2 v0.2.38
[INFO] [stderr]    Compiling memoffset v0.5.6
[INFO] [stderr]    Compiling parking_lot_core v0.6.3
[INFO] [stderr]     Checking smallvec v0.6.14
[INFO] [stderr]    Compiling gimli v0.27.2
[INFO] [stderr]    Compiling syn v2.0.15
[INFO] [stderr]    Compiling adler v1.0.2
[INFO] [stderr]    Compiling clang-sys v0.28.1
[INFO] [stderr]    Compiling nom v4.2.3
[INFO] [stderr]    Compiling crossbeam-epoch v0.8.2
[INFO] [stderr]     Checking bytes v0.4.12
[INFO] [stderr]     Checking mio v0.6.23
[INFO] [stderr]    Compiling miniz_oxide v0.6.2
[INFO] [stderr]    Compiling libloading v0.5.2
[INFO] [stderr]    Compiling rustc-demangle v0.1.23
[INFO] [stderr]    Compiling proc-macro2 v0.4.30
[INFO] [stderr]    Compiling unicode-width v0.1.10
[INFO] [stderr]    Compiling quick-error v1.2.3
[INFO] [stderr]    Compiling textwrap v0.11.0
[INFO] [stderr]     Checking parking_lot v0.9.0
[INFO] [stderr]    Compiling log v0.4.17
[INFO] [stderr]    Compiling humantime v1.3.0
[INFO] [stderr]    Compiling libm v0.1.4
[INFO] [stderr]    Compiling atty v0.2.14
[INFO] [stderr]    Compiling ansi_term v0.12.1
[INFO] [stderr]    Compiling termcolor v1.2.0
[INFO] [stderr]     Checking tokio-io v0.1.13
[INFO] [stderr]     Checking tokio-sync v0.1.8
[INFO] [stderr]    Compiling byteorder v1.4.3
[INFO] [stderr]    Compiling vec_map v0.8.2
[INFO] [stderr]     Checking tokio-executor v0.1.10
[INFO] [stderr]    Compiling bindgen v0.50.1
[INFO] [stderr]    Compiling strsim v0.8.0
[INFO] [stderr]    Compiling object v0.30.3
[INFO] [stderr]    Compiling aho-corasick v1.0.1
[INFO] [stderr]     Checking tokio-codec v0.1.2
[INFO] [stderr]     Checking tokio-reactor v0.1.12
[INFO] [stderr]     Checking crossbeam-deque v0.7.4
[INFO] [stderr]    Compiling fxhash v0.2.1
[INFO] [stderr]    Compiling quote v0.6.13
[INFO] [stderr]    Compiling clap v2.34.0
[INFO] [stderr]     Checking crossbeam-queue v0.2.3
[INFO] [stderr]    Compiling packed_simd_2 v0.3.8
[INFO] [stderr]    Compiling cfg-if v0.1.10
[INFO] [stderr]     Checking fixedbitset v0.2.0
[INFO] [stderr]     Checking itoa v0.4.8
[INFO] [stderr]    Compiling shlex v0.1.1
[INFO] [stderr]     Checking mio-uds v0.6.8
[INFO] [stderr]     Checking http v0.1.21
[INFO] [stderr]     Checking thread-id v3.3.0
[INFO] [stderr]     Checking tokio-threadpool v0.1.18
[INFO] [stderr]     Checking petgraph v0.5.1
[INFO] [stderr]    Compiling cmake v0.1.50
[INFO] [stderr]     Checking rand_chacha v0.2.2
[INFO] [stderr]     Checking tokio-uds v0.2.7
[INFO] [stderr]     Checking rayon-core v1.11.0
[INFO] [stderr]     Checking digest v0.8.1
[INFO] [stderr]    Compiling cexpr v0.3.6
[INFO] [stderr]     Checking tokio-fs v0.1.7
[INFO] [stderr]     Checking tokio-udp v0.1.6
[INFO] [stderr]    Compiling regex v1.8.1
[INFO] [stderr]     Checking tokio-tcp v0.1.4
[INFO] [stderr]     Checking tokio-timer v0.2.13
[INFO] [stderr]     Checking tokio-current-thread v0.1.7
[INFO] [stderr]     Checking tokio-buf v0.1.1
[INFO] [stderr]     Checking string v0.2.1
[INFO] [stderr]    Compiling hyper v0.12.36
[INFO] [stderr]     Checking subtle v2.5.0
[INFO] [stderr]     Checking blake2b_simd v0.5.11
[INFO] [stderr]    Compiling addr2line v0.19.0
[INFO] [stderr]     Checking tokio v0.1.22
[INFO] [stderr]     Checking uint v0.8.5
[INFO] [stderr]     Checking want v0.2.0
[INFO] [stderr]     Checking h2 v0.1.26
[INFO] [stderr]     Checking http-body v0.1.0
[INFO] [stderr]     Checking rayon v1.7.0
[INFO] [stderr]     Checking rand v0.7.3
[INFO] [stderr]     Checking futures-cpupool v0.1.8
[INFO] [stderr]     Checking rustc-hex v1.0.0
[INFO] [stderr]    Compiling env_logger v0.6.2
[INFO] [stdout] error[E0554]: `#![feature]` may not be used on the stable release channel
[INFO] [stdout]    --> /opt/rustwide/cargo-home/registry/src/github.com-1ecc6299db9ec823/packed_simd_2-0.3.8/src/lib.rs:214:1
[INFO] [stdout]     |
[INFO] [stdout] 214 | / #![feature(
[INFO] [stdout] 215 | |     adt_const_params,
[INFO] [stdout] 216 | |     repr_simd,
[INFO] [stdout] 217 | |     rustc_attrs,
[INFO] [stdout] ...   |
[INFO] [stdout] 224 | |     custom_inner_attributes,
[INFO] [stdout] 225 | | )]
[INFO] [stdout]     | |__^
[INFO] [stdout] 
[INFO] [stdout] 
[INFO] [stderr]     Checking backtrace v0.3.67
[INFO] [stderr]     Checking parking_lot_core v0.7.3
[INFO] [stdout] error[E0554]: `#![feature]` may not be used on the stable release channel
[INFO] [stdout]    --> /opt/rustwide/cargo-home/registry/src/github.com-1ecc6299db9ec823/packed_simd_2-0.3.8/src/lib.rs:219:5
[INFO] [stdout]     |
[INFO] [stdout] 219 |     stdsimd,
[INFO] [stdout]     |     ^^^^^^^
[INFO] [stdout] 
[INFO] [stdout] 
[INFO] [stdout] error[E0554]: `#![feature]` may not be used on the stable release channel
[INFO] [stdout]    --> /opt/rustwide/cargo-home/registry/src/github.com-1ecc6299db9ec823/packed_simd_2-0.3.8/src/lib.rs:222:5
[INFO] [stdout]     |
[INFO] [stdout] 222 |     core_intrinsics,
[INFO] [stdout]     |     ^^^^^^^^^^^^^^^
[INFO] [stdout] 
[INFO] [stdout] 
[INFO] [stderr]     Checking parking_lot v0.10.2
[INFO] [stderr]    Compiling serde_derive v1.0.160
[INFO] [stderr]    Compiling zeroize_derive v1.4.2
[INFO] [stderr]    Compiling thiserror-impl v1.0.40
[INFO] [stderr]    Compiling failure v0.1.8
[INFO] [stderr]    Compiling which v2.0.1
[INFO] [stderr]     Checking zeroize v1.6.0
[INFO] [stderr]     Checking thiserror v1.0.40
[INFO] [stderr]     Checking serde v1.0.160
[INFO] [stdout] error: aborting due to 3 previous errors
[INFO] [stdout] 
[INFO] [stdout] 
[INFO] [stdout] For more information about this error, try `rustc --explain E0554`.
[INFO] [stdout] 
[INFO] [stderr] error: could not compile `packed_simd_2` due to 4 previous errors
[INFO] [stderr] warning: build failed, waiting for other jobs to finish...
[INFO] running `Command { std: "docker" "inspect" "57af4c9f269cf4a4cc3407830d604d40b60379b683a3bc8122767fba2e33a8f1", kill_on_drop: false }`
[INFO] running `Command { std: "docker" "rm" "-f" "57af4c9f269cf4a4cc3407830d604d40b60379b683a3bc8122767fba2e33a8f1", kill_on_drop: false }`
[INFO] [stdout] 57af4c9f269cf4a4cc3407830d604d40b60379b683a3bc8122767fba2e33a8f1
