[INFO] fetching crate wikimedia-store 0.1.1...
[INFO] documenting wikimedia-store-0.1.1 against 1.69.0 for beta-1.70-rustdoc-1
[INFO] extracting crate wikimedia-store 0.1.1 into /workspace/builds/worker-7-tc1/source
[INFO] validating manifest of crates.io crate wikimedia-store 0.1.1 on toolchain 1.69.0
[INFO] running `Command { std: CARGO_HOME="/workspace/cargo-home" RUSTUP_HOME="/workspace/rustup-home" "/workspace/cargo-home/bin/cargo" "+1.69.0" "metadata" "--manifest-path" "Cargo.toml" "--no-deps", kill_on_drop: false }`
[INFO] started tweaking crates.io crate wikimedia-store 0.1.1
[INFO] finished tweaking crates.io crate wikimedia-store 0.1.1
[INFO] tweaked toml for crates.io crate wikimedia-store 0.1.1 written to /workspace/builds/worker-7-tc1/source/Cargo.toml
[INFO] running `Command { std: CARGO_HOME="/workspace/cargo-home" RUSTUP_HOME="/workspace/rustup-home" __CARGO_TEST_CHANNEL_OVERRIDE_DO_NOT_USE_THIS="nightly" "/workspace/cargo-home/bin/cargo" "+1.69.0" "generate-lockfile" "--manifest-path" "Cargo.toml" "-Zno-index-update", kill_on_drop: false }`
[INFO] running `Command { std: CARGO_HOME="/workspace/cargo-home" RUSTUP_HOME="/workspace/rustup-home" "/workspace/cargo-home/bin/cargo" "+1.69.0" "fetch" "--manifest-path" "Cargo.toml", kill_on_drop: false }`
[INFO] [stderr]  Downloading crates ...
[INFO] [stderr]   Downloaded scraper v0.15.0
[INFO] [stderr]   Downloaded selectors v0.24.0
[INFO] [stderr]   Downloaded servo_arc v0.2.0
[INFO] [stderr]   Downloaded task-local-extensions v0.1.4
[INFO] [stderr]   Downloaded reqwest-middleware v0.2.1
[INFO] [stderr]   Downloaded http-cache v0.10.1
[INFO] [stderr]   Downloaded http-cache-semantics v1.0.1
[INFO] [stderr]   Downloaded http-cache-reqwest v0.8.0
[INFO] [stderr]   Downloaded iterator-ext v0.2.1
[INFO] [stderr]   Downloaded sea-query-rusqlite v0.2.0
[INFO] [stderr]   Downloaded sea-query-attr v0.1.1
[INFO] [stderr]   Downloaded reflink v0.1.3
[INFO] [stderr]   Downloaded progress-streams v1.1.0
[INFO] [stderr]   Downloaded ammonia v3.3.0
[INFO] [stderr]   Downloaded sha1-asm v0.5.1
[INFO] [stderr]   Downloaded valuable-derive v0.1.0
[INFO] [stderr]   Downloaded natord v1.0.9
[INFO] [stderr]   Downloaded valuable-serde v0.1.0
[INFO] [stderr]   Downloaded wikimedia v0.1.1
[INFO] [stderr]   Downloaded human_format v1.0.3
[INFO] [stderr]   Downloaded ssri v8.1.0
[INFO] [stderr]   Downloaded cacache v11.5.2
[INFO] [stderr]   Downloaded ego-tree v0.6.2
[INFO] running `Command { std: "docker" "create" "-v" "/var/lib/crater-agent-workspace/builds/worker-7-tc1/target:/opt/rustwide/target:rw,Z" "-v" "/var/lib/crater-agent-workspace/builds/worker-7-tc1/source:/opt/rustwide/workdir:ro,Z" "-v" "/var/lib/crater-agent-workspace/cargo-home:/opt/rustwide/cargo-home:ro,Z" "-v" "/var/lib/crater-agent-workspace/rustup-home:/opt/rustwide/rustup-home:ro,Z" "-e" "SOURCE_DIR=/opt/rustwide/workdir" "-e" "CARGO_TARGET_DIR=/opt/rustwide/target" "-e" "CARGO_HOME=/opt/rustwide/cargo-home" "-e" "RUSTUP_HOME=/opt/rustwide/rustup-home" "-w" "/opt/rustwide/workdir" "-m" "1610612736" "--user" "0:0" "--network" "none" "ghcr.io/rust-lang/crates-build-env/linux@sha256:5ff2268d62e97bff2cde7d5815dd6ed5b47097566f13b8d0ca110b04b60e07ed" "/opt/rustwide/cargo-home/bin/cargo" "+1.69.0" "metadata" "--no-deps" "--format-version=1", kill_on_drop: false }`
[INFO] [stdout] 3db8355a04fe39e99658bb5ea70fc83b9b8082d64fd4355c9673db9349bc1714
[INFO] running `Command { std: "docker" "start" "-a" "3db8355a04fe39e99658bb5ea70fc83b9b8082d64fd4355c9673db9349bc1714", kill_on_drop: false }`
[INFO] running `Command { std: "docker" "inspect" "3db8355a04fe39e99658bb5ea70fc83b9b8082d64fd4355c9673db9349bc1714", kill_on_drop: false }`
[INFO] running `Command { std: "docker" "rm" "-f" "3db8355a04fe39e99658bb5ea70fc83b9b8082d64fd4355c9673db9349bc1714", kill_on_drop: false }`
[INFO] [stdout] 3db8355a04fe39e99658bb5ea70fc83b9b8082d64fd4355c9673db9349bc1714
[INFO] running `Command { std: "docker" "create" "-v" "/var/lib/crater-agent-workspace/builds/worker-7-tc1/target:/opt/rustwide/target:rw,Z" "-v" "/var/lib/crater-agent-workspace/builds/worker-7-tc1/source:/opt/rustwide/workdir:ro,Z" "-v" "/var/lib/crater-agent-workspace/cargo-home:/opt/rustwide/cargo-home:ro,Z" "-v" "/var/lib/crater-agent-workspace/rustup-home:/opt/rustwide/rustup-home:ro,Z" "-e" "SOURCE_DIR=/opt/rustwide/workdir" "-e" "CARGO_TARGET_DIR=/opt/rustwide/target" "-e" "CARGO_INCREMENTAL=0" "-e" "RUST_BACKTRACE=full" "-e" "RUSTFLAGS=--cap-lints=warn" "-e" "RUSTDOCFLAGS=--cap-lints=warn" "-e" "CARGO_HOME=/opt/rustwide/cargo-home" "-e" "RUSTUP_HOME=/opt/rustwide/rustup-home" "-w" "/opt/rustwide/workdir" "-m" "1610612736" "--user" "0:0" "--network" "none" "ghcr.io/rust-lang/crates-build-env/linux@sha256:5ff2268d62e97bff2cde7d5815dd6ed5b47097566f13b8d0ca110b04b60e07ed" "/opt/rustwide/cargo-home/bin/cargo" "+1.69.0" "doc" "--frozen" "--no-deps" "--document-private-items" "--message-format=json", kill_on_drop: false }`
[INFO] [stdout] 637bd11a46c17f8f285f44d7060a8a6112f3fc8beb3aed7b4a1c214ef31945c2
[INFO] running `Command { std: "docker" "start" "-a" "637bd11a46c17f8f285f44d7060a8a6112f3fc8beb3aed7b4a1c214ef31945c2", kill_on_drop: false }`
[INFO] [stderr]     Blocking waiting for file lock on package cache
[INFO] [stderr]    Compiling proc-macro2 v1.0.56
[INFO] [stderr]    Compiling libc v0.2.142
[INFO] [stderr]    Compiling syn v1.0.109
[INFO] [stderr]    Compiling value-bag v1.0.0-alpha.9
[INFO] [stderr]    Compiling log v0.4.17
[INFO] [stderr]    Compiling serde v1.0.160
[INFO] [stderr]     Checking futures-io v0.3.28
[INFO] [stderr]    Compiling crossbeam-utils v0.8.15
[INFO] [stderr]    Compiling io-lifetimes v1.0.10
[INFO] [stderr]    Compiling rustix v0.37.18
[INFO] [stderr]     Checking linux-raw-sys v0.3.6
[INFO] [stderr]    Compiling ahash v0.7.6
[INFO] [stderr]    Compiling tokio v1.28.0
[INFO] [stderr]    Compiling generic-array v0.14.7
[INFO] [stderr]    Compiling thiserror v1.0.40
[INFO] [stderr]    Compiling getrandom v0.1.16
[INFO] [stderr]    Compiling futures-util v0.3.28
[INFO] [stderr]     Checking fastrand v1.9.0
[INFO] [stderr]     Checking event-listener v2.5.3
[INFO] [stderr]    Compiling quote v1.0.26
[INFO] [stderr]     Checking concurrent-queue v2.2.0
[INFO] [stderr]     Checking waker-fn v1.1.0
[INFO] [stderr]     Checking parking v2.1.0
[INFO] [stderr]    Compiling proc-macro-hack v0.5.20+deprecated
[INFO] [stderr]    Compiling syn v2.0.15
[INFO] [stderr]     Checking futures-lite v1.13.0
[INFO] [stderr]     Checking async-lock v2.7.0
[INFO] [stderr]    Compiling polling v2.8.0
[INFO] [stderr]    Compiling unicase v2.6.0
[INFO] [stderr]    Compiling fnv v1.0.7
[INFO] [stderr]     Checking socket2 v0.4.9
[INFO] [stderr]     Checking signal-hook-registry v1.4.1
[INFO] [stderr]     Checking getrandom v0.2.9
[INFO] [stderr]     Checking num_cpus v1.15.0
[INFO] [stderr]    Compiling strsim v0.10.0
[INFO] [stderr]     Checking hashbrown v0.12.3
[INFO] [stderr]    Compiling rand_core v0.6.4
[INFO] [stderr]    Compiling rand_core v0.5.1
[INFO] [stderr]    Compiling ident_case v1.0.1
[INFO] [stderr]    Compiling rand_chacha v0.3.1
[INFO] [stderr]     Checking block-buffer v0.10.4
[INFO] [stderr]     Checking crypto-common v0.1.6
[INFO] [stderr]    Compiling rand v0.8.5
[INFO] [stderr]     Checking tracing-core v0.1.30
[INFO] [stderr]    Compiling async-io v1.13.0
[INFO] [stderr]     Checking digest v0.10.6
[INFO] [stderr]    Compiling rand_pcg v0.2.1
[INFO] [stderr]    Compiling rand_chacha v0.2.2
[INFO] [stderr]     Checking openssl-sys v0.9.87
[INFO] [stderr]    Compiling num-traits v0.2.15
[INFO] [stderr]    Compiling signal-hook v0.3.15
[INFO] [stderr]    Compiling phf_generator v0.10.0
[INFO] [stderr]    Compiling crc32fast v1.3.2
[INFO] [stderr]     Checking async-task v4.4.0
[INFO] [stderr]    Compiling phf_codegen v0.10.0
[INFO] [stderr]    Compiling string_cache_codegen v0.5.2
[INFO] [stderr]    Compiling rand v0.7.3
[INFO] [stderr]     Checking indexmap v1.9.3
[INFO] [stderr]     Checking parking_lot_core v0.9.7
[INFO] [stderr]     Checking async-channel v1.8.0
[INFO] [stderr]    Compiling phf_shared v0.8.0
[INFO] [stderr]    Compiling sha1-asm v0.5.1
[INFO] [stderr]    Compiling memoffset v0.8.0
[INFO] [stderr]    Compiling num-integer v0.1.45
[INFO] [stderr]    Compiling async-process v1.7.0
[INFO] [stderr]     Checking mac v0.1.1
[INFO] [stderr]     Checking adler v1.0.2
[INFO] [stderr]    Compiling heck v0.4.1
[INFO] [stderr]     Checking atomic-waker v1.1.1
[INFO] [stderr]     Checking miniz_oxide v0.7.1
[INFO] [stderr]    Compiling phf_generator v0.8.0
[INFO] [stderr]     Checking futf v0.1.5
[INFO] [stderr]    Compiling mime_guess v2.0.4
[INFO] [stderr]    Compiling markup5ever v0.11.0
[INFO] [stderr]    Compiling darling_core v0.14.4
[INFO] [stderr]     Checking parking_lot v0.12.1
[INFO] [stderr]     Checking async-executor v1.5.1
[INFO] [stderr]    Compiling crossbeam-epoch v0.9.14
[INFO] [stderr]     Checking utf-8 v0.7.6
[INFO] [stderr]    Compiling async-trait v0.1.68
[INFO] [stderr]     Checking tendril v0.4.3
[INFO] [stderr]     Checking flate2 v1.0.26
[INFO] [stderr]    Compiling phf_codegen v0.8.0
[INFO] [stderr]     Checking sha2 v0.10.6
[INFO] [stderr]     Checking sha-1 v0.10.1
[INFO] [stderr]     Checking time v0.1.45
[INFO] [stderr]     Checking hex v0.4.3
[INFO] [stderr]     Checking iana-time-zone v0.1.56
[INFO] [stderr]     Checking dtoa v0.4.8
[INFO] [stderr]     Checking utf8parse v0.2.1
[INFO] [stderr]    Compiling vcpkg v0.2.15
[INFO] [stderr]     Checking same-file v1.0.6
[INFO] [stderr]     Checking time-core v0.1.0
[INFO] [stderr]     Checking dtoa-short v0.3.3
[INFO] [stderr]     Checking time v0.3.20
[INFO] [stderr]     Checking walkdir v2.3.3
[INFO] [stderr]     Checking anstyle-parse v0.2.0
[INFO] [stderr]     Checking chrono v0.4.24
[INFO] [stderr]    Compiling selectors v0.24.0
[INFO] [stderr]     Checking sha1 v0.10.5
[INFO] [stderr]     Checking tempfile v3.5.0
[INFO] [stderr]     Checking is-terminal v0.4.7
[INFO] [stderr]     Checking memmap2 v0.5.10
[INFO] [stderr]     Checking reflink v0.1.3
[INFO] [stderr]    Compiling libsqlite3-sys v0.25.2
[INFO] [stderr]    Compiling bzip2-sys v0.1.11+1.0.8
[INFO] [stderr]    Compiling valuable v0.1.0
[INFO] [stderr]     Checking matches v0.1.10
[INFO] [stderr]    Compiling serde_derive v1.0.160
[INFO] [stderr]    Compiling ctor v0.1.26
[INFO] [stderr]    Compiling thiserror-impl v1.0.40
[INFO] [stderr]    Compiling futures-macro v0.3.28
[INFO] [stderr]    Compiling tokio-macros v2.1.0
[INFO] [stderr]    Compiling tracing-attributes v0.1.24
[INFO] [stderr]    Compiling darling_macro v0.14.4
[INFO] [stderr]    Compiling phf_macros v0.10.0
[INFO] [stderr]    Compiling openssl-macros v0.1.1
[INFO] [stderr]    Compiling darling v0.14.4
[INFO] [stderr]    Compiling miette-derive v5.8.0
[INFO] [stderr]     Checking mio v0.8.6
[INFO] [stderr]     Checking phf v0.10.1
[INFO] [stderr]     Checking openssl v0.10.52
[INFO] [stderr]     Checking want v0.3.0
[INFO] [stderr]     Checking tracing v0.1.37
[INFO] [stderr]     Checking blocking v1.3.1
[INFO] [stderr]     Checking async-global-executor v2.3.1
[INFO] [stderr]     Checking kv-log-macro v1.0.7
[INFO] [stderr]    Compiling cssparser v0.29.6
[INFO] [stderr]    Compiling html5ever v0.26.0
[INFO] [stderr]     Checking async-std v1.12.0
[INFO] [stderr]     Checking miette v5.8.0
[INFO] [stderr]    Compiling cssparser-macros v0.6.0
[INFO] [stderr]     Checking futures-executor v0.3.28
[INFO] [stderr]     Checking futures v0.3.28
[INFO] [stderr]     Checking byteorder v1.4.3
[INFO] [stderr]     Checking native-tls v0.2.11
[INFO] [stderr]     Checking anstyle-query v1.0.0
[INFO] [stderr]     Checking stable_deref_trait v1.2.0
[INFO] [stderr]     Checking nodrop v0.1.14
[INFO] [stderr]    Compiling rayon-core v1.11.0
[INFO] [stderr]     Checking colorchoice v1.0.0
[INFO] [stderr]     Checking anstyle v1.0.0
[INFO] [stderr]     Checking servo_arc v0.2.0
[INFO] [stderr]     Checking fxhash v0.2.1
[INFO] [stderr]     Checking anstream v0.3.1
[INFO] [stderr]     Checking tokio-util v0.7.8
[INFO] [stderr]     Checking tokio-native-tls v0.3.1
[INFO] [stderr]     Checking async-compression v0.3.15
[INFO] [stderr]    Compiling derive_builder_core v0.12.0
[INFO] [stderr]    Compiling derive_more v0.99.17
[INFO] [stderr]     Checking h2 v0.3.18
[INFO] [stderr]    Compiling valuable-derive v0.1.0
[INFO] [stderr]     Checking phf v0.8.0
[INFO] [stderr]     Checking crossbeam-deque v0.8.3
[INFO] [stderr]     Checking crossbeam-channel v0.5.8
[INFO] [stderr]     Checking task-local-extensions v0.1.4
[INFO] [stderr]     Checking ppv-lite86 v0.2.17
[INFO] [stderr]     Checking clap_lex v0.4.1
[INFO] [stderr]     Checking twox-hash v1.6.3
[INFO] [stderr]     Checking clap_builder v4.2.5
[INFO] [stderr]     Checking url v2.3.1
[INFO] [stderr]     Checking serde_json v1.0.96
[INFO] [stderr]     Checking string_cache v0.8.7
[INFO] [stderr]     Checking http-serde v1.1.2
[INFO] [stderr]     Checking serde_urlencoded v0.7.1
[INFO] [stderr]     Checking ssri v8.1.0
[INFO] [stderr]     Checking http-cache-semantics v1.0.1
[INFO] [stderr]     Checking hyper v0.14.26
[INFO] [stderr]     Checking bincode v1.3.3
[INFO] [stderr]    Compiling derive_builder_macro v0.12.0
[INFO] [stderr]     Checking cacache v11.5.2
[INFO] [stderr]    Compiling sea-query-derive v0.3.0
[INFO] [stderr]     Checking http-cache v0.10.1
[INFO] [stderr]    Compiling sea-query-attr v0.1.1
[INFO] [stderr]    Compiling clap_derive v4.2.0
[INFO] [stderr]     Checking getopts v0.2.21
[INFO] [stderr]     Checking hashlink v0.8.1
[INFO] [stderr]     Checking aho-corasick v1.0.1
[INFO] [stderr]     Checking regex-syntax v0.7.1
[INFO] [stderr]     Checking fallible-streaming-iterator v0.1.9
[INFO] [stderr]     Checking ego-tree v0.6.2
[INFO] [stderr]     Checking hyper-tls v0.5.0
[INFO] [stderr]     Checking fallible-iterator v0.2.0
[INFO] [stderr]     Checking reqwest v0.11.17
[INFO] [stderr]     Checking ammonia v3.3.0
[INFO] [stderr]     Checking sea-query v0.28.4
[INFO] [stderr]     Checking derive_builder v0.12.0
[INFO] [stderr]     Checking bzip2 v0.4.4
[INFO] [stderr]     Checking valuable-serde v0.1.0
[INFO] [stderr]     Checking scraper v0.15.0
[INFO] [stderr]     Checking rayon v1.7.0
[INFO] [stderr]     Checking lz4_flex v0.10.0
[INFO] [stderr]     Checking reqwest-middleware v0.2.1
[INFO] [stderr]     Checking http-cache-reqwest v0.8.0
[INFO] [stderr]     Checking tokio-stream v0.1.14
[INFO] [stderr]     Checking quick-xml v0.27.1
[INFO] [stderr]     Checking regex v1.8.1
[INFO] [stderr]     Checking natord v1.0.9
[INFO] [stderr]     Checking progress-streams v1.1.0
[INFO] [stderr]     Checking human_format v1.0.3
[INFO] [stderr]     Checking iterator-ext v0.2.1
[INFO] [stderr]     Checking fd-lock v3.0.12
[INFO] [stderr]     Checking capnp v0.16.1
[INFO] [stderr]     Checking clap v4.2.5
[INFO] [stderr]     Checking wikimedia v0.1.1
[INFO] [stderr]     Checking rusqlite v0.28.0
[INFO] [stdout] error[E0554]: `#![feature]` may not be used on the stable release channel
[INFO] [stdout]  --> /opt/rustwide/cargo-home/registry/src/github.com-1ecc6299db9ec823/wikimedia-0.1.1/src/lib.rs:1:1
[INFO] [stdout]   |
[INFO] [stdout] 1 | / #![feature(
[INFO] [stdout] 2 | |     async_closure,
[INFO] [stdout] 3 | |     iterator_try_collect,
[INFO] [stdout] 4 | |     iterator_try_reduce,
[INFO] [stdout] 5 | | )]
[INFO] [stdout]   | |__^
[INFO] [stdout] 
[INFO] [stdout] 
[INFO] [stdout] error[E0554]: `#![feature]` may not be used on the stable release channel
[INFO] [stdout]  --> /opt/rustwide/cargo-home/registry/src/github.com-1ecc6299db9ec823/wikimedia-0.1.1/src/lib.rs:3:5
[INFO] [stdout]   |
[INFO] [stdout] 3 |     iterator_try_collect,
[INFO] [stdout]   |     ^^^^^^^^^^^^^^^^^^^^
[INFO] [stdout] 
[INFO] [stdout] 
[INFO] [stdout] error[E0554]: `#![feature]` may not be used on the stable release channel
[INFO] [stdout]  --> /opt/rustwide/cargo-home/registry/src/github.com-1ecc6299db9ec823/wikimedia-0.1.1/src/lib.rs:4:5
[INFO] [stdout]   |
[INFO] [stdout] 4 |     iterator_try_reduce,
[INFO] [stdout]   |     ^^^^^^^^^^^^^^^^^^^
[INFO] [stdout] 
[INFO] [stdout] 
[INFO] [stdout] error[E0277]: the trait bound `valuable::Value<'_>: tracing::Value` is not satisfied
[INFO] [stdout]    --> /opt/rustwide/cargo-home/registry/src/github.com-1ecc6299db9ec823/wikimedia-0.1.1/src/dump/download.rs:112:9
[INFO] [stdout]     |
[INFO] [stdout] 112 | /         tracing::trace!(dumps = dumps.as_value(),
[INFO] [stdout] 113 | |                        "dumps ret data");
[INFO] [stdout]     | |________________________________________^ the trait `tracing::Value` is not implemented for `valuable::Value<'_>`
[INFO] [stdout]     |
[INFO] [stdout]     = help: the following other types implement trait `tracing::Value`:
[INFO] [stdout]               &'a T
[INFO] [stdout]               &'a mut T
[INFO] [stdout]               (dyn StdError + 'static)
[INFO] [stdout]               (dyn StdError + Send + 'static)
[INFO] [stdout]               (dyn StdError + Send + Sync + 'static)
[INFO] [stdout]               (dyn StdError + Sync + 'static)
[INFO] [stdout]               Arguments<'a>
[INFO] [stdout]               Box<T>
[INFO] [stdout]             and 34 others
[INFO] [stdout]     = note: required for the cast from `valuable::Value<'_>` to the object type `dyn tracing::Value`
[INFO] [stdout]     = note: this error originates in the macro `$crate::valueset` which comes from the expansion of the macro `tracing::trace` (in Nightly builds, run with -Z macro-backtrace for more info)
[INFO] [stdout] 
[INFO] [stdout] 
[INFO] [stdout] error[E0277]: the trait bound `valuable::Value<'_>: tracing::Value` is not satisfied
[INFO] [stdout]    --> /opt/rustwide/cargo-home/registry/src/github.com-1ecc6299db9ec823/wikimedia-0.1.1/src/http.rs:329:9
[INFO] [stdout]     |
[INFO] [stdout] 329 | /         tracing::debug!(url = %url.clone(),
[INFO] [stdout] 330 | |                         method = %method.clone(),
[INFO] [stdout] 331 | |                         response_code = res_code.as_value(),
[INFO] [stdout] 332 | |                         "HTTP response headers");
[INFO] [stdout]     | |________________________________________________^ the trait `tracing::Value` is not implemented for `valuable::Value<'_>`
[INFO] [stdout]     |
[INFO] [stdout]     = help: the following other types implement trait `tracing::Value`:
[INFO] [stdout]               &'a T
[INFO] [stdout]               &'a mut T
[INFO] [stdout]               (dyn StdError + 'static)
[INFO] [stdout]               (dyn StdError + Send + 'static)
[INFO] [stdout]               (dyn StdError + Send + Sync + 'static)
[INFO] [stdout]               (dyn StdError + Sync + 'static)
[INFO] [stdout]               Arguments<'a>
[INFO] [stdout]               Box<T>
[INFO] [stdout]             and 34 others
[INFO] [stdout]     = note: required for the cast from `valuable::Value<'_>` to the object type `dyn tracing::Value`
[INFO] [stdout]     = note: this error originates in the macro `$crate::valueset` which comes from the expansion of the macro `tracing::debug` (in Nightly builds, run with -Z macro-backtrace for more info)
[INFO] [stdout] 
[INFO] [stdout] 
[INFO] [stdout] error[E0277]: the trait bound `valuable::Value<'_>: tracing::Value` is not satisfied
[INFO] [stdout]    --> /opt/rustwide/cargo-home/registry/src/github.com-1ecc6299db9ec823/wikimedia-0.1.1/src/http.rs:383:9
[INFO] [stdout]     |
[INFO] [stdout] 383 | /         tracing::info!(%url,
[INFO] [stdout] 384 | |                        %method,
[INFO] [stdout] 385 | |                        res.code = res_code.as_value(),
[INFO] [stdout] 386 | |                        res.stats = res.stats.as_value(),
[INFO] [stdout] 387 | |                        "http::fetch_text() complete");
[INFO] [stdout]     | |_____________________________________________________^ the trait `tracing::Value` is not implemented for `valuable::Value<'_>`
[INFO] [stdout]     |
[INFO] [stdout]     = help: the following other types implement trait `tracing::Value`:
[INFO] [stdout]               &'a T
[INFO] [stdout]               &'a mut T
[INFO] [stdout]               (dyn StdError + 'static)
[INFO] [stdout]               (dyn StdError + Send + 'static)
[INFO] [stdout]               (dyn StdError + Send + Sync + 'static)
[INFO] [stdout]               (dyn StdError + Sync + 'static)
[INFO] [stdout]               Arguments<'a>
[INFO] [stdout]               Box<T>
[INFO] [stdout]             and 34 others
[INFO] [stdout]     = note: required for the cast from `valuable::Value<'_>` to the object type `dyn tracing::Value`
[INFO] [stdout]     = note: this error originates in the macro `$crate::valueset` which comes from the expansion of the macro `tracing::info` (in Nightly builds, run with -Z macro-backtrace for more info)
[INFO] [stdout] 
[INFO] [stdout] 
[INFO] [stdout] error[E0277]: the trait bound `valuable::Value<'_>: tracing::Value` is not satisfied
[INFO] [stdout]    --> /opt/rustwide/cargo-home/registry/src/github.com-1ecc6299db9ec823/wikimedia-0.1.1/src/http.rs:383:9
[INFO] [stdout]     |
[INFO] [stdout] 383 | /         tracing::info!(%url,
[INFO] [stdout] 384 | |                        %method,
[INFO] [stdout] 385 | |                        res.code = res_code.as_value(),
[INFO] [stdout] 386 | |                        res.stats = res.stats.as_value(),
[INFO] [stdout] 387 | |                        "http::fetch_text() complete");
[INFO] [stdout]     | |_____________________________________________________^ the trait `tracing::Value` is not implemented for `valuable::Value<'_>`
[INFO] [stdout]     |
[INFO] [stdout]     = help: the following other types implement trait `tracing::Value`:
[INFO] [stdout]               &'a T
[INFO] [stdout]               &'a mut T
[INFO] [stdout]               (dyn StdError + 'static)
[INFO] [stdout]               (dyn StdError + Send + 'static)
[INFO] [stdout]               (dyn StdError + Send + Sync + 'static)
[INFO] [stdout]               (dyn StdError + Sync + 'static)
[INFO] [stdout]               Arguments<'a>
[INFO] [stdout]               Box<T>
[INFO] [stdout]             and 34 others
[INFO] [stdout]     = note: required for the cast from `valuable::Value<'_>` to the object type `dyn tracing::Value`
[INFO] [stdout]     = note: this error originates in the macro `$crate::valueset` which comes from the expansion of the macro `tracing::info` (in Nightly builds, run with -Z macro-backtrace for more info)
[INFO] [stdout] 
[INFO] [stdout] 
[INFO] [stdout] error[E0277]: the trait bound `valuable::Value<'_>: tracing::Value` is not satisfied
[INFO] [stdout]    --> /opt/rustwide/cargo-home/registry/src/github.com-1ecc6299db9ec823/wikimedia-0.1.1/src/dump/download.rs:285:5
[INFO] [stdout]     |
[INFO] [stdout] 285 | /     tracing::info!(dump = &*dump_name.0,
[INFO] [stdout] 286 | |                    version = &*version.0,
[INFO] [stdout] 287 | |                    job = &*job_name.0,
[INFO] [stdout] 288 | |
[INFO] [stdout] 289 | |                    download_dir = %job_path.display(),
[INFO] [stdout] 290 | |                    expected_bytes = Bytes(expected_bytes).as_value(),
[INFO] [stdout] 291 | |                    "Starting to download job files");
[INFO] [stdout]     | |____________________________________________________^ the trait `tracing::Value` is not implemented for `valuable::Value<'_>`
[INFO] [stdout]     |
[INFO] [stdout]     = help: the following other types implement trait `tracing::Value`:
[INFO] [stdout]               &'a T
[INFO] [stdout]               &'a mut T
[INFO] [stdout]               (dyn StdError + 'static)
[INFO] [stdout]               (dyn StdError + Send + 'static)
[INFO] [stdout]               (dyn StdError + Send + Sync + 'static)
[INFO] [stdout]               (dyn StdError + Sync + 'static)
[INFO] [stdout]               Arguments<'a>
[INFO] [stdout]               Box<T>
[INFO] [stdout]             and 34 others
[INFO] [stdout]     = note: required for the cast from `valuable::Value<'_>` to the object type `dyn tracing::Value`
[INFO] [stdout]     = note: this error originates in the macro `$crate::valueset` which comes from the expansion of the macro `tracing::info` (in Nightly builds, run with -Z macro-backtrace for more info)
[INFO] [stdout] 
[INFO] [stdout] 
[INFO] [stdout] error[E0277]: the trait bound `valuable::Value<'_>: tracing::Value` is not satisfied
[INFO] [stdout]    --> /opt/rustwide/cargo-home/registry/src/github.com-1ecc6299db9ec823/wikimedia-0.1.1/src/dump/download.rs:345:5
[INFO] [stdout]     |
[INFO] [stdout] 345 | /     tracing::info!(download_ok,
[INFO] [stdout] 346 | |                    download_stats = job_res.download_stats.as_value(),
[INFO] [stdout] 347 | |
[INFO] [stdout] 348 | |                    existing_ok,
[INFO] [stdout] ...   |
[INFO] [stdout] 358 | |
[INFO] [stdout] 359 | |                    "Downloading job files complete");
[INFO] [stdout]     | |____________________________________________________^ the trait `tracing::Value` is not implemented for `valuable::Value<'_>`
[INFO] [stdout]     |
[INFO] [stdout]     = help: the following other types implement trait `tracing::Value`:
[INFO] [stdout]               &'a T
[INFO] [stdout]               &'a mut T
[INFO] [stdout]               (dyn StdError + 'static)
[INFO] [stdout]               (dyn StdError + Send + 'static)
[INFO] [stdout]               (dyn StdError + Send + Sync + 'static)
[INFO] [stdout]               (dyn StdError + Sync + 'static)
[INFO] [stdout]               Arguments<'a>
[INFO] [stdout]               Box<T>
[INFO] [stdout]             and 34 others
[INFO] [stdout]     = note: required for the cast from `valuable::Value<'_>` to the object type `dyn tracing::Value`
[INFO] [stdout]     = note: this error originates in the macro `$crate::valueset` which comes from the expansion of the macro `tracing::info` (in Nightly builds, run with -Z macro-backtrace for more info)
[INFO] [stdout] 
[INFO] [stdout] 
[INFO] [stdout] error[E0277]: the trait bound `valuable::Value<'_>: tracing::Value` is not satisfied
[INFO] [stdout]    --> /opt/rustwide/cargo-home/registry/src/github.com-1ecc6299db9ec823/wikimedia-0.1.1/src/dump/download.rs:345:5
[INFO] [stdout]     |
[INFO] [stdout] 345 | /     tracing::info!(download_ok,
[INFO] [stdout] 346 | |                    download_stats = job_res.download_stats.as_value(),
[INFO] [stdout] 347 | |
[INFO] [stdout] 348 | |                    existing_ok,
[INFO] [stdout] ...   |
[INFO] [stdout] 358 | |
[INFO] [stdout] 359 | |                    "Downloading job files complete");
[INFO] [stdout]     | |____________________________________________________^ the trait `tracing::Value` is not implemented for `valuable::Value<'_>`
[INFO] [stdout]     |
[INFO] [stdout]     = help: the following other types implement trait `tracing::Value`:
[INFO] [stdout]               &'a T
[INFO] [stdout]               &'a mut T
[INFO] [stdout]               (dyn StdError + 'static)
[INFO] [stdout]               (dyn StdError + Send + 'static)
[INFO] [stdout]               (dyn StdError + Send + Sync + 'static)
[INFO] [stdout]               (dyn StdError + Sync + 'static)
[INFO] [stdout]               Arguments<'a>
[INFO] [stdout]               Box<T>
[INFO] [stdout]             and 34 others
[INFO] [stdout]     = note: required for the cast from `valuable::Value<'_>` to the object type `dyn tracing::Value`
[INFO] [stdout]     = note: this error originates in the macro `$crate::valueset` which comes from the expansion of the macro `tracing::info` (in Nightly builds, run with -Z macro-backtrace for more info)
[INFO] [stdout] 
[INFO] [stdout] 
[INFO] [stdout] error[E0277]: the trait bound `valuable::Value<'_>: tracing::Value` is not satisfied
[INFO] [stdout]    --> /opt/rustwide/cargo-home/registry/src/github.com-1ecc6299db9ec823/wikimedia-0.1.1/src/dump/download.rs:345:5
[INFO] [stdout]     |
[INFO] [stdout] 345 | /     tracing::info!(download_ok,
[INFO] [stdout] 346 | |                    download_stats = job_res.download_stats.as_value(),
[INFO] [stdout] 347 | |
[INFO] [stdout] 348 | |                    existing_ok,
[INFO] [stdout] ...   |
[INFO] [stdout] 358 | |
[INFO] [stdout] 359 | |                    "Downloading job files complete");
[INFO] [stdout]     | |____________________________________________________^ the trait `tracing::Value` is not implemented for `valuable::Value<'_>`
[INFO] [stdout]     |
[INFO] [stdout]     = help: the following other types implement trait `tracing::Value`:
[INFO] [stdout]               &'a T
[INFO] [stdout]               &'a mut T
[INFO] [stdout]               (dyn StdError + 'static)
[INFO] [stdout]               (dyn StdError + Send + 'static)
[INFO] [stdout]               (dyn StdError + Send + Sync + 'static)
[INFO] [stdout]               (dyn StdError + Sync + 'static)
[INFO] [stdout]               Arguments<'a>
[INFO] [stdout]               Box<T>
[INFO] [stdout]             and 34 others
[INFO] [stdout]     = note: required for the cast from `valuable::Value<'_>` to the object type `dyn tracing::Value`
[INFO] [stdout]     = note: this error originates in the macro `$crate::valueset` which comes from the expansion of the macro `tracing::info` (in Nightly builds, run with -Z macro-backtrace for more info)
[INFO] [stdout] 
[INFO] [stdout] 
[INFO] [stdout] error[E0277]: the trait bound `valuable::Value<'_>: tracing::Value` is not satisfied
[INFO] [stdout]    --> /opt/rustwide/cargo-home/registry/src/github.com-1ecc6299db9ec823/wikimedia-0.1.1/src/dump/download.rs:415:5
[INFO] [stdout]     |
[INFO] [stdout] 415 | /     tracing::info!(
[INFO] [stdout] 416 | |         url,
[INFO] [stdout] 417 | |         out_path = %file_out_path.display(),
[INFO] [stdout] 418 | |         expected_len = expected_len.as_value(),
[INFO] [stdout] 419 | |         "download_job_file starting download");
[INFO] [stdout]     | |______________________________________________^ the trait `tracing::Value` is not implemented for `valuable::Value<'_>`
[INFO] [stdout]     |
[INFO] [stdout]     = help: the following other types implement trait `tracing::Value`:
[INFO] [stdout]               &'a T
[INFO] [stdout]               &'a mut T
[INFO] [stdout]               (dyn StdError + 'static)
[INFO] [stdout]               (dyn StdError + Send + 'static)
[INFO] [stdout]               (dyn StdError + Send + Sync + 'static)
[INFO] [stdout]               (dyn StdError + Sync + 'static)
[INFO] [stdout]               Arguments<'a>
[INFO] [stdout]               Box<T>
[INFO] [stdout]             and 34 others
[INFO] [stdout]     = note: required for the cast from `valuable::Value<'_>` to the object type `dyn tracing::Value`
[INFO] [stdout]     = note: this error originates in the macro `$crate::valueset` which comes from the expansion of the macro `tracing::info` (in Nightly builds, run with -Z macro-backtrace for more info)
[INFO] [stdout] 
[INFO] [stdout] 
[INFO] [stdout] error[E0277]: the trait bound `valuable::Value<'_>: tracing::Value` is not satisfied
[INFO] [stdout]    --> /opt/rustwide/cargo-home/registry/src/github.com-1ecc6299db9ec823/wikimedia-0.1.1/src/dump/download.rs:462:5
[INFO] [stdout]     |
[INFO] [stdout] 462 | /     tracing::info!(url,
[INFO] [stdout] 463 | |                    out_path = %file_out_path.display(),
[INFO] [stdout] 464 | |                    stats = download_result.stats.as_value(),
[INFO] [stdout] 465 | |                    "download_job_file download complete, file OK");
[INFO] [stdout]     | |__________________________________________________________________^ the trait `tracing::Value` is not implemented for `valuable::Value<'_>`
[INFO] [stdout]     |
[INFO] [stdout]     = help: the following other types implement trait `tracing::Value`:
[INFO] [stdout]               &'a T
[INFO] [stdout]               &'a mut T
[INFO] [stdout]               (dyn StdError + 'static)
[INFO] [stdout]               (dyn StdError + Send + 'static)
[INFO] [stdout]               (dyn StdError + Send + Sync + 'static)
[INFO] [stdout]               (dyn StdError + Sync + 'static)
[INFO] [stdout]               Arguments<'a>
[INFO] [stdout]               Box<T>
[INFO] [stdout]             and 34 others
[INFO] [stdout]     = note: required for the cast from `valuable::Value<'_>` to the object type `dyn tracing::Value`
[INFO] [stdout]     = note: this error originates in the macro `$crate::valueset` which comes from the expansion of the macro `tracing::info` (in Nightly builds, run with -Z macro-backtrace for more info)
[INFO] [stdout] 
[INFO] [stdout] 
[INFO] [stdout] error[E0277]: the trait bound `valuable::Value<'_>: tracing::Value` is not satisfied
[INFO] [stdout]    --> /opt/rustwide/cargo-home/registry/src/github.com-1ecc6299db9ec823/wikimedia-0.1.1/src/dump/download.rs:549:13
[INFO] [stdout]     |
[INFO] [stdout] 549 | /             tracing::warn!(path = %path.display(),
[INFO] [stdout] 550 | |                            existing_len = existing_len.as_value(),
[INFO] [stdout] 551 | |                            expected_len = expected_len.as_value(),
[INFO] [stdout] 552 | |                            url,
[INFO] [stdout] 553 | |                            "Deleting existing file that was the wrong size");
[INFO] [stdout]     | |____________________________________________________________________________^ the trait `tracing::Value` is not implemented for `valuable::Value<'_>`
[INFO] [stdout]     |
[INFO] [stdout]     = help: the following other types implement trait `tracing::Value`:
[INFO] [stdout]               &'a T
[INFO] [stdout]               &'a mut T
[INFO] [stdout]               (dyn StdError + 'static)
[INFO] [stdout]               (dyn StdError + Send + 'static)
[INFO] [stdout]               (dyn StdError + Send + Sync + 'static)
[INFO] [stdout]               (dyn StdError + Sync + 'static)
[INFO] [stdout]               Arguments<'a>
[INFO] [stdout]               Box<T>
[INFO] [stdout]             and 34 others
[INFO] [stdout]     = note: required for the cast from `valuable::Value<'_>` to the object type `dyn tracing::Value`
[INFO] [stdout]     = note: this error originates in the macro `$crate::valueset` which comes from the expansion of the macro `tracing::warn` (in Nightly builds, run with -Z macro-backtrace for more info)
[INFO] [stdout] 
[INFO] [stdout] 
[INFO] [stdout] error[E0277]: the trait bound `valuable::Value<'_>: tracing::Value` is not satisfied
[INFO] [stdout]    --> /opt/rustwide/cargo-home/registry/src/github.com-1ecc6299db9ec823/wikimedia-0.1.1/src/dump/download.rs:549:13
[INFO] [stdout]     |
[INFO] [stdout] 549 | /             tracing::warn!(path = %path.display(),
[INFO] [stdout] 550 | |                            existing_len = existing_len.as_value(),
[INFO] [stdout] 551 | |                            expected_len = expected_len.as_value(),
[INFO] [stdout] 552 | |                            url,
[INFO] [stdout] 553 | |                            "Deleting existing file that was the wrong size");
[INFO] [stdout]     | |____________________________________________________________________________^ the trait `tracing::Value` is not implemented for `valuable::Value<'_>`
[INFO] [stdout]     |
[INFO] [stdout]     = help: the following other types implement trait `tracing::Value`:
[INFO] [stdout]               &'a T
[INFO] [stdout]               &'a mut T
[INFO] [stdout]               (dyn StdError + 'static)
[INFO] [stdout]               (dyn StdError + Send + 'static)
[INFO] [stdout]               (dyn StdError + Send + Sync + 'static)
[INFO] [stdout]               (dyn StdError + Sync + 'static)
[INFO] [stdout]               Arguments<'a>
[INFO] [stdout]               Box<T>
[INFO] [stdout]             and 34 others
[INFO] [stdout]     = note: required for the cast from `valuable::Value<'_>` to the object type `dyn tracing::Value`
[INFO] [stdout]     = note: this error originates in the macro `$crate::valueset` which comes from the expansion of the macro `tracing::warn` (in Nightly builds, run with -Z macro-backtrace for more info)
[INFO] [stdout] 
[INFO] [stdout] 
[INFO] [stdout] error[E0277]: the trait bound `valuable::Value<'_>: tracing::Value` is not satisfied
[INFO] [stdout]    --> /opt/rustwide/cargo-home/registry/src/github.com-1ecc6299db9ec823/wikimedia-0.1.1/src/dump/download.rs:594:13
[INFO] [stdout]     |
[INFO] [stdout] 594 | /             tracing::warn!(file_len = expected_len.as_value(),
[INFO] [stdout] 595 | |                            file_path = %path.display(),
[INFO] [stdout] 596 | |                            %existing_sha1,
[INFO] [stdout] 597 | |                            expected_sha1,
[INFO] [stdout] 598 | |                            url,
[INFO] [stdout] 599 | |                            "Existing file bad: file size correct but SHA1 hash \
[INFO] [stdout] 600 | |                             was wrong. Deleting existing file.");
[INFO] [stdout]     | |________________________________________________________________^ the trait `tracing::Value` is not implemented for `valuable::Value<'_>`
[INFO] [stdout]     |
[INFO] [stdout]     = help: the following other types implement trait `tracing::Value`:
[INFO] [stdout]               &'a T
[INFO] [stdout]               &'a mut T
[INFO] [stdout]               (dyn StdError + 'static)
[INFO] [stdout]               (dyn StdError + Send + 'static)
[INFO] [stdout]               (dyn StdError + Send + Sync + 'static)
[INFO] [stdout]               (dyn StdError + Sync + 'static)
[INFO] [stdout]               Arguments<'a>
[INFO] [stdout]               Box<T>
[INFO] [stdout]             and 34 others
[INFO] [stdout]     = note: required for the cast from `valuable::Value<'_>` to the object type `dyn tracing::Value`
[INFO] [stdout]     = note: this error originates in the macro `$crate::valueset` which comes from the expansion of the macro `tracing::warn` (in Nightly builds, run with -Z macro-backtrace for more info)
[INFO] [stdout] 
[INFO] [stdout] 
[INFO] [stdout] error[E0277]: the trait bound `valuable::Value<'_>: tracing::Value` is not satisfied
[INFO] [stdout]    --> /opt/rustwide/cargo-home/registry/src/github.com-1ecc6299db9ec823/wikimedia-0.1.1/src/http.rs:191:9
[INFO] [stdout]     |
[INFO] [stdout] 191 | /         tracing::debug!(url = %url.clone(),
[INFO] [stdout] 192 | |                         method = %method.clone(),
[INFO] [stdout] 193 | |                         response_code = download_res_code.as_value(),
[INFO] [stdout] 194 | |                         "http::download_file() response HTTP status");
[INFO] [stdout]     | |_____________________________________________________________________^ the trait `tracing::Value` is not implemented for `valuable::Value<'_>`
[INFO] [stdout]     |
[INFO] [stdout]     = help: the following other types implement trait `tracing::Value`:
[INFO] [stdout]               &'a T
[INFO] [stdout]               &'a mut T
[INFO] [stdout]               (dyn StdError + 'static)
[INFO] [stdout]               (dyn StdError + Send + 'static)
[INFO] [stdout]               (dyn StdError + Send + Sync + 'static)
[INFO] [stdout]               (dyn StdError + Sync + 'static)
[INFO] [stdout]               Arguments<'a>
[INFO] [stdout]               Box<T>
[INFO] [stdout]             and 34 others
[INFO] [stdout]     = note: required for the cast from `valuable::Value<'_>` to the object type `dyn tracing::Value`
[INFO] [stdout]     = note: this error originates in the macro `$crate::valueset` which comes from the expansion of the macro `tracing::debug` (in Nightly builds, run with -Z macro-backtrace for more info)
[INFO] [stdout] 
[INFO] [stdout] 
[INFO] [stdout] error[E0277]: the trait bound `valuable::Value<'_>: tracing::Value` is not satisfied
[INFO] [stdout]    --> /opt/rustwide/cargo-home/registry/src/github.com-1ecc6299db9ec823/wikimedia-0.1.1/src/http.rs:243:9
[INFO] [stdout]     |
[INFO] [stdout] 243 | /         tracing::debug!(url = %url.clone(),
[INFO] [stdout] 244 | |                         method = %method.clone(),
[INFO] [stdout] 245 | |                         res = res.as_value(),
[INFO] [stdout] 246 | |                         "http::download_file() done");
[INFO] [stdout]     | |_____________________________________________________^ the trait `tracing::Value` is not implemented for `valuable::Value<'_>`
[INFO] [stdout]     |
[INFO] [stdout]     = help: the following other types implement trait `tracing::Value`:
[INFO] [stdout]               &'a T
[INFO] [stdout]               &'a mut T
[INFO] [stdout]               (dyn StdError + 'static)
[INFO] [stdout]               (dyn StdError + Send + 'static)
[INFO] [stdout]               (dyn StdError + Send + Sync + 'static)
[INFO] [stdout]               (dyn StdError + Sync + 'static)
[INFO] [stdout]               Arguments<'a>
[INFO] [stdout]               Box<T>
[INFO] [stdout]             and 34 others
[INFO] [stdout]     = note: required for the cast from `valuable::Value<'_>` to the object type `dyn tracing::Value`
[INFO] [stdout]     = note: this error originates in the macro `$crate::valueset` which comes from the expansion of the macro `tracing::debug` (in Nightly builds, run with -Z macro-backtrace for more info)
[INFO] [stdout] 
[INFO] [stdout] 
[INFO] [stdout] error[E0277]: the trait bound `valuable::Value<'_>: tracing::Value` is not satisfied
[INFO] [stdout]    --> /opt/rustwide/cargo-home/registry/src/github.com-1ecc6299db9ec823/wikimedia-0.1.1/src/dump/local.rs:190:9
[INFO] [stdout]     |
[INFO] [stdout] 190 | /         tracing::debug!(files_total_len = files_total_len.as_value(),
[INFO] [stdout] 191 | |                         file_count = file_specs.len(),
[INFO] [stdout] 192 | |                         "job dir files opened");
[INFO] [stdout]     | |_______________________________________________^ the trait `tracing::Value` is not implemented for `valuable::Value<'_>`
[INFO] [stdout]     |
[INFO] [stdout]     = help: the following other types implement trait `tracing::Value`:
[INFO] [stdout]               &'a T
[INFO] [stdout]               &'a mut T
[INFO] [stdout]               (dyn StdError + 'static)
[INFO] [stdout]               (dyn StdError + Send + 'static)
[INFO] [stdout]               (dyn StdError + Send + Sync + 'static)
[INFO] [stdout]               (dyn StdError + Sync + 'static)
[INFO] [stdout]               Arguments<'a>
[INFO] [stdout]               Box<T>
[INFO] [stdout]             and 34 others
[INFO] [stdout]     = note: required for the cast from `valuable::Value<'_>` to the object type `dyn tracing::Value`
[INFO] [stdout]     = note: this error originates in the macro `$crate::valueset` which comes from the expansion of the macro `tracing::debug` (in Nightly builds, run with -Z macro-backtrace for more info)
[INFO] [stdout] 
[INFO] [stdout] 
[INFO] [stdout] error: aborting due to 19 previous errors
[INFO] [stdout] 
[INFO] [stdout] 
[INFO] [stdout] Some errors have detailed explanations: E0277, E0554.
[INFO] [stdout] 
[INFO] [stdout] For more information about an error, try `rustc --explain E0277`.
[INFO] [stdout] 
[INFO] [stderr] error: could not compile `wikimedia` due to 20 previous errors
[INFO] [stderr] warning: build failed, waiting for other jobs to finish...
[INFO] running `Command { std: "docker" "inspect" "637bd11a46c17f8f285f44d7060a8a6112f3fc8beb3aed7b4a1c214ef31945c2", kill_on_drop: false }`
[INFO] running `Command { std: "docker" "rm" "-f" "637bd11a46c17f8f285f44d7060a8a6112f3fc8beb3aed7b4a1c214ef31945c2", kill_on_drop: false }`
[INFO] [stdout] 637bd11a46c17f8f285f44d7060a8a6112f3fc8beb3aed7b4a1c214ef31945c2
