[INFO] fetching crate wasmer-wasi-asml-fork 2.0.0...
[INFO] documenting wasmer-wasi-asml-fork-2.0.0 against 1.69.0 for beta-1.70-rustdoc-1
[INFO] extracting crate wasmer-wasi-asml-fork 2.0.0 into /workspace/builds/worker-3-tc1/source
[INFO] validating manifest of crates.io crate wasmer-wasi-asml-fork 2.0.0 on toolchain 1.69.0
[INFO] running `Command { std: CARGO_HOME="/workspace/cargo-home" RUSTUP_HOME="/workspace/rustup-home" "/workspace/cargo-home/bin/cargo" "+1.69.0" "metadata" "--manifest-path" "Cargo.toml" "--no-deps", kill_on_drop: false }`
[INFO] started tweaking crates.io crate wasmer-wasi-asml-fork 2.0.0
[INFO] finished tweaking crates.io crate wasmer-wasi-asml-fork 2.0.0
[INFO] tweaked toml for crates.io crate wasmer-wasi-asml-fork 2.0.0 written to /workspace/builds/worker-3-tc1/source/Cargo.toml
[INFO] running `Command { std: CARGO_HOME="/workspace/cargo-home" RUSTUP_HOME="/workspace/rustup-home" __CARGO_TEST_CHANNEL_OVERRIDE_DO_NOT_USE_THIS="nightly" "/workspace/cargo-home/bin/cargo" "+1.69.0" "generate-lockfile" "--manifest-path" "Cargo.toml" "-Zno-index-update", kill_on_drop: false }`
[INFO] running `Command { std: CARGO_HOME="/workspace/cargo-home" RUSTUP_HOME="/workspace/rustup-home" "/workspace/cargo-home/bin/cargo" "+1.69.0" "fetch" "--manifest-path" "Cargo.toml", kill_on_drop: false }`
[INFO] [stderr]  Downloading crates ...
[INFO] [stderr]   Downloaded wasmer-derive-asml-fork v2.0.0
[INFO] [stderr]   Downloaded wasmer-asml-fork v2.0.0
[INFO] running `Command { std: "docker" "create" "-v" "/var/lib/crater-agent-workspace/builds/worker-3-tc1/target:/opt/rustwide/target:rw,Z" "-v" "/var/lib/crater-agent-workspace/builds/worker-3-tc1/source:/opt/rustwide/workdir:ro,Z" "-v" "/var/lib/crater-agent-workspace/cargo-home:/opt/rustwide/cargo-home:ro,Z" "-v" "/var/lib/crater-agent-workspace/rustup-home:/opt/rustwide/rustup-home:ro,Z" "-e" "SOURCE_DIR=/opt/rustwide/workdir" "-e" "CARGO_TARGET_DIR=/opt/rustwide/target" "-e" "CARGO_HOME=/opt/rustwide/cargo-home" "-e" "RUSTUP_HOME=/opt/rustwide/rustup-home" "-w" "/opt/rustwide/workdir" "-m" "1610612736" "--user" "0:0" "--network" "none" "ghcr.io/rust-lang/crates-build-env/linux@sha256:5ff2268d62e97bff2cde7d5815dd6ed5b47097566f13b8d0ca110b04b60e07ed" "/opt/rustwide/cargo-home/bin/cargo" "+1.69.0" "metadata" "--no-deps" "--format-version=1", kill_on_drop: false }`
[INFO] [stdout] e691d08fc7daa733dfd6bfe997a28bf13656ef8f6b26e655608155d67c96a660
[INFO] running `Command { std: "docker" "start" "-a" "e691d08fc7daa733dfd6bfe997a28bf13656ef8f6b26e655608155d67c96a660", kill_on_drop: false }`
[INFO] running `Command { std: "docker" "inspect" "e691d08fc7daa733dfd6bfe997a28bf13656ef8f6b26e655608155d67c96a660", kill_on_drop: false }`
[INFO] running `Command { std: "docker" "rm" "-f" "e691d08fc7daa733dfd6bfe997a28bf13656ef8f6b26e655608155d67c96a660", kill_on_drop: false }`
[INFO] [stdout] e691d08fc7daa733dfd6bfe997a28bf13656ef8f6b26e655608155d67c96a660
[INFO] running `Command { std: "docker" "create" "-v" "/var/lib/crater-agent-workspace/builds/worker-3-tc1/target:/opt/rustwide/target:rw,Z" "-v" "/var/lib/crater-agent-workspace/builds/worker-3-tc1/source:/opt/rustwide/workdir:ro,Z" "-v" "/var/lib/crater-agent-workspace/cargo-home:/opt/rustwide/cargo-home:ro,Z" "-v" "/var/lib/crater-agent-workspace/rustup-home:/opt/rustwide/rustup-home:ro,Z" "-e" "SOURCE_DIR=/opt/rustwide/workdir" "-e" "CARGO_TARGET_DIR=/opt/rustwide/target" "-e" "CARGO_INCREMENTAL=0" "-e" "RUST_BACKTRACE=full" "-e" "RUSTFLAGS=--cap-lints=warn" "-e" "RUSTDOCFLAGS=--cap-lints=warn" "-e" "CARGO_HOME=/opt/rustwide/cargo-home" "-e" "RUSTUP_HOME=/opt/rustwide/rustup-home" "-w" "/opt/rustwide/workdir" "-m" "1610612736" "--user" "0:0" "--network" "none" "ghcr.io/rust-lang/crates-build-env/linux@sha256:5ff2268d62e97bff2cde7d5815dd6ed5b47097566f13b8d0ca110b04b60e07ed" "/opt/rustwide/cargo-home/bin/cargo" "+1.69.0" "doc" "--frozen" "--no-deps" "--document-private-items" "--message-format=json", kill_on_drop: false }`
[INFO] [stdout] a0803edc87152c8f14ec286b267c40ef34be61576cdd7c3678beb0fa1c8ef451
[INFO] running `Command { std: "docker" "start" "-a" "a0803edc87152c8f14ec286b267c40ef34be61576cdd7c3678beb0fa1c8ef451", kill_on_drop: false }`
[INFO] [stderr]    Compiling syn v1.0.109
[INFO] [stderr]    Compiling serde v1.0.160
[INFO] [stderr]     Checking once_cell v1.17.1
[INFO] [stderr]    Compiling memchr v2.5.0
[INFO] [stderr]    Compiling bytecheck v0.6.10
[INFO] [stderr]    Compiling rend v0.4.0
[INFO] [stderr]    Compiling ident_case v1.0.1
[INFO] [stderr]    Compiling fnv v1.0.7
[INFO] [stderr]    Compiling ahash v0.7.6
[INFO] [stderr]    Compiling indexmap v1.9.3
[INFO] [stderr]    Compiling rustversion v1.0.12
[INFO] [stderr]     Checking simdutf8 v0.1.4
[INFO] [stderr]    Compiling syn v2.0.15
[INFO] [stderr]     Checking getrandom v0.2.9
[INFO] [stderr]    Compiling rkyv v0.7.41
[INFO] [stderr]     Checking seahash v4.1.0
[INFO] [stderr]    Compiling standback v0.2.17
[INFO] [stderr]    Compiling target-lexicon v0.12.7
[INFO] [stderr]     Checking more-asserts v0.2.2
[INFO] [stderr]    Compiling proc-macro-hack v0.5.20+deprecated
[INFO] [stderr]    Compiling corosensei v0.1.3
[INFO] [stderr]    Compiling proc-macro-error-attr v1.0.4
[INFO] [stderr]    Compiling memoffset v0.6.5
[INFO] [stderr]     Checking smallvec v1.10.0
[INFO] [stderr]    Compiling proc-macro-error v1.0.4
[INFO] [stderr]    Compiling const_fn v0.4.9
[INFO] [stderr]     Checking scopeguard v1.1.0
[INFO] [stderr]     Checking region v3.0.0
[INFO] [stderr]    Compiling time v0.2.27
[INFO] [stderr]    Compiling crossbeam-utils v0.8.15
[INFO] [stderr]     Checking hashbrown v0.12.3
[INFO] [stderr]    Compiling erased-serde v0.3.25
[INFO] [stderr]     Checking memmap2 v0.5.10
[INFO] [stderr]     Checking object v0.30.3
[INFO] [stderr]     Checking tracing-core v0.1.30
[INFO] [stderr]     Checking pin-project-lite v0.2.9
[INFO] [stderr]     Checking backtrace v0.3.67
[INFO] [stderr]    Compiling darling_core v0.14.4
[INFO] [stderr]    Compiling serde_derive v1.0.160
[INFO] [stderr]    Compiling thiserror-impl v1.0.40
[INFO] [stderr]    Compiling ghost v0.1.9
[INFO] [stderr]    Compiling tracing-attributes v0.1.24
[INFO] [stderr]    Compiling ptr_meta_derive v0.1.4
[INFO] [stderr]    Compiling bytecheck_derive v0.6.10
[INFO] [stderr]    Compiling rkyv_derive v0.7.41
[INFO] [stderr]    Compiling enum-iterator-derive v0.7.0
[INFO] [stderr]    Compiling loupe-derive v0.1.3
[INFO] [stderr]    Compiling time-macros-impl v0.1.2
[INFO] [stderr]    Compiling ctor v0.1.26
[INFO] [stderr]    Compiling wasmer-derive-asml-fork v2.0.0
[INFO] [stderr]    Compiling typetag-impl v0.1.8
[INFO] [stderr]     Checking ptr_meta v0.1.4
[INFO] [stderr]     Checking thiserror v1.0.40
[INFO] [stderr]     Checking enum-iterator v0.7.0
[INFO] [stderr]     Checking time-macros v0.1.1
[INFO] [stderr]     Checking inventory v0.2.3
[INFO] [stderr]     Checking tracing v0.1.37
[INFO] [stderr]    Compiling darling_macro v0.14.4
[INFO] [stderr]    Compiling darling v0.14.4
[INFO] [stderr]    Compiling enumset_derive v0.6.1
[INFO] [stderr]     Checking enumset v1.0.12
[INFO] [stderr]     Checking serde_bytes v0.11.9
[INFO] [stderr]     Checking bincode v1.3.3
[INFO] [stderr]     Checking generational-arena v0.2.8
[INFO] [stderr]     Checking loupe v0.1.3
[INFO] [stderr]     Checking typetag v0.1.8
[INFO] [stderr]     Checking wasmer-types v2.3.0
[INFO] [stderr]     Checking wasmer-compiler v2.3.0
[INFO] [stderr]     Checking wasmer-wasi-types v2.3.0
[INFO] [stderr]     Checking wasmer-artifact v2.3.0
[INFO] [stderr]     Checking wasmer-vm v2.3.0
[INFO] [stderr]     Checking wasmer-engine v2.3.0
[INFO] [stderr]     Checking wasmer-asml-fork v2.0.0
[INFO] [stdout] error[E0432]: unresolved import `wasmer_engine::is_wasm_pc`
[INFO] [stdout]  --> /opt/rustwide/cargo-home/registry/src/github.com-1ecc6299db9ec823/wasmer-asml-fork-2.0.0/src/store.rs:8:21
[INFO] [stdout]   |
[INFO] [stdout] 8 | use wasmer_engine::{is_wasm_pc, Engine, Tunables};
[INFO] [stdout]   |                     ^^^^^^^^^^ no `is_wasm_pc` in the root
[INFO] [stdout] 
[INFO] [stdout] 
[INFO] [stdout] error[E0407]: method `as_any` is not a member of trait `TrapHandler`
[INFO] [stdout]   --> /opt/rustwide/cargo-home/registry/src/github.com-1ecc6299db9ec823/wasmer-asml-fork-2.0.0/src/store.rs:86:5
[INFO] [stdout]    |
[INFO] [stdout] 86 | /     fn as_any(&self) -> &dyn Any {
[INFO] [stdout] 87 | |         self
[INFO] [stdout] 88 | |     }
[INFO] [stdout]    | |_____^ not a member of trait `TrapHandler`
[INFO] [stdout] 
[INFO] [stdout] 
[INFO] [stdout] error[E0277]: the trait bound `u64: From<usize>` is not satisfied
[INFO] [stdout]    --> /opt/rustwide/cargo-home/registry/src/github.com-1ecc6299db9ec823/wasmer-asml-fork-2.0.0/src/externals/memory.rs:134:28
[INFO] [stdout]     |
[INFO] [stdout] 134 |         def.current_length.into()
[INFO] [stdout]     |                            ^^^^ the trait `From<usize>` is not implemented for `u64`
[INFO] [stdout]     |
[INFO] [stdout]     = help: the following other types implement trait `From<T>`:
[INFO] [stdout]               <u64 as From<&'a rend::BigEndian<u64>>>
[INFO] [stdout]               <u64 as From<&'a rend::LittleEndian<u64>>>
[INFO] [stdout]               <u64 as From<&'a rend::NativeEndian<u64>>>
[INFO] [stdout]               <u64 as From<NonZeroU64>>
[INFO] [stdout]               <u64 as From<bool>>
[INFO] [stdout]               <u64 as From<char>>
[INFO] [stdout]               <u64 as From<gimli::read::cfi::Pointer>>
[INFO] [stdout]               <u64 as From<rend::BigEndian<u64>>>
[INFO] [stdout]             and 5 others
[INFO] [stdout]     = note: required for `usize` to implement `Into<u64>`
[INFO] [stdout] 
[INFO] [stdout] 
[INFO] [stdout] error[E0061]: this function takes 0 arguments but 1 argument was supplied
[INFO] [stdout]    --> /opt/rustwide/cargo-home/registry/src/github.com-1ecc6299db9ec823/wasmer-asml-fork-2.0.0/src/store.rs:51:9
[INFO] [stdout]     |
[INFO] [stdout] 51  |         init_traps(is_wasm_pc);
[INFO] [stdout]     |         ^^^^^^^^^^ ----------
[INFO] [stdout]     |                    |
[INFO] [stdout]     |                    unexpected argument
[INFO] [stdout]     |                    help: remove the extra argument
[INFO] [stdout]     |
[INFO] [stdout] note: function defined here
[INFO] [stdout]    --> /opt/rustwide/cargo-home/registry/src/github.com-1ecc6299db9ec823/wasmer-vm-2.3.0/src/trap/traphandlers.rs:546:8
[INFO] [stdout]     |
[INFO] [stdout] 546 | pub fn init_traps() {
[INFO] [stdout]     |        ^^^^^^^^^^
[INFO] [stdout] 
[INFO] [stdout] 
[INFO] [stdout] error: aborting due to 4 previous errors
[INFO] [stdout] 
[INFO] [stdout] 
[INFO] [stdout] Some errors have detailed explanations: E0061, E0277, E0407, E0432.
[INFO] [stdout] 
[INFO] [stdout] For more information about an error, try `rustc --explain E0061`.
[INFO] [stdout] 
[INFO] [stderr] error: could not compile `wasmer-asml-fork` due to 5 previous errors
[INFO] running `Command { std: "docker" "inspect" "a0803edc87152c8f14ec286b267c40ef34be61576cdd7c3678beb0fa1c8ef451", kill_on_drop: false }`
[INFO] running `Command { std: "docker" "rm" "-f" "a0803edc87152c8f14ec286b267c40ef34be61576cdd7c3678beb0fa1c8ef451", kill_on_drop: false }`
[INFO] [stdout] a0803edc87152c8f14ec286b267c40ef34be61576cdd7c3678beb0fa1c8ef451
