[INFO] fetching crate wasm-bus-process 1.1.0...
[INFO] documenting wasm-bus-process-1.1.0 against 1.69.0 for beta-1.70-rustdoc-1
[INFO] extracting crate wasm-bus-process 1.1.0 into /workspace/builds/worker-4-tc1/source
[INFO] validating manifest of crates.io crate wasm-bus-process 1.1.0 on toolchain 1.69.0
[INFO] running `Command { std: CARGO_HOME="/workspace/cargo-home" RUSTUP_HOME="/workspace/rustup-home" "/workspace/cargo-home/bin/cargo" "+1.69.0" "metadata" "--manifest-path" "Cargo.toml" "--no-deps", kill_on_drop: false }`
[INFO] started tweaking crates.io crate wasm-bus-process 1.1.0
[INFO] finished tweaking crates.io crate wasm-bus-process 1.1.0
[INFO] tweaked toml for crates.io crate wasm-bus-process 1.1.0 written to /workspace/builds/worker-4-tc1/source/Cargo.toml
[INFO] running `Command { std: CARGO_HOME="/workspace/cargo-home" RUSTUP_HOME="/workspace/rustup-home" __CARGO_TEST_CHANNEL_OVERRIDE_DO_NOT_USE_THIS="nightly" "/workspace/cargo-home/bin/cargo" "+1.69.0" "generate-lockfile" "--manifest-path" "Cargo.toml" "-Zno-index-update", kill_on_drop: false }`
[INFO] running `Command { std: CARGO_HOME="/workspace/cargo-home" RUSTUP_HOME="/workspace/rustup-home" "/workspace/cargo-home/bin/cargo" "+1.69.0" "fetch" "--manifest-path" "Cargo.toml", kill_on_drop: false }`
[INFO] [stderr]  Downloading crates ...
[INFO] [stderr]   Downloaded wasm-bus-types v1.1.0
[INFO] [stderr]   Downloaded wasm-bus-macros v1.1.0
[INFO] [stderr]   Downloaded wasm-bus v1.1.0
[INFO] [stderr]   Downloaded dummy-waker v1.1.0
[INFO] [stderr]   Downloaded cooked-waker v5.0.0
[INFO] running `Command { std: "docker" "create" "-v" "/var/lib/crater-agent-workspace/builds/worker-4-tc1/target:/opt/rustwide/target:rw,Z" "-v" "/var/lib/crater-agent-workspace/builds/worker-4-tc1/source:/opt/rustwide/workdir:ro,Z" "-v" "/var/lib/crater-agent-workspace/cargo-home:/opt/rustwide/cargo-home:ro,Z" "-v" "/var/lib/crater-agent-workspace/rustup-home:/opt/rustwide/rustup-home:ro,Z" "-e" "SOURCE_DIR=/opt/rustwide/workdir" "-e" "CARGO_TARGET_DIR=/opt/rustwide/target" "-e" "CARGO_HOME=/opt/rustwide/cargo-home" "-e" "RUSTUP_HOME=/opt/rustwide/rustup-home" "-w" "/opt/rustwide/workdir" "-m" "1610612736" "--user" "0:0" "--network" "none" "ghcr.io/rust-lang/crates-build-env/linux@sha256:5ff2268d62e97bff2cde7d5815dd6ed5b47097566f13b8d0ca110b04b60e07ed" "/opt/rustwide/cargo-home/bin/cargo" "+1.69.0" "metadata" "--no-deps" "--format-version=1", kill_on_drop: false }`
[INFO] [stdout] 625a52c8900abd470f681bf42b312ee5005e6ec19ba89b09d9027e49db6ebd4f
[INFO] running `Command { std: "docker" "start" "-a" "625a52c8900abd470f681bf42b312ee5005e6ec19ba89b09d9027e49db6ebd4f", kill_on_drop: false }`
[INFO] running `Command { std: "docker" "inspect" "625a52c8900abd470f681bf42b312ee5005e6ec19ba89b09d9027e49db6ebd4f", kill_on_drop: false }`
[INFO] running `Command { std: "docker" "rm" "-f" "625a52c8900abd470f681bf42b312ee5005e6ec19ba89b09d9027e49db6ebd4f", kill_on_drop: false }`
[INFO] [stdout] 625a52c8900abd470f681bf42b312ee5005e6ec19ba89b09d9027e49db6ebd4f
[INFO] running `Command { std: "docker" "create" "-v" "/var/lib/crater-agent-workspace/builds/worker-4-tc1/target:/opt/rustwide/target:rw,Z" "-v" "/var/lib/crater-agent-workspace/builds/worker-4-tc1/source:/opt/rustwide/workdir:ro,Z" "-v" "/var/lib/crater-agent-workspace/cargo-home:/opt/rustwide/cargo-home:ro,Z" "-v" "/var/lib/crater-agent-workspace/rustup-home:/opt/rustwide/rustup-home:ro,Z" "-e" "SOURCE_DIR=/opt/rustwide/workdir" "-e" "CARGO_TARGET_DIR=/opt/rustwide/target" "-e" "CARGO_INCREMENTAL=0" "-e" "RUST_BACKTRACE=full" "-e" "RUSTFLAGS=--cap-lints=warn" "-e" "RUSTDOCFLAGS=--cap-lints=warn" "-e" "CARGO_HOME=/opt/rustwide/cargo-home" "-e" "RUSTUP_HOME=/opt/rustwide/rustup-home" "-w" "/opt/rustwide/workdir" "-m" "1610612736" "--user" "0:0" "--network" "none" "ghcr.io/rust-lang/crates-build-env/linux@sha256:5ff2268d62e97bff2cde7d5815dd6ed5b47097566f13b8d0ca110b04b60e07ed" "/opt/rustwide/cargo-home/bin/cargo" "+1.69.0" "doc" "--frozen" "--no-deps" "--document-private-items" "--message-format=json", kill_on_drop: false }`
[INFO] [stdout] e5207efbd39c9d1b2535420022cbf44bb8d9b78f26a70116f01e05db821511c9
[INFO] running `Command { std: "docker" "start" "-a" "e5207efbd39c9d1b2535420022cbf44bb8d9b78f26a70116f01e05db821511c9", kill_on_drop: false }`
[INFO] [stderr]     Blocking waiting for file lock on package cache
[INFO] [stderr]    Compiling num-traits v0.2.15
[INFO] [stderr]    Compiling byteorder v1.4.3
[INFO] [stderr]    Compiling ryu v1.0.13
[INFO] [stderr]    Compiling linked-hash-map v0.5.6
[INFO] [stderr]    Compiling log v0.4.17
[INFO] [stderr]    Compiling thiserror v1.0.40
[INFO] [stderr]    Compiling indexmap v1.9.3
[INFO] [stderr]    Compiling xml-rs v0.8.4
[INFO] [stderr]     Checking yaml-rust v0.4.5
[INFO] [stderr]    Compiling serde_json v1.0.96
[INFO] [stderr]    Compiling syn v1.0.109
[INFO] [stderr]    Compiling bincode v1.3.3
[INFO] [stderr]    Compiling tokio v1.28.0
[INFO] [stderr]    Compiling serde-xml-rs v0.5.1
[INFO] [stderr]    Compiling serde_yaml v0.8.26
[INFO] [stderr]    Compiling tokio-macros v2.1.0
[INFO] [stderr]    Compiling rmp v0.8.11
[INFO] [stderr]    Compiling convert_case v0.5.0
[INFO] [stderr]    Compiling async-trait v0.1.68
[INFO] [stderr]     Checking tracing v0.1.37
[INFO] [stderr]    Compiling rmp-serde v0.15.5
[INFO] [stderr]     Checking cooked-waker v5.0.0
[INFO] [stderr]     Checking dummy-waker v1.1.0
[INFO] [stderr]     Checking wasm-bus-types v1.1.0
[INFO] [stderr]    Compiling derivative v2.2.0
[INFO] [stderr]    Compiling wasm-bus-macros v1.1.0
[INFO] [stderr]     Checking wasm-bus v1.1.0
[INFO] [stdout] error[E0659]: `CallError` is ambiguous
[INFO] [stdout]   --> /opt/rustwide/cargo-home/registry/src/github.com-1ecc6299db9ec823/wasm-bus-1.1.0/src/abi/data.rs:1:12
[INFO] [stdout]    |
[INFO] [stdout] 1  | use super::CallError;
[INFO] [stdout]    |            ^^^^^^^^^ ambiguous name
[INFO] [stdout]    |
[INFO] [stdout]    = note: ambiguous because of multiple glob imports of a name in the same module
[INFO] [stdout] note: `CallError` could refer to the enum imported here
[INFO] [stdout]   --> /opt/rustwide/cargo-home/registry/src/github.com-1ecc6299db9ec823/wasm-bus-1.1.0/src/abi/mod.rs:37:9
[INFO] [stdout]    |
[INFO] [stdout] 37 | pub use wasm_bus_types::*;
[INFO] [stdout]    |         ^^^^^^^^^^^^^^^^^
[INFO] [stdout]    = help: consider adding an explicit import of `CallError` to disambiguate
[INFO] [stdout] note: `CallError` could also refer to the enum imported here
[INFO] [stdout]   --> /opt/rustwide/cargo-home/registry/src/github.com-1ecc6299db9ec823/wasm-bus-1.1.0/src/abi/mod.rs:27:9
[INFO] [stdout]    |
[INFO] [stdout] 27 | pub use error::*;
[INFO] [stdout]    |         ^^^^^^^^
[INFO] [stdout]    = help: consider adding an explicit import of `CallError` to disambiguate
[INFO] [stdout] 
[INFO] [stdout] 
[INFO] [stdout] error[E0659]: `CallError` is ambiguous
[INFO] [stdout]   --> /opt/rustwide/cargo-home/registry/src/github.com-1ecc6299db9ec823/wasm-bus-1.1.0/src/abi/listen.rs:9:17
[INFO] [stdout]    |
[INFO] [stdout] 9  | use crate::abi::CallError;
[INFO] [stdout]    |                 ^^^^^^^^^ ambiguous name
[INFO] [stdout]    |
[INFO] [stdout]    = note: ambiguous because of multiple glob imports of a name in the same module
[INFO] [stdout] note: `CallError` could refer to the enum imported here
[INFO] [stdout]   --> /opt/rustwide/cargo-home/registry/src/github.com-1ecc6299db9ec823/wasm-bus-1.1.0/src/abi/mod.rs:37:9
[INFO] [stdout]    |
[INFO] [stdout] 37 | pub use wasm_bus_types::*;
[INFO] [stdout]    |         ^^^^^^^^^^^^^^^^^
[INFO] [stdout]    = help: consider adding an explicit import of `CallError` to disambiguate
[INFO] [stdout] note: `CallError` could also refer to the enum imported here
[INFO] [stdout]   --> /opt/rustwide/cargo-home/registry/src/github.com-1ecc6299db9ec823/wasm-bus-1.1.0/src/abi/mod.rs:27:9
[INFO] [stdout]    |
[INFO] [stdout] 27 | pub use error::*;
[INFO] [stdout]    |         ^^^^^^^^
[INFO] [stdout]    = help: consider adding an explicit import of `CallError` to disambiguate
[INFO] [stdout] 
[INFO] [stdout] 
[INFO] [stdout] error[E0659]: `CallError` is ambiguous
[INFO] [stdout]   --> /opt/rustwide/cargo-home/registry/src/github.com-1ecc6299db9ec823/wasm-bus-1.1.0/src/abi/respond_to.rs:11:17
[INFO] [stdout]    |
[INFO] [stdout] 11 | use crate::abi::CallError;
[INFO] [stdout]    |                 ^^^^^^^^^ ambiguous name
[INFO] [stdout]    |
[INFO] [stdout]    = note: ambiguous because of multiple glob imports of a name in the same module
[INFO] [stdout] note: `CallError` could refer to the enum imported here
[INFO] [stdout]   --> /opt/rustwide/cargo-home/registry/src/github.com-1ecc6299db9ec823/wasm-bus-1.1.0/src/abi/mod.rs:37:9
[INFO] [stdout]    |
[INFO] [stdout] 37 | pub use wasm_bus_types::*;
[INFO] [stdout]    |         ^^^^^^^^^^^^^^^^^
[INFO] [stdout]    = help: consider adding an explicit import of `CallError` to disambiguate
[INFO] [stdout] note: `CallError` could also refer to the enum imported here
[INFO] [stdout]   --> /opt/rustwide/cargo-home/registry/src/github.com-1ecc6299db9ec823/wasm-bus-1.1.0/src/abi/mod.rs:27:9
[INFO] [stdout]    |
[INFO] [stdout] 27 | pub use error::*;
[INFO] [stdout]    |         ^^^^^^^^
[INFO] [stdout]    = help: consider adding an explicit import of `CallError` to disambiguate
[INFO] [stdout] 
[INFO] [stdout] 
[INFO] [stdout] error[E0659]: `CallError` is ambiguous
[INFO] [stdout]   --> /opt/rustwide/cargo-home/registry/src/github.com-1ecc6299db9ec823/wasm-bus-1.1.0/src/prelude.rs:13:21
[INFO] [stdout]    |
[INFO] [stdout] 13 | pub use crate::abi::CallError;
[INFO] [stdout]    |                     ^^^^^^^^^ ambiguous name
[INFO] [stdout]    |
[INFO] [stdout]    = note: ambiguous because of multiple glob imports of a name in the same module
[INFO] [stdout] note: `CallError` could refer to the enum imported here
[INFO] [stdout]   --> /opt/rustwide/cargo-home/registry/src/github.com-1ecc6299db9ec823/wasm-bus-1.1.0/src/abi/mod.rs:37:9
[INFO] [stdout]    |
[INFO] [stdout] 37 | pub use wasm_bus_types::*;
[INFO] [stdout]    |         ^^^^^^^^^^^^^^^^^
[INFO] [stdout]    = help: consider adding an explicit import of `CallError` to disambiguate
[INFO] [stdout] note: `CallError` could also refer to the enum imported here
[INFO] [stdout]   --> /opt/rustwide/cargo-home/registry/src/github.com-1ecc6299db9ec823/wasm-bus-1.1.0/src/abi/mod.rs:27:9
[INFO] [stdout]    |
[INFO] [stdout] 27 | pub use error::*;
[INFO] [stdout]    |         ^^^^^^^^
[INFO] [stdout]    = help: consider adding an explicit import of `CallError` to disambiguate
[INFO] [stdout] 
[INFO] [stdout] 
[INFO] [stdout] error[E0659]: `CallError` is ambiguous
[INFO] [stdout]   --> /opt/rustwide/cargo-home/registry/src/github.com-1ecc6299db9ec823/wasm-bus-1.1.0/src/task/helper.rs:8:17
[INFO] [stdout]    |
[INFO] [stdout] 8  | use crate::abi::CallError;
[INFO] [stdout]    |                 ^^^^^^^^^ ambiguous name
[INFO] [stdout]    |
[INFO] [stdout]    = note: ambiguous because of multiple glob imports of a name in the same module
[INFO] [stdout] note: `CallError` could refer to the enum imported here
[INFO] [stdout]   --> /opt/rustwide/cargo-home/registry/src/github.com-1ecc6299db9ec823/wasm-bus-1.1.0/src/abi/mod.rs:37:9
[INFO] [stdout]    |
[INFO] [stdout] 37 | pub use wasm_bus_types::*;
[INFO] [stdout]    |         ^^^^^^^^^^^^^^^^^
[INFO] [stdout]    = help: consider adding an explicit import of `CallError` to disambiguate
[INFO] [stdout] note: `CallError` could also refer to the enum imported here
[INFO] [stdout]   --> /opt/rustwide/cargo-home/registry/src/github.com-1ecc6299db9ec823/wasm-bus-1.1.0/src/abi/mod.rs:27:9
[INFO] [stdout]    |
[INFO] [stdout] 27 | pub use error::*;
[INFO] [stdout]    |         ^^^^^^^^
[INFO] [stdout]    = help: consider adding an explicit import of `CallError` to disambiguate
[INFO] [stdout] 
[INFO] [stdout] 
[INFO] [stdout] error[E0659]: `CallError` is ambiguous
[INFO] [stdout]   --> /opt/rustwide/cargo-home/registry/src/github.com-1ecc6299db9ec823/wasm-bus-1.1.0/src/abi/mod.rs:67:38
[INFO] [stdout]    |
[INFO] [stdout] 67 |             Err(_err) => Data::Error(CallError::SerializationFailed),
[INFO] [stdout]    |                                      ^^^^^^^^^ ambiguous name
[INFO] [stdout]    |
[INFO] [stdout]    = note: ambiguous because of multiple glob imports of a name in the same module
[INFO] [stdout] note: `CallError` could refer to the enum imported here
[INFO] [stdout]   --> /opt/rustwide/cargo-home/registry/src/github.com-1ecc6299db9ec823/wasm-bus-1.1.0/src/abi/mod.rs:37:9
[INFO] [stdout]    |
[INFO] [stdout] 37 | pub use wasm_bus_types::*;
[INFO] [stdout]    |         ^^^^^^^^^^^^^^^^^
[INFO] [stdout]    = help: consider adding an explicit import of `CallError` to disambiguate
[INFO] [stdout] note: `CallError` could also refer to the enum imported here
[INFO] [stdout]   --> /opt/rustwide/cargo-home/registry/src/github.com-1ecc6299db9ec823/wasm-bus-1.1.0/src/abi/mod.rs:27:9
[INFO] [stdout]    |
[INFO] [stdout] 27 | pub use error::*;
[INFO] [stdout]    |         ^^^^^^^^
[INFO] [stdout]    = help: consider adding an explicit import of `CallError` to disambiguate
[INFO] [stdout] 
[INFO] [stdout] 
[INFO] [stdout] error[E0659]: `CallError` is ambiguous
[INFO] [stdout]   --> /opt/rustwide/cargo-home/registry/src/github.com-1ecc6299db9ec823/wasm-bus-1.1.0/src/abi/mod.rs:71:38
[INFO] [stdout]    |
[INFO] [stdout] 71 |             Err(_err) => Data::Error(CallError::SerializationFailed),
[INFO] [stdout]    |                                      ^^^^^^^^^ ambiguous name
[INFO] [stdout]    |
[INFO] [stdout]    = note: ambiguous because of multiple glob imports of a name in the same module
[INFO] [stdout] note: `CallError` could refer to the enum imported here
[INFO] [stdout]   --> /opt/rustwide/cargo-home/registry/src/github.com-1ecc6299db9ec823/wasm-bus-1.1.0/src/abi/mod.rs:37:9
[INFO] [stdout]    |
[INFO] [stdout] 37 | pub use wasm_bus_types::*;
[INFO] [stdout]    |         ^^^^^^^^^^^^^^^^^
[INFO] [stdout]    = help: consider adding an explicit import of `CallError` to disambiguate
[INFO] [stdout] note: `CallError` could also refer to the enum imported here
[INFO] [stdout]   --> /opt/rustwide/cargo-home/registry/src/github.com-1ecc6299db9ec823/wasm-bus-1.1.0/src/abi/mod.rs:27:9
[INFO] [stdout]    |
[INFO] [stdout] 27 | pub use error::*;
[INFO] [stdout]    |         ^^^^^^^^
[INFO] [stdout]    = help: consider adding an explicit import of `CallError` to disambiguate
[INFO] [stdout] 
[INFO] [stdout] 
[INFO] [stdout] error[E0659]: `CallError` is ambiguous
[INFO] [stdout]    --> /opt/rustwide/cargo-home/registry/src/github.com-1ecc6299db9ec823/wasm-bus-1.1.0/src/abi/mod.rs:108:34
[INFO] [stdout]     |
[INFO] [stdout] 108 |     F: FnMut(REQ) -> Result<RES, CallError>,
[INFO] [stdout]     |                                  ^^^^^^^^^ ambiguous name
[INFO] [stdout]     |
[INFO] [stdout]     = note: ambiguous because of multiple glob imports of a name in the same module
[INFO] [stdout] note: `CallError` could refer to the enum imported here
[INFO] [stdout]    --> /opt/rustwide/cargo-home/registry/src/github.com-1ecc6299db9ec823/wasm-bus-1.1.0/src/abi/mod.rs:37:9
[INFO] [stdout]     |
[INFO] [stdout] 37  | pub use wasm_bus_types::*;
[INFO] [stdout]     |         ^^^^^^^^^^^^^^^^^
[INFO] [stdout]     = help: consider adding an explicit import of `CallError` to disambiguate
[INFO] [stdout] note: `CallError` could also refer to the enum imported here
[INFO] [stdout]    --> /opt/rustwide/cargo-home/registry/src/github.com-1ecc6299db9ec823/wasm-bus-1.1.0/src/abi/mod.rs:27:9
[INFO] [stdout]     |
[INFO] [stdout] 27  | pub use error::*;
[INFO] [stdout]     |         ^^^^^^^^
[INFO] [stdout]     = help: consider adding an explicit import of `CallError` to disambiguate
[INFO] [stdout] 
[INFO] [stdout] 
[INFO] [stdout] error[E0277]: the trait bound `u32: From<wasm_bus_types::CallError>` is not satisfied
[INFO] [stdout]   --> /opt/rustwide/cargo-home/registry/src/github.com-1ecc6299db9ec823/wasm-bus-1.1.0/src/abi/listen.rs:57:36
[INFO] [stdout]    |
[INFO] [stdout] 57 |                 let err: u32 = err.into();
[INFO] [stdout]    |                                    ^^^^ the trait `From<wasm_bus_types::CallError>` is not implemented for `u32`
[INFO] [stdout]    |
[INFO] [stdout]    = help: the following other types implement trait `From<T>`:
[INFO] [stdout]              <u32 as From<Ipv4Addr>>
[INFO] [stdout]              <u32 as From<NonZeroU32>>
[INFO] [stdout]              <u32 as From<bool>>
[INFO] [stdout]              <u32 as From<char>>
[INFO] [stdout]              <u32 as From<u16>>
[INFO] [stdout]              <u32 as From<u8>>
[INFO] [stdout]    = note: required for `wasm_bus_types::CallError` to implement `Into<u32>`
[INFO] [stdout] 
[INFO] [stdout] 
[INFO] [stdout] error[E0277]: the trait bound `u32: From<wasm_bus_types::CallError>` is not satisfied
[INFO] [stdout]   --> /opt/rustwide/cargo-home/registry/src/github.com-1ecc6299db9ec823/wasm-bus-1.1.0/src/abi/respond_to.rs:66:57
[INFO] [stdout]    |
[INFO] [stdout] 66 |                 let err: u32 = CallError::InvalidHandle.into();
[INFO] [stdout]    |                                                         ^^^^ the trait `From<wasm_bus_types::CallError>` is not implemented for `u32`
[INFO] [stdout]    |
[INFO] [stdout]    = help: the following other types implement trait `From<T>`:
[INFO] [stdout]              <u32 as From<Ipv4Addr>>
[INFO] [stdout]              <u32 as From<NonZeroU32>>
[INFO] [stdout]              <u32 as From<bool>>
[INFO] [stdout]              <u32 as From<char>>
[INFO] [stdout]              <u32 as From<u16>>
[INFO] [stdout]              <u32 as From<u8>>
[INFO] [stdout]    = note: required for `wasm_bus_types::CallError` to implement `Into<u32>`
[INFO] [stdout] 
[INFO] [stdout] 
[INFO] [stdout] error[E0277]: the trait bound `u32: From<wasm_bus_types::CallError>` is not satisfied
[INFO] [stdout]   --> /opt/rustwide/cargo-home/registry/src/github.com-1ecc6299db9ec823/wasm-bus-1.1.0/src/abi/respond_to.rs:79:36
[INFO] [stdout]    |
[INFO] [stdout] 79 |                 let err: u32 = err.into();
[INFO] [stdout]    |                                    ^^^^ the trait `From<wasm_bus_types::CallError>` is not implemented for `u32`
[INFO] [stdout]    |
[INFO] [stdout]    = help: the following other types implement trait `From<T>`:
[INFO] [stdout]              <u32 as From<Ipv4Addr>>
[INFO] [stdout]              <u32 as From<NonZeroU32>>
[INFO] [stdout]              <u32 as From<bool>>
[INFO] [stdout]              <u32 as From<char>>
[INFO] [stdout]              <u32 as From<u16>>
[INFO] [stdout]              <u32 as From<u8>>
[INFO] [stdout]    = note: required for `wasm_bus_types::CallError` to implement `Into<u32>`
[INFO] [stdout] 
[INFO] [stdout] 
[INFO] [stdout] error[E0277]: the trait bound `wasm_bus_types::CallError: From<u32>` is not satisfied
[INFO] [stdout]    --> /opt/rustwide/cargo-home/registry/src/github.com-1ecc6299db9ec823/wasm-bus-1.1.0/src/abi/syscall.rs:106:62
[INFO] [stdout]     |
[INFO] [stdout] 106 |         crate::engine::BusEngine::error(handle.into(), error.into());
[INFO] [stdout]     |                                                              ^^^^ the trait `From<u32>` is not implemented for `wasm_bus_types::CallError`
[INFO] [stdout]     |
[INFO] [stdout]     = note: required for `u32` to implement `Into<wasm_bus_types::CallError>`
[INFO] [stdout] 
[INFO] [stdout] 
[INFO] [stdout] error: aborting due to 12 previous errors
[INFO] [stdout] 
[INFO] [stdout] 
[INFO] [stdout] Some errors have detailed explanations: E0277, E0659.
[INFO] [stdout] 
[INFO] [stdout] For more information about an error, try `rustc --explain E0277`.
[INFO] [stdout] 
[INFO] [stderr] error: could not compile `wasm-bus` due to 13 previous errors
[INFO] running `Command { std: "docker" "inspect" "e5207efbd39c9d1b2535420022cbf44bb8d9b78f26a70116f01e05db821511c9", kill_on_drop: false }`
[INFO] running `Command { std: "docker" "rm" "-f" "e5207efbd39c9d1b2535420022cbf44bb8d9b78f26a70116f01e05db821511c9", kill_on_drop: false }`
[INFO] [stdout] e5207efbd39c9d1b2535420022cbf44bb8d9b78f26a70116f01e05db821511c9
