[INFO] fetching crate vujio 0.1.3...
[INFO] documenting vujio-0.1.3 against 1.69.0 for beta-1.70-rustdoc-1
[INFO] extracting crate vujio 0.1.3 into /workspace/builds/worker-4-tc1/source
[INFO] validating manifest of crates.io crate vujio 0.1.3 on toolchain 1.69.0
[INFO] running `Command { std: CARGO_HOME="/workspace/cargo-home" RUSTUP_HOME="/workspace/rustup-home" "/workspace/cargo-home/bin/cargo" "+1.69.0" "metadata" "--manifest-path" "Cargo.toml" "--no-deps", kill_on_drop: false }`
[INFO] started tweaking crates.io crate vujio 0.1.3
[INFO] finished tweaking crates.io crate vujio 0.1.3
[INFO] tweaked toml for crates.io crate vujio 0.1.3 written to /workspace/builds/worker-4-tc1/source/Cargo.toml
[INFO] running `Command { std: CARGO_HOME="/workspace/cargo-home" RUSTUP_HOME="/workspace/rustup-home" __CARGO_TEST_CHANNEL_OVERRIDE_DO_NOT_USE_THIS="nightly" "/workspace/cargo-home/bin/cargo" "+1.69.0" "generate-lockfile" "--manifest-path" "Cargo.toml" "-Zno-index-update", kill_on_drop: false }`
[INFO] running `Command { std: CARGO_HOME="/workspace/cargo-home" RUSTUP_HOME="/workspace/rustup-home" "/workspace/cargo-home/bin/cargo" "+1.69.0" "fetch" "--manifest-path" "Cargo.toml", kill_on_drop: false }`
[INFO] [stderr]  Downloading crates ...
[INFO] [stderr]   Downloaded bevy_internal v0.4.0
[INFO] [stderr]   Downloaded swc_ecma_preset_env v0.1.0
[INFO] [stderr]   Downloaded st-map v0.1.8
[INFO] [stderr]   Downloaded bevy_math v0.4.0
[INFO] [stderr]   Downloaded bevy_gilrs v0.4.0
[INFO] [stderr]   Downloaded swc v0.0.0
[INFO] [stderr]   Downloaded gfx-backend-dx11 v0.6.17
[INFO] [stderr]   Downloaded bevy_reflect_derive v0.4.0
[INFO] [stderr]   Downloaded bevy_input v0.4.0
[INFO] [stderr]   Downloaded swc_ecma_transforms_macros v0.1.2
[INFO] [stderr]   Downloaded serde_fmt v1.0.2
[INFO] [stderr]   Downloaded bevy_transform v0.4.0
[INFO] [stderr]   Downloaded ast_node v0.7.7
[INFO] [stderr]   Downloaded vujio_server v0.1.2
[INFO] [stderr]   Downloaded swc_ecma_visit v0.22.0
[INFO] [stderr]   Downloaded gfx-auxil v0.7.0
[INFO] [stderr]   Downloaded wgpu-types v0.6.1
[INFO] [stderr]   Downloaded tide v0.15.1
[INFO] [stderr]   Downloaded async-h1 v2.3.3
[INFO] [stderr]   Downloaded glam v0.11.3
[INFO] [stderr]   Downloaded retain_mut v0.1.1
[INFO] [stderr]   Downloaded tide-websockets v0.1.0
[INFO] [stderr]   Downloaded bevy_tasks v0.4.0
[INFO] [stderr]   Downloaded gfx-backend-vulkan v0.6.5
[INFO] [stderr]   Downloaded enum_kind v0.2.2
[INFO] [stderr]   Downloaded bevy_audio v0.4.0
[INFO] [stderr]   Downloaded bevy_dynamic_plugin v0.4.0
[INFO] [stderr]   Downloaded bevy_log v0.4.0
[INFO] [stderr]   Downloaded swc_ecma_utils v0.26.1
[INFO] [stderr]   Downloaded bevy_core v0.4.0
[INFO] [stderr]   Downloaded matroska v0.5.5
[INFO] [stderr]   Downloaded bevy_app v0.4.0
[INFO] [stderr]   Downloaded string_enum v0.3.4
[INFO] [stderr]   Downloaded bevy_asset v0.4.0
[INFO] [stderr]   Downloaded bevy_utils v0.4.0
[INFO] [stderr]   Downloaded tracing-wasm v0.1.0
[INFO] [stderr]   Downloaded bevy_pbr v0.4.0
[INFO] [stderr]   Downloaded bevy_diagnostic v0.4.0
[INFO] [stderr]   Downloaded swc_visit_macros v0.2.3
[INFO] [stderr]   Downloaded swc_visit v0.2.8
[INFO] [stderr]   Downloaded bevy_sprite v0.4.0
[INFO] [stderr]   Downloaded bevy_derive v0.4.0
[INFO] [stderr]   Downloaded gfx-backend-empty v0.6.0
[INFO] [stderr]   Downloaded bevy_ui v0.4.0
[INFO] [stderr]   Downloaded swc_atoms v0.2.13
[INFO] [stderr]   Downloaded swc_ecma_ast v0.36.3
[INFO] [stderr]   Downloaded static-map-macro v0.2.5
[INFO] [stderr]   Downloaded bevy_scene v0.4.0
[INFO] [stderr]   Downloaded bevy_gltf v0.4.0
[INFO] [stderr]   Downloaded swc_ecma_ext_transforms v0.1.0
[INFO] [stderr]   Downloaded gfx-memory v0.2.2
[INFO] [stderr]   Downloaded fixedbitset v0.3.2
[INFO] [stderr]   Downloaded is-macro v0.1.9
[INFO] [stderr]   Downloaded swc_ecma_codegen_macros v0.5.2
[INFO] [stderr]   Downloaded bevy_reflect v0.4.0
[INFO] [stderr]   Downloaded gfx-descriptor v0.2.0
[INFO] [stderr]   Downloaded bevy_winit v0.4.0
[INFO] [stderr]   Downloaded bevy_window v0.4.0
[INFO] [stderr]   Downloaded rectangle-pack v0.2.2
[INFO] [stderr]   Downloaded async-tungstenite v0.10.0
[INFO] [stderr]   Downloaded gfx-backend-dx12 v0.6.13
[INFO] [stderr]   Downloaded bevy_text v0.4.0
[INFO] [stderr]   Downloaded bevy_ecs_macros v0.4.0
[INFO] [stderr]   Downloaded bevy_wgpu v0.4.0
[INFO] [stderr]   Downloaded bevy_ecs v0.4.0
[INFO] [stderr]   Downloaded naga v0.2.0
[INFO] [stderr]   Downloaded swc_common v0.10.23
[INFO] [stderr]   Downloaded bevy_render v0.4.0
[INFO] [stderr]   Downloaded gfx-hal v0.6.0
[INFO] [stderr]   Downloaded bevy v0.4.0
[INFO] [stderr]   Downloaded swc_ecma_transforms v0.31.2
[INFO] [stderr]   Downloaded swc_bundler v0.18.2
[INFO] [stderr]   Downloaded jsdoc v0.12.0
[INFO] [stderr]   Downloaded swc_ecma_parser v0.44.2
[INFO] [stderr]   Downloaded wgpu v0.6.2
[INFO] [stderr]   Downloaded wgpu-core v0.6.5
[INFO] [stderr]   Downloaded gfx-backend-metal v0.6.5
[INFO] [stderr]   Downloaded web-sys v0.3.48
[INFO] [stderr]   Downloaded metal v0.20.0
[INFO] [stderr]   Downloaded spirv_cross v0.22.2
[INFO] [stderr]   Downloaded swc_ecma_codegen v0.42.2
[INFO] [stderr]   Downloaded vujio_client v0.1.2
[INFO] [stderr]   Downloaded femme v2.2.1
[INFO] running `Command { std: "docker" "create" "-v" "/var/lib/crater-agent-workspace/builds/worker-4-tc1/target:/opt/rustwide/target:rw,Z" "-v" "/var/lib/crater-agent-workspace/builds/worker-4-tc1/source:/opt/rustwide/workdir:ro,Z" "-v" "/var/lib/crater-agent-workspace/cargo-home:/opt/rustwide/cargo-home:ro,Z" "-v" "/var/lib/crater-agent-workspace/rustup-home:/opt/rustwide/rustup-home:ro,Z" "-e" "SOURCE_DIR=/opt/rustwide/workdir" "-e" "CARGO_TARGET_DIR=/opt/rustwide/target" "-e" "CARGO_HOME=/opt/rustwide/cargo-home" "-e" "RUSTUP_HOME=/opt/rustwide/rustup-home" "-w" "/opt/rustwide/workdir" "-m" "1610612736" "--user" "0:0" "--network" "none" "ghcr.io/rust-lang/crates-build-env/linux@sha256:5ff2268d62e97bff2cde7d5815dd6ed5b47097566f13b8d0ca110b04b60e07ed" "/opt/rustwide/cargo-home/bin/cargo" "+1.69.0" "metadata" "--no-deps" "--format-version=1", kill_on_drop: false }`
[INFO] [stdout] cc2f63136d318174b40412dffd8567a8290429d47dd9852ad4c716455a358aa6
[INFO] running `Command { std: "docker" "start" "-a" "cc2f63136d318174b40412dffd8567a8290429d47dd9852ad4c716455a358aa6", kill_on_drop: false }`
[INFO] running `Command { std: "docker" "inspect" "cc2f63136d318174b40412dffd8567a8290429d47dd9852ad4c716455a358aa6", kill_on_drop: false }`
[INFO] running `Command { std: "docker" "rm" "-f" "cc2f63136d318174b40412dffd8567a8290429d47dd9852ad4c716455a358aa6", kill_on_drop: false }`
[INFO] [stdout] cc2f63136d318174b40412dffd8567a8290429d47dd9852ad4c716455a358aa6
[INFO] running `Command { std: "docker" "create" "-v" "/var/lib/crater-agent-workspace/builds/worker-4-tc1/target:/opt/rustwide/target:rw,Z" "-v" "/var/lib/crater-agent-workspace/builds/worker-4-tc1/source:/opt/rustwide/workdir:ro,Z" "-v" "/var/lib/crater-agent-workspace/cargo-home:/opt/rustwide/cargo-home:ro,Z" "-v" "/var/lib/crater-agent-workspace/rustup-home:/opt/rustwide/rustup-home:ro,Z" "-e" "SOURCE_DIR=/opt/rustwide/workdir" "-e" "CARGO_TARGET_DIR=/opt/rustwide/target" "-e" "CARGO_INCREMENTAL=0" "-e" "RUST_BACKTRACE=full" "-e" "RUSTFLAGS=--cap-lints=warn" "-e" "RUSTDOCFLAGS=--cap-lints=warn" "-e" "CARGO_HOME=/opt/rustwide/cargo-home" "-e" "RUSTUP_HOME=/opt/rustwide/rustup-home" "-w" "/opt/rustwide/workdir" "-m" "1610612736" "--user" "0:0" "--network" "none" "ghcr.io/rust-lang/crates-build-env/linux@sha256:5ff2268d62e97bff2cde7d5815dd6ed5b47097566f13b8d0ca110b04b60e07ed" "/opt/rustwide/cargo-home/bin/cargo" "+1.69.0" "doc" "--frozen" "--no-deps" "--document-private-items" "--message-format=json", kill_on_drop: false }`
[INFO] [stdout] 9330fcd1c15dd03d017a3a503e8eebd3e64c942efed521f7e213e66f3f3f38e8
[INFO] running `Command { std: "docker" "start" "-a" "9330fcd1c15dd03d017a3a503e8eebd3e64c942efed521f7e213e66f3f3f38e8", kill_on_drop: false }`
[INFO] [stderr]    Compiling libc v0.2.142
[INFO] [stderr]    Compiling serde v1.0.160
[INFO] [stderr]     Checking cfg-if v1.0.0
[INFO] [stderr]    Compiling memchr v2.5.0
[INFO] [stderr]    Compiling erased-serde v0.3.25
[INFO] [stderr]     Checking bitflags v1.3.2
[INFO] [stderr]    Compiling log v0.4.17
[INFO] [stderr]     Checking once_cell v1.17.1
[INFO] [stderr]    Compiling value-bag v1.0.0-alpha.9
[INFO] [stderr]    Compiling getrandom v0.1.16
[INFO] [stderr]    Compiling slab v0.4.8
[INFO] [stderr]     Checking pin-project-lite v0.2.9
[INFO] [stderr]    Compiling futures-core v0.3.28
[INFO] [stderr]     Checking scopeguard v1.1.0
[INFO] [stderr]    Compiling syn v2.0.15
[INFO] [stderr]    Compiling ctor v0.1.26
[INFO] [stderr]    Compiling lock_api v0.4.9
[INFO] [stderr]     Checking futures-io v0.3.28
[INFO] [stderr]    Compiling crossbeam-utils v0.8.15
[INFO] [stderr]    Compiling num-traits v0.2.15
[INFO] [stderr]     Checking event-listener v2.5.3
[INFO] [stderr]     Checking lazy_static v1.4.0
[INFO] [stderr]     Checking parking v2.1.0
[INFO] [stderr]     Checking waker-fn v1.1.0
[INFO] [stderr]     Checking fastrand v1.9.0
[INFO] [stderr]     Checking async-lock v2.7.0
[INFO] [stderr]    Compiling thiserror v1.0.40
[INFO] [stderr]     Checking ppv-lite86 v0.2.17
[INFO] [stderr]     Checking async-task v4.4.0
[INFO] [stderr]     Checking cfg-if v0.1.10
[INFO] [stderr]     Checking byteorder v1.4.3
[INFO] [stderr]    Compiling num-integer v0.1.45
[INFO] [stderr]     Checking instant v0.1.12
[INFO] [stderr]     Checking itoa v1.0.6
[INFO] [stderr]     Checking ryu v1.0.13
[INFO] [stderr]    Compiling parking_lot_core v0.8.6
[INFO] [stderr]     Checking tracing-core v0.1.30
[INFO] [stderr]     Checking percent-encoding v2.2.0
[INFO] [stderr]     Checking concurrent-queue v2.2.0
[INFO] [stderr]    Compiling typenum v1.16.0
[INFO] [stderr]    Compiling serde_json v1.0.96
[INFO] [stderr]    Compiling maybe-uninit v2.0.0
[INFO] [stderr]    Compiling ahash v0.6.3
[INFO] [stderr]     Checking tinyvec_macros v0.1.1
[INFO] [stderr]    Compiling pmutil v0.5.3
[INFO] [stderr]     Checking async-channel v1.8.0
[INFO] [stderr]    Compiling proc-macro-hack v0.5.20+deprecated
[INFO] [stderr]     Checking tinyvec v1.6.0
[INFO] [stderr]     Checking downcast-rs v1.2.0
[INFO] [stderr]     Checking futures-lite v1.13.0
[INFO] [stderr]     Checking fixedbitset v0.3.2
[INFO] [stderr]    Compiling aho-corasick v1.0.1
[INFO] [stderr]     Checking form_urlencoded v1.1.0
[INFO] [stderr]     Checking unicode-bidi v0.3.13
[INFO] [stderr]    Compiling autocfg v0.1.8
[INFO] [stderr]    Compiling glam v0.11.3
[INFO] [stderr]    Compiling siphasher v0.3.10
[INFO] [stderr]     Checking rand_core v0.4.2
[INFO] [stderr]     Checking anyhow v1.0.71
[INFO] [stderr]     Checking base64 v0.13.1
[INFO] [stderr]    Compiling swc_macros_common v0.3.7
[INFO] [stderr]     Checking fxhash v0.2.1
[INFO] [stderr]     Checking generic-array v0.14.7
[INFO] [stderr]     Checking rand_core v0.3.1
[INFO] [stderr]     Checking arrayvec v0.5.2
[INFO] [stderr]     Checking subtle v2.4.1
[INFO] [stderr]    Compiling rand_chacha v0.1.1
[INFO] [stderr]    Compiling rand_pcg v0.1.2
[INFO] [stderr]     Checking pin-utils v0.1.0
[INFO] [stderr]     Checking opaque-debug v0.3.0
[INFO] [stderr]     Checking unicode-normalization v0.1.22
[INFO] [stderr]    Compiling parking_lot_core v0.9.7
[INFO] [stderr]    Compiling phf_shared v0.10.0
[INFO] [stderr]    Compiling rand v0.6.5
[INFO] [stderr]     Checking async-executor v1.5.1
[INFO] [stderr]     Checking same-file v1.0.6
[INFO] [stderr]     Checking digest v0.9.0
[INFO] [stderr]    Compiling darling_core v0.10.2
[INFO] [stderr]     Checking walkdir v2.3.3
[INFO] [stderr]     Checking rand_hc v0.1.0
[INFO] [stderr]     Checking rand_xorshift v0.1.1
[INFO] [stderr]     Checking rand_isaac v0.1.1
[INFO] [stderr]     Checking getrandom v0.2.9
[INFO] [stderr]     Checking num_cpus v1.15.0
[INFO] [stderr]     Checking rand_os v0.1.3
[INFO] [stderr]     Checking rand_jitter v0.1.4
[INFO] [stderr]    Compiling jobserver v0.1.26
[INFO] [stderr]     Checking stable_deref_trait v1.2.0
[INFO] [stderr]    Compiling regex v1.8.1
[INFO] [stderr]     Checking rand_core v0.5.1
[INFO] [stderr]     Checking bevy_tasks v0.4.0
[INFO] [stderr]     Checking idna v0.3.0
[INFO] [stderr]    Compiling crossbeam-utils v0.7.2
[INFO] [stderr]     Checking owning_ref v0.4.1
[INFO] [stderr]    Compiling cc v1.0.79
[INFO] [stderr]     Checking rand_chacha v0.2.2
[INFO] [stderr]     Checking rand_pcg v0.2.1
[INFO] [stderr]    Compiling rand_core v0.6.4
[INFO] [stderr]     Checking inotify-sys v0.1.5
[INFO] [stderr]     Checking smallvec v0.6.14
[INFO] [stderr]    Compiling polling v2.8.0
[INFO] [stderr]    Compiling num-bigint v0.2.6
[INFO] [stderr]     Checking scopeguard v0.3.3
[INFO] [stderr]     Checking precomputed-hash v0.1.1
[INFO] [stderr]     Checking rand v0.7.3
[INFO] [stderr]    Compiling rand_chacha v0.3.1
[INFO] [stderr]     Checking new_debug_unreachable v1.0.4
[INFO] [stderr]    Compiling rustix v0.37.18
[INFO] [stderr]     Checking cty v0.2.2
[INFO] [stderr]     Checking lock_api v0.1.5
[INFO] [stderr]     Checking inotify v0.9.6
[INFO] [stderr]     Checking raw-window-handle v0.4.3
[INFO] [stderr]    Compiling rand v0.8.5
[INFO] [stderr]     Checking io-lifetimes v1.0.10
[INFO] [stderr]     Checking filetime v0.2.21
[INFO] [stderr]     Checking spirv_headers v1.5.0
[INFO] [stderr]     Checking crossbeam-channel v0.5.8
[INFO] [stderr]    Compiling async-io v1.13.0
[INFO] [stderr]    Compiling standback v0.2.17
[INFO] [stderr]     Checking if_chain v1.0.2
[INFO] [stderr]     Checking unicode-id v0.3.3
[INFO] [stderr]    Compiling crc32fast v1.3.2
[INFO] [stderr]     Checking linux-raw-sys v0.3.6
[INFO] [stderr]     Checking data-encoding v2.3.3
[INFO] [stderr]     Checking either v1.8.1
[INFO] [stderr]     Checking adler32 v1.2.0
[INFO] [stderr]    Compiling futures-channel v0.3.28
[INFO] [stderr]    Compiling futures-task v0.3.28
[INFO] [stderr]    Compiling Inflector v0.11.4
[INFO] [stderr]     Checking crossbeam-channel v0.4.4
[INFO] [stderr]     Checking raw-window-handle v0.3.4
[INFO] [stderr]    Compiling from_variant v0.1.5
[INFO] [stderr]     Checking socket2 v0.4.9
[INFO] [stderr]     Checking block-buffer v0.9.0
[INFO] [stderr]    Compiling swc_eq_ignore_macros v0.1.1
[INFO] [stderr]    Compiling num-rational v0.3.2
[INFO] [stderr]    Compiling num-iter v0.1.43
[INFO] [stderr]     Checking unicode-width v0.1.10
[INFO] [stderr]     Checking cpufeatures v0.2.7
[INFO] [stderr]     Checking futures-sink v0.3.28
[INFO] [stderr]    Compiling phf_generator v0.10.0
[INFO] [stderr]     Checking rustc-hash v1.1.0
[INFO] [stderr]    Compiling futures-util v0.3.28
[INFO] [stderr]    Compiling signal-hook v0.3.15
[INFO] [stderr]     Checking scoped-tls v1.0.1
[INFO] [stderr]    Compiling string_cache_codegen v0.5.2
[INFO] [stderr]    Compiling spirv-reflect v0.2.3
[INFO] [stderr]    Compiling memoffset v0.6.5
[INFO] [stderr]     Checking miniz_oxide v0.3.7
[INFO] [stderr]     Checking deflate v0.8.6
[INFO] [stderr]     Checking signal-hook-registry v1.4.1
[INFO] [stderr]     Checking cipher v0.2.5
[INFO] [stderr]    Compiling async-process v1.7.0
[INFO] [stderr]    Compiling bevy-glsl-to-spirv v0.2.1
[INFO] [stderr]     Checking atomic-waker v1.1.1
[INFO] [stderr]    Compiling string_enum v0.3.4
[INFO] [stderr]    Compiling swc_atoms v0.2.13
[INFO] [stderr]     Checking png v0.16.8
[INFO] [stderr]     Checking time v0.1.45
[INFO] [stderr]     Checking universal-hash v0.4.1
[INFO] [stderr]    Compiling phf_shared v0.8.0
[INFO] [stderr]    Compiling darling_macro v0.10.2
[INFO] [stderr]     Checking glam v0.15.2
[INFO] [stderr]     Checking base64 v0.12.3
[INFO] [stderr]     Checking scoped_threadpool v0.1.9
[INFO] [stderr]     Checking bytemuck v1.13.1
[INFO] [stderr]     Checking color_quant v1.1.0
[INFO] [stderr]     Checking iana-time-zone v0.1.56
[INFO] [stderr]     Checking cpuid-bool v0.2.0
[INFO] [stderr]    Compiling tiny-keccak v2.0.2
[INFO] [stderr]    Compiling const_fn v0.4.9
[INFO] [stderr]     Checking regex-syntax v0.7.1
[INFO] [stderr]     Checking polyval v0.4.5
[INFO] [stderr]    Compiling time-macros-impl v0.1.2
[INFO] [stderr]     Checking image v0.23.14
[INFO] [stderr]     Checking nix v0.23.2
[INFO] [stderr]     Checking aes-soft v0.6.4
[INFO] [stderr]     Checking gfx-hal v0.6.0
[INFO] [stderr]    Compiling phf_generator v0.8.0
[INFO] [stderr]     Checking crypto-mac v0.10.1
[INFO] [stderr]    Compiling swc_visit_macros v0.2.3
[INFO] [stderr]    Compiling is-macro v0.1.9
[INFO] [stderr]    Compiling darling v0.10.2
[INFO] [stderr]    Compiling async-attributes v1.1.2
[INFO] [stderr]    Compiling time v0.2.27
[INFO] [stderr]     Checking hex v0.4.3
[INFO] [stderr]     Checking fnv v1.0.7
[INFO] [stderr]    Compiling ast_node v0.7.7
[INFO] [stderr]     Checking hmac v0.10.1
[INFO] [stderr]    Compiling phf_macros v0.8.0
[INFO] [stdout] error[E0308]: mismatched types
[INFO] [stdout]    --> /opt/rustwide/cargo-home/registry/src/github.com-1ecc6299db9ec823/ast_node-0.7.7/src/lib.rs:142:24
[INFO] [stdout]     |
[INFO] [stdout] 142 |     print("ast_serde", item)
[INFO] [stdout]     |     -----              ^^^^ expected `TokenStream`, found `Quote`
[INFO] [stdout]     |     |
[INFO] [stdout]     |     arguments to this function are incorrect
[INFO] [stdout]     |
[INFO] [stdout] note: function defined here
[INFO] [stdout]    --> /opt/rustwide/cargo-home/registry/src/github.com-1ecc6299db9ec823/swc_macros_common-0.3.7/src/lib.rs:34:8
[INFO] [stdout]     |
[INFO] [stdout] 34  | pub fn print(attr: &'static str, tokens: proc_macro2::TokenStream) -> proc_macro::TokenStream {
[INFO] [stdout]     |        ^^^^^
[INFO] [stdout] help: call `Into::into` on this expression to convert `Quote` into `TokenStream2`
[INFO] [stdout]     |
[INFO] [stdout] 142 |     print("ast_serde", item.into())
[INFO] [stdout]     |                            +++++++
[INFO] [stdout] 
[INFO] [stdout] 
[INFO] [stdout] error[E0308]: mismatched types
[INFO] [stdout]    --> /opt/rustwide/cargo-home/registry/src/github.com-1ecc6299db9ec823/ast_node-0.7.7/src/lib.rs:285:23
[INFO] [stdout]     |
[INFO] [stdout] 285 |     print("ast_node", item)
[INFO] [stdout]     |     -----             ^^^^ expected `TokenStream`, found `Quote`
[INFO] [stdout]     |     |
[INFO] [stdout]     |     arguments to this function are incorrect
[INFO] [stdout]     |
[INFO] [stdout] note: function defined here
[INFO] [stdout]    --> /opt/rustwide/cargo-home/registry/src/github.com-1ecc6299db9ec823/swc_macros_common-0.3.7/src/lib.rs:34:8
[INFO] [stdout]     |
[INFO] [stdout] 34  | pub fn print(attr: &'static str, tokens: proc_macro2::TokenStream) -> proc_macro::TokenStream {
[INFO] [stdout]     |        ^^^^^
[INFO] [stdout] help: call `Into::into` on this expression to convert `Quote` into `TokenStream2`
[INFO] [stdout]     |
[INFO] [stdout] 285 |     print("ast_node", item.into())
[INFO] [stdout]     |                           +++++++
[INFO] [stdout] 
[INFO] [stdout] 
[INFO] [stdout] error[E0308]: mismatched types
[INFO] [stdout]    --> /opt/rustwide/cargo-home/registry/src/github.com-1ecc6299db9ec823/ast_node-0.7.7/src/lib.rs:303:17
[INFO] [stdout]     |
[INFO] [stdout] 303 |     print(name, item)
[INFO] [stdout]     |     -----       ^^^^ expected `TokenStream`, found `Quote`
[INFO] [stdout]     |     |
[INFO] [stdout]     |     arguments to this function are incorrect
[INFO] [stdout]     |
[INFO] [stdout] note: function defined here
[INFO] [stdout]    --> /opt/rustwide/cargo-home/registry/src/github.com-1ecc6299db9ec823/swc_macros_common-0.3.7/src/lib.rs:34:8
[INFO] [stdout]     |
[INFO] [stdout] 34  | pub fn print(attr: &'static str, tokens: proc_macro2::TokenStream) -> proc_macro::TokenStream {
[INFO] [stdout]     |        ^^^^^
[INFO] [stdout] help: call `Into::into` on this expression to convert `Quote` into `TokenStream2`
[INFO] [stdout]     |
[INFO] [stdout] 303 |     print(name, item.into())
[INFO] [stdout]     |                     +++++++
[INFO] [stdout] 
[INFO] [stdout] 
[INFO] [stdout] error: aborting due to 3 previous errors
[INFO] [stdout] 
[INFO] [stdout] 
[INFO] [stdout] For more information about this error, try `rustc --explain E0308`.
[INFO] [stdout] 
[INFO] [stderr] error: could not compile `ast_node` due to 4 previous errors
[INFO] [stderr] warning: build failed, waiting for other jobs to finish...
[INFO] running `Command { std: "docker" "inspect" "9330fcd1c15dd03d017a3a503e8eebd3e64c942efed521f7e213e66f3f3f38e8", kill_on_drop: false }`
[INFO] running `Command { std: "docker" "rm" "-f" "9330fcd1c15dd03d017a3a503e8eebd3e64c942efed521f7e213e66f3f3f38e8", kill_on_drop: false }`
[INFO] [stdout] 9330fcd1c15dd03d017a3a503e8eebd3e64c942efed521f7e213e66f3f3f38e8
