[INFO] fetching crate volo-thrift 0.4.4...
[INFO] documenting volo-thrift-0.4.4 against 1.69.0 for beta-1.70-rustdoc-1
[INFO] extracting crate volo-thrift 0.4.4 into /workspace/builds/worker-6-tc1/source
[INFO] validating manifest of crates.io crate volo-thrift 0.4.4 on toolchain 1.69.0
[INFO] running `Command { std: CARGO_HOME="/workspace/cargo-home" RUSTUP_HOME="/workspace/rustup-home" "/workspace/cargo-home/bin/cargo" "+1.69.0" "metadata" "--manifest-path" "Cargo.toml" "--no-deps", kill_on_drop: false }`
[INFO] started tweaking crates.io crate volo-thrift 0.4.4
[INFO] finished tweaking crates.io crate volo-thrift 0.4.4
[INFO] tweaked toml for crates.io crate volo-thrift 0.4.4 written to /workspace/builds/worker-6-tc1/source/Cargo.toml
[INFO] running `Command { std: CARGO_HOME="/workspace/cargo-home" RUSTUP_HOME="/workspace/rustup-home" __CARGO_TEST_CHANNEL_OVERRIDE_DO_NOT_USE_THIS="nightly" "/workspace/cargo-home/bin/cargo" "+1.69.0" "generate-lockfile" "--manifest-path" "Cargo.toml" "-Zno-index-update", kill_on_drop: false }`
[INFO] running `Command { std: CARGO_HOME="/workspace/cargo-home" RUSTUP_HOME="/workspace/rustup-home" "/workspace/cargo-home/bin/cargo" "+1.69.0" "fetch" "--manifest-path" "Cargo.toml", kill_on_drop: false }`
[INFO] [stderr]  Downloading crates ...
[INFO] [stderr]   Downloaded num_enum_derive v0.6.1
[INFO] [stderr]   Downloaded faststr v0.2.1
[INFO] [stderr]   Downloaded linkedbytes v0.1.7
[INFO] [stderr]   Downloaded motore-macros v0.3.1
[INFO] [stderr]   Downloaded volo v0.4.2
[INFO] [stderr]   Downloaded num_enum v0.6.1
[INFO] [stderr]   Downloaded motore v0.3.3
[INFO] [stderr]   Downloaded pilota v0.6.2
[INFO] [stderr]   Downloaded metainfo v0.7.2
[INFO] running `Command { std: "docker" "create" "-v" "/var/lib/crater-agent-workspace/builds/worker-6-tc1/target:/opt/rustwide/target:rw,Z" "-v" "/var/lib/crater-agent-workspace/builds/worker-6-tc1/source:/opt/rustwide/workdir:ro,Z" "-v" "/var/lib/crater-agent-workspace/cargo-home:/opt/rustwide/cargo-home:ro,Z" "-v" "/var/lib/crater-agent-workspace/rustup-home:/opt/rustwide/rustup-home:ro,Z" "-e" "SOURCE_DIR=/opt/rustwide/workdir" "-e" "CARGO_TARGET_DIR=/opt/rustwide/target" "-e" "CARGO_HOME=/opt/rustwide/cargo-home" "-e" "RUSTUP_HOME=/opt/rustwide/rustup-home" "-w" "/opt/rustwide/workdir" "-m" "1610612736" "--user" "0:0" "--network" "none" "ghcr.io/rust-lang/crates-build-env/linux@sha256:5ff2268d62e97bff2cde7d5815dd6ed5b47097566f13b8d0ca110b04b60e07ed" "/opt/rustwide/cargo-home/bin/cargo" "+1.69.0" "metadata" "--no-deps" "--format-version=1", kill_on_drop: false }`
[INFO] [stdout] 7ab3c91cb7369c6a91a132ee2868627edd9dbb019d86ac56e505b016a14d7d5f
[INFO] running `Command { std: "docker" "start" "-a" "7ab3c91cb7369c6a91a132ee2868627edd9dbb019d86ac56e505b016a14d7d5f", kill_on_drop: false }`
[INFO] running `Command { std: "docker" "inspect" "7ab3c91cb7369c6a91a132ee2868627edd9dbb019d86ac56e505b016a14d7d5f", kill_on_drop: false }`
[INFO] running `Command { std: "docker" "rm" "-f" "7ab3c91cb7369c6a91a132ee2868627edd9dbb019d86ac56e505b016a14d7d5f", kill_on_drop: false }`
[INFO] [stdout] 7ab3c91cb7369c6a91a132ee2868627edd9dbb019d86ac56e505b016a14d7d5f
[INFO] running `Command { std: "docker" "create" "-v" "/var/lib/crater-agent-workspace/builds/worker-6-tc1/target:/opt/rustwide/target:rw,Z" "-v" "/var/lib/crater-agent-workspace/builds/worker-6-tc1/source:/opt/rustwide/workdir:ro,Z" "-v" "/var/lib/crater-agent-workspace/cargo-home:/opt/rustwide/cargo-home:ro,Z" "-v" "/var/lib/crater-agent-workspace/rustup-home:/opt/rustwide/rustup-home:ro,Z" "-e" "SOURCE_DIR=/opt/rustwide/workdir" "-e" "CARGO_TARGET_DIR=/opt/rustwide/target" "-e" "CARGO_INCREMENTAL=0" "-e" "RUST_BACKTRACE=full" "-e" "RUSTFLAGS=--cap-lints=warn" "-e" "RUSTDOCFLAGS=--cap-lints=warn" "-e" "CARGO_HOME=/opt/rustwide/cargo-home" "-e" "RUSTUP_HOME=/opt/rustwide/rustup-home" "-w" "/opt/rustwide/workdir" "-m" "1610612736" "--user" "0:0" "--network" "none" "ghcr.io/rust-lang/crates-build-env/linux@sha256:5ff2268d62e97bff2cde7d5815dd6ed5b47097566f13b8d0ca110b04b60e07ed" "/opt/rustwide/cargo-home/bin/cargo" "+1.69.0" "doc" "--frozen" "--no-deps" "--document-private-items" "--message-format=json", kill_on_drop: false }`
[INFO] [stdout] 4284409d7df471be427ea646d441f0fe9e5f3027c75657c2af5e671711fd69c9
[INFO] running `Command { std: "docker" "start" "-a" "4284409d7df471be427ea646d441f0fe9e5f3027c75657c2af5e671711fd69c9", kill_on_drop: false }`
[INFO] [stderr]     Checking parking_lot_core v0.9.7
[INFO] [stderr]    Compiling tokio v1.28.0
[INFO] [stderr]    Compiling syn v1.0.109
[INFO] [stderr]     Checking signal-hook-registry v1.4.1
[INFO] [stderr]     Checking socket2 v0.4.9
[INFO] [stderr]     Checking mio v0.8.6
[INFO] [stderr]     Checking serde v1.0.160
[INFO] [stderr]     Checking getrandom v0.2.9
[INFO] [stderr]    Compiling libm v0.2.6
[INFO] [stderr]    Compiling io-lifetimes v1.0.10
[INFO] [stderr]     Checking parking_lot v0.12.1
[INFO] [stderr]    Compiling futures-channel v0.3.28
[INFO] [stderr]     Checking rand_core v0.6.4
[INFO] [stderr]    Compiling num-traits v0.2.15
[INFO] [stderr]     Checking futures-sink v0.3.28
[INFO] [stderr]    Compiling futures-util v0.3.28
[INFO] [stderr]    Compiling rustix v0.37.18
[INFO] [stderr]    Compiling indexmap v1.9.3
[INFO] [stderr]     Checking linux-raw-sys v0.3.6
[INFO] [stderr]    Compiling hashbrown v0.12.3
[INFO] [stderr]    Compiling paste v1.0.12
[INFO] [stderr]     Checking rand_chacha v0.3.1
[INFO] [stderr]    Compiling winnow v0.4.4
[INFO] [stderr]     Checking fastrand v1.9.0
[INFO] [stderr]    Compiling toml_datetime v0.6.1
[INFO] [stderr]     Checking rand v0.8.5
[INFO] [stderr]     Checking wait-timeout v0.2.0
[INFO] [stderr]     Checking bit-vec v0.6.3
[INFO] [stderr]     Checking bytes v1.4.0
[INFO] [stderr]    Compiling once_cell v1.17.1
[INFO] [stderr]     Checking bit-set v0.5.3
[INFO] [stderr]     Checking tracing v0.1.37
[INFO] [stderr]     Checking faststr v0.2.1
[INFO] [stderr]     Checking fxhash v0.2.1
[INFO] [stderr]     Checking rand_xorshift v0.3.0
[INFO] [stderr]     Checking tower-layer v0.3.2
[INFO] [stderr]     Checking event-listener v2.5.3
[INFO] [stderr]     Checking unarray v0.1.4
[INFO] [stderr]     Checking quick-error v2.0.1
[INFO] [stderr]     Checking async-broadcast v0.5.1
[INFO] [stderr]     Checking tower v0.4.13
[INFO] [stderr]     Checking tempfile v3.5.0
[INFO] [stderr]     Checking num-integer v0.1.45
[INFO] [stderr]    Compiling async-recursion v1.0.4
[INFO] [stderr]     Checking rusty-fork v0.3.0
[INFO] [stderr]     Checking dashmap v5.4.0
[INFO] [stderr]     Checking socket2 v0.5.2
[INFO] [stderr]    Compiling toml_edit v0.19.8
[INFO] [stderr]     Checking futures-executor v0.3.28
[INFO] [stderr]     Checking proptest v1.1.0
[INFO] [stderr]     Checking futures v0.3.28
[INFO] [stderr]     Checking chrono v0.4.24
[INFO] [stderr]    Compiling pin-project-internal v1.0.12
[INFO] [stderr]    Compiling motore-macros v0.3.1
[INFO] [stderr]    Compiling derivative v2.2.0
[INFO] [stderr]    Compiling proc-macro-crate v1.3.1
[INFO] [stderr]     Checking integer-encoding v3.0.4
[INFO] [stderr]     Checking linkedbytes v0.1.7
[INFO] [stderr]     Checking metainfo v0.7.2
[INFO] [stderr]     Checking tokio-stream v0.1.14
[INFO] [stderr]    Compiling num_enum_derive v0.6.1
[INFO] [stderr]     Checking pin-project v1.0.12
[INFO] [stderr]     Checking motore v0.3.3
[INFO] [stdout] error[E0658]: `impl Trait` in type aliases is unstable
[INFO] [stdout]   --> /opt/rustwide/cargo-home/registry/src/github.com-1ecc6299db9ec823/motore-0.3.3/src/make/make_connection.rs:31:23
[INFO] [stdout]    |
[INFO] [stdout] 31 |     type Future<'s> = impl Future<Output = Result<Self::Connection, Self::Error>> + Send + 's where Self: 's, Address:'s;
[INFO] [stdout]    |                       ^^^^^^^^^^^^^^^^^^^^^^^^^^^^^^^^^^^^^^^^^^^^^^^^^^^^^^^^^^^^^^^^^^^^^^^
[INFO] [stdout]    |
[INFO] [stdout]    = note: see issue #63063 <https://github.com/rust-lang/rust/issues/63063> for more information
[INFO] [stdout] 
[INFO] [stdout] 
[INFO] [stdout] error[E0658]: `impl Trait` in type aliases is unstable
[INFO] [stdout]   --> /opt/rustwide/cargo-home/registry/src/github.com-1ecc6299db9ec823/motore-0.3.3/src/service/ext/map_err.rs:23:24
[INFO] [stdout]    |
[INFO] [stdout] 23 |     type Future<'cx> = impl Future<Output = Result<Self::Response, Self::Error>> + 'cx
[INFO] [stdout]    |                        ^^^^^^^^^^^^^^^^^^^^^^^^^^^^^^^^^^^^^^^^^^^^^^^^^^^^^^^^^^^^^^^
[INFO] [stdout]    |
[INFO] [stdout]    = note: see issue #63063 <https://github.com/rust-lang/rust/issues/63063> for more information
[INFO] [stdout] 
[INFO] [stdout] 
[INFO] [stdout] error[E0658]: `impl Trait` in type aliases is unstable
[INFO] [stdout]   --> /opt/rustwide/cargo-home/registry/src/github.com-1ecc6299db9ec823/motore-0.3.3/src/service/ext/map_response.rs:22:24
[INFO] [stdout]    |
[INFO] [stdout] 22 |     type Future<'cx> = impl Future<Output = Result<Self::Response, Self::Error>> + 'cx
[INFO] [stdout]    |                        ^^^^^^^^^^^^^^^^^^^^^^^^^^^^^^^^^^^^^^^^^^^^^^^^^^^^^^^^^^^^^^^
[INFO] [stdout]    |
[INFO] [stdout]    = note: see issue #63063 <https://github.com/rust-lang/rust/issues/63063> for more information
[INFO] [stdout] 
[INFO] [stdout] 
[INFO] [stdout] error[E0658]: `impl Trait` in type aliases is unstable
[INFO] [stdout]   --> /opt/rustwide/cargo-home/registry/src/github.com-1ecc6299db9ec823/motore-0.3.3/src/service/service_fn.rs:54:24
[INFO] [stdout]    |
[INFO] [stdout] 54 |     type Future<'cx> = impl Future<Output= Result<R, E>> + 'cx
[INFO] [stdout]    |                        ^^^^^^^^^^^^^^^^^^^^^^^^^^^^^^^^^^^^^^^
[INFO] [stdout]    |
[INFO] [stdout]    = note: see issue #63063 <https://github.com/rust-lang/rust/issues/63063> for more information
[INFO] [stdout] 
[INFO] [stdout] 
[INFO] [stdout] error[E0658]: `impl Trait` in type aliases is unstable
[INFO] [stdout]   --> /opt/rustwide/cargo-home/registry/src/github.com-1ecc6299db9ec823/motore-0.3.3/src/timeout.rs:34:24
[INFO] [stdout]    |
[INFO] [stdout] 34 |     type Future<'cx> = impl Future<Output = Result<S::Response, Self::Error>> + 'cx;
[INFO] [stdout]    |                        ^^^^^^^^^^^^^^^^^^^^^^^^^^^^^^^^^^^^^^^^^^^^^^^^^^^^^^^^^^^^
[INFO] [stdout]    |
[INFO] [stdout]    = note: see issue #63063 <https://github.com/rust-lang/rust/issues/63063> for more information
[INFO] [stdout] 
[INFO] [stdout] 
[INFO] [stdout] error[E0658]: `impl Trait` in type aliases is unstable
[INFO] [stdout]   --> /opt/rustwide/cargo-home/registry/src/github.com-1ecc6299db9ec823/motore-0.3.3/src/utils/either.rs:42:24
[INFO] [stdout]    |
[INFO] [stdout] 42 |     type Future<'cx> = impl Future<Output = Result<Self::Response, Self::Error>> + 'cx
[INFO] [stdout]    |                        ^^^^^^^^^^^^^^^^^^^^^^^^^^^^^^^^^^^^^^^^^^^^^^^^^^^^^^^^^^^^^^^
[INFO] [stdout]    |
[INFO] [stdout]    = note: see issue #63063 <https://github.com/rust-lang/rust/issues/63063> for more information
[INFO] [stdout] 
[INFO] [stdout] 
[INFO] [stdout] error[E0554]: `#![feature]` may not be used on the stable release channel
[INFO] [stdout]  --> /opt/rustwide/cargo-home/registry/src/github.com-1ecc6299db9ec823/motore-0.3.3/src/lib.rs:2:12
[INFO] [stdout]   |
[INFO] [stdout] 2 | #![feature(impl_trait_in_assoc_type)]
[INFO] [stdout]   |            ^^^^^^^^^^^^^^^^^^^^^^^^
[INFO] [stdout] 
[INFO] [stdout] 
[INFO] [stdout] error[E0635]: unknown feature `impl_trait_in_assoc_type`
[INFO] [stdout]  --> /opt/rustwide/cargo-home/registry/src/github.com-1ecc6299db9ec823/motore-0.3.3/src/lib.rs:2:12
[INFO] [stdout]   |
[INFO] [stdout] 2 | #![feature(impl_trait_in_assoc_type)]
[INFO] [stdout]   |            ^^^^^^^^^^^^^^^^^^^^^^^^
[INFO] [stdout] 
[INFO] [stdout] 
[INFO] [stdout] error: aborting due to 8 previous errors
[INFO] [stdout] 
[INFO] [stdout] 
[INFO] [stdout] Some errors have detailed explanations: E0554, E0635, E0658.
[INFO] [stdout] 
[INFO] [stdout] For more information about an error, try `rustc --explain E0554`.
[INFO] [stdout] 
[INFO] [stderr] error: could not compile `motore` due to 9 previous errors
[INFO] [stderr] warning: build failed, waiting for other jobs to finish...
[INFO] running `Command { std: "docker" "inspect" "4284409d7df471be427ea646d441f0fe9e5f3027c75657c2af5e671711fd69c9", kill_on_drop: false }`
[INFO] running `Command { std: "docker" "rm" "-f" "4284409d7df471be427ea646d441f0fe9e5f3027c75657c2af5e671711fd69c9", kill_on_drop: false }`
[INFO] [stdout] 4284409d7df471be427ea646d441f0fe9e5f3027c75657c2af5e671711fd69c9
