[INFO] fetching crate ultibi_server 0.1.6...
[INFO] documenting ultibi_server-0.1.6 against 1.69.0 for beta-1.70-rustdoc-1
[INFO] extracting crate ultibi_server 0.1.6 into /workspace/builds/worker-0-tc1/source
[INFO] validating manifest of crates.io crate ultibi_server 0.1.6 on toolchain 1.69.0
[INFO] running `Command { std: CARGO_HOME="/workspace/cargo-home" RUSTUP_HOME="/workspace/rustup-home" "/workspace/cargo-home/bin/cargo" "+1.69.0" "metadata" "--manifest-path" "Cargo.toml" "--no-deps", kill_on_drop: false }`
[INFO] started tweaking crates.io crate ultibi_server 0.1.6
[INFO] finished tweaking crates.io crate ultibi_server 0.1.6
[INFO] tweaked toml for crates.io crate ultibi_server 0.1.6 written to /workspace/builds/worker-0-tc1/source/Cargo.toml
[INFO] running `Command { std: CARGO_HOME="/workspace/cargo-home" RUSTUP_HOME="/workspace/rustup-home" __CARGO_TEST_CHANNEL_OVERRIDE_DO_NOT_USE_THIS="nightly" "/workspace/cargo-home/bin/cargo" "+1.69.0" "generate-lockfile" "--manifest-path" "Cargo.toml" "-Zno-index-update", kill_on_drop: false }`
[INFO] running `Command { std: CARGO_HOME="/workspace/cargo-home" RUSTUP_HOME="/workspace/rustup-home" "/workspace/cargo-home/bin/cargo" "+1.69.0" "fetch" "--manifest-path" "Cargo.toml", kill_on_drop: false }`
[INFO] [stderr]  Downloading crates ...
[INFO] [stderr]   Downloaded polars-pipe v0.25.1
[INFO] [stderr]   Downloaded polars-io v0.25.1
[INFO] [stderr]   Downloaded polars-utils v0.25.1
[INFO] [stderr]   Downloaded foreign_vec v0.1.0
[INFO] [stderr]   Downloaded polars-ops v0.25.1
[INFO] [stderr]   Downloaded actix-web-static-files v4.0.1
[INFO] [stderr]   Downloaded hash_hasher v2.0.3
[INFO] [stderr]   Downloaded polars-arrow v0.25.1
[INFO] [stderr]   Downloaded ultibi_core v0.1.6
[INFO] [stderr]   Downloaded ethnum v1.3.2
[INFO] [stderr]   Downloaded polars v0.25.1
[INFO] [stderr]   Downloaded polars-time v0.25.1
[INFO] [stderr]   Downloaded polars-lazy v0.25.1
[INFO] [stderr]   Downloaded polars-plan v0.25.1
[INFO] [stderr]   Downloaded arrow2 v0.14.2
[INFO] [stderr]   Downloaded polars-core v0.25.1
[INFO] running `Command { std: "docker" "create" "-v" "/var/lib/crater-agent-workspace/builds/worker-0-tc1/target:/opt/rustwide/target:rw,Z" "-v" "/var/lib/crater-agent-workspace/builds/worker-0-tc1/source:/opt/rustwide/workdir:ro,Z" "-v" "/var/lib/crater-agent-workspace/cargo-home:/opt/rustwide/cargo-home:ro,Z" "-v" "/var/lib/crater-agent-workspace/rustup-home:/opt/rustwide/rustup-home:ro,Z" "-e" "SOURCE_DIR=/opt/rustwide/workdir" "-e" "CARGO_TARGET_DIR=/opt/rustwide/target" "-e" "CARGO_HOME=/opt/rustwide/cargo-home" "-e" "RUSTUP_HOME=/opt/rustwide/rustup-home" "-w" "/opt/rustwide/workdir" "-m" "1610612736" "--user" "0:0" "--network" "none" "ghcr.io/rust-lang/crates-build-env/linux@sha256:5ff2268d62e97bff2cde7d5815dd6ed5b47097566f13b8d0ca110b04b60e07ed" "/opt/rustwide/cargo-home/bin/cargo" "+1.69.0" "metadata" "--no-deps" "--format-version=1", kill_on_drop: false }`
[INFO] [stdout] 3d5d715d94cf81fc3dd3442d921372fff0a23652996961b24cca7dd20463214f
[INFO] running `Command { std: "docker" "start" "-a" "3d5d715d94cf81fc3dd3442d921372fff0a23652996961b24cca7dd20463214f", kill_on_drop: false }`
[INFO] running `Command { std: "docker" "inspect" "3d5d715d94cf81fc3dd3442d921372fff0a23652996961b24cca7dd20463214f", kill_on_drop: false }`
[INFO] running `Command { std: "docker" "rm" "-f" "3d5d715d94cf81fc3dd3442d921372fff0a23652996961b24cca7dd20463214f", kill_on_drop: false }`
[INFO] [stdout] 3d5d715d94cf81fc3dd3442d921372fff0a23652996961b24cca7dd20463214f
[INFO] running `Command { std: "docker" "create" "-v" "/var/lib/crater-agent-workspace/builds/worker-0-tc1/target:/opt/rustwide/target:rw,Z" "-v" "/var/lib/crater-agent-workspace/builds/worker-0-tc1/source:/opt/rustwide/workdir:ro,Z" "-v" "/var/lib/crater-agent-workspace/cargo-home:/opt/rustwide/cargo-home:ro,Z" "-v" "/var/lib/crater-agent-workspace/rustup-home:/opt/rustwide/rustup-home:ro,Z" "-e" "SOURCE_DIR=/opt/rustwide/workdir" "-e" "CARGO_TARGET_DIR=/opt/rustwide/target" "-e" "CARGO_INCREMENTAL=0" "-e" "RUST_BACKTRACE=full" "-e" "RUSTFLAGS=--cap-lints=warn" "-e" "RUSTDOCFLAGS=--cap-lints=warn" "-e" "CARGO_HOME=/opt/rustwide/cargo-home" "-e" "RUSTUP_HOME=/opt/rustwide/rustup-home" "-w" "/opt/rustwide/workdir" "-m" "1610612736" "--user" "0:0" "--network" "none" "ghcr.io/rust-lang/crates-build-env/linux@sha256:5ff2268d62e97bff2cde7d5815dd6ed5b47097566f13b8d0ca110b04b60e07ed" "/opt/rustwide/cargo-home/bin/cargo" "+1.69.0" "doc" "--frozen" "--no-deps" "--document-private-items" "--message-format=json", kill_on_drop: false }`
[INFO] [stdout] fa3e93c83b3364183b70f749d965bf1179f2ff097d93a006c5a5d9912c332c7e
[INFO] running `Command { std: "docker" "start" "-a" "fa3e93c83b3364183b70f749d965bf1179f2ff097d93a006c5a5d9912c332c7e", kill_on_drop: false }`
[INFO] [stderr]    Compiling proc-macro2 v1.0.56
[INFO] [stderr]    Compiling log v0.4.17
[INFO] [stderr]    Compiling memoffset v0.8.0
[INFO] [stderr]    Compiling crossbeam-epoch v0.9.14
[INFO] [stderr]    Compiling syn v1.0.109
[INFO] [stderr]    Compiling serde v1.0.160
[INFO] [stderr]    Compiling libm v0.2.6
[INFO] [stderr]    Compiling rayon-core v1.11.0
[INFO] [stderr]    Compiling ahash v0.7.6
[INFO] [stderr]    Compiling num-traits v0.2.15
[INFO] [stderr]     Checking either v1.8.1
[INFO] [stderr]     Checking num_cpus v1.15.0
[INFO] [stderr]     Checking signal-hook-registry v1.4.1
[INFO] [stderr]     Checking crossbeam-channel v0.5.8
[INFO] [stderr]     Checking parking_lot v0.12.1
[INFO] [stderr]    Compiling num-integer v0.1.45
[INFO] [stderr]     Checking lexical-util v0.8.5
[INFO] [stderr]    Compiling indexmap v1.9.3
[INFO] [stderr]    Compiling unicase v2.6.0
[INFO] [stderr]     Checking aho-corasick v1.0.1
[INFO] [stderr]     Checking regex-syntax v0.7.1
[INFO] [stderr]    Compiling ahash v0.8.3
[INFO] [stderr]    Compiling num-bigint v0.4.3
[INFO] [stderr]    Compiling signal-hook v0.3.15
[INFO] [stderr]     Checking rand v0.8.5
[INFO] [stderr]    Compiling num-iter v0.1.43
[INFO] [stderr]    Compiling num-rational v0.4.1
[INFO] [stderr]     Checking mio v0.8.6
[INFO] [stderr]    Compiling rustversion v1.0.12
[INFO] [stderr]     Checking lexical-write-integer v0.8.5
[INFO] [stderr]     Checking lexical-parse-integer v0.8.6
[INFO] [stderr]     Checking crossbeam-deque v0.8.3
[INFO] [stderr]     Checking time v0.1.45
[INFO] [stderr]    Compiling matrixmultiply v0.3.5
[INFO] [stderr]     Checking iana-time-zone v0.1.56
[INFO] [stderr]     Checking lexical-write-float v0.8.5
[INFO] [stderr]    Compiling mime_guess v2.0.4
[INFO] [stderr]     Checking lexical-parse-float v0.8.5
[INFO] [stderr]    Compiling quote v1.0.26
[INFO] [stderr]     Checking signal-hook-mio v0.2.3
[INFO] [stderr]    Compiling libc v0.2.142
[INFO] [stderr]     Checking strength_reduce v0.2.4
[INFO] [stderr]    Compiling glob v0.3.1
[INFO] [stderr]     Checking rawpointer v0.2.1
[INFO] [stderr]    Compiling syn v2.0.15
[INFO] [stderr]     Checking hash_hasher v2.0.3
[INFO] [stderr]     Checking ethnum v1.3.2
[INFO] [stderr]     Checking dyn-clone v1.0.11
[INFO] [stderr]    Compiling anyhow v1.0.71
[INFO] [stderr]    Compiling heck v0.4.1
[INFO] [stderr]     Checking simdutf8 v0.1.4
[INFO] [stderr]     Checking foreign_vec v0.1.0
[INFO] [stderr]    Compiling once_cell v1.17.1
[INFO] [stderr]    Compiling path-matchers v1.0.2
[INFO] [stderr]     Checking lexical-core v0.8.5
[INFO] [stderr]     Checking rayon v1.7.0
[INFO] [stderr]     Checking crossterm v0.25.0
[INFO] [stderr]    Compiling tokio v1.28.0
[INFO] [stderr]    Compiling mime v0.3.17
[INFO] [stdout] error[E0433]: failed to resolve: use of undeclared crate or module `std`
[INFO] [stdout]   --> /opt/rustwide/cargo-home/registry/src/github.com-1ecc6299db9ec823/matrixmultiply-0.3.5/src/cgemm_common.rs:10:5
[INFO] [stdout]    |
[INFO] [stdout] 10 | use std::ptr::copy_nonoverlapping;
[INFO] [stdout]    |     ^^^ use of undeclared crate or module `std`
[INFO] [stdout] 
[INFO] [stdout] 
[INFO] [stdout] error[E0432]: unresolved import `std`
[INFO] [stdout]  --> /opt/rustwide/cargo-home/registry/src/github.com-1ecc6299db9ec823/matrixmultiply-0.3.5/src/cgemm_common.rs:9:5
[INFO] [stdout]   |
[INFO] [stdout] 9 | use std::mem;
[INFO] [stdout]   |     ^^^ use of undeclared crate or module `std`
[INFO] [stdout] 
[INFO] [stdout] 
[INFO] [stderr]     Checking strum v0.24.1
[INFO] [stderr]     Checking unicode-width v0.1.10
[INFO] [stderr]     Checking num-complex v0.4.3
[INFO] [stdout] error[E0599]: no method named `mul_add` found for type `f32` in the current scope
[INFO] [stdout]    --> /opt/rustwide/cargo-home/registry/src/github.com-1ecc6299db9ec823/matrixmultiply-0.3.5/src/cgemm_common.rs:21:23
[INFO] [stdout]     |
[INFO] [stdout] 21  |               $dst = $a.mul_add($b, $dst);
[INFO] [stdout]     |                         ^^^^^^^ method not found in `f32`
[INFO] [stdout]     |
[INFO] [stdout]    ::: /opt/rustwide/cargo-home/registry/src/github.com-1ecc6299db9ec823/matrixmultiply-0.3.5/src/cgemm_kernel.rs:199:1
[INFO] [stdout]     |
[INFO] [stdout] 199 | / kernel_fallback_impl_complex! {
[INFO] [stdout] 200 | |     // instantiate separately
[INFO] [stdout] 201 | |     [inline target_feature(enable="avx2") target_feature(enable="fma")] [fma_yes]
[INFO] [stdout] 202 | |     kernel_target_avx2, T, TReal, KernelAvx2::MR, KernelAvx2::NR, 4
[INFO] [stdout] 203 | | }
[INFO] [stdout]     | |_- in this macro invocation
[INFO] [stdout]     |
[INFO] [stdout]     = note: this error originates in the macro `fmuladd` which comes from the expansion of the macro `kernel_fallback_impl_complex` (in Nightly builds, run with -Z macro-backtrace for more info)
[INFO] [stdout] 
[INFO] [stdout] 
[INFO] [stderr]    Compiling path-slash v0.1.5
[INFO] [stdout] error[E0599]: no method named `mul_add` found for type `f32` in the current scope
[INFO] [stdout]    --> /opt/rustwide/cargo-home/registry/src/github.com-1ecc6299db9ec823/matrixmultiply-0.3.5/src/cgemm_common.rs:21:23
[INFO] [stdout]     |
[INFO] [stdout] 21  |               $dst = $a.mul_add($b, $dst);
[INFO] [stdout]     |                         ^^^^^^^ method not found in `f32`
[INFO] [stdout]     |
[INFO] [stdout]    ::: /opt/rustwide/cargo-home/registry/src/github.com-1ecc6299db9ec823/matrixmultiply-0.3.5/src/cgemm_kernel.rs:199:1
[INFO] [stdout]     |
[INFO] [stdout] 199 | / kernel_fallback_impl_complex! {
[INFO] [stdout] 200 | |     // instantiate separately
[INFO] [stdout] 201 | |     [inline target_feature(enable="avx2") target_feature(enable="fma")] [fma_yes]
[INFO] [stdout] 202 | |     kernel_target_avx2, T, TReal, KernelAvx2::MR, KernelAvx2::NR, 4
[INFO] [stdout] 203 | | }
[INFO] [stdout]     | |_- in this macro invocation
[INFO] [stdout]     |
[INFO] [stdout]     = note: this error originates in the macro `fmuladd` which comes from the expansion of the macro `kernel_fallback_impl_complex` (in Nightly builds, run with -Z macro-backtrace for more info)
[INFO] [stdout] 
[INFO] [stdout] 
[INFO] [stderr]     Checking rand_distr v0.4.3
[INFO] [stdout] error[E0599]: no method named `mul_add` found for type `f32` in the current scope
[INFO] [stdout]    --> /opt/rustwide/cargo-home/registry/src/github.com-1ecc6299db9ec823/matrixmultiply-0.3.5/src/cgemm_common.rs:21:23
[INFO] [stdout]     |
[INFO] [stdout] 21  |               $dst = $a.mul_add($b, $dst);
[INFO] [stdout]     |                         ^^^^^^^ method not found in `f32`
[INFO] [stdout]     |
[INFO] [stdout]    ::: /opt/rustwide/cargo-home/registry/src/github.com-1ecc6299db9ec823/matrixmultiply-0.3.5/src/cgemm_kernel.rs:199:1
[INFO] [stdout]     |
[INFO] [stdout] 199 | / kernel_fallback_impl_complex! {
[INFO] [stdout] 200 | |     // instantiate separately
[INFO] [stdout] 201 | |     [inline target_feature(enable="avx2") target_feature(enable="fma")] [fma_yes]
[INFO] [stdout] 202 | |     kernel_target_avx2, T, TReal, KernelAvx2::MR, KernelAvx2::NR, 4
[INFO] [stdout] 203 | | }
[INFO] [stdout]     | |_- in this macro invocation
[INFO] [stdout]     |
[INFO] [stdout]     = note: this error originates in the macro `fmuladd` which comes from the expansion of the macro `kernel_fallback_impl_complex` (in Nightly builds, run with -Z macro-backtrace for more info)
[INFO] [stdout] 
[INFO] [stdout] 
[INFO] [stdout] error[E0599]: no method named `mul_add` found for type `f32` in the current scope
[INFO] [stdout]    --> /opt/rustwide/cargo-home/registry/src/github.com-1ecc6299db9ec823/matrixmultiply-0.3.5/src/cgemm_common.rs:21:23
[INFO] [stdout]     |
[INFO] [stdout] 21  |               $dst = $a.mul_add($b, $dst);
[INFO] [stdout]     |                         ^^^^^^^ method not found in `f32`
[INFO] [stdout]     |
[INFO] [stdout]    ::: /opt/rustwide/cargo-home/registry/src/github.com-1ecc6299db9ec823/matrixmultiply-0.3.5/src/cgemm_kernel.rs:199:1
[INFO] [stdout]     |
[INFO] [stdout] 199 | / kernel_fallback_impl_complex! {
[INFO] [stdout] 200 | |     // instantiate separately
[INFO] [stdout] 201 | |     [inline target_feature(enable="avx2") target_feature(enable="fma")] [fma_yes]
[INFO] [stdout] 202 | |     kernel_target_avx2, T, TReal, KernelAvx2::MR, KernelAvx2::NR, 4
[INFO] [stdout] 203 | | }
[INFO] [stdout]     | |_- in this macro invocation
[INFO] [stdout]     |
[INFO] [stdout]     = note: this error originates in the macro `fmuladd` which comes from the expansion of the macro `kernel_fallback_impl_complex` (in Nightly builds, run with -Z macro-backtrace for more info)
[INFO] [stdout] 
[INFO] [stdout] 
[INFO] [stdout] error[E0599]: no method named `mul_add` found for type `f64` in the current scope
[INFO] [stdout]    --> /opt/rustwide/cargo-home/registry/src/github.com-1ecc6299db9ec823/matrixmultiply-0.3.5/src/cgemm_common.rs:21:23
[INFO] [stdout]     |
[INFO] [stdout] 21  |               $dst = $a.mul_add($b, $dst);
[INFO] [stdout]     |                         ^^^^^^^ method not found in `f64`
[INFO] [stdout]     |
[INFO] [stdout]    ::: /opt/rustwide/cargo-home/registry/src/github.com-1ecc6299db9ec823/matrixmultiply-0.3.5/src/zgemm_kernel.rs:196:1
[INFO] [stdout]     |
[INFO] [stdout] 196 | / kernel_fallback_impl_complex! {
[INFO] [stdout] 197 | |     // instantiate fma separately
[INFO] [stdout] 198 | |     [inline target_feature(enable="fma") target_feature(enable="avx2")] [fma_yes]
[INFO] [stdout] 199 | |     kernel_target_avx2, T, TReal, KernelAvx2::MR, KernelAvx2::NR, 4
[INFO] [stdout] 200 | | }
[INFO] [stdout]     | |_- in this macro invocation
[INFO] [stdout]     |
[INFO] [stdout]     = note: this error originates in the macro `fmuladd` which comes from the expansion of the macro `kernel_fallback_impl_complex` (in Nightly builds, run with -Z macro-backtrace for more info)
[INFO] [stdout] 
[INFO] [stdout] 
[INFO] [stdout] error[E0599]: no method named `mul_add` found for type `f64` in the current scope
[INFO] [stdout]    --> /opt/rustwide/cargo-home/registry/src/github.com-1ecc6299db9ec823/matrixmultiply-0.3.5/src/cgemm_common.rs:21:23
[INFO] [stdout]     |
[INFO] [stdout] 21  |               $dst = $a.mul_add($b, $dst);
[INFO] [stdout]     |                         ^^^^^^^ method not found in `f64`
[INFO] [stdout]     |
[INFO] [stdout]    ::: /opt/rustwide/cargo-home/registry/src/github.com-1ecc6299db9ec823/matrixmultiply-0.3.5/src/zgemm_kernel.rs:196:1
[INFO] [stdout]     |
[INFO] [stdout] 196 | / kernel_fallback_impl_complex! {
[INFO] [stdout] 197 | |     // instantiate fma separately
[INFO] [stdout] 198 | |     [inline target_feature(enable="fma") target_feature(enable="avx2")] [fma_yes]
[INFO] [stdout] 199 | |     kernel_target_avx2, T, TReal, KernelAvx2::MR, KernelAvx2::NR, 4
[INFO] [stdout] 200 | | }
[INFO] [stdout]     | |_- in this macro invocation
[INFO] [stdout]     |
[INFO] [stdout]     = note: this error originates in the macro `fmuladd` which comes from the expansion of the macro `kernel_fallback_impl_complex` (in Nightly builds, run with -Z macro-backtrace for more info)
[INFO] [stdout] 
[INFO] [stdout] 
[INFO] [stdout] error[E0599]: no method named `mul_add` found for type `f64` in the current scope
[INFO] [stdout]    --> /opt/rustwide/cargo-home/registry/src/github.com-1ecc6299db9ec823/matrixmultiply-0.3.5/src/cgemm_common.rs:21:23
[INFO] [stdout]     |
[INFO] [stdout] 21  |               $dst = $a.mul_add($b, $dst);
[INFO] [stdout]     |                         ^^^^^^^ method not found in `f64`
[INFO] [stdout]     |
[INFO] [stdout]    ::: /opt/rustwide/cargo-home/registry/src/github.com-1ecc6299db9ec823/matrixmultiply-0.3.5/src/zgemm_kernel.rs:196:1
[INFO] [stdout]     |
[INFO] [stdout] 196 | / kernel_fallback_impl_complex! {
[INFO] [stdout] 197 | |     // instantiate fma separately
[INFO] [stdout] 198 | |     [inline target_feature(enable="fma") target_feature(enable="avx2")] [fma_yes]
[INFO] [stdout] 199 | |     kernel_target_avx2, T, TReal, KernelAvx2::MR, KernelAvx2::NR, 4
[INFO] [stdout] 200 | | }
[INFO] [stdout]     | |_- in this macro invocation
[INFO] [stdout]     |
[INFO] [stdout]     = note: this error originates in the macro `fmuladd` which comes from the expansion of the macro `kernel_fallback_impl_complex` (in Nightly builds, run with -Z macro-backtrace for more info)
[INFO] [stdout] 
[INFO] [stdout] 
[INFO] [stderr]    Compiling jobserver v0.1.26
[INFO] [stdout] error[E0599]: no method named `mul_add` found for type `f64` in the current scope
[INFO] [stdout]    --> /opt/rustwide/cargo-home/registry/src/github.com-1ecc6299db9ec823/matrixmultiply-0.3.5/src/cgemm_common.rs:21:23
[INFO] [stdout]     |
[INFO] [stdout] 21  |               $dst = $a.mul_add($b, $dst);
[INFO] [stdout]     |                         ^^^^^^^ method not found in `f64`
[INFO] [stdout]     |
[INFO] [stdout]    ::: /opt/rustwide/cargo-home/registry/src/github.com-1ecc6299db9ec823/matrixmultiply-0.3.5/src/zgemm_kernel.rs:196:1
[INFO] [stdout]     |
[INFO] [stdout] 196 | / kernel_fallback_impl_complex! {
[INFO] [stdout] 197 | |     // instantiate fma separately
[INFO] [stdout] 198 | |     [inline target_feature(enable="fma") target_feature(enable="avx2")] [fma_yes]
[INFO] [stdout] 199 | |     kernel_target_avx2, T, TReal, KernelAvx2::MR, KernelAvx2::NR, 4
[INFO] [stdout] 200 | | }
[INFO] [stdout]     | |_- in this macro invocation
[INFO] [stdout]     |
[INFO] [stdout]     = note: this error originates in the macro `fmuladd` which comes from the expansion of the macro `kernel_fallback_impl_complex` (in Nightly builds, run with -Z macro-backtrace for more info)
[INFO] [stdout] 
[INFO] [stdout] 
[INFO] [stdout] error[E0599]: no method named `mul_add` found for type `f64` in the current scope
[INFO] [stdout]    --> /opt/rustwide/cargo-home/registry/src/github.com-1ecc6299db9ec823/matrixmultiply-0.3.5/src/cgemm_common.rs:21:23
[INFO] [stdout]     |
[INFO] [stdout] 21  |               $dst = $a.mul_add($b, $dst);
[INFO] [stdout]     |                         ^^^^^^^ method not found in `f64`
[INFO] [stdout]     |
[INFO] [stdout]    ::: /opt/rustwide/cargo-home/registry/src/github.com-1ecc6299db9ec823/matrixmultiply-0.3.5/src/zgemm_kernel.rs:196:1
[INFO] [stdout]     |
[INFO] [stdout] 196 | / kernel_fallback_impl_complex! {
[INFO] [stdout] 197 | |     // instantiate fma separately
[INFO] [stdout] 198 | |     [inline target_feature(enable="fma") target_feature(enable="avx2")] [fma_yes]
[INFO] [stdout] 199 | |     kernel_target_avx2, T, TReal, KernelAvx2::MR, KernelAvx2::NR, 4
[INFO] [stdout] 200 | | }
[INFO] [stdout]     | |_- in this macro invocation
[INFO] [stdout]     |
[INFO] [stdout]     = note: this error originates in the macro `fmuladd` which comes from the expansion of the macro `kernel_fallback_impl_complex` (in Nightly builds, run with -Z macro-backtrace for more info)
[INFO] [stdout] 
[INFO] [stdout] 
[INFO] [stdout] error[E0599]: no method named `mul_add` found for type `f64` in the current scope
[INFO] [stdout]    --> /opt/rustwide/cargo-home/registry/src/github.com-1ecc6299db9ec823/matrixmultiply-0.3.5/src/cgemm_common.rs:21:23
[INFO] [stdout]     |
[INFO] [stdout] 21  |               $dst = $a.mul_add($b, $dst);
[INFO] [stdout]     |                         ^^^^^^^ method not found in `f64`
[INFO] [stdout]     |
[INFO] [stdout]    ::: /opt/rustwide/cargo-home/registry/src/github.com-1ecc6299db9ec823/matrixmultiply-0.3.5/src/zgemm_kernel.rs:196:1
[INFO] [stdout]     |
[INFO] [stdout] 196 | / kernel_fallback_impl_complex! {
[INFO] [stdout] 197 | |     // instantiate fma separately
[INFO] [stdout] 198 | |     [inline target_feature(enable="fma") target_feature(enable="avx2")] [fma_yes]
[INFO] [stdout] 199 | |     kernel_target_avx2, T, TReal, KernelAvx2::MR, KernelAvx2::NR, 4
[INFO] [stdout] 200 | | }
[INFO] [stdout]     | |_- in this macro invocation
[INFO] [stdout]     |
[INFO] [stdout]     = note: this error originates in the macro `fmuladd` which comes from the expansion of the macro `kernel_fallback_impl_complex` (in Nightly builds, run with -Z macro-backtrace for more info)
[INFO] [stdout] 
[INFO] [stdout] 
[INFO] [stdout] error[E0599]: no method named `mul_add` found for type `f64` in the current scope
[INFO] [stdout]    --> /opt/rustwide/cargo-home/registry/src/github.com-1ecc6299db9ec823/matrixmultiply-0.3.5/src/cgemm_common.rs:21:23
[INFO] [stdout]     |
[INFO] [stdout] 21  |               $dst = $a.mul_add($b, $dst);
[INFO] [stdout]     |                         ^^^^^^^ method not found in `f64`
[INFO] [stdout]     |
[INFO] [stdout]    ::: /opt/rustwide/cargo-home/registry/src/github.com-1ecc6299db9ec823/matrixmultiply-0.3.5/src/zgemm_kernel.rs:196:1
[INFO] [stdout]     |
[INFO] [stdout] 196 | / kernel_fallback_impl_complex! {
[INFO] [stdout] 197 | |     // instantiate fma separately
[INFO] [stdout] 198 | |     [inline target_feature(enable="fma") target_feature(enable="avx2")] [fma_yes]
[INFO] [stdout] 199 | |     kernel_target_avx2, T, TReal, KernelAvx2::MR, KernelAvx2::NR, 4
[INFO] [stdout] 200 | | }
[INFO] [stdout]     | |_- in this macro invocation
[INFO] [stdout]     |
[INFO] [stdout]     = note: this error originates in the macro `fmuladd` which comes from the expansion of the macro `kernel_fallback_impl_complex` (in Nightly builds, run with -Z macro-backtrace for more info)
[INFO] [stdout] 
[INFO] [stdout] 
[INFO] [stdout] error[E0599]: no method named `mul_add` found for type `f64` in the current scope
[INFO] [stdout]    --> /opt/rustwide/cargo-home/registry/src/github.com-1ecc6299db9ec823/matrixmultiply-0.3.5/src/cgemm_common.rs:21:23
[INFO] [stdout]     |
[INFO] [stdout] 21  |               $dst = $a.mul_add($b, $dst);
[INFO] [stdout]     |                         ^^^^^^^ method not found in `f64`
[INFO] [stdout]     |
[INFO] [stdout]    ::: /opt/rustwide/cargo-home/registry/src/github.com-1ecc6299db9ec823/matrixmultiply-0.3.5/src/zgemm_kernel.rs:196:1
[INFO] [stdout]     |
[INFO] [stdout] 196 | / kernel_fallback_impl_complex! {
[INFO] [stdout] 197 | |     // instantiate fma separately
[INFO] [stdout] 198 | |     [inline target_feature(enable="fma") target_feature(enable="avx2")] [fma_yes]
[INFO] [stdout] 199 | |     kernel_target_avx2, T, TReal, KernelAvx2::MR, KernelAvx2::NR, 4
[INFO] [stdout] 200 | | }
[INFO] [stdout]     | |_- in this macro invocation
[INFO] [stdout]     |
[INFO] [stdout]     = note: this error originates in the macro `fmuladd` which comes from the expansion of the macro `kernel_fallback_impl_complex` (in Nightly builds, run with -Z macro-backtrace for more info)
[INFO] [stdout] 
[INFO] [stdout] 
[INFO] [stdout] error: aborting due to 14 previous errors
[INFO] [stdout] 
[INFO] [stdout] 
[INFO] [stdout] Some errors have detailed explanations: E0432, E0433, E0599.
[INFO] [stdout] 
[INFO] [stdout] For more information about an error, try `rustc --explain E0432`.
[INFO] [stdout] 
[INFO] [stderr] error: could not compile `matrixmultiply` due to 15 previous errors
[INFO] [stderr] warning: build failed, waiting for other jobs to finish...
[INFO] running `Command { std: "docker" "inspect" "fa3e93c83b3364183b70f749d965bf1179f2ff097d93a006c5a5d9912c332c7e", kill_on_drop: false }`
[INFO] running `Command { std: "docker" "rm" "-f" "fa3e93c83b3364183b70f749d965bf1179f2ff097d93a006c5a5d9912c332c7e", kill_on_drop: false }`
[INFO] [stdout] fa3e93c83b3364183b70f749d965bf1179f2ff097d93a006c5a5d9912c332c7e
