[INFO] fetching crate uindex_derive 0.1.1...
[INFO] documenting uindex_derive-0.1.1 against 1.69.0 for beta-1.70-rustdoc-1
[INFO] extracting crate uindex_derive 0.1.1 into /workspace/builds/worker-6-tc1/source
[INFO] validating manifest of crates.io crate uindex_derive 0.1.1 on toolchain 1.69.0
[INFO] running `Command { std: CARGO_HOME="/workspace/cargo-home" RUSTUP_HOME="/workspace/rustup-home" "/workspace/cargo-home/bin/cargo" "+1.69.0" "metadata" "--manifest-path" "Cargo.toml" "--no-deps", kill_on_drop: false }`
[INFO] started tweaking crates.io crate uindex_derive 0.1.1
[INFO] finished tweaking crates.io crate uindex_derive 0.1.1
[INFO] tweaked toml for crates.io crate uindex_derive 0.1.1 written to /workspace/builds/worker-6-tc1/source/Cargo.toml
[INFO] running `Command { std: CARGO_HOME="/workspace/cargo-home" RUSTUP_HOME="/workspace/rustup-home" __CARGO_TEST_CHANNEL_OVERRIDE_DO_NOT_USE_THIS="nightly" "/workspace/cargo-home/bin/cargo" "+1.69.0" "generate-lockfile" "--manifest-path" "Cargo.toml" "-Zno-index-update", kill_on_drop: false }`
[INFO] running `Command { std: CARGO_HOME="/workspace/cargo-home" RUSTUP_HOME="/workspace/rustup-home" "/workspace/cargo-home/bin/cargo" "+1.69.0" "fetch" "--manifest-path" "Cargo.toml", kill_on_drop: false }`
[INFO] [stderr]  Downloading crates ...
[INFO] [stderr]   Downloaded uindex v0.1.1
[INFO] running `Command { std: "docker" "create" "-v" "/var/lib/crater-agent-workspace/builds/worker-6-tc1/target:/opt/rustwide/target:rw,Z" "-v" "/var/lib/crater-agent-workspace/builds/worker-6-tc1/source:/opt/rustwide/workdir:ro,Z" "-v" "/var/lib/crater-agent-workspace/cargo-home:/opt/rustwide/cargo-home:ro,Z" "-v" "/var/lib/crater-agent-workspace/rustup-home:/opt/rustwide/rustup-home:ro,Z" "-e" "SOURCE_DIR=/opt/rustwide/workdir" "-e" "CARGO_TARGET_DIR=/opt/rustwide/target" "-e" "CARGO_HOME=/opt/rustwide/cargo-home" "-e" "RUSTUP_HOME=/opt/rustwide/rustup-home" "-w" "/opt/rustwide/workdir" "-m" "1610612736" "--user" "0:0" "--network" "none" "ghcr.io/rust-lang/crates-build-env/linux@sha256:5ff2268d62e97bff2cde7d5815dd6ed5b47097566f13b8d0ca110b04b60e07ed" "/opt/rustwide/cargo-home/bin/cargo" "+1.69.0" "metadata" "--no-deps" "--format-version=1", kill_on_drop: false }`
[INFO] [stdout] e7b54baef5a0b081ce46b1cd07738ef2155c9a90ae29350bef02cd1f65b620df
[INFO] running `Command { std: "docker" "start" "-a" "e7b54baef5a0b081ce46b1cd07738ef2155c9a90ae29350bef02cd1f65b620df", kill_on_drop: false }`
[INFO] running `Command { std: "docker" "inspect" "e7b54baef5a0b081ce46b1cd07738ef2155c9a90ae29350bef02cd1f65b620df", kill_on_drop: false }`
[INFO] running `Command { std: "docker" "rm" "-f" "e7b54baef5a0b081ce46b1cd07738ef2155c9a90ae29350bef02cd1f65b620df", kill_on_drop: false }`
[INFO] [stdout] e7b54baef5a0b081ce46b1cd07738ef2155c9a90ae29350bef02cd1f65b620df
[INFO] running `Command { std: "docker" "create" "-v" "/var/lib/crater-agent-workspace/builds/worker-6-tc1/target:/opt/rustwide/target:rw,Z" "-v" "/var/lib/crater-agent-workspace/builds/worker-6-tc1/source:/opt/rustwide/workdir:ro,Z" "-v" "/var/lib/crater-agent-workspace/cargo-home:/opt/rustwide/cargo-home:ro,Z" "-v" "/var/lib/crater-agent-workspace/rustup-home:/opt/rustwide/rustup-home:ro,Z" "-e" "SOURCE_DIR=/opt/rustwide/workdir" "-e" "CARGO_TARGET_DIR=/opt/rustwide/target" "-e" "CARGO_INCREMENTAL=0" "-e" "RUST_BACKTRACE=full" "-e" "RUSTFLAGS=--cap-lints=warn" "-e" "RUSTDOCFLAGS=--cap-lints=warn" "-e" "CARGO_HOME=/opt/rustwide/cargo-home" "-e" "RUSTUP_HOME=/opt/rustwide/rustup-home" "-w" "/opt/rustwide/workdir" "-m" "1610612736" "--user" "0:0" "--network" "none" "ghcr.io/rust-lang/crates-build-env/linux@sha256:5ff2268d62e97bff2cde7d5815dd6ed5b47097566f13b8d0ca110b04b60e07ed" "/opt/rustwide/cargo-home/bin/cargo" "+1.69.0" "doc" "--frozen" "--no-deps" "--document-private-items" "--message-format=json", kill_on_drop: false }`
[INFO] [stdout] 6c2b4292fd318d008fb57699fdaf2a5f1e1f8928a80e2391b2c746211cc75ec2
[INFO] running `Command { std: "docker" "start" "-a" "6c2b4292fd318d008fb57699fdaf2a5f1e1f8928a80e2391b2c746211cc75ec2", kill_on_drop: false }`
[INFO] [stderr]    Compiling ucd-trie v0.1.5
[INFO] [stderr]    Compiling thiserror v1.0.40
[INFO] [stderr]    Compiling libc v0.2.142
[INFO] [stderr]     Checking memchr v2.5.0
[INFO] [stderr]    Compiling log v0.4.17
[INFO] [stderr]    Compiling syn v2.0.15
[INFO] [stderr]     Checking regex-syntax v0.7.1
[INFO] [stderr]     Checking cfg-if v1.0.0
[INFO] [stderr]     Checking quick-error v1.2.3
[INFO] [stderr]     Checking humantime v1.3.0
[INFO] [stderr]     Checking termcolor v1.2.0
[INFO] [stderr]     Checking syn v1.0.109
[INFO] [stderr]     Checking aho-corasick v1.0.1
[INFO] [stderr]     Checking atty v0.2.14
[INFO] [stderr]     Checking regex v1.8.1
[INFO] [stderr]    Compiling thiserror-impl v1.0.40
[INFO] [stderr]     Checking env_logger v0.7.1
[INFO] [stderr]    Compiling pest v2.6.0
[INFO] [stderr]    Compiling pest_meta v2.6.0
[INFO] [stderr]    Compiling pest_generator v2.6.0
[INFO] [stderr]    Compiling pest_derive v2.6.0
[INFO] [stderr]     Checking uindex v0.1.1
[INFO] [stdout] error[E0432]: unresolved import `std::lazy`
[INFO] [stdout]   --> /opt/rustwide/cargo-home/registry/src/github.com-1ecc6299db9ec823/uindex-0.1.1/src/facttree.rs:23:10
[INFO] [stdout]    |
[INFO] [stdout] 23 | use std::lazy::OnceCell;
[INFO] [stdout]    |          ^^^^ could not find `lazy` in `std`
[INFO] [stdout] 
[INFO] [stdout] 
[INFO] [stdout] error[E0554]: `#![feature]` may not be used on the stable release channel
[INFO] [stdout]   --> /opt/rustwide/cargo-home/registry/src/github.com-1ecc6299db9ec823/uindex-0.1.1/src/lib.rs:42:12
[INFO] [stdout]    |
[INFO] [stdout] 42 | #![feature(hash_set_entry)]
[INFO] [stdout]    |            ^^^^^^^^^^^^^^
[INFO] [stdout] 
[INFO] [stdout] 
[INFO] [stdout] error[E0554]: `#![feature]` may not be used on the stable release channel
[INFO] [stdout]   --> /opt/rustwide/cargo-home/registry/src/github.com-1ecc6299db9ec823/uindex-0.1.1/src/lib.rs:43:12
[INFO] [stdout]    |
[INFO] [stdout] 43 | #![feature(once_cell)]
[INFO] [stdout]    |            ^^^^^^^^^
[INFO] [stdout] 
[INFO] [stdout] 
[INFO] [stdout] error: aborting due to 3 previous errors
[INFO] [stdout] 
[INFO] [stdout] 
[INFO] [stdout] Some errors have detailed explanations: E0432, E0554.
[INFO] [stdout] 
[INFO] [stdout] For more information about an error, try `rustc --explain E0432`.
[INFO] [stdout] 
[INFO] [stderr] error: could not compile `uindex` due to 4 previous errors
[INFO] running `Command { std: "docker" "inspect" "6c2b4292fd318d008fb57699fdaf2a5f1e1f8928a80e2391b2c746211cc75ec2", kill_on_drop: false }`
[INFO] running `Command { std: "docker" "rm" "-f" "6c2b4292fd318d008fb57699fdaf2a5f1e1f8928a80e2391b2c746211cc75ec2", kill_on_drop: false }`
[INFO] [stdout] 6c2b4292fd318d008fb57699fdaf2a5f1e1f8928a80e2391b2c746211cc75ec2
