[INFO] fetching crate turbolift_internals 0.1.9...
[INFO] documenting turbolift_internals-0.1.9 against 1.69.0 for beta-1.70-rustdoc-1
[INFO] extracting crate turbolift_internals 0.1.9 into /workspace/builds/worker-4-tc1/source
[INFO] validating manifest of crates.io crate turbolift_internals 0.1.9 on toolchain 1.69.0
[INFO] running `Command { std: CARGO_HOME="/workspace/cargo-home" RUSTUP_HOME="/workspace/rustup-home" "/workspace/cargo-home/bin/cargo" "+1.69.0" "metadata" "--manifest-path" "Cargo.toml" "--no-deps", kill_on_drop: false }`
[INFO] started tweaking crates.io crate turbolift_internals 0.1.9
[INFO] finished tweaking crates.io crate turbolift_internals 0.1.9
[INFO] tweaked toml for crates.io crate turbolift_internals 0.1.9 written to /workspace/builds/worker-4-tc1/source/Cargo.toml
[INFO] running `Command { std: CARGO_HOME="/workspace/cargo-home" RUSTUP_HOME="/workspace/rustup-home" __CARGO_TEST_CHANNEL_OVERRIDE_DO_NOT_USE_THIS="nightly" "/workspace/cargo-home/bin/cargo" "+1.69.0" "generate-lockfile" "--manifest-path" "Cargo.toml" "-Zno-index-update", kill_on_drop: false }`
[INFO] running `Command { std: CARGO_HOME="/workspace/cargo-home" RUSTUP_HOME="/workspace/rustup-home" "/workspace/cargo-home/bin/cargo" "+1.69.0" "fetch" "--manifest-path" "Cargo.toml", kill_on_drop: false }`
[INFO] [stderr]  Downloading crates ...
[INFO] [stderr]   Downloaded get_if_addrs-sys v0.1.1
[INFO] [stderr]   Downloaded cute v0.3.0
[INFO] [stderr]   Downloaded c_linked_list v1.1.1
[INFO] [stderr]   Downloaded cached_proc_macro v0.4.0
[INFO] [stderr]   Downloaded tokio-compat-02 v0.1.2
[INFO] [stderr]   Downloaded kube-runtime v0.51.0
[INFO] [stderr]   Downloaded kube v0.51.0
[INFO] [stderr]   Downloaded cached v0.19.0
[INFO] [stderr]   Downloaded cargo-toml2 v1.3.2
[INFO] [stderr]   Downloaded get_if_addrs v0.5.3
[INFO] [stderr]   Downloaded k8s-openapi v0.11.0
[INFO] running `Command { std: "docker" "create" "-v" "/var/lib/crater-agent-workspace/builds/worker-4-tc1/target:/opt/rustwide/target:rw,Z" "-v" "/var/lib/crater-agent-workspace/builds/worker-4-tc1/source:/opt/rustwide/workdir:ro,Z" "-v" "/var/lib/crater-agent-workspace/cargo-home:/opt/rustwide/cargo-home:ro,Z" "-v" "/var/lib/crater-agent-workspace/rustup-home:/opt/rustwide/rustup-home:ro,Z" "-e" "SOURCE_DIR=/opt/rustwide/workdir" "-e" "CARGO_TARGET_DIR=/opt/rustwide/target" "-e" "CARGO_HOME=/opt/rustwide/cargo-home" "-e" "RUSTUP_HOME=/opt/rustwide/rustup-home" "-w" "/opt/rustwide/workdir" "-m" "1610612736" "--user" "0:0" "--network" "none" "ghcr.io/rust-lang/crates-build-env/linux@sha256:5ff2268d62e97bff2cde7d5815dd6ed5b47097566f13b8d0ca110b04b60e07ed" "/opt/rustwide/cargo-home/bin/cargo" "+1.69.0" "metadata" "--no-deps" "--format-version=1", kill_on_drop: false }`
[INFO] [stdout] 1b3513c0cad1345d496b6202427759c8b62b2c9f0a2f7f6b8d37ea669a038ab1
[INFO] running `Command { std: "docker" "start" "-a" "1b3513c0cad1345d496b6202427759c8b62b2c9f0a2f7f6b8d37ea669a038ab1", kill_on_drop: false }`
[INFO] running `Command { std: "docker" "inspect" "1b3513c0cad1345d496b6202427759c8b62b2c9f0a2f7f6b8d37ea669a038ab1", kill_on_drop: false }`
[INFO] running `Command { std: "docker" "rm" "-f" "1b3513c0cad1345d496b6202427759c8b62b2c9f0a2f7f6b8d37ea669a038ab1", kill_on_drop: false }`
[INFO] [stdout] 1b3513c0cad1345d496b6202427759c8b62b2c9f0a2f7f6b8d37ea669a038ab1
[INFO] running `Command { std: "docker" "create" "-v" "/var/lib/crater-agent-workspace/builds/worker-4-tc1/target:/opt/rustwide/target:rw,Z" "-v" "/var/lib/crater-agent-workspace/builds/worker-4-tc1/source:/opt/rustwide/workdir:ro,Z" "-v" "/var/lib/crater-agent-workspace/cargo-home:/opt/rustwide/cargo-home:ro,Z" "-v" "/var/lib/crater-agent-workspace/rustup-home:/opt/rustwide/rustup-home:ro,Z" "-e" "SOURCE_DIR=/opt/rustwide/workdir" "-e" "CARGO_TARGET_DIR=/opt/rustwide/target" "-e" "CARGO_INCREMENTAL=0" "-e" "RUST_BACKTRACE=full" "-e" "RUSTFLAGS=--cap-lints=warn" "-e" "RUSTDOCFLAGS=--cap-lints=warn" "-e" "CARGO_HOME=/opt/rustwide/cargo-home" "-e" "RUSTUP_HOME=/opt/rustwide/rustup-home" "-w" "/opt/rustwide/workdir" "-m" "1610612736" "--user" "0:0" "--network" "none" "ghcr.io/rust-lang/crates-build-env/linux@sha256:5ff2268d62e97bff2cde7d5815dd6ed5b47097566f13b8d0ca110b04b60e07ed" "/opt/rustwide/cargo-home/bin/cargo" "+1.69.0" "doc" "--frozen" "--no-deps" "--document-private-items" "--message-format=json", kill_on_drop: false }`
[INFO] [stdout] 7a920385e49caf1b7935db8171080a30138ab41c2b3e4b8474ed0bbbfe61d2d0
[INFO] running `Command { std: "docker" "start" "-a" "7a920385e49caf1b7935db8171080a30138ab41c2b3e4b8474ed0bbbfe61d2d0", kill_on_drop: false }`
[INFO] [stderr]    Compiling proc-macro2 v1.0.56
[INFO] [stderr]    Compiling quote v1.0.26
[INFO] [stderr]    Compiling syn v1.0.109
[INFO] [stderr]    Compiling tokio v1.28.0
[INFO] [stderr]     Checking mio v0.8.6
[INFO] [stderr]    Compiling futures-channel v0.3.28
[INFO] [stderr]    Compiling futures-util v0.3.28
[INFO] [stderr]     Checking openssl-sys v0.9.87
[INFO] [stderr]     Checking want v0.3.0
[INFO] [stderr]    Compiling k8s-openapi v0.11.0
[INFO] [stderr]    Compiling pin-project-internal v0.4.30
[INFO] [stderr]    Compiling strsim v0.9.3
[INFO] [stderr]     Checking quick-error v1.2.3
[INFO] [stderr]    Compiling getrandom v0.1.16
[INFO] [stderr]    Compiling fnv v1.0.7
[INFO] [stderr]    Compiling ident_case v1.0.1
[INFO] [stderr]     Checking humantime v1.3.0
[INFO] [stderr]     Checking num-integer v0.1.45
[INFO] [stderr]     Checking ordered-float v2.10.0
[INFO] [stderr]     Checking time v0.1.45
[INFO] [stderr]     Checking atty v0.2.14
[INFO] [stderr]     Checking iana-time-zone v0.1.56
[INFO] [stderr]    Compiling io-lifetimes v1.0.10
[INFO] [stderr]     Checking linked-hash-map v0.5.6
[INFO] [stderr]     Checking base64 v0.13.1
[INFO] [stderr]     Checking termcolor v1.2.0
[INFO] [stderr]    Compiling doc-comment v0.3.3
[INFO] [stderr]     Checking yaml-rust v0.4.5
[INFO] [stderr]    Compiling brotli-sys v0.3.2
[INFO] [stderr]    Compiling syn v2.0.15
[INFO] [stderr]     Checking env_logger v0.7.1
[INFO] [stderr]     Checking dirs-sys-next v0.1.2
[INFO] [stderr]    Compiling tokio v0.3.7
[INFO] [stderr]     Checking tower-layer v0.3.2
[INFO] [stderr]    Compiling event-listener v2.5.3
[INFO] [stderr]     Checking array_tool v1.0.3
[INFO] [stderr]    Compiling rustix v0.37.18
[INFO] [stderr]     Checking unicode-ident v1.0.8
[INFO] [stderr]     Checking Inflector v0.11.4
[INFO] [stderr]    Compiling async-mutex v1.4.0
[INFO] [stderr]     Checking dirs-next v2.0.0
[INFO] [stderr]     Checking rand_core v0.5.1
[INFO] [stderr]     Checking pem v0.8.3
[INFO] [stderr]     Checking pin-project-lite v0.1.12
[INFO] [stderr]     Checking linux-raw-sys v0.3.6
[INFO] [stderr]     Checking rand_chacha v0.2.2
[INFO] [stderr]     Checking tokio v0.2.25
[INFO] [stderr]     Checking dashmap v4.0.2
[INFO] [stderr]     Checking getrandom v0.2.9
[INFO] [stderr]     Checking xattr v0.2.3
[INFO] [stderr]     Checking filetime v0.2.21
[INFO] [stderr]     Checking c_linked_list v1.1.1
[INFO] [stderr]    Compiling turbolift_internals v0.1.9 (/opt/rustwide/workdir)
[INFO] [stderr]     Checking tar v0.4.38
[INFO] [stderr]     Checking get_if_addrs v0.5.3
[INFO] [stderr]     Checking uuid v0.8.2
[INFO] [stderr]     Checking tokio-compat-02 v0.1.2
[INFO] [stderr]     Checking rand v0.7.3
[INFO] [stderr]     Checking cute v0.3.0
[INFO] [stderr]     Checking data-encoding v2.3.3
[INFO] [stderr]     Checking tempfile v3.5.0
[INFO] [stderr]    Compiling darling_core v0.10.2
[INFO] [stderr]    Compiling tokio-macros v2.1.0
[INFO] [stderr]    Compiling serde_derive v1.0.160
[INFO] [stderr]    Compiling futures-macro v0.3.28
[INFO] [stderr]    Compiling tracing-attributes v0.1.24
[INFO] [stderr]    Compiling openssl-macros v0.1.1
[INFO] [stderr]    Compiling pin-project-internal v1.0.12
[INFO] [stderr]     Checking openssl v0.10.52
[INFO] [stderr]    Compiling darling_macro v0.10.2
[INFO] [stderr]     Checking tracing v0.1.37
[INFO] [stderr]    Compiling thiserror-impl v1.0.40
[INFO] [stderr]     Checking pin-project v1.0.12
[INFO] [stderr]    Compiling darling v0.10.2
[INFO] [stderr]     Checking pin-project v0.4.30
[INFO] [stderr]    Compiling snafu-derive v0.6.10
[INFO] [stderr]    Compiling cached_proc_macro v0.4.0
[INFO] [stderr]    Compiling derivative v2.2.0
[INFO] [stderr]     Checking futures-executor v0.3.28
[INFO] [stderr]     Checking futures v0.3.28
[INFO] [stderr]     Checking native-tls v0.2.11
[INFO] [stderr]     Checking brotli2 v0.3.2
[INFO] [stderr]     Checking cached v0.19.0
[INFO] [stderr]     Checking tracing-futures v0.2.5
[INFO] [stderr]    Compiling async-trait v0.1.68
[INFO] [stderr]     Checking thiserror v1.0.40
[INFO] [stderr]     Checking tokio-util v0.7.8
[INFO] [stderr]     Checking tokio-native-tls v0.3.1
[INFO] [stderr]     Checking tokio-io-timeout v1.2.0
[INFO] [stderr]     Checking tokio-util v0.6.10
[INFO] [stderr]     Checking serde v1.0.160
[INFO] [stderr]     Checking snafu v0.6.10
[INFO] [stderr]     Checking h2 v0.3.18
[INFO] [stderr]     Checking tower v0.4.13
[INFO] [stderr]     Checking serde_json v1.0.96
[INFO] [stderr]     Checking serde-value v0.7.0
[INFO] [stderr]     Checking chrono v0.4.24
[INFO] [stderr]     Checking serde_yaml v0.8.26
[INFO] [stderr]     Checking toml v0.5.11
[INFO] [stderr]     Checking serde_urlencoded v0.7.1
[INFO] [stderr]     Checking jsonpath_lib v0.2.6
[INFO] [stderr]     Checking cargo-toml2 v1.3.2
[INFO] [stderr]     Checking hyper v0.14.26
[INFO] [stderr]     Checking hyper-tls v0.5.0
[INFO] [stderr]     Checking hyper-timeout v0.4.1
[INFO] [stderr]     Checking reqwest v0.11.17
[INFO] [stderr]     Checking kube v0.51.0
[INFO] [stderr]     Checking kube-runtime v0.51.0
[INFO] [stderr]  Documenting turbolift_internals v0.1.9 (/opt/rustwide/workdir)
[INFO] [stdout] warning: public documentation for `new` links to private item `K8s::deploy_container`
[INFO] [stdout]   --> src/kubernetes.rs:66:5
[INFO] [stdout]    |
[INFO] [stdout] 66 | /     /// returns a K8s object. If max is equal to 1, then autoscaling
[INFO] [stdout] 67 | |     /// is not enabled. Otherwise, autoscale is automatically activated
[INFO] [stdout] 68 | |     /// with cluster defaults and a max number of replicas *per distributed
[INFO] [stdout] 69 | |     /// function* of `max`. Panics if `max` < 1.
[INFO] [stdout] 70 | |     ///
[INFO] [stdout] 71 | |     /// The deploy container function is used for making containers accessible
[INFO] [stdout] 72 | |     /// to the cluster. See [`K8s::deploy_container`].
[INFO] [stdout]    | |______________________________________________________^
[INFO] [stdout]    |
[INFO] [stdout]    = note: the link appears in this line:
[INFO] [stdout]            
[INFO] [stdout]            to the cluster. See [`K8s::deploy_container`].
[INFO] [stdout]                                 ^^^^^^^^^^^^^^^^^^^^^^^
[INFO] [stdout]    = note: this link resolves only because you passed `--document-private-items`, but will break without
[INFO] [stdout]    = note: `#[warn(rustdoc::private_intra_doc_links)]` on by default
[INFO] [stdout] 
[INFO] [stdout] 
[INFO] [stdout] warning: 1 warning emitted
[INFO] [stdout] 
[INFO] [stdout] 
[INFO] [stderr]     Finished dev [unoptimized + debuginfo] target(s) in 33.99s
[INFO] running `Command { std: "docker" "inspect" "7a920385e49caf1b7935db8171080a30138ab41c2b3e4b8474ed0bbbfe61d2d0", kill_on_drop: false }`
[INFO] running `Command { std: "docker" "rm" "-f" "7a920385e49caf1b7935db8171080a30138ab41c2b3e4b8474ed0bbbfe61d2d0", kill_on_drop: false }`
[INFO] [stdout] 7a920385e49caf1b7935db8171080a30138ab41c2b3e4b8474ed0bbbfe61d2d0
[INFO] running `Command { std: "docker" "create" "-v" "/var/lib/crater-agent-workspace/builds/worker-4-tc1/target:/opt/rustwide/target:rw,Z" "-v" "/var/lib/crater-agent-workspace/builds/worker-4-tc1/source:/opt/rustwide/workdir:ro,Z" "-v" "/var/lib/crater-agent-workspace/cargo-home:/opt/rustwide/cargo-home:ro,Z" "-v" "/var/lib/crater-agent-workspace/rustup-home:/opt/rustwide/rustup-home:ro,Z" "-e" "SOURCE_DIR=/opt/rustwide/workdir" "-e" "CARGO_TARGET_DIR=/opt/rustwide/target" "-e" "CARGO_INCREMENTAL=0" "-e" "RUST_BACKTRACE=full" "-e" "RUSTFLAGS=--cap-lints=warn" "-e" "RUSTDOCFLAGS=--cap-lints=warn" "-e" "DOCS_RS=1" "-e" "RUSTC_BOOTSTRAP=1" "-e" "CARGO_HOME=/opt/rustwide/cargo-home" "-e" "RUSTUP_HOME=/opt/rustwide/rustup-home" "-w" "/opt/rustwide/workdir" "-m" "1610612736" "--user" "0:0" "--network" "none" "ghcr.io/rust-lang/crates-build-env/linux@sha256:5ff2268d62e97bff2cde7d5815dd6ed5b47097566f13b8d0ca110b04b60e07ed" "/opt/rustwide/cargo-home/bin/cargo" "+1.69.0" "rustdoc" "--lib" "-Zrustdoc-map" "-Z" "unstable-options" "--config" "build.rustflags=[\"--cfg\", \"procmacro2_semver_exempt\"]" "-Zhost-config" "-Ztarget-applies-to-host" "--config" "host.rustflags=[\"--cfg\", \"procmacro2_semver_exempt\"]" "--config" "build.rustdocflags=[\"--cfg\", \"procmacro2_semver_exempt\", \"-Z\", \"unstable-options\", \"--document-private-items\"]" "--frozen" "--message-format=json", kill_on_drop: false }`
[INFO] [stdout] 54991de18ed26fcd3041474fa74e96c8b10d27d20f5e39cb51a4ddcdd36493d2
[INFO] running `Command { std: "docker" "start" "-a" "54991de18ed26fcd3041474fa74e96c8b10d27d20f5e39cb51a4ddcdd36493d2", kill_on_drop: false }`
[INFO] [stderr]    Compiling proc-macro2 v1.0.56
[INFO] [stderr]    Compiling quote v1.0.26
[INFO] [stderr]    Compiling unicode-ident v1.0.8
[INFO] [stderr]    Compiling libc v0.2.142
[INFO] [stderr]    Compiling autocfg v1.1.0
[INFO] [stderr]     Checking cfg-if v1.0.0
[INFO] [stderr]    Compiling log v0.4.17
[INFO] [stderr]     Checking pin-project-lite v0.2.9
[INFO] [stderr]    Compiling syn v1.0.109
[INFO] [stderr]    Compiling memchr v2.5.0
[INFO] [stderr]    Compiling futures-core v0.3.28
[INFO] [stderr]     Checking once_cell v1.17.1
[INFO] [stderr]    Compiling slab v0.4.8
[INFO] [stderr]    Compiling lock_api v0.4.9
[INFO] [stderr]     Checking bytes v1.4.0
[INFO] [stderr]    Compiling parking_lot_core v0.9.7
[INFO] [stderr]    Compiling cc v1.0.79
[INFO] [stderr]     Checking scopeguard v1.1.0
[INFO] [stderr]     Checking smallvec v1.10.0
[INFO] [stderr]    Compiling serde_derive v1.0.160
[INFO] [stderr]    Compiling syn v2.0.15
[INFO] [stderr]    Compiling tokio v1.28.0
[INFO] [stderr]    Compiling serde v1.0.160
[INFO] [stderr]     Checking futures-sink v0.3.28
[INFO] [stderr]    Compiling indexmap v1.9.3
[INFO] [stderr]     Checking itoa v1.0.6
[INFO] [stderr]     Checking num_cpus v1.15.0
[INFO] [stderr]     Checking socket2 v0.4.9
[INFO] [stderr]     Checking signal-hook-registry v1.4.1
[INFO] [stderr]     Checking mio v0.8.6
[INFO] [stderr]    Compiling futures-task v0.3.28
[INFO] [stderr]     Checking parking_lot v0.12.1
[INFO] [stderr]    Compiling futures-channel v0.3.28
[INFO] [stderr]     Checking hashbrown v0.12.3
[INFO] [stderr]    Compiling futures-util v0.3.28
[INFO] [stderr]    Compiling pkg-config v0.3.26
[INFO] [stderr]     Checking tracing-core v0.1.30
[INFO] [stderr]     Checking pin-utils v0.1.0
[INFO] [stderr]     Checking futures-io v0.3.28
[INFO] [stderr]    Compiling num-traits v0.2.15
[INFO] [stderr]     Checking bitflags v1.3.2
[INFO] [stderr]     Checking fnv v1.0.7
[INFO] [stderr]     Checking foreign-types-shared v0.1.1
[INFO] [stderr]    Compiling openssl v0.10.52
[INFO] [stderr]     Checking http v0.2.9
[INFO] [stderr]     Checking ryu v1.0.13
[INFO] [stderr]    Compiling openssl-sys v0.9.87
[INFO] [stderr]    Compiling httparse v1.8.0
[INFO] [stderr]     Checking foreign-types v0.3.2
[INFO] [stderr]     Checking aho-corasick v1.0.1
[INFO] [stderr]     Checking regex-syntax v0.7.1
[INFO] [stderr]     Checking tinyvec_macros v0.1.1
[INFO] [stderr]     Checking tower-service v0.3.2
[INFO] [stderr]     Checking try-lock v0.2.4
[INFO] [stderr]    Compiling native-tls v0.2.11
[INFO] [stderr]     Checking want v0.3.0
[INFO] [stderr]     Checking http-body v0.4.5
[INFO] [stderr]     Checking tinyvec v1.6.0
[INFO] [stderr]    Compiling num-integer v0.1.45
[INFO] [stderr]     Checking percent-encoding v2.2.0
[INFO] [stderr]    Compiling serde_json v1.0.96
[INFO] [stderr]     Checking httpdate v1.0.2
[INFO] [stderr]     Checking openssl-probe v0.1.5
[INFO] [stderr]     Checking form_urlencoded v1.1.0
[INFO] [stderr]     Checking unicode-normalization v0.1.22
[INFO] [stderr]    Compiling ident_case v1.0.1
[INFO] [stderr]    Compiling k8s-openapi v0.11.0
[INFO] [stderr]    Compiling pin-project-internal v0.4.30
[INFO] [stderr]     Checking regex v1.8.1
[INFO] [stderr]     Checking quick-error v1.2.3
[INFO] [stderr]     Checking unicode-bidi v0.3.13
[INFO] [stderr]    Compiling strsim v0.9.3
[INFO] [stderr]    Compiling getrandom v0.1.16
[INFO] [stderr]     Checking humantime v1.3.0
[INFO] [stderr]    Compiling darling_core v0.10.2
[INFO] [stderr]     Checking idna v0.3.0
[INFO] [stderr]     Checking ordered-float v2.10.0
[INFO] [stderr]     Checking atty v0.2.14
[INFO] [stderr]     Checking time v0.1.45
[INFO] [stderr]    Compiling doc-comment v0.3.3
[INFO] [stderr]     Checking iana-time-zone v0.1.56
[INFO] [stderr]    Compiling io-lifetimes v1.0.10
[INFO] [stderr]     Checking termcolor v1.2.0
[INFO] [stderr]    Compiling thiserror v1.0.40
[INFO] [stderr]     Checking linked-hash-map v0.5.6
[INFO] [stderr]     Checking base64 v0.13.1
[INFO] [stderr]     Checking yaml-rust v0.4.5
[INFO] [stderr]     Checking env_logger v0.7.1
[INFO] [stderr]     Checking url v2.3.1
[INFO] [stderr]    Compiling brotli-sys v0.3.2
[INFO] [stderr]     Checking dirs-sys-next v0.1.2
[INFO] [stderr]    Compiling tokio v0.3.7
[INFO] [stderr]     Checking tower-layer v0.3.2
[INFO] [stderr]     Checking array_tool v1.0.3
[INFO] [stderr]    Compiling rustix v0.37.18
[INFO] [stderr]     Checking lazy_static v1.4.0
[INFO] [stderr]    Compiling event-listener v2.5.3
[INFO] [stderr]     Checking Inflector v0.11.4
[INFO] [stderr]    Compiling async-mutex v1.4.0
[INFO] [stderr]     Checking dirs-next v2.0.0
[INFO] [stderr]     Checking rand_core v0.5.1
[INFO] [stderr]    Compiling tokio-macros v2.1.0
[INFO] [stderr]    Compiling tracing-attributes v0.1.24
[INFO] [stderr]    Compiling futures-macro v0.3.28
[INFO] [stderr]    Compiling openssl-macros v0.1.1
[INFO] [stderr]    Compiling pin-project-internal v1.0.12
[INFO] [stderr]    Compiling darling_macro v0.10.2
[INFO] [stderr]     Checking pin-project v1.0.12
[INFO] [stderr]     Checking tracing v0.1.37
[INFO] [stderr]    Compiling thiserror-impl v1.0.40
[INFO] [stderr]    Compiling darling v0.10.2
[INFO] [stderr]    Compiling snafu-derive v0.6.10
[INFO] [stderr]     Checking pin-project v0.4.30
[INFO] [stderr]     Checking pem v0.8.3
[INFO] [stderr]     Checking futures-executor v0.3.28
[INFO] [stderr]     Checking pin-project-lite v0.1.12
[INFO] [stderr]     Checking futures v0.3.28
[INFO] [stderr]     Checking ppv-lite86 v0.2.17
[INFO] [stderr]     Checking either v1.8.1
[INFO] [stderr]     Checking static_assertions v1.1.0
[INFO] [stderr]    Compiling async-trait v0.1.68
[INFO] [stderr]     Checking bytes v0.5.6
[INFO] [stderr]     Checking linux-raw-sys v0.3.6
[INFO] [stderr]    Compiling anyhow v1.0.71
[INFO] [stderr]     Checking snafu v0.6.10
[INFO] [stderr]     Checking tokio-util v0.7.8
[INFO] [stderr]     Checking tokio-native-tls v0.3.1
[INFO] [stderr]     Checking tokio-io-timeout v1.2.0
[INFO] [stderr]     Checking tokio-util v0.6.10
[INFO] [stderr]     Checking tokio v0.2.25
[INFO] [stderr]     Checking rand_chacha v0.2.2
[INFO] [stderr]     Checking h2 v0.3.18
[INFO] [stderr]     Checking tower v0.4.13
[INFO] [stderr]    Compiling cached_proc_macro v0.4.0
[INFO] [stderr]    Compiling derivative v2.2.0
[INFO] [stderr]     Checking dashmap v4.0.2
[INFO] [stderr]     Checking xattr v0.2.3
[INFO] [stderr]     Checking filetime v0.2.21
[INFO] [stderr]     Checking getrandom v0.2.9
[INFO] [stderr]     Checking encoding_rs v0.8.32
[INFO] [stderr]     Checking base64 v0.21.0
[INFO] [stderr]     Checking mime v0.3.17
[INFO] [stderr]     Checking c_linked_list v1.1.1
[INFO] [stderr]     Checking ipnet v2.7.2
[INFO] [stderr]     Checking fastrand v1.9.0
[INFO] [stderr]    Compiling turbolift_internals v0.1.9 (/opt/rustwide/workdir)
[INFO] [stderr]     Checking get_if_addrs v0.5.3
[INFO] [stderr]     Checking cached v0.19.0
[INFO] [stderr]     Checking uuid v0.8.2
[INFO] [stderr]     Checking tar v0.4.38
[INFO] [stderr]     Checking tempfile v3.5.0
[INFO] [stderr]     Checking tokio-compat-02 v0.1.2
[INFO] [stderr]     Checking serde-value v0.7.0
[INFO] [stderr]     Checking chrono v0.4.24
[INFO] [stderr]     Checking serde_yaml v0.8.26
[INFO] [stderr]     Checking toml v0.5.11
[INFO] [stderr]     Checking serde_urlencoded v0.7.1
[INFO] [stderr]     Checking jsonpath_lib v0.2.6
[INFO] [stderr]     Checking brotli2 v0.3.2
[INFO] [stderr]     Checking rand v0.7.3
[INFO] [stderr]     Checking cargo-toml2 v1.3.2
[INFO] [stderr]     Checking tracing-futures v0.2.5
[INFO] [stderr]     Checking data-encoding v2.3.3
[INFO] [stderr]     Checking cute v0.3.0
[INFO] [stderr]     Checking hyper v0.14.26
[INFO] [stderr]     Checking hyper-tls v0.5.0
[INFO] [stderr]     Checking hyper-timeout v0.4.1
[INFO] [stderr]     Checking reqwest v0.11.17
[INFO] [stderr]     Checking kube v0.51.0
[INFO] [stdout] error[E0425]: cannot find value `ctrlc_fut` in this scope
[INFO] [stdout]   --> /opt/rustwide/cargo-home/registry/src/github.com-1ecc6299db9ec823/kube-0.51.0/src/runtime/reflector.rs:80:13
[INFO] [stdout]    |
[INFO] [stdout] 80 | /             select! {
[INFO] [stdout] 81 | |                 _ctrlc = ctrlc_fut => {
[INFO] [stdout] 82 | |                     info!("Received ctrl_c, exiting");
[INFO] [stdout] 83 | |                     return Ok(());
[INFO] [stdout] ...  |
[INFO] [stdout] 98 | |                 }
[INFO] [stdout] 99 | |             }
[INFO] [stdout]    | |_____________^ not found in this scope
[INFO] [stdout]    |
[INFO] [stdout]    = note: this error originates in the macro `$crate::select_internal` which comes from the expansion of the macro `select` (in Nightly builds, run with -Z macro-backtrace for more info)
[INFO] [stdout] 
[INFO] [stdout] 
[INFO] [stdout] error[E0425]: cannot find value `sigterm_fut` in this scope
[INFO] [stdout]   --> /opt/rustwide/cargo-home/registry/src/github.com-1ecc6299db9ec823/kube-0.51.0/src/runtime/reflector.rs:80:13
[INFO] [stdout]    |
[INFO] [stdout] 80 | /             select! {
[INFO] [stdout] 81 | |                 _ctrlc = ctrlc_fut => {
[INFO] [stdout] 82 | |                     info!("Received ctrl_c, exiting");
[INFO] [stdout] 83 | |                     return Ok(());
[INFO] [stdout] ...  |
[INFO] [stdout] 98 | |                 }
[INFO] [stdout] 99 | |             }
[INFO] [stdout]    | |_____________^ not found in this scope
[INFO] [stdout]    |
[INFO] [stdout]    = note: this error originates in the macro `$crate::select_internal` which comes from the expansion of the macro `select` (in Nightly builds, run with -Z macro-backtrace for more info)
[INFO] [stdout] 
[INFO] [stdout] 
[INFO] [stdout] error[E0425]: cannot find value `poll_fut` in this scope
[INFO] [stdout]   --> /opt/rustwide/cargo-home/registry/src/github.com-1ecc6299db9ec823/kube-0.51.0/src/runtime/reflector.rs:80:13
[INFO] [stdout]    |
[INFO] [stdout] 80 | /             select! {
[INFO] [stdout] 81 | |                 _ctrlc = ctrlc_fut => {
[INFO] [stdout] 82 | |                     info!("Received ctrl_c, exiting");
[INFO] [stdout] 83 | |                     return Ok(());
[INFO] [stdout] ...  |
[INFO] [stdout] 98 | |                 }
[INFO] [stdout] 99 | |             }
[INFO] [stdout]    | |_____________^ not found in this scope
[INFO] [stdout]    |
[INFO] [stdout]    = note: this error originates in the macro `$crate::select_internal` which comes from the expansion of the macro `select` (in Nightly builds, run with -Z macro-backtrace for more info)
[INFO] [stdout] 
[INFO] [stdout] 
[INFO] [stdout] error[E0424]: expected value, found module `self`
[INFO] [stdout]    --> /opt/rustwide/cargo-home/registry/src/github.com-1ecc6299db9ec823/kube-0.51.0/src/runtime/reflector.rs:80:13
[INFO] [stdout]     |
[INFO] [stdout] 58  | /      pub async fn run(self) -> Result<()> {
[INFO] [stdout] 59  | |          self.reset().await?;
[INFO] [stdout] 60  | |          loop {
[INFO] [stdout] 61  | |              // local development needs listening for ctrl_c
[INFO] [stdout] ...   |
[INFO] [stdout] 80  | |/             select! {
[INFO] [stdout] 81  | ||                 _ctrlc = ctrlc_fut => {
[INFO] [stdout] 82  | ||                     info!("Received ctrl_c, exiting");
[INFO] [stdout] 83  | ||                     return Ok(());
[INFO] [stdout] ...   ||
[INFO] [stdout] 98  | ||                 }
[INFO] [stdout] 99  | ||             }
[INFO] [stdout]     | ||_____________^ `self` value is a keyword only available in methods with a `self` parameter
[INFO] [stdout] 100 | |          }
[INFO] [stdout] 101 | |      }
[INFO] [stdout]     | |______- this function has a `self` parameter, but a macro invocation can only access identifiers it receives from parameters
[INFO] [stdout]     |
[INFO] [stdout]     = note: this error originates in the macro `$crate::select_internal` which comes from the expansion of the macro `select` (in Nightly builds, run with -Z macro-backtrace for more info)
[INFO] [stdout] 
[INFO] [stdout] 
[INFO] [stdout] error: aborting due to 4 previous errors
[INFO] [stdout] 
[INFO] [stdout] 
[INFO] [stdout] Some errors have detailed explanations: E0424, E0425.
[INFO] [stdout] 
[INFO] [stdout] For more information about an error, try `rustc --explain E0424`.
[INFO] [stdout] 
[INFO] [stderr] error: could not compile `kube` due to 5 previous errors
[INFO] running `Command { std: "docker" "inspect" "54991de18ed26fcd3041474fa74e96c8b10d27d20f5e39cb51a4ddcdd36493d2", kill_on_drop: false }`
[INFO] running `Command { std: "docker" "rm" "-f" "54991de18ed26fcd3041474fa74e96c8b10d27d20f5e39cb51a4ddcdd36493d2", kill_on_drop: false }`
[INFO] [stdout] 54991de18ed26fcd3041474fa74e96c8b10d27d20f5e39cb51a4ddcdd36493d2
