[INFO] fetching crate tuifw-screen-base 0.21.1...
[INFO] documenting tuifw-screen-base-0.21.1 against 1.69.0 for beta-1.70-rustdoc-1
[INFO] extracting crate tuifw-screen-base 0.21.1 into /workspace/builds/worker-4-tc1/source
[INFO] validating manifest of crates.io crate tuifw-screen-base 0.21.1 on toolchain 1.69.0
[INFO] running `Command { std: CARGO_HOME="/workspace/cargo-home" RUSTUP_HOME="/workspace/rustup-home" "/workspace/cargo-home/bin/cargo" "+1.69.0" "metadata" "--manifest-path" "Cargo.toml" "--no-deps", kill_on_drop: false }`
[INFO] started tweaking crates.io crate tuifw-screen-base 0.21.1
[INFO] finished tweaking crates.io crate tuifw-screen-base 0.21.1
[INFO] tweaked toml for crates.io crate tuifw-screen-base 0.21.1 written to /workspace/builds/worker-4-tc1/source/Cargo.toml
[INFO] running `Command { std: CARGO_HOME="/workspace/cargo-home" RUSTUP_HOME="/workspace/rustup-home" __CARGO_TEST_CHANNEL_OVERRIDE_DO_NOT_USE_THIS="nightly" "/workspace/cargo-home/bin/cargo" "+1.69.0" "generate-lockfile" "--manifest-path" "Cargo.toml" "-Zno-index-update", kill_on_drop: false }`
[INFO] running `Command { std: CARGO_HOME="/workspace/cargo-home" RUSTUP_HOME="/workspace/rustup-home" "/workspace/cargo-home/bin/cargo" "+1.69.0" "fetch" "--manifest-path" "Cargo.toml", kill_on_drop: false }`
[INFO] [stderr]  Downloading crates ...
[INFO] [stderr]   Downloaded int-vec-2d v0.1.2
[INFO] running `Command { std: "docker" "create" "-v" "/var/lib/crater-agent-workspace/builds/worker-4-tc1/target:/opt/rustwide/target:rw,Z" "-v" "/var/lib/crater-agent-workspace/builds/worker-4-tc1/source:/opt/rustwide/workdir:ro,Z" "-v" "/var/lib/crater-agent-workspace/cargo-home:/opt/rustwide/cargo-home:ro,Z" "-v" "/var/lib/crater-agent-workspace/rustup-home:/opt/rustwide/rustup-home:ro,Z" "-e" "SOURCE_DIR=/opt/rustwide/workdir" "-e" "CARGO_TARGET_DIR=/opt/rustwide/target" "-e" "CARGO_HOME=/opt/rustwide/cargo-home" "-e" "RUSTUP_HOME=/opt/rustwide/rustup-home" "-w" "/opt/rustwide/workdir" "-m" "1610612736" "--user" "0:0" "--network" "none" "ghcr.io/rust-lang/crates-build-env/linux@sha256:5ff2268d62e97bff2cde7d5815dd6ed5b47097566f13b8d0ca110b04b60e07ed" "/opt/rustwide/cargo-home/bin/cargo" "+1.69.0" "metadata" "--no-deps" "--format-version=1", kill_on_drop: false }`
[INFO] [stdout] d0849e8356cc7d59b9d5b43777bbb3ee5f35a064dad2cc5cdb4f9f0fc524cf51
[INFO] running `Command { std: "docker" "start" "-a" "d0849e8356cc7d59b9d5b43777bbb3ee5f35a064dad2cc5cdb4f9f0fc524cf51", kill_on_drop: false }`
[INFO] running `Command { std: "docker" "inspect" "d0849e8356cc7d59b9d5b43777bbb3ee5f35a064dad2cc5cdb4f9f0fc524cf51", kill_on_drop: false }`
[INFO] running `Command { std: "docker" "rm" "-f" "d0849e8356cc7d59b9d5b43777bbb3ee5f35a064dad2cc5cdb4f9f0fc524cf51", kill_on_drop: false }`
[INFO] [stdout] d0849e8356cc7d59b9d5b43777bbb3ee5f35a064dad2cc5cdb4f9f0fc524cf51
[INFO] running `Command { std: "docker" "create" "-v" "/var/lib/crater-agent-workspace/builds/worker-4-tc1/target:/opt/rustwide/target:rw,Z" "-v" "/var/lib/crater-agent-workspace/builds/worker-4-tc1/source:/opt/rustwide/workdir:ro,Z" "-v" "/var/lib/crater-agent-workspace/cargo-home:/opt/rustwide/cargo-home:ro,Z" "-v" "/var/lib/crater-agent-workspace/rustup-home:/opt/rustwide/rustup-home:ro,Z" "-e" "SOURCE_DIR=/opt/rustwide/workdir" "-e" "CARGO_TARGET_DIR=/opt/rustwide/target" "-e" "CARGO_INCREMENTAL=0" "-e" "RUST_BACKTRACE=full" "-e" "RUSTFLAGS=--cap-lints=warn" "-e" "RUSTDOCFLAGS=--cap-lints=warn" "-e" "CARGO_HOME=/opt/rustwide/cargo-home" "-e" "RUSTUP_HOME=/opt/rustwide/rustup-home" "-w" "/opt/rustwide/workdir" "-m" "1610612736" "--user" "0:0" "--network" "none" "ghcr.io/rust-lang/crates-build-env/linux@sha256:5ff2268d62e97bff2cde7d5815dd6ed5b47097566f13b8d0ca110b04b60e07ed" "/opt/rustwide/cargo-home/bin/cargo" "+1.69.0" "doc" "--frozen" "--no-deps" "--document-private-items" "--message-format=json", kill_on_drop: false }`
[INFO] [stdout] 2dd8903d3472b9e278b8fb6fe09d34de71b2b814269d1937943afe595b0b9adb
[INFO] running `Command { std: "docker" "start" "-a" "2dd8903d3472b9e278b8fb6fe09d34de71b2b814269d1937943afe595b0b9adb", kill_on_drop: false }`
[INFO] [stderr]     Checking macro-attr-2018 v2.1.2
[INFO] [stderr]     Checking enum-derive-2018 v2.0.1
[INFO] [stderr]     Checking int-vec-2d v0.1.2
[INFO] [stdout] error[E0554]: `#![feature]` may not be used on the stable release channel
[INFO] [stdout]  --> /opt/rustwide/cargo-home/registry/src/github.com-1ecc6299db9ec823/int-vec-2d-0.1.2/src/lib.rs:1:1
[INFO] [stdout]   |
[INFO] [stdout] 1 | #![feature(iter_advance_by)]
[INFO] [stdout]   | ^^^^^^^^^^^^^^^^^^^^^^^^^^^^
[INFO] [stdout] 
[INFO] [stdout] 
[INFO] [stdout] error[E0554]: `#![feature]` may not be used on the stable release channel
[INFO] [stdout]  --> /opt/rustwide/cargo-home/registry/src/github.com-1ecc6299db9ec823/int-vec-2d-0.1.2/src/lib.rs:2:1
[INFO] [stdout]   |
[INFO] [stdout] 2 | #![feature(stmt_expr_attributes)]
[INFO] [stdout]   | ^^^^^^^^^^^^^^^^^^^^^^^^^^^^^^^^^
[INFO] [stdout] 
[INFO] [stdout] 
[INFO] [stdout] error[E0554]: `#![feature]` may not be used on the stable release channel
[INFO] [stdout]  --> /opt/rustwide/cargo-home/registry/src/github.com-1ecc6299db9ec823/int-vec-2d-0.1.2/src/lib.rs:3:1
[INFO] [stdout]   |
[INFO] [stdout] 3 | #![feature(trusted_len)]
[INFO] [stdout]   | ^^^^^^^^^^^^^^^^^^^^^^^^
[INFO] [stdout] 
[INFO] [stdout] 
[INFO] [stdout] error[E0554]: `#![feature]` may not be used on the stable release channel
[INFO] [stdout]  --> /opt/rustwide/cargo-home/registry/src/github.com-1ecc6299db9ec823/int-vec-2d-0.1.2/src/lib.rs:1:12
[INFO] [stdout]   |
[INFO] [stdout] 1 | #![feature(iter_advance_by)]
[INFO] [stdout]   |            ^^^^^^^^^^^^^^^
[INFO] [stdout] 
[INFO] [stdout] 
[INFO] [stdout] error[E0554]: `#![feature]` may not be used on the stable release channel
[INFO] [stdout]  --> /opt/rustwide/cargo-home/registry/src/github.com-1ecc6299db9ec823/int-vec-2d-0.1.2/src/lib.rs:3:12
[INFO] [stdout]   |
[INFO] [stdout] 3 | #![feature(trusted_len)]
[INFO] [stdout]   |            ^^^^^^^^^^^
[INFO] [stdout] 
[INFO] [stdout] 
[INFO] [stdout] error[E0053]: method `advance_by` has an incompatible type for trait
[INFO] [stdout]    --> /opt/rustwide/cargo-home/registry/src/github.com-1ecc6299db9ec823/int-vec-2d-0.1.2/src/lib.rs:145:43
[INFO] [stdout]     |
[INFO] [stdout] 145 |     fn advance_by(&mut self, n: usize) -> Result<(), NonZeroUsize> {
[INFO] [stdout]     |                                           ^^^^^^^^^^^^^^^^^^^^^^^^
[INFO] [stdout]     |                                           |
[INFO] [stdout]     |                                           expected `usize`, found `NonZeroUsize`
[INFO] [stdout]     |                                           help: change the output type to match the trait: `Result<(), usize>`
[INFO] [stdout]     |
[INFO] [stdout]     = note: expected signature `fn(&mut Range1d, _) -> Result<_, usize>`
[INFO] [stdout]                found signature `fn(&mut Range1d, _) -> Result<_, NonZeroUsize>`
[INFO] [stdout] 
[INFO] [stdout] 
[INFO] [stdout] error[E0053]: method `advance_back_by` has an incompatible type for trait
[INFO] [stdout]    --> /opt/rustwide/cargo-home/registry/src/github.com-1ecc6299db9ec823/int-vec-2d-0.1.2/src/lib.rs:168:48
[INFO] [stdout]     |
[INFO] [stdout] 168 |     fn advance_back_by(&mut self, n: usize) -> Result<(), NonZeroUsize> {
[INFO] [stdout]     |                                                ^^^^^^^^^^^^^^^^^^^^^^^^
[INFO] [stdout]     |                                                |
[INFO] [stdout]     |                                                expected `usize`, found `NonZeroUsize`
[INFO] [stdout]     |                                                help: change the output type to match the trait: `Result<(), usize>`
[INFO] [stdout]     |
[INFO] [stdout]     = note: expected signature `fn(&mut Range1d, _) -> Result<_, usize>`
[INFO] [stdout]                found signature `fn(&mut Range1d, _) -> Result<_, NonZeroUsize>`
[INFO] [stdout] 
[INFO] [stdout] 
[INFO] [stdout] error[E0053]: method `advance_by` has an incompatible type for trait
[INFO] [stdout]    --> /opt/rustwide/cargo-home/registry/src/github.com-1ecc6299db9ec823/int-vec-2d-0.1.2/src/lib.rs:663:43
[INFO] [stdout]     |
[INFO] [stdout] 663 |     fn advance_by(&mut self, n: usize) -> Result<(), NonZeroUsize> {
[INFO] [stdout]     |                                           ^^^^^^^^^^^^^^^^^^^^^^^^
[INFO] [stdout]     |                                           |
[INFO] [stdout]     |                                           expected `usize`, found `NonZeroUsize`
[INFO] [stdout]     |                                           help: change the output type to match the trait: `Result<(), usize>`
[INFO] [stdout]     |
[INFO] [stdout]     = note: expected signature `fn(&mut RectPoints, _) -> Result<_, usize>`
[INFO] [stdout]                found signature `fn(&mut RectPoints, _) -> Result<_, NonZeroUsize>`
[INFO] [stdout] 
[INFO] [stdout] 
[INFO] [stdout] error: aborting due to 8 previous errors
[INFO] [stdout] 
[INFO] [stdout] 
[INFO] [stdout] Some errors have detailed explanations: E0053, E0554.
[INFO] [stdout] 
[INFO] [stdout] For more information about an error, try `rustc --explain E0053`.
[INFO] [stdout] 
[INFO] [stderr] error: could not compile `int-vec-2d` due to 9 previous errors
[INFO] running `Command { std: "docker" "inspect" "2dd8903d3472b9e278b8fb6fe09d34de71b2b814269d1937943afe595b0b9adb", kill_on_drop: false }`
[INFO] running `Command { std: "docker" "rm" "-f" "2dd8903d3472b9e278b8fb6fe09d34de71b2b814269d1937943afe595b0b9adb", kill_on_drop: false }`
[INFO] [stdout] 2dd8903d3472b9e278b8fb6fe09d34de71b2b814269d1937943afe595b0b9adb
