[INFO] fetching crate ts-bindgen-gen 0.5.0...
[INFO] documenting ts-bindgen-gen-0.5.0 against 1.69.0 for beta-1.70-rustdoc-1
[INFO] extracting crate ts-bindgen-gen 0.5.0 into /workspace/builds/worker-2-tc1/source
[INFO] validating manifest of crates.io crate ts-bindgen-gen 0.5.0 on toolchain 1.69.0
[INFO] running `Command { std: CARGO_HOME="/workspace/cargo-home" RUSTUP_HOME="/workspace/rustup-home" "/workspace/cargo-home/bin/cargo" "+1.69.0" "metadata" "--manifest-path" "Cargo.toml" "--no-deps", kill_on_drop: false }`
[INFO] started tweaking crates.io crate ts-bindgen-gen 0.5.0
[INFO] finished tweaking crates.io crate ts-bindgen-gen 0.5.0
[INFO] tweaked toml for crates.io crate ts-bindgen-gen 0.5.0 written to /workspace/builds/worker-2-tc1/source/Cargo.toml
[INFO] running `Command { std: CARGO_HOME="/workspace/cargo-home" RUSTUP_HOME="/workspace/rustup-home" __CARGO_TEST_CHANNEL_OVERRIDE_DO_NOT_USE_THIS="nightly" "/workspace/cargo-home/bin/cargo" "+1.69.0" "generate-lockfile" "--manifest-path" "Cargo.toml" "-Zno-index-update", kill_on_drop: false }`
[INFO] running `Command { std: CARGO_HOME="/workspace/cargo-home" RUSTUP_HOME="/workspace/rustup-home" "/workspace/cargo-home/bin/cargo" "+1.69.0" "fetch" "--manifest-path" "Cargo.toml", kill_on_drop: false }`
[INFO] [stderr]     Blocking waiting for file lock on package cache
[INFO] [stderr]  Downloading crates ...
[INFO] [stderr]   Downloaded attohttpc v0.22.0
[INFO] [stderr]   Downloaded cargo-whatfeatures v0.9.9
[INFO] running `Command { std: "docker" "create" "-v" "/var/lib/crater-agent-workspace/builds/worker-2-tc1/target:/opt/rustwide/target:rw,Z" "-v" "/var/lib/crater-agent-workspace/builds/worker-2-tc1/source:/opt/rustwide/workdir:ro,Z" "-v" "/var/lib/crater-agent-workspace/cargo-home:/opt/rustwide/cargo-home:ro,Z" "-v" "/var/lib/crater-agent-workspace/rustup-home:/opt/rustwide/rustup-home:ro,Z" "-e" "SOURCE_DIR=/opt/rustwide/workdir" "-e" "CARGO_TARGET_DIR=/opt/rustwide/target" "-e" "CARGO_HOME=/opt/rustwide/cargo-home" "-e" "RUSTUP_HOME=/opt/rustwide/rustup-home" "-w" "/opt/rustwide/workdir" "-m" "1610612736" "--user" "0:0" "--network" "none" "ghcr.io/rust-lang/crates-build-env/linux@sha256:5ff2268d62e97bff2cde7d5815dd6ed5b47097566f13b8d0ca110b04b60e07ed" "/opt/rustwide/cargo-home/bin/cargo" "+1.69.0" "metadata" "--no-deps" "--format-version=1", kill_on_drop: false }`
[INFO] [stdout] dcaad475aab77a7092ec76283d1fecb7051eb58f755364128b5a39d3be4ec9c8
[INFO] running `Command { std: "docker" "start" "-a" "dcaad475aab77a7092ec76283d1fecb7051eb58f755364128b5a39d3be4ec9c8", kill_on_drop: false }`
[INFO] running `Command { std: "docker" "inspect" "dcaad475aab77a7092ec76283d1fecb7051eb58f755364128b5a39d3be4ec9c8", kill_on_drop: false }`
[INFO] running `Command { std: "docker" "rm" "-f" "dcaad475aab77a7092ec76283d1fecb7051eb58f755364128b5a39d3be4ec9c8", kill_on_drop: false }`
[INFO] [stdout] dcaad475aab77a7092ec76283d1fecb7051eb58f755364128b5a39d3be4ec9c8
[INFO] running `Command { std: "docker" "create" "-v" "/var/lib/crater-agent-workspace/builds/worker-2-tc1/target:/opt/rustwide/target:rw,Z" "-v" "/var/lib/crater-agent-workspace/builds/worker-2-tc1/source:/opt/rustwide/workdir:ro,Z" "-v" "/var/lib/crater-agent-workspace/cargo-home:/opt/rustwide/cargo-home:ro,Z" "-v" "/var/lib/crater-agent-workspace/rustup-home:/opt/rustwide/rustup-home:ro,Z" "-e" "SOURCE_DIR=/opt/rustwide/workdir" "-e" "CARGO_TARGET_DIR=/opt/rustwide/target" "-e" "CARGO_INCREMENTAL=0" "-e" "RUST_BACKTRACE=full" "-e" "RUSTFLAGS=--cap-lints=warn" "-e" "RUSTDOCFLAGS=--cap-lints=warn" "-e" "CARGO_HOME=/opt/rustwide/cargo-home" "-e" "RUSTUP_HOME=/opt/rustwide/rustup-home" "-w" "/opt/rustwide/workdir" "-m" "1610612736" "--user" "0:0" "--network" "none" "ghcr.io/rust-lang/crates-build-env/linux@sha256:5ff2268d62e97bff2cde7d5815dd6ed5b47097566f13b8d0ca110b04b60e07ed" "/opt/rustwide/cargo-home/bin/cargo" "+1.69.0" "doc" "--frozen" "--no-deps" "--document-private-items" "--message-format=json", kill_on_drop: false }`
[INFO] [stdout] 3db5c99986ae2959ca9609777f88aabd4ed404d7228fcb680923df282c8ac046
[INFO] running `Command { std: "docker" "start" "-a" "3db5c99986ae2959ca9609777f88aabd4ed404d7228fcb680923df282c8ac046", kill_on_drop: false }`
[INFO] [stderr]    Compiling proc-macro2 v1.0.56
[INFO] [stderr]    Compiling quote v1.0.26
[INFO] [stderr]    Compiling serde v1.0.160
[INFO] [stderr]    Compiling wasm-bindgen-shared v0.2.84
[INFO] [stderr]    Compiling bumpalo v3.12.1
[INFO] [stderr]    Compiling tinyvec_macros v0.1.1
[INFO] [stderr]    Compiling num-bigint v0.2.6
[INFO] [stderr]    Compiling serde_json v1.0.96
[INFO] [stderr]    Compiling crc32fast v1.3.2
[INFO] [stderr]    Compiling foreign-types-shared v0.1.1
[INFO] [stderr]    Compiling wasm-bindgen v0.2.84
[INFO] [stderr]    Compiling openssl v0.10.52
[INFO] [stderr]    Compiling openssl-sys v0.9.87
[INFO] [stderr]     Checking getrandom v0.2.9
[INFO] [stderr]    Compiling unicode-bidi v0.3.13
[INFO] [stderr]    Compiling percent-encoding v2.2.0
[INFO] [stderr]    Compiling camino v1.1.4
[INFO] [stderr]    Compiling tinyvec v1.6.0
[INFO] [stderr]    Compiling foreign-types v0.3.2
[INFO] [stderr]    Compiling semver v1.0.17
[INFO] [stderr]    Compiling adler v1.0.2
[INFO] [stderr]     Checking ahash v0.7.6
[INFO] [stderr]    Compiling miniz_oxide v0.7.1
[INFO] [stderr]    Compiling form_urlencoded v1.1.0
[INFO] [stderr]    Compiling native-tls v0.2.11
[INFO] [stderr]    Compiling time-core v0.1.0
[INFO] [stderr]    Compiling bytes v1.4.0
[INFO] [stderr]    Compiling openssl-probe v0.1.5
[INFO] [stderr]    Compiling lexical-core v0.7.6
[INFO] [stderr]    Compiling anyhow v1.0.71
[INFO] [stderr]    Compiling time-macros v0.2.8
[INFO] [stderr]    Compiling dirs-sys v0.3.7
[INFO] [stderr]    Compiling xattr v0.2.3
[INFO] [stderr]    Compiling filetime v0.2.21
[INFO] [stderr]    Compiling rustversion v1.0.12
[INFO] [stderr]     Checking static_assertions v1.1.0
[INFO] [stderr]    Compiling syn v1.0.109
[INFO] [stderr]    Compiling syn v2.0.15
[INFO] [stderr]    Compiling string_cache_codegen v0.5.2
[INFO] [stderr]    Compiling flate2 v1.0.26
[INFO] [stderr]    Compiling http v0.2.9
[INFO] [stderr]     Checking arrayvec v0.5.2
[INFO] [stderr]     Checking unicode-ident v1.0.8
[INFO] [stderr]    Compiling unicode-normalization v0.1.22
[INFO] [stderr]    Compiling tar v0.4.38
[INFO] [stderr]    Compiling directories v4.0.1
[INFO] [stderr]    Compiling yansi v0.5.1
[INFO] [stderr]    Compiling unicode-segmentation v1.10.1
[INFO] [stderr]    Compiling crate_version_parse v0.2.0
[INFO] [stderr]    Compiling home v0.5.5
[INFO] [stderr]    Compiling pico-args v0.5.0
[INFO] [stderr]    Compiling idna v0.3.0
[INFO] [stderr]    Compiling heck v0.3.3
[INFO] [stderr]     Checking unicode-xid v0.2.4
[INFO] [stderr]    Compiling swc_atoms v0.2.13
[INFO] [stderr]     Checking typed-arena v2.0.2
[INFO] [stderr]    Compiling url v2.3.1
[INFO] [stderr]     Checking lexical v5.2.2
[INFO] [stderr]    Compiling serde_derive v1.0.160
[INFO] [stderr]    Compiling openssl-macros v0.1.1
[INFO] [stderr]    Compiling tracing-attributes v0.1.24
[INFO] [stderr]    Compiling thiserror-impl v1.0.40
[INFO] [stderr]    Compiling pmutil v0.5.3
[INFO] [stderr]    Compiling darling_core v0.10.2
[INFO] [stderr]    Compiling wasm-bindgen-backend v0.2.84
[INFO] [stderr]    Compiling swc_macros_common v0.3.7
[INFO] [stderr]    Compiling swc_visit_macros v0.2.3
[INFO] [stderr]    Compiling from_variant v0.1.5
[INFO] [stderr]    Compiling swc_eq_ignore_macros v0.1.1
[INFO] [stderr]    Compiling string_enum v0.3.4
[INFO] [stderr]    Compiling is-macro v0.1.9
[INFO] [stderr]    Compiling enum_to_enum_derive v0.1.0
[INFO] [stderr]    Compiling enum_kind v0.2.2
[INFO] [stderr]    Compiling strum_macros v0.23.1
[INFO] [stderr]    Compiling wasm-bindgen-macro-support v0.2.84
[INFO] [stderr]    Compiling thiserror v1.0.40
[INFO] [stderr]     Checking tracing v0.1.37
[INFO] [stderr]    Compiling darling_macro v0.10.2
[INFO] [stderr]    Compiling wasm-bindgen-macro v0.2.84
[INFO] [stderr]     Checking enum_to_enum v0.1.0
[INFO] [stderr]    Compiling darling v0.10.2
[INFO] [stderr]     Checking swc_visit v0.2.8
[INFO] [stderr]    Compiling ast_node v0.7.7
[INFO] [stdout] error[E0308]: mismatched types
[INFO] [stdout]    --> /opt/rustwide/cargo-home/registry/src/github.com-1ecc6299db9ec823/ast_node-0.7.7/src/lib.rs:142:24
[INFO] [stdout]     |
[INFO] [stdout] 142 |     print("ast_serde", item)
[INFO] [stdout]     |     -----              ^^^^ expected `TokenStream`, found `Quote`
[INFO] [stdout]     |     |
[INFO] [stdout]     |     arguments to this function are incorrect
[INFO] [stdout]     |
[INFO] [stdout] note: function defined here
[INFO] [stdout]    --> /opt/rustwide/cargo-home/registry/src/github.com-1ecc6299db9ec823/swc_macros_common-0.3.7/src/lib.rs:34:8
[INFO] [stdout]     |
[INFO] [stdout] 34  | pub fn print(attr: &'static str, tokens: proc_macro2::TokenStream) -> proc_macro::TokenStream {
[INFO] [stdout]     |        ^^^^^
[INFO] [stdout] help: call `Into::into` on this expression to convert `Quote` into `TokenStream2`
[INFO] [stdout]     |
[INFO] [stdout] 142 |     print("ast_serde", item.into())
[INFO] [stdout]     |                            +++++++
[INFO] [stdout] 
[INFO] [stdout] 
[INFO] [stdout] error[E0308]: mismatched types
[INFO] [stdout]    --> /opt/rustwide/cargo-home/registry/src/github.com-1ecc6299db9ec823/ast_node-0.7.7/src/lib.rs:285:23
[INFO] [stdout]     |
[INFO] [stdout] 285 |     print("ast_node", item)
[INFO] [stdout]     |     -----             ^^^^ expected `TokenStream`, found `Quote`
[INFO] [stdout]     |     |
[INFO] [stdout]     |     arguments to this function are incorrect
[INFO] [stdout]     |
[INFO] [stdout] note: function defined here
[INFO] [stdout]    --> /opt/rustwide/cargo-home/registry/src/github.com-1ecc6299db9ec823/swc_macros_common-0.3.7/src/lib.rs:34:8
[INFO] [stdout]     |
[INFO] [stdout] 34  | pub fn print(attr: &'static str, tokens: proc_macro2::TokenStream) -> proc_macro::TokenStream {
[INFO] [stdout]     |        ^^^^^
[INFO] [stdout] help: call `Into::into` on this expression to convert `Quote` into `TokenStream2`
[INFO] [stdout]     |
[INFO] [stdout] 285 |     print("ast_node", item.into())
[INFO] [stdout]     |                           +++++++
[INFO] [stdout] 
[INFO] [stdout] 
[INFO] [stdout] error[E0308]: mismatched types
[INFO] [stdout]    --> /opt/rustwide/cargo-home/registry/src/github.com-1ecc6299db9ec823/ast_node-0.7.7/src/lib.rs:303:17
[INFO] [stdout]     |
[INFO] [stdout] 303 |     print(name, item)
[INFO] [stdout]     |     -----       ^^^^ expected `TokenStream`, found `Quote`
[INFO] [stdout]     |     |
[INFO] [stdout]     |     arguments to this function are incorrect
[INFO] [stdout]     |
[INFO] [stdout] note: function defined here
[INFO] [stdout]    --> /opt/rustwide/cargo-home/registry/src/github.com-1ecc6299db9ec823/swc_macros_common-0.3.7/src/lib.rs:34:8
[INFO] [stdout]     |
[INFO] [stdout] 34  | pub fn print(attr: &'static str, tokens: proc_macro2::TokenStream) -> proc_macro::TokenStream {
[INFO] [stdout]     |        ^^^^^
[INFO] [stdout] help: call `Into::into` on this expression to convert `Quote` into `TokenStream2`
[INFO] [stdout]     |
[INFO] [stdout] 303 |     print(name, item.into())
[INFO] [stdout]     |                     +++++++
[INFO] [stdout] 
[INFO] [stdout] 
[INFO] [stdout] error: aborting due to 3 previous errors
[INFO] [stdout] 
[INFO] [stdout] 
[INFO] [stdout] For more information about this error, try `rustc --explain E0308`.
[INFO] [stdout] 
[INFO] [stderr] error: could not compile `ast_node` due to 4 previous errors
[INFO] [stderr] warning: build failed, waiting for other jobs to finish...
[INFO] running `Command { std: "docker" "inspect" "3db5c99986ae2959ca9609777f88aabd4ed404d7228fcb680923df282c8ac046", kill_on_drop: false }`
[INFO] running `Command { std: "docker" "rm" "-f" "3db5c99986ae2959ca9609777f88aabd4ed404d7228fcb680923df282c8ac046", kill_on_drop: false }`
[INFO] [stdout] 3db5c99986ae2959ca9609777f88aabd4ed404d7228fcb680923df282c8ac046
