[INFO] fetching crate tempest-source-redis 0.1.1...
[INFO] documenting tempest-source-redis-0.1.1 against 1.69.0 for beta-1.70-rustdoc-1
[INFO] extracting crate tempest-source-redis 0.1.1 into /workspace/builds/worker-4-tc1/source
[INFO] validating manifest of crates.io crate tempest-source-redis 0.1.1 on toolchain 1.69.0
[INFO] running `Command { std: CARGO_HOME="/workspace/cargo-home" RUSTUP_HOME="/workspace/rustup-home" "/workspace/cargo-home/bin/cargo" "+1.69.0" "metadata" "--manifest-path" "Cargo.toml" "--no-deps", kill_on_drop: false }`
[INFO] started tweaking crates.io crate tempest-source-redis 0.1.1
[INFO] finished tweaking crates.io crate tempest-source-redis 0.1.1
[INFO] tweaked toml for crates.io crate tempest-source-redis 0.1.1 written to /workspace/builds/worker-4-tc1/source/Cargo.toml
[INFO] running `Command { std: CARGO_HOME="/workspace/cargo-home" RUSTUP_HOME="/workspace/rustup-home" __CARGO_TEST_CHANNEL_OVERRIDE_DO_NOT_USE_THIS="nightly" "/workspace/cargo-home/bin/cargo" "+1.69.0" "generate-lockfile" "--manifest-path" "Cargo.toml" "-Zno-index-update", kill_on_drop: false }`
[INFO] running `Command { std: CARGO_HOME="/workspace/cargo-home" RUSTUP_HOME="/workspace/rustup-home" "/workspace/cargo-home/bin/cargo" "+1.69.0" "fetch" "--manifest-path" "Cargo.toml", kill_on_drop: false }`
[INFO] [stderr]  Downloading crates ...
[INFO] [stderr]   Downloaded tempest-source v0.1.1
[INFO] [stderr]   Downloaded actix_derive v0.4.0
[INFO] [stderr]   Downloaded actix v0.8.3
[INFO] [stderr]   Downloaded minreq v1.4.1
[INFO] [stderr]   Downloaded tempest v0.1.1
[INFO] [stderr]   Downloaded hashbrown v0.3.1
[INFO] [stderr]   Downloaded redis-streams v0.1.1
[INFO] [stderr]   Downloaded redis v0.16.0
[INFO] running `Command { std: "docker" "create" "-v" "/var/lib/crater-agent-workspace/builds/worker-4-tc1/target:/opt/rustwide/target:rw,Z" "-v" "/var/lib/crater-agent-workspace/builds/worker-4-tc1/source:/opt/rustwide/workdir:ro,Z" "-v" "/var/lib/crater-agent-workspace/cargo-home:/opt/rustwide/cargo-home:ro,Z" "-v" "/var/lib/crater-agent-workspace/rustup-home:/opt/rustwide/rustup-home:ro,Z" "-e" "SOURCE_DIR=/opt/rustwide/workdir" "-e" "CARGO_TARGET_DIR=/opt/rustwide/target" "-e" "CARGO_HOME=/opt/rustwide/cargo-home" "-e" "RUSTUP_HOME=/opt/rustwide/rustup-home" "-w" "/opt/rustwide/workdir" "-m" "1610612736" "--user" "0:0" "--network" "none" "ghcr.io/rust-lang/crates-build-env/linux@sha256:5ff2268d62e97bff2cde7d5815dd6ed5b47097566f13b8d0ca110b04b60e07ed" "/opt/rustwide/cargo-home/bin/cargo" "+1.69.0" "metadata" "--no-deps" "--format-version=1", kill_on_drop: false }`
[INFO] [stdout] 5ab0421693ab50750e1a6675699b8cfb51413977eae89f70288095f5b799c8ba
[INFO] running `Command { std: "docker" "start" "-a" "5ab0421693ab50750e1a6675699b8cfb51413977eae89f70288095f5b799c8ba", kill_on_drop: false }`
[INFO] running `Command { std: "docker" "inspect" "5ab0421693ab50750e1a6675699b8cfb51413977eae89f70288095f5b799c8ba", kill_on_drop: false }`
[INFO] running `Command { std: "docker" "rm" "-f" "5ab0421693ab50750e1a6675699b8cfb51413977eae89f70288095f5b799c8ba", kill_on_drop: false }`
[INFO] [stdout] 5ab0421693ab50750e1a6675699b8cfb51413977eae89f70288095f5b799c8ba
[INFO] running `Command { std: "docker" "create" "-v" "/var/lib/crater-agent-workspace/builds/worker-4-tc1/target:/opt/rustwide/target:rw,Z" "-v" "/var/lib/crater-agent-workspace/builds/worker-4-tc1/source:/opt/rustwide/workdir:ro,Z" "-v" "/var/lib/crater-agent-workspace/cargo-home:/opt/rustwide/cargo-home:ro,Z" "-v" "/var/lib/crater-agent-workspace/rustup-home:/opt/rustwide/rustup-home:ro,Z" "-e" "SOURCE_DIR=/opt/rustwide/workdir" "-e" "CARGO_TARGET_DIR=/opt/rustwide/target" "-e" "CARGO_INCREMENTAL=0" "-e" "RUST_BACKTRACE=full" "-e" "RUSTFLAGS=--cap-lints=warn" "-e" "RUSTDOCFLAGS=--cap-lints=warn" "-e" "CARGO_HOME=/opt/rustwide/cargo-home" "-e" "RUSTUP_HOME=/opt/rustwide/rustup-home" "-w" "/opt/rustwide/workdir" "-m" "1610612736" "--user" "0:0" "--network" "none" "ghcr.io/rust-lang/crates-build-env/linux@sha256:5ff2268d62e97bff2cde7d5815dd6ed5b47097566f13b8d0ca110b04b60e07ed" "/opt/rustwide/cargo-home/bin/cargo" "+1.69.0" "doc" "--frozen" "--no-deps" "--document-private-items" "--message-format=json", kill_on_drop: false }`
[INFO] [stdout] a3b1de5a1c7ea73d58dcae23b995deb711dc445b416f813f73394c3653738611
[INFO] running `Command { std: "docker" "start" "-a" "a3b1de5a1c7ea73d58dcae23b995deb711dc445b416f813f73394c3653738611", kill_on_drop: false }`
[INFO] [stderr]    Compiling libc v0.2.142
[INFO] [stderr]    Compiling syn v1.0.109
[INFO] [stderr]    Compiling memchr v2.5.0
[INFO] [stderr]    Compiling log v0.4.17
[INFO] [stderr]    Compiling semver-parser v0.7.0
[INFO] [stderr]     Checking byteorder v1.4.3
[INFO] [stderr]    Compiling value-bag v1.0.0-alpha.9
[INFO] [stderr]    Compiling autocfg v0.1.8
[INFO] [stderr]    Compiling maybe-uninit v2.0.0
[INFO] [stderr]    Compiling crossbeam-utils v0.7.2
[INFO] [stderr]     Checking rand_core v0.4.2
[INFO] [stderr]    Compiling proc-macro2 v0.4.30
[INFO] [stderr]    Compiling unicode-xid v0.1.0
[INFO] [stderr]    Compiling syn v0.15.44
[INFO] [stderr]    Compiling futures-core v0.3.28
[INFO] [stderr]     Checking unicode-bidi v0.3.13
[INFO] [stderr]    Compiling rand_pcg v0.1.2
[INFO] [stderr]    Compiling rand_chacha v0.1.1
[INFO] [stderr]     Checking rand_core v0.3.1
[INFO] [stderr]    Compiling semver v0.9.0
[INFO] [stderr]     Checking tokio-sync v0.1.8
[INFO] [stderr]    Compiling rand v0.6.5
[INFO] [stderr]    Compiling crossbeam-utils v0.8.15
[INFO] [stderr]     Checking rand_hc v0.1.0
[INFO] [stderr]     Checking rand_isaac v0.1.1
[INFO] [stderr]     Checking rand_xorshift v0.1.1
[INFO] [stderr]    Compiling rustc_version v0.2.3
[INFO] [stderr]     Checking rand_jitter v0.1.4
[INFO] [stderr]     Checking smallvec v0.6.14
[INFO] [stderr]    Compiling serde v1.0.160
[INFO] [stderr]    Compiling crunchy v0.2.2
[INFO] [stderr]     Checking linked-hash-map v0.5.6
[INFO] [stderr]    Compiling tiny-keccak v2.0.2
[INFO] [stderr]     Checking itoa v0.4.8
[INFO] [stderr]     Checking event-listener v2.5.3
[INFO] [stderr]     Checking waker-fn v1.1.0
[INFO] [stderr]    Compiling parking_lot_core v0.6.3
[INFO] [stderr]    Compiling parking_lot v0.9.0
[INFO] [stderr]     Checking matches v0.1.10
[INFO] [stderr]     Checking futures-io v0.3.28
[INFO] [stderr]     Checking parking v2.1.0
[INFO] [stderr]     Checking object v0.30.3
[INFO] [stderr]    Compiling io-lifetimes v1.0.10
[INFO] [stderr]     Checking percent-encoding v2.2.0
[INFO] [stderr]    Compiling quote v0.6.13
[INFO] [stderr]     Checking fastrand v1.9.0
[INFO] [stderr]     Checking form_urlencoded v1.1.0
[INFO] [stderr]     Checking concurrent-queue v2.2.0
[INFO] [stderr]     Checking tokio-executor v0.1.10
[INFO] [stderr]    Compiling aho-corasick v1.0.1
[INFO] [stderr]     Checking futures-lite v1.13.0
[INFO] [stderr]     Checking idna v0.1.5
[INFO] [stderr]     Checking async-lock v2.7.0
[INFO] [stderr]     Checking idna v0.3.0
[INFO] [stderr]     Checking tokio-timer v0.2.13
[INFO] [stderr]    Compiling polling v2.8.0
[INFO] [stderr]     Checking percent-encoding v1.0.1
[INFO] [stderr]     Checking match_cfg v0.1.0
[INFO] [stderr]    Compiling rustix v0.37.18
[INFO] [stderr]    Compiling once_cell v1.17.1
[INFO] [stderr]     Checking tokio-current-thread v0.1.7
[INFO] [stderr]    Compiling syn v2.0.15
[INFO] [stderr]     Checking url v1.7.2
[INFO] [stderr]    Compiling async-io v1.13.0
[INFO] [stderr]     Checking url v2.3.1
[INFO] [stderr]    Compiling indexmap v1.9.3
[INFO] [stderr]    Compiling num-integer v0.1.45
[INFO] [stderr]     Checking iovec v0.1.4
[INFO] [stderr]     Checking net2 v0.2.38
[INFO] [stderr]     Checking bytes v0.4.12
[INFO] [stderr]     Checking num_cpus v1.15.0
[INFO] [stderr]     Checking rand_os v0.1.3
[INFO] [stderr]     Checking regex v1.8.1
[INFO] [stderr]     Checking threadpool v1.8.1
[INFO] [stderr]    Compiling getrandom v0.2.9
[INFO] [stderr]     Checking socket2 v0.3.19
[INFO] [stderr]     Checking getrandom v0.1.16
[INFO] [stderr]     Checking hostname v0.3.1
[INFO] [stderr]     Checking sha1_smol v1.0.0
[INFO] [stderr]     Checking dtoa v0.4.8
[INFO] [stderr]     Checking async-task v4.4.0
[INFO] [stderr]    Compiling version_check v0.1.5
[INFO] [stderr]    Compiling const-random-macro v0.1.15
[INFO] [stderr]     Checking linux-raw-sys v0.3.6
[INFO] [stderr]     Checking quick-error v1.2.3
[INFO] [stderr]     Checking serde v0.8.23
[INFO] [stderr]     Checking resolv-conf v0.6.3
[INFO] [stderr]     Checking sha1 v0.6.1
[INFO] [stderr]     Checking rand_core v0.5.1
[INFO] [stderr]     Checking http v0.1.21
[INFO] [stderr]    Compiling nom v4.2.3
[INFO] [stderr]     Checking socket2 v0.4.9
[INFO] [stderr]     Checking async-channel v1.8.0
[INFO] [stderr]     Checking lru-cache v0.1.2
[INFO] [stderr]     Checking const-random v0.1.15
[INFO] [stderr]    Compiling parking_lot_core v0.5.0
[INFO] [stderr]    Compiling hashbrown v0.6.3
[INFO] [stderr]     Checking actix-service v0.4.2
[INFO] [stderr]     Checking hashbrown v0.12.3
[INFO] [stderr]     Checking bytes v0.5.6
[INFO] [stderr]    Compiling futures-task v0.3.28
[INFO] [stderr]     Checking copyless v0.1.5
[INFO] [stderr]     Checking pin-project-lite v0.1.12
[INFO] [stderr]     Checking either v1.8.1
[INFO] [stderr]     Checking atomic-waker v1.1.1
[INFO] [stderr]     Checking rand_chacha v0.2.2
[INFO] [stderr]     Checking ahash v0.2.19
[INFO] [stderr]     Checking async-executor v1.5.1
[INFO] [stderr]     Checking string v0.2.1
[INFO] [stderr]     Checking time v0.1.45
[INFO] [stderr]    Compiling parking_lot v0.8.0
[INFO] [stderr]     Checking num-traits v0.1.43
[INFO] [stderr]    Compiling unicode-segmentation v1.10.1
[INFO] [stderr]    Compiling futures-util v0.3.28
[INFO] [stderr]     Checking lazy_static v0.2.11
[INFO] [stderr]    Compiling async-trait v0.1.68
[INFO] [stderr]     Checking futures-sink v0.3.28
[INFO] [stderr]     Checking unicode-width v0.1.10
[INFO] [stderr]     Checking backtrace v0.3.67
[INFO] [stderr]     Checking serde_json v1.0.96
[INFO] [stderr]     Checking textwrap v0.11.0
[INFO] [stderr]     Checking toml v0.4.10
[INFO] [stderr]     Checking serde_urlencoded v0.6.1
[INFO] [stderr]     Checking chrono v0.4.24
[INFO] [stderr]     Checking serde_test v0.8.23
[INFO] [stderr]    Compiling heck v0.3.3
[INFO] [stderr]     Checking rand v0.7.3
[INFO] [stderr]    Compiling synstructure v0.12.6
[INFO] [stderr]     Checking linked-hash-map v0.3.0
[INFO] [stderr]     Checking atty v0.2.14
[INFO] [stderr]     Checking yaml-rust v0.4.5
[INFO] [stderr]     Checking base64 v0.10.1
[INFO] [stderr]     Checking serde-hjson v0.8.2
[INFO] [stderr]     Checking lock_api v0.2.0
[INFO] [stderr]     Checking encoding_rs v0.8.32
[INFO] [stderr]     Checking crossbeam-utils v0.6.6
[INFO] [stderr]     Checking mime v0.3.17
[INFO] [stderr]     Checking bytes v1.4.0
[INFO] [stderr]     Checking vec_map v0.8.2
[INFO] [stderr]     Checking language-tags v0.2.2
[INFO] [stderr]     Checking strsim v0.8.0
[INFO] [stderr]     Checking rust-ini v0.13.0
[INFO] [stderr]     Checking crossbeam-channel v0.3.9
[INFO] [stderr]     Checking rand v0.4.6
[INFO] [stderr]     Checking clap v2.34.0
[INFO] [stderr]     Checking signal-hook-registry v1.4.1
[INFO] [stderr]     Checking hashbrown v0.3.1
[INFO] [stderr]     Checking config v0.9.3
[INFO] [stderr]     Checking uuid v0.7.4
[INFO] [stderr]     Checking histogram v0.6.9
[INFO] [stderr]     Checking minreq v1.4.1
[INFO] [stderr]     Checking rand v0.3.23
[INFO] [stderr]    Compiling ctor v0.1.26
[INFO] [stderr]    Compiling failure_derive v0.1.8
[INFO] [stderr]    Compiling enum-as-inner v0.2.1
[INFO] [stderr]    Compiling derive_more v0.15.0
[INFO] [stderr]    Compiling structopt-derive v0.2.18
[INFO] [stderr]    Compiling actix_derive v0.4.0
[INFO] [stderr]    Compiling derive_more v0.14.1
[INFO] [stderr]    Compiling serde_derive v1.0.160
[INFO] [stderr]     Checking failure v0.1.8
[INFO] [stderr]     Checking structopt v0.2.18
[INFO] [stderr]     Checking mio v0.6.23
[INFO] [stderr]     Checking tokio-io v0.1.13
[INFO] [stderr]     Checking blocking v1.3.1
[INFO] [stderr]     Checking kv-log-macro v1.0.7
[INFO] [stderr]     Checking tokio-codec v0.1.2
[INFO] [stderr]     Checking h2 v0.1.26
[INFO] [stderr]     Checking actix-codec v0.1.2
[INFO] [stderr]     Checking async-global-executor v2.3.1
[INFO] [stderr]     Checking tokio-reactor v0.1.12
[INFO] [stderr]     Checking mio-uds v0.6.8
[INFO] [stderr]     Checking actix-utils v0.4.7
[INFO] [stderr]     Checking async-std v1.12.0
[INFO] [stderr]     Checking tokio v0.2.25
[INFO] [stderr]     Checking tokio-tcp v0.1.4
[INFO] [stderr]     Checking tokio-udp v0.1.6
[INFO] [stderr]     Checking tokio-signal v0.2.9
[INFO] [stderr]     Checking actix-threadpool v0.1.2
[INFO] [stderr]     Checking actix-server-config v0.1.2
[INFO] [stderr]     Checking trust-dns-proto v0.7.4
[INFO] [stderr]     Checking actix-rt v0.2.6
[INFO] [stderr]     Checking tempest-source v0.1.1
[INFO] [stderr]     Checking trust-dns-resolver v0.11.1
[INFO] [stderr]     Checking actix-connect v0.2.5
[INFO] [stderr]     Checking tokio-util v0.3.1
[INFO] [stderr]     Checking combine v4.6.6
[INFO] [stderr]     Checking actix-http v0.2.11
[INFO] [stderr]     Checking actix v0.8.3
[INFO] [stderr]     Checking tempest v0.1.1
[INFO] [stderr]     Checking redis v0.16.0
[INFO] [stdout] error[E0412]: cannot find type `BoxFuture` in module `futures_util::future`
[INFO] [stdout]    --> /opt/rustwide/cargo-home/registry/src/github.com-1ecc6299db9ec823/redis-0.16.0/src/types.rs:452:53
[INFO] [stdout]     |
[INFO] [stdout] 452 | pub type RedisFuture<'a, T> = futures_util::future::BoxFuture<'a, RedisResult<T>>;
[INFO] [stdout]     |                                                     ^^^^^^^^^ help: a trait with a similar name exists: `Future`
[INFO] [stdout]    --> /rustc/84c898d65adf2f39a5a98507f1fe0ce10a2b8dbc/library/core/src/future/future.rs:37:1
[INFO] [stdout]     |
[INFO] [stdout]     = note: similarly named trait `Future` defined here
[INFO] [stdout] 
[INFO] [stdout] 
[INFO] [stdout] error[E0599]: no method named `boxed` found for `async` block `[async block@/opt/rustwide/cargo-home/registry/src/github.com-1ecc6299db9ec823/redis-0.16.0/src/aio.rs:447:10: 455:10]` in the current scope
[INFO] [stdout]    --> /opt/rustwide/cargo-home/registry/src/github.com-1ecc6299db9ec823/redis-0.16.0/src/aio.rs:456:10
[INFO] [stdout]     |
[INFO] [stdout] 447 | /         (async move {
[INFO] [stdout] 448 | |             if self.pubsub {
[INFO] [stdout] 449 | |                 self.exit_pubsub().await?;
[INFO] [stdout] 450 | |             }
[INFO] [stdout] ...   |
[INFO] [stdout] 455 | |         })
[INFO] [stdout] 456 | |         .boxed()
[INFO] [stdout]     | |         -^^^^^ method not found in `[async block@/opt/rustwide/cargo-home/registry/src/github.com-1ecc6299db9ec823/redis-0.16.0/src/aio.rs:447:10: 455:10]`
[INFO] [stdout]     | |_________|
[INFO] [stdout]     | 
[INFO] [stdout]     |
[INFO] [stdout]    ::: /opt/rustwide/cargo-home/registry/src/github.com-1ecc6299db9ec823/futures-lite-1.13.0/src/future.rs:770:8
[INFO] [stdout]     |
[INFO] [stdout] 770 |       fn boxed<'a>(self) -> Pin<Box<dyn Future<Output = Self::Output> + Send + 'a>>
[INFO] [stdout]     |          ----- the method is available for `[async block@/opt/rustwide/cargo-home/registry/src/github.com-1ecc6299db9ec823/redis-0.16.0/src/aio.rs:447:10: 455:10]` here
[INFO] [stdout]     |
[INFO] [stdout]     = help: items from traits can only be used if the trait is in scope
[INFO] [stdout] help: the following trait is implemented but not in scope; perhaps add a `use` for it:
[INFO] [stdout]     |
[INFO] [stdout] 2   | use futures_lite::future::FutureExt;
[INFO] [stdout]     |
[INFO] [stdout] 
[INFO] [stdout] 
[INFO] [stdout] error[E0599]: no method named `boxed` found for `async` block `[async block@/opt/rustwide/cargo-home/registry/src/github.com-1ecc6299db9ec823/redis-0.16.0/src/aio.rs:465:10: 484:10]` in the current scope
[INFO] [stdout]    --> /opt/rustwide/cargo-home/registry/src/github.com-1ecc6299db9ec823/redis-0.16.0/src/aio.rs:485:10
[INFO] [stdout]     |
[INFO] [stdout] 465 | /         (async move {
[INFO] [stdout] 466 | |             if self.pubsub {
[INFO] [stdout] 467 | |                 self.exit_pubsub().await?;
[INFO] [stdout] 468 | |             }
[INFO] [stdout] ...   |
[INFO] [stdout] 484 | |         })
[INFO] [stdout] 485 | |         .boxed()
[INFO] [stdout]     | |         -^^^^^ method not found in `[async block@/opt/rustwide/cargo-home/registry/src/github.com-1ecc6299db9ec823/redis-0.16.0/src/aio.rs:465:10: 484:10]`
[INFO] [stdout]     | |_________|
[INFO] [stdout]     | 
[INFO] [stdout]     |
[INFO] [stdout]    ::: /opt/rustwide/cargo-home/registry/src/github.com-1ecc6299db9ec823/futures-lite-1.13.0/src/future.rs:770:8
[INFO] [stdout]     |
[INFO] [stdout] 770 |       fn boxed<'a>(self) -> Pin<Box<dyn Future<Output = Self::Output> + Send + 'a>>
[INFO] [stdout]     |          ----- the method is available for `[async block@/opt/rustwide/cargo-home/registry/src/github.com-1ecc6299db9ec823/redis-0.16.0/src/aio.rs:465:10: 484:10]` here
[INFO] [stdout]     |
[INFO] [stdout]     = help: items from traits can only be used if the trait is in scope
[INFO] [stdout] help: the following trait is implemented but not in scope; perhaps add a `use` for it:
[INFO] [stdout]     |
[INFO] [stdout] 2   | use futures_lite::future::FutureExt;
[INFO] [stdout]     |
[INFO] [stdout] 
[INFO] [stdout] 
[INFO] [stdout] error[E0599]: no method named `boxed` found for `async` block `[async block@/opt/rustwide/cargo-home/registry/src/github.com-1ecc6299db9ec823/redis-0.16.0/src/aio.rs:808:10: 819:10]` in the current scope
[INFO] [stdout]    --> /opt/rustwide/cargo-home/registry/src/github.com-1ecc6299db9ec823/redis-0.16.0/src/aio.rs:820:10
[INFO] [stdout]     |
[INFO] [stdout] 808 | /         (async move {
[INFO] [stdout] 809 | |             let value = self
[INFO] [stdout] 810 | |                 .pipeline
[INFO] [stdout] 811 | |                 .send(cmd.get_packed_command())
[INFO] [stdout] ...   |
[INFO] [stdout] 819 | |         })
[INFO] [stdout] 820 | |         .boxed()
[INFO] [stdout]     | |         -^^^^^ method not found in `[async block@/opt/rustwide/cargo-home/registry/src/github.com-1ecc6299db9ec823/redis-0.16.0/src/aio.rs:808:10: 819:10]`
[INFO] [stdout]     | |_________|
[INFO] [stdout]     | 
[INFO] [stdout]     |
[INFO] [stdout]    ::: /opt/rustwide/cargo-home/registry/src/github.com-1ecc6299db9ec823/futures-lite-1.13.0/src/future.rs:770:8
[INFO] [stdout]     |
[INFO] [stdout] 770 |       fn boxed<'a>(self) -> Pin<Box<dyn Future<Output = Self::Output> + Send + 'a>>
[INFO] [stdout]     |          ----- the method is available for `[async block@/opt/rustwide/cargo-home/registry/src/github.com-1ecc6299db9ec823/redis-0.16.0/src/aio.rs:808:10: 819:10]` here
[INFO] [stdout]     |
[INFO] [stdout]     = help: items from traits can only be used if the trait is in scope
[INFO] [stdout] help: the following trait is implemented but not in scope; perhaps add a `use` for it:
[INFO] [stdout]     |
[INFO] [stdout] 2   | use futures_lite::future::FutureExt;
[INFO] [stdout]     |
[INFO] [stdout] 
[INFO] [stdout] 
[INFO] [stdout] error[E0599]: no method named `boxed` found for `async` block `[async block@/opt/rustwide/cargo-home/registry/src/github.com-1ecc6299db9ec823/redis-0.16.0/src/aio.rs:829:10: 842:10]` in the current scope
[INFO] [stdout]    --> /opt/rustwide/cargo-home/registry/src/github.com-1ecc6299db9ec823/redis-0.16.0/src/aio.rs:843:10
[INFO] [stdout]     |
[INFO] [stdout] 829 | /         (async move {
[INFO] [stdout] 830 | |             let mut value = self
[INFO] [stdout] 831 | |                 .pipeline
[INFO] [stdout] 832 | |                 .send_recv_multiple(cmd.get_packed_pipeline(), offset + count)
[INFO] [stdout] ...   |
[INFO] [stdout] 842 | |         })
[INFO] [stdout] 843 | |         .boxed()
[INFO] [stdout]     | |         -^^^^^ method not found in `[async block@/opt/rustwide/cargo-home/registry/src/github.com-1ecc6299db9ec823/redis-0.16.0/src/aio.rs:829:10: 842:10]`
[INFO] [stdout]     | |_________|
[INFO] [stdout]     | 
[INFO] [stdout]     |
[INFO] [stdout]    ::: /opt/rustwide/cargo-home/registry/src/github.com-1ecc6299db9ec823/futures-lite-1.13.0/src/future.rs:770:8
[INFO] [stdout]     |
[INFO] [stdout] 770 |       fn boxed<'a>(self) -> Pin<Box<dyn Future<Output = Self::Output> + Send + 'a>>
[INFO] [stdout]     |          ----- the method is available for `[async block@/opt/rustwide/cargo-home/registry/src/github.com-1ecc6299db9ec823/redis-0.16.0/src/aio.rs:829:10: 842:10]` here
[INFO] [stdout]     |
[INFO] [stdout]     = help: items from traits can only be used if the trait is in scope
[INFO] [stdout] help: the following trait is implemented but not in scope; perhaps add a `use` for it:
[INFO] [stdout]     |
[INFO] [stdout] 2   | use futures_lite::future::FutureExt;
[INFO] [stdout]     |
[INFO] [stdout] 
[INFO] [stdout] 
[INFO] [stdout] error: aborting due to 5 previous errors
[INFO] [stdout] 
[INFO] [stdout] 
[INFO] [stdout] Some errors have detailed explanations: E0412, E0599.
[INFO] [stdout] 
[INFO] [stdout] For more information about an error, try `rustc --explain E0412`.
[INFO] [stdout] 
[INFO] [stderr] error: could not compile `redis` due to 6 previous errors; 7 warnings emitted
[INFO] running `Command { std: "docker" "inspect" "a3b1de5a1c7ea73d58dcae23b995deb711dc445b416f813f73394c3653738611", kill_on_drop: false }`
[INFO] running `Command { std: "docker" "rm" "-f" "a3b1de5a1c7ea73d58dcae23b995deb711dc445b416f813f73394c3653738611", kill_on_drop: false }`
[INFO] [stdout] a3b1de5a1c7ea73d58dcae23b995deb711dc445b416f813f73394c3653738611
