[INFO] fetching crate tarpc-bincode-transport 0.7.0...
[INFO] documenting tarpc-bincode-transport-0.7.0 against 1.69.0 for beta-1.70-rustdoc-1
[INFO] extracting crate tarpc-bincode-transport 0.7.0 into /workspace/builds/worker-6-tc1/source
[INFO] validating manifest of crates.io crate tarpc-bincode-transport 0.7.0 on toolchain 1.69.0
[INFO] running `Command { std: CARGO_HOME="/workspace/cargo-home" RUSTUP_HOME="/workspace/rustup-home" "/workspace/cargo-home/bin/cargo" "+1.69.0" "metadata" "--manifest-path" "Cargo.toml" "--no-deps", kill_on_drop: false }`
[INFO] started tweaking crates.io crate tarpc-bincode-transport 0.7.0
[INFO] finished tweaking crates.io crate tarpc-bincode-transport 0.7.0
[INFO] tweaked toml for crates.io crate tarpc-bincode-transport 0.7.0 written to /workspace/builds/worker-6-tc1/source/Cargo.toml
[INFO] running `Command { std: CARGO_HOME="/workspace/cargo-home" RUSTUP_HOME="/workspace/rustup-home" __CARGO_TEST_CHANNEL_OVERRIDE_DO_NOT_USE_THIS="nightly" "/workspace/cargo-home/bin/cargo" "+1.69.0" "generate-lockfile" "--manifest-path" "Cargo.toml" "-Zno-index-update", kill_on_drop: false }`
[INFO] [stderr]     Blocking waiting for file lock on package cache
[INFO] running `Command { std: CARGO_HOME="/workspace/cargo-home" RUSTUP_HOME="/workspace/rustup-home" "/workspace/cargo-home/bin/cargo" "+1.69.0" "fetch" "--manifest-path" "Cargo.toml", kill_on_drop: false }`
[INFO] [stderr]  Downloading crates ...
[INFO] [stderr]   Downloaded tokio-serde v0.3.0
[INFO] [stderr]   Downloaded async-bincode v0.4.9
[INFO] [stderr]   Downloaded libtest v0.0.1
[INFO] [stderr]   Downloaded rustc_term v0.0.1
[INFO] [stderr]   Downloaded tarpc-trace v0.2.0
[INFO] [stderr]   Downloaded tarpc-lib v0.6.1
[INFO] running `Command { std: "docker" "create" "-v" "/var/lib/crater-agent-workspace/builds/worker-6-tc1/target:/opt/rustwide/target:rw,Z" "-v" "/var/lib/crater-agent-workspace/builds/worker-6-tc1/source:/opt/rustwide/workdir:ro,Z" "-v" "/var/lib/crater-agent-workspace/cargo-home:/opt/rustwide/cargo-home:ro,Z" "-v" "/var/lib/crater-agent-workspace/rustup-home:/opt/rustwide/rustup-home:ro,Z" "-e" "SOURCE_DIR=/opt/rustwide/workdir" "-e" "CARGO_TARGET_DIR=/opt/rustwide/target" "-e" "CARGO_HOME=/opt/rustwide/cargo-home" "-e" "RUSTUP_HOME=/opt/rustwide/rustup-home" "-w" "/opt/rustwide/workdir" "-m" "1610612736" "--user" "0:0" "--network" "none" "ghcr.io/rust-lang/crates-build-env/linux@sha256:5ff2268d62e97bff2cde7d5815dd6ed5b47097566f13b8d0ca110b04b60e07ed" "/opt/rustwide/cargo-home/bin/cargo" "+1.69.0" "metadata" "--no-deps" "--format-version=1", kill_on_drop: false }`
[INFO] [stdout] 8edab272c1fd592e7ad796cb6cb79ab16b42339d9c0220b5fbdf09039c391fb2
[INFO] running `Command { std: "docker" "start" "-a" "8edab272c1fd592e7ad796cb6cb79ab16b42339d9c0220b5fbdf09039c391fb2", kill_on_drop: false }`
[INFO] running `Command { std: "docker" "inspect" "8edab272c1fd592e7ad796cb6cb79ab16b42339d9c0220b5fbdf09039c391fb2", kill_on_drop: false }`
[INFO] running `Command { std: "docker" "rm" "-f" "8edab272c1fd592e7ad796cb6cb79ab16b42339d9c0220b5fbdf09039c391fb2", kill_on_drop: false }`
[INFO] [stdout] 8edab272c1fd592e7ad796cb6cb79ab16b42339d9c0220b5fbdf09039c391fb2
[INFO] running `Command { std: "docker" "create" "-v" "/var/lib/crater-agent-workspace/builds/worker-6-tc1/target:/opt/rustwide/target:rw,Z" "-v" "/var/lib/crater-agent-workspace/builds/worker-6-tc1/source:/opt/rustwide/workdir:ro,Z" "-v" "/var/lib/crater-agent-workspace/cargo-home:/opt/rustwide/cargo-home:ro,Z" "-v" "/var/lib/crater-agent-workspace/rustup-home:/opt/rustwide/rustup-home:ro,Z" "-e" "SOURCE_DIR=/opt/rustwide/workdir" "-e" "CARGO_TARGET_DIR=/opt/rustwide/target" "-e" "CARGO_INCREMENTAL=0" "-e" "RUST_BACKTRACE=full" "-e" "RUSTFLAGS=--cap-lints=warn" "-e" "RUSTDOCFLAGS=--cap-lints=warn" "-e" "CARGO_HOME=/opt/rustwide/cargo-home" "-e" "RUSTUP_HOME=/opt/rustwide/rustup-home" "-w" "/opt/rustwide/workdir" "-m" "1610612736" "--user" "0:0" "--network" "none" "ghcr.io/rust-lang/crates-build-env/linux@sha256:5ff2268d62e97bff2cde7d5815dd6ed5b47097566f13b8d0ca110b04b60e07ed" "/opt/rustwide/cargo-home/bin/cargo" "+1.69.0" "doc" "--frozen" "--no-deps" "--document-private-items" "--message-format=json", kill_on_drop: false }`
[INFO] [stdout] 6378832623cf3e8ca0e2b5f75cdfeb6361db4fd325abbdc6ad9d8d3c25fc9c71
[INFO] running `Command { std: "docker" "start" "-a" "6378832623cf3e8ca0e2b5f75cdfeb6361db4fd325abbdc6ad9d8d3c25fc9c71", kill_on_drop: false }`
[INFO] [stderr]     Checking futures-sink-preview v0.3.0-alpha.19
[INFO] [stderr]     Checking futures-core-preview v0.3.0-alpha.19
[INFO] [stderr]     Checking futures-io-preview v0.3.0-alpha.19
[INFO] [stderr]     Checking rand_chacha v0.1.1
[INFO] [stderr]     Checking rand_os v0.1.3
[INFO] [stderr]     Checking serde v1.0.160
[INFO] [stderr]     Checking tokio v0.1.22
[INFO] [stderr]     Checking rand v0.6.5
[INFO] [stderr]     Checking futures-channel-preview v0.3.0-alpha.19
[INFO] [stderr]     Checking futures-util-preview v0.3.0-alpha.19
[INFO] [stderr]     Checking futures-executor-preview v0.3.0-alpha.19
[INFO] [stderr]     Checking futures-preview v0.3.0-alpha.19
[INFO] [stderr]     Checking bincode v1.3.3
[INFO] [stderr]     Checking tarpc-trace v0.2.0
[INFO] [stderr]     Checking tarpc-lib v0.6.1
[INFO] [stdout] error[E0432]: unresolved import `futures::try_ready`
[INFO] [stdout]   --> /opt/rustwide/cargo-home/registry/src/github.com-1ecc6299db9ec823/tarpc-lib-0.6.1/src/server/mod.rs:21:5
[INFO] [stdout]    |
[INFO] [stdout] 21 |     try_ready,
[INFO] [stdout]    |     ^^^^^^^^^ no `try_ready` in the root
[INFO] [stdout] 
[INFO] [stdout] 
[INFO] [stdout] error[E0432]: unresolved import `std::option::NoneError`
[INFO] [stdout]   --> /opt/rustwide/cargo-home/registry/src/github.com-1ecc6299db9ec823/tarpc-lib-0.6.1/src/server/filter.rs:28:5
[INFO] [stdout]    |
[INFO] [stdout] 28 |     option::NoneError,
[INFO] [stdout]    |     ^^^^^^^^^^^^^^^^^ no `NoneError` in `option`
[INFO] [stdout] 
[INFO] [stdout] 
[INFO] [stdout] error: cannot determine resolution for the macro `try_ready`
[INFO] [stdout]    --> /opt/rustwide/cargo-home/registry/src/github.com-1ecc6299db9ec823/tarpc-lib-0.6.1/src/server/mod.rs:337:17
[INFO] [stdout]     |
[INFO] [stdout] 337 |                 try_ready!(self.as_mut().channel().poll_flush(cx));
[INFO] [stdout]     |                 ^^^^^^^^^
[INFO] [stdout]     |
[INFO] [stdout]     = note: import resolution is stuck, try simplifying macro imports
[INFO] [stdout] 
[INFO] [stdout] 
[INFO] [stdout] error[E0437]: type `Ok` is not a member of trait `Try`
[INFO] [stdout]   --> /opt/rustwide/cargo-home/registry/src/github.com-1ecc6299db9ec823/tarpc-lib-0.6.1/src/server/filter.rs:53:5
[INFO] [stdout]    |
[INFO] [stdout] 53 |     type Ok = Channel<Req, Resp, C>;
[INFO] [stdout]    |     ^^^^^^^^^^^^^^^^^^^^^^^^^^^^^^^^ not a member of trait `Try`
[INFO] [stdout] 
[INFO] [stdout] 
[INFO] [stdout] error[E0437]: type `Error` is not a member of trait `Try`
[INFO] [stdout]   --> /opt/rustwide/cargo-home/registry/src/github.com-1ecc6299db9ec823/tarpc-lib-0.6.1/src/server/filter.rs:54:5
[INFO] [stdout]    |
[INFO] [stdout] 54 |     type Error = NoneError;
[INFO] [stdout]    |     ^^^^^^^^^^^^^^^^^^^^^^^ not a member of trait `Try`
[INFO] [stdout] 
[INFO] [stdout] 
[INFO] [stdout] error[E0407]: method `into_result` is not a member of trait `Try`
[INFO] [stdout]   --> /opt/rustwide/cargo-home/registry/src/github.com-1ecc6299db9ec823/tarpc-lib-0.6.1/src/server/filter.rs:56:5
[INFO] [stdout]    |
[INFO] [stdout] 56 | /     fn into_result(self) -> Result<Channel<Req, Resp, C>, NoneError> {
[INFO] [stdout] 57 | |         match self {
[INFO] [stdout] 58 | |             NewConnection::Filtered => Err(NoneError),
[INFO] [stdout] 59 | |             NewConnection::Accepted(channel) => Ok(channel),
[INFO] [stdout] 60 | |         }
[INFO] [stdout] 61 | |     }
[INFO] [stdout]    | |_____^ not a member of trait `Try`
[INFO] [stdout] 
[INFO] [stdout] 
[INFO] [stdout] error[E0407]: method `from_error` is not a member of trait `Try`
[INFO] [stdout]   --> /opt/rustwide/cargo-home/registry/src/github.com-1ecc6299db9ec823/tarpc-lib-0.6.1/src/server/filter.rs:63:5
[INFO] [stdout]    |
[INFO] [stdout] 63 | /     fn from_error(_: NoneError) -> Self {
[INFO] [stdout] 64 | |         NewConnection::Filtered
[INFO] [stdout] 65 | |     }
[INFO] [stdout]    | |_____^ not a member of trait `Try`
[INFO] [stdout] 
[INFO] [stdout] 
[INFO] [stdout] error[E0407]: method `from_ok` is not a member of trait `Try`
[INFO] [stdout]   --> /opt/rustwide/cargo-home/registry/src/github.com-1ecc6299db9ec823/tarpc-lib-0.6.1/src/server/filter.rs:67:5
[INFO] [stdout]    |
[INFO] [stdout] 67 | /     fn from_ok(channel: Channel<Req, Resp, C>) -> Self {
[INFO] [stdout] 68 | |         NewConnection::Accepted(channel)
[INFO] [stdout] 69 | |     }
[INFO] [stdout]    | |_____^ not a member of trait `Try`
[INFO] [stdout] 
[INFO] [stdout] 
[INFO] [stdout] error[E0437]: type `SinkError` is not a member of trait `Sink`
[INFO] [stdout]   --> /opt/rustwide/cargo-home/registry/src/github.com-1ecc6299db9ec823/tarpc-lib-0.6.1/src/transport/channel.rs:54:5
[INFO] [stdout]    |
[INFO] [stdout] 54 |     type SinkError = io::Error;
[INFO] [stdout]    |     ^^^^^^^^^^^^^^^^^^^^^^^^^^^ not a member of trait `Sink`
[INFO] [stdout] 
[INFO] [stdout] 
[INFO] [stdout] error[E0437]: type `SinkError` is not a member of trait `Sink`
[INFO] [stdout]   --> /opt/rustwide/cargo-home/registry/src/github.com-1ecc6299db9ec823/tarpc-lib-0.6.1/src/transport/mod.rs:86:5
[INFO] [stdout]    |
[INFO] [stdout] 86 |     type SinkError = S::SinkError;
[INFO] [stdout]    |     ^^^^^^^^^^^^^^^^^^^^^^^^^^^^^^ not a member of trait `Sink`
[INFO] [stdout] 
[INFO] [stdout] 
[INFO] [stdout] error[E0554]: `#![feature]` may not be used on the stable release channel
[INFO] [stdout]   --> /opt/rustwide/cargo-home/registry/src/github.com-1ecc6299db9ec823/tarpc-lib-0.6.1/src/lib.rs:7:1
[INFO] [stdout]    |
[INFO] [stdout] 7  | / #![feature(
[INFO] [stdout] 8  | |     non_exhaustive,
[INFO] [stdout] 9  | |     integer_atomics,
[INFO] [stdout] 10 | |     try_trait,
[INFO] [stdout] 11 | |     arbitrary_self_types,
[INFO] [stdout] 12 | |     async_await
[INFO] [stdout] 13 | | )]
[INFO] [stdout]    | |__^
[INFO] [stdout]    |
[INFO] [stdout]    = help: the feature `async_await` has been stable since `1.39.0` and no longer requires an attribute to enable
[INFO] [stdout]    = help: the feature `async_await` has been stable since `1.39.0` and no longer requires an attribute to enable
[INFO] [stdout] 
[INFO] [stdout] 
[INFO] [stdout] error[E0658]: async closures are unstable
[INFO] [stdout]    --> /opt/rustwide/cargo-home/registry/src/github.com-1ecc6299db9ec823/tarpc-lib-0.6.1/src/server/mod.rs:488:13
[INFO] [stdout]     |
[INFO] [stdout] 488 |             async move |result| {
[INFO] [stdout]     |             ^^^^^
[INFO] [stdout]     |
[INFO] [stdout]     = note: see issue #62290 <https://github.com/rust-lang/rust/issues/62290> for more information
[INFO] [stdout]     = help: to use an async block, remove the `||`: `async {`
[INFO] [stdout] 
[INFO] [stdout] 
[INFO] [stdout] error[E0658]: use of unstable library feature 'try_trait_v2'
[INFO] [stdout]   --> /opt/rustwide/cargo-home/registry/src/github.com-1ecc6299db9ec823/tarpc-lib-0.6.1/src/server/filter.rs:27:5
[INFO] [stdout]    |
[INFO] [stdout] 27 |     ops::Try,
[INFO] [stdout]    |     ^^^^^^^^
[INFO] [stdout]    |
[INFO] [stdout]    = note: see issue #84277 <https://github.com/rust-lang/rust/issues/84277> for more information
[INFO] [stdout] 
[INFO] [stdout] 
[INFO] [stdout] error[E0658]: use of unstable library feature 'try_trait_v2'
[INFO] [stdout]   --> /opt/rustwide/cargo-home/registry/src/github.com-1ecc6299db9ec823/tarpc-lib-0.6.1/src/server/filter.rs:52:20
[INFO] [stdout]    |
[INFO] [stdout] 52 | impl<Req, Resp, C> Try for NewConnection<Req, Resp, C> {
[INFO] [stdout]    |                    ^^^
[INFO] [stdout]    |
[INFO] [stdout]    = note: see issue #84277 <https://github.com/rust-lang/rust/issues/84277> for more information
[INFO] [stdout] 
[INFO] [stdout] 
[INFO] [stdout] error[E0554]: `#![feature]` may not be used on the stable release channel
[INFO] [stdout]  --> /opt/rustwide/cargo-home/registry/src/github.com-1ecc6299db9ec823/tarpc-lib-0.6.1/src/lib.rs:9:5
[INFO] [stdout]   |
[INFO] [stdout] 9 |     integer_atomics,
[INFO] [stdout]   |     ^^^^^^^^^^^^^^^
[INFO] [stdout] 
[INFO] [stdout] 
[INFO] [stdout] error[E0554]: `#![feature]` may not be used on the stable release channel
[INFO] [stdout]   --> /opt/rustwide/cargo-home/registry/src/github.com-1ecc6299db9ec823/tarpc-lib-0.6.1/src/lib.rs:10:5
[INFO] [stdout]    |
[INFO] [stdout] 10 |     try_trait,
[INFO] [stdout]    |     ^^^^^^^^^
[INFO] [stdout] 
[INFO] [stdout] 
[INFO] [stdout] error[E0635]: unknown feature `try_trait`
[INFO] [stdout]   --> /opt/rustwide/cargo-home/registry/src/github.com-1ecc6299db9ec823/tarpc-lib-0.6.1/src/lib.rs:10:5
[INFO] [stdout]    |
[INFO] [stdout] 10 |     try_trait,
[INFO] [stdout]    |     ^^^^^^^^^
[INFO] [stdout] 
[INFO] [stdout] 
[INFO] [stdout] error[E0220]: associated type `SinkError` not found for `futures::Sink<<Self as Transport>::SinkItem>`
[INFO] [stdout]   --> /opt/rustwide/cargo-home/registry/src/github.com-1ecc6299db9ec823/tarpc-lib-0.6.1/src/transport/mod.rs:27:47
[INFO] [stdout]    |
[INFO] [stdout] 27 |     Self: Sink<<Self as Transport>::SinkItem, SinkError = io::Error>,
[INFO] [stdout]    |                                               ^^^^^^^^^ there is a similarly named associated type `SinkError` in the trait `futures::sink::Sink`
[INFO] [stdout] 
[INFO] [stdout] 
[INFO] [stdout] error[E0220]: associated type `SinkError` not found for `futures::Sink<SinkItem>`
[INFO] [stdout]   --> /opt/rustwide/cargo-home/registry/src/github.com-1ecc6299db9ec823/tarpc-lib-0.6.1/src/transport/mod.rs:48:23
[INFO] [stdout]    |
[INFO] [stdout] 48 |     S: Sink<SinkItem, SinkError = io::Error>,
[INFO] [stdout]    |                       ^^^^^^^^^ there is a similarly named associated type `SinkError` in the trait `futures::sink::Sink`
[INFO] [stdout] 
[INFO] [stdout] 
[INFO] [stdout] error[E0220]: associated type `SinkError` not found for `futures::Sink<SinkItem>`
[INFO] [stdout]    --> /opt/rustwide/cargo-home/registry/src/github.com-1ecc6299db9ec823/tarpc-lib-0.6.1/src/transport/mod.rs:109:26
[INFO] [stdout]     |
[INFO] [stdout] 109 |     Self: Sink<SinkItem, SinkError = io::Error>,
[INFO] [stdout]     |                          ^^^^^^^^^ there is a similarly named associated type `SinkError` in the trait `futures::sink::Sink`
[INFO] [stdout] 
[INFO] [stdout] 
[INFO] [stdout] error[E0220]: associated type `SinkError` not found for `S`
[INFO] [stdout]   --> /opt/rustwide/cargo-home/registry/src/github.com-1ecc6299db9ec823/tarpc-lib-0.6.1/src/transport/mod.rs:86:25
[INFO] [stdout]    |
[INFO] [stdout] 86 |     type SinkError = S::SinkError;
[INFO] [stdout]    |                         ^^^^^^^^^ there is a similarly named associated type `SinkError` in the trait `futures::sink::Sink`
[INFO] [stdout] 
[INFO] [stdout] 
[INFO] [stdout] error[E0220]: associated type `SinkError` not found for `S`
[INFO] [stdout]   --> /opt/rustwide/cargo-home/registry/src/github.com-1ecc6299db9ec823/tarpc-lib-0.6.1/src/transport/mod.rs:88:70
[INFO] [stdout]    |
[INFO] [stdout] 88 |     fn start_send(self: Pin<&mut Self>, item: Item) -> Result<(), S::SinkError> {
[INFO] [stdout]    |                                                                      ^^^^^^^^^ there is a similarly named associated type `SinkError` in the trait `futures::sink::Sink`
[INFO] [stdout] 
[INFO] [stdout] 
[INFO] [stdout] error[E0220]: associated type `SinkError` not found for `S`
[INFO] [stdout]   --> /opt/rustwide/cargo-home/registry/src/github.com-1ecc6299db9ec823/tarpc-lib-0.6.1/src/transport/mod.rs:92:85
[INFO] [stdout]    |
[INFO] [stdout] 92 |     fn poll_ready(self: Pin<&mut Self>, cx: &mut Context<'_>) -> Poll<Result<(), S::SinkError>> {
[INFO] [stdout]    |                                                                                     ^^^^^^^^^ there is a similarly named associated type `SinkError` in the trait `futures::sink::Sink`
[INFO] [stdout] 
[INFO] [stdout] 
[INFO] [stdout] error[E0220]: associated type `SinkError` not found for `S`
[INFO] [stdout]   --> /opt/rustwide/cargo-home/registry/src/github.com-1ecc6299db9ec823/tarpc-lib-0.6.1/src/transport/mod.rs:96:85
[INFO] [stdout]    |
[INFO] [stdout] 96 |     fn poll_flush(self: Pin<&mut Self>, cx: &mut Context<'_>) -> Poll<Result<(), S::SinkError>> {
[INFO] [stdout]    |                                                                                     ^^^^^^^^^ there is a similarly named associated type `SinkError` in the trait `futures::sink::Sink`
[INFO] [stdout] 
[INFO] [stdout] 
[INFO] [stdout] error[E0220]: associated type `SinkError` not found for `S`
[INFO] [stdout]    --> /opt/rustwide/cargo-home/registry/src/github.com-1ecc6299db9ec823/tarpc-lib-0.6.1/src/transport/mod.rs:100:85
[INFO] [stdout]     |
[INFO] [stdout] 100 |     fn poll_close(self: Pin<&mut Self>, cx: &mut Context<'_>) -> Poll<Result<(), S::SinkError>> {
[INFO] [stdout]     |                                                                                     ^^^^^^^^^ there is a similarly named associated type `SinkError` in the trait `futures::sink::Sink`
[INFO] [stdout] 
[INFO] [stdout] 
[INFO] [stdout] error[E0220]: associated type `SinkError` not found for `Self`
[INFO] [stdout]   --> /opt/rustwide/cargo-home/registry/src/github.com-1ecc6299db9ec823/tarpc-lib-0.6.1/src/transport/channel.rs:68:88
[INFO] [stdout]    |
[INFO] [stdout] 68 |     fn poll_flush(self: Pin<&mut Self>, cx: &mut Context<'_>) -> Poll<Result<(), Self::SinkError>> {
[INFO] [stdout]    |                                                                                        ^^^^^^^^^ there is a similarly named associated type `SinkError` in the trait `futures::sink::Sink`
[INFO] [stdout] 
[INFO] [stdout] 
[INFO] [stdout] error: aborting due to 26 previous errors
[INFO] [stdout] 
[INFO] [stdout] 
[INFO] [stdout] Some errors have detailed explanations: E0220, E0407, E0432, E0437, E0554, E0635, E0658.
[INFO] [stdout] 
[INFO] [stdout] For more information about an error, try `rustc --explain E0220`.
[INFO] [stdout] 
[INFO] [stderr] error: could not compile `tarpc-lib` due to 27 previous errors
[INFO] [stderr] warning: build failed, waiting for other jobs to finish...
[INFO] running `Command { std: "docker" "inspect" "6378832623cf3e8ca0e2b5f75cdfeb6361db4fd325abbdc6ad9d8d3c25fc9c71", kill_on_drop: false }`
[INFO] running `Command { std: "docker" "rm" "-f" "6378832623cf3e8ca0e2b5f75cdfeb6361db4fd325abbdc6ad9d8d3c25fc9c71", kill_on_drop: false }`
[INFO] [stdout] 6378832623cf3e8ca0e2b5f75cdfeb6361db4fd325abbdc6ad9d8d3c25fc9c71
