[INFO] fetching crate tarpaulin 0.1.0...
[INFO] documenting tarpaulin-0.1.0 against 1.69.0 for beta-1.70-rustdoc-1
[INFO] extracting crate tarpaulin 0.1.0 into /workspace/builds/worker-0-tc1/source
[INFO] validating manifest of crates.io crate tarpaulin 0.1.0 on toolchain 1.69.0
[INFO] running `Command { std: CARGO_HOME="/workspace/cargo-home" RUSTUP_HOME="/workspace/rustup-home" "/workspace/cargo-home/bin/cargo" "+1.69.0" "metadata" "--manifest-path" "Cargo.toml" "--no-deps", kill_on_drop: false }`
[INFO] started tweaking crates.io crate tarpaulin 0.1.0
[INFO] finished tweaking crates.io crate tarpaulin 0.1.0
[INFO] tweaked toml for crates.io crate tarpaulin 0.1.0 written to /workspace/builds/worker-0-tc1/source/Cargo.toml
[INFO] running `Command { std: CARGO_HOME="/workspace/cargo-home" RUSTUP_HOME="/workspace/rustup-home" __CARGO_TEST_CHANNEL_OVERRIDE_DO_NOT_USE_THIS="nightly" "/workspace/cargo-home/bin/cargo" "+1.69.0" "generate-lockfile" "--manifest-path" "Cargo.toml" "-Zno-index-update", kill_on_drop: false }`
[INFO] running `Command { std: CARGO_HOME="/workspace/cargo-home" RUSTUP_HOME="/workspace/rustup-home" "/workspace/cargo-home/bin/cargo" "+1.69.0" "fetch" "--manifest-path" "Cargo.toml", kill_on_drop: false }`
[INFO] [stderr]  Downloading crates ...
[INFO] [stderr]   Downloaded thread-pool v0.1.1
[INFO] [stderr]   Downloaded bincode v0.8.0
[INFO] [stderr]   Downloaded itertools v0.6.5
[INFO] [stderr]   Downloaded two-lock-queue v0.1.1
[INFO] [stderr]   Downloaded tarpc v0.9.0
[INFO] [stderr]   Downloaded tarpc-plugins v0.2.0
[INFO] running `Command { std: "docker" "create" "-v" "/var/lib/crater-agent-workspace/builds/worker-0-tc1/target:/opt/rustwide/target:rw,Z" "-v" "/var/lib/crater-agent-workspace/builds/worker-0-tc1/source:/opt/rustwide/workdir:ro,Z" "-v" "/var/lib/crater-agent-workspace/cargo-home:/opt/rustwide/cargo-home:ro,Z" "-v" "/var/lib/crater-agent-workspace/rustup-home:/opt/rustwide/rustup-home:ro,Z" "-e" "SOURCE_DIR=/opt/rustwide/workdir" "-e" "CARGO_TARGET_DIR=/opt/rustwide/target" "-e" "CARGO_HOME=/opt/rustwide/cargo-home" "-e" "RUSTUP_HOME=/opt/rustwide/rustup-home" "-w" "/opt/rustwide/workdir" "-m" "1610612736" "--user" "0:0" "--network" "none" "ghcr.io/rust-lang/crates-build-env/linux@sha256:5ff2268d62e97bff2cde7d5815dd6ed5b47097566f13b8d0ca110b04b60e07ed" "/opt/rustwide/cargo-home/bin/cargo" "+1.69.0" "metadata" "--no-deps" "--format-version=1", kill_on_drop: false }`
[INFO] [stdout] e2f4dafea4519cda74dcd61ce1ea9c777efd93f4a1b16a1b392bf4983aa2ecad
[INFO] running `Command { std: "docker" "start" "-a" "e2f4dafea4519cda74dcd61ce1ea9c777efd93f4a1b16a1b392bf4983aa2ecad", kill_on_drop: false }`
[INFO] running `Command { std: "docker" "inspect" "e2f4dafea4519cda74dcd61ce1ea9c777efd93f4a1b16a1b392bf4983aa2ecad", kill_on_drop: false }`
[INFO] running `Command { std: "docker" "rm" "-f" "e2f4dafea4519cda74dcd61ce1ea9c777efd93f4a1b16a1b392bf4983aa2ecad", kill_on_drop: false }`
[INFO] [stdout] e2f4dafea4519cda74dcd61ce1ea9c777efd93f4a1b16a1b392bf4983aa2ecad
[INFO] running `Command { std: "docker" "create" "-v" "/var/lib/crater-agent-workspace/builds/worker-0-tc1/target:/opt/rustwide/target:rw,Z" "-v" "/var/lib/crater-agent-workspace/builds/worker-0-tc1/source:/opt/rustwide/workdir:ro,Z" "-v" "/var/lib/crater-agent-workspace/cargo-home:/opt/rustwide/cargo-home:ro,Z" "-v" "/var/lib/crater-agent-workspace/rustup-home:/opt/rustwide/rustup-home:ro,Z" "-e" "SOURCE_DIR=/opt/rustwide/workdir" "-e" "CARGO_TARGET_DIR=/opt/rustwide/target" "-e" "CARGO_INCREMENTAL=0" "-e" "RUST_BACKTRACE=full" "-e" "RUSTFLAGS=--cap-lints=warn" "-e" "RUSTDOCFLAGS=--cap-lints=warn" "-e" "CARGO_HOME=/opt/rustwide/cargo-home" "-e" "RUSTUP_HOME=/opt/rustwide/rustup-home" "-w" "/opt/rustwide/workdir" "-m" "1610612736" "--user" "0:0" "--network" "none" "ghcr.io/rust-lang/crates-build-env/linux@sha256:5ff2268d62e97bff2cde7d5815dd6ed5b47097566f13b8d0ca110b04b60e07ed" "/opt/rustwide/cargo-home/bin/cargo" "+1.69.0" "doc" "--frozen" "--no-deps" "--document-private-items" "--message-format=json", kill_on_drop: false }`
[INFO] [stdout] 7365ded9af9c97a883fea3758f09e5b1d60e191961532eb054c01b4285232a62
[INFO] running `Command { std: "docker" "start" "-a" "7365ded9af9c97a883fea3758f09e5b1d60e191961532eb054c01b4285232a62", kill_on_drop: false }`
[INFO] [stderr]     Checking tokio-sync v0.1.8
[INFO] [stderr]    Compiling serde v1.0.160
[INFO] [stderr]    Compiling either v1.8.1
[INFO] [stderr]     Checking iovec v0.1.4
[INFO] [stderr]     Checking tokio-executor v0.1.10
[INFO] [stderr]     Checking net2 v0.2.38
[INFO] [stderr]     Checking crossbeam-queue v0.2.3
[INFO] [stderr]     Checking rand v0.4.6
[INFO] [stderr]    Compiling parking_lot_core v0.6.3
[INFO] [stderr]    Compiling parking_lot v0.9.0
[INFO] [stderr]     Checking scoped-tls v0.1.2
[INFO] [stderr]     Checking num-traits v0.1.43
[INFO] [stderr]     Checking tokio-service v0.1.0
[INFO] [stderr]     Checking take v0.1.0
[INFO] [stderr]     Checking slab v0.3.0
[INFO] [stderr]     Checking two-lock-queue v0.1.1
[INFO] [stderr]     Checking smallvec v0.2.1
[INFO] [stderr]     Checking lazy_static v0.2.11
[INFO] [stderr]     Checking bytes v0.4.12
[INFO] [stderr]    Compiling itertools v0.6.5
[INFO] [stderr]     Checking tokio-timer v0.2.13
[INFO] [stderr]     Checking tokio-threadpool v0.1.18
[INFO] [stderr]     Checking tokio-current-thread v0.1.7
[INFO] [stderr]     Checking mio v0.6.23
[INFO] [stderr]     Checking thread-pool v0.1.1
[INFO] [stderr]     Checking tokio-io v0.1.13
[INFO] [stderr]     Checking rand v0.3.23
[INFO] [stderr]     Checking mio-uds v0.6.8
[INFO] [stderr]     Checking tokio-reactor v0.1.12
[INFO] [stderr]     Checking tokio-codec v0.1.2
[INFO] [stderr]     Checking tokio-fs v0.1.7
[INFO] [stderr]    Compiling tarpc-plugins v0.2.0
[INFO] [stdout] error[E0557]: feature has been removed
[INFO] [stdout]  --> /opt/rustwide/cargo-home/registry/src/github.com-1ecc6299db9ec823/tarpc-plugins-0.2.0/src/lib.rs:1:12
[INFO] [stdout]   |
[INFO] [stdout] 1 | #![feature(plugin_registrar, rustc_private)]
[INFO] [stdout]   |            ^^^^^^^^^^^^^^^^ feature has been removed
[INFO] [stdout]   |
[INFO] [stdout]   = note: a __rustc_plugin_registrar symbol must now be defined instead
[INFO] [stdout] 
[INFO] [stdout] 
[INFO] [stdout] error[E0463]: can't find crate for `rustc_plugin`
[INFO] [stdout]  --> /opt/rustwide/cargo-home/registry/src/github.com-1ecc6299db9ec823/tarpc-plugins-0.2.0/src/lib.rs:4:1
[INFO] [stdout]   |
[INFO] [stdout] 4 | extern crate rustc_plugin;
[INFO] [stdout]   | ^^^^^^^^^^^^^^^^^^^^^^^^^^ can't find crate
[INFO] [stdout]   |
[INFO] [stdout]   = help: maybe you need to install the missing components with: `rustup component add rust-src rustc-dev llvm-tools-preview`
[INFO] [stdout] 
[INFO] [stdout] 
[INFO] [stdout] error[E0463]: can't find crate for `syntax`
[INFO] [stdout]  --> /opt/rustwide/cargo-home/registry/src/github.com-1ecc6299db9ec823/tarpc-plugins-0.2.0/src/lib.rs:5:1
[INFO] [stdout]   |
[INFO] [stdout] 5 | extern crate syntax;
[INFO] [stdout]   | ^^^^^^^^^^^^^^^^^^^^ can't find crate
[INFO] [stdout] 
[INFO] [stdout] 
[INFO] [stdout] error: cannot find attribute `plugin_registrar` in this scope
[INFO] [stdout]    --> /opt/rustwide/cargo-home/registry/src/github.com-1ecc6299db9ec823/tarpc-plugins-0.2.0/src/lib.rs:192:3
[INFO] [stdout]     |
[INFO] [stdout] 192 | #[plugin_registrar]
[INFO] [stdout]     |   ^^^^^^^^^^^^^^^^
[INFO] [stdout]     |
[INFO] [stdout]     = note: `plugin_registrar` is in scope, but it is a function, not an attribute
[INFO] [stdout] 
[INFO] [stdout] 
[INFO] [stdout] error[E0554]: `#![feature]` may not be used on the stable release channel
[INFO] [stdout]  --> /opt/rustwide/cargo-home/registry/src/github.com-1ecc6299db9ec823/tarpc-plugins-0.2.0/src/lib.rs:1:1
[INFO] [stdout]   |
[INFO] [stdout] 1 | #![feature(plugin_registrar, rustc_private)]
[INFO] [stdout]   | ^^^^^^^^^^^^^^^^^^^^^^^^^^^^^^^^^^^^^^^^^^^^
[INFO] [stdout] 
[INFO] [stdout] 
[INFO] [stdout] error: aborting due to 5 previous errors
[INFO] [stdout] 
[INFO] [stdout] 
[INFO] [stdout] Some errors have detailed explanations: E0463, E0554, E0557.
[INFO] [stdout] 
[INFO] [stdout] For more information about an error, try `rustc --explain E0463`.
[INFO] [stdout] 
[INFO] [stderr] error: could not compile `tarpc-plugins` due to 6 previous errors
[INFO] [stderr] warning: build failed, waiting for other jobs to finish...
[INFO] running `Command { std: "docker" "inspect" "7365ded9af9c97a883fea3758f09e5b1d60e191961532eb054c01b4285232a62", kill_on_drop: false }`
[INFO] running `Command { std: "docker" "rm" "-f" "7365ded9af9c97a883fea3758f09e5b1d60e191961532eb054c01b4285232a62", kill_on_drop: false }`
[INFO] [stdout] 7365ded9af9c97a883fea3758f09e5b1d60e191961532eb054c01b4285232a62
