[INFO] fetching crate tari_wallet_ffi 0.16.15...
[INFO] documenting tari_wallet_ffi-0.16.15 against 1.69.0 for beta-1.70-rustdoc-1
[INFO] extracting crate tari_wallet_ffi 0.16.15 into /workspace/builds/worker-4-tc1/source
[INFO] validating manifest of crates.io crate tari_wallet_ffi 0.16.15 on toolchain 1.69.0
[INFO] running `Command { std: CARGO_HOME="/workspace/cargo-home" RUSTUP_HOME="/workspace/rustup-home" "/workspace/cargo-home/bin/cargo" "+1.69.0" "metadata" "--manifest-path" "Cargo.toml" "--no-deps", kill_on_drop: false }`
[INFO] started tweaking crates.io crate tari_wallet_ffi 0.16.15
[INFO] finished tweaking crates.io crate tari_wallet_ffi 0.16.15
[INFO] tweaked toml for crates.io crate tari_wallet_ffi 0.16.15 written to /workspace/builds/worker-4-tc1/source/Cargo.toml
[INFO] running `Command { std: CARGO_HOME="/workspace/cargo-home" RUSTUP_HOME="/workspace/rustup-home" __CARGO_TEST_CHANNEL_OVERRIDE_DO_NOT_USE_THIS="nightly" "/workspace/cargo-home/bin/cargo" "+1.69.0" "generate-lockfile" "--manifest-path" "Cargo.toml" "-Zno-index-update", kill_on_drop: false }`
[INFO] running `Command { std: CARGO_HOME="/workspace/cargo-home" RUSTUP_HOME="/workspace/rustup-home" "/workspace/cargo-home/bin/cargo" "+1.69.0" "fetch" "--manifest-path" "Cargo.toml", kill_on_drop: false }`
[INFO] [stderr]  Downloading crates ...
[INFO] [stderr]   Downloaded tari_comms_rpc_macros v0.8.1
[INFO] [stderr]   Downloaded bitstring v0.1.2
[INFO] [stderr]   Downloaded parity-multiaddr v0.11.0
[INFO] [stderr]   Downloaded tower-retry v0.3.0
[INFO] [stderr]   Downloaded chacha20-poly1305-aead v0.1.2
[INFO] [stderr]   Downloaded cidr v0.1.1
[INFO] [stderr]   Downloaded newtype-ops v0.1.4
[INFO] [stderr]   Downloaded tower-load v0.3.0
[INFO] [stderr]   Downloaded tower-make v0.3.0
[INFO] [stderr]   Downloaded tower-discover v0.3.0
[INFO] [stderr]   Downloaded tower-load-shed v0.3.0
[INFO] [stderr]   Downloaded tower-timeout v0.3.0
[INFO] [stderr]   Downloaded tari_storage v0.8.1
[INFO] [stderr]   Downloaded tari_common_types v0.8.1
[INFO] [stderr]   Downloaded fs2 v0.3.0
[INFO] [stderr]   Downloaded tari_shutdown v0.8.1
[INFO] [stderr]   Downloaded tower v0.3.1
[INFO] [stderr]   Downloaded strum v0.19.5
[INFO] [stderr]   Downloaded tower-buffer v0.3.0
[INFO] [stderr]   Downloaded k12 v0.1.0
[INFO] [stderr]   Downloaded futures-test v0.3.28
[INFO] [stderr]   Downloaded tower-limit v0.3.1
[INFO] [stderr]   Downloaded tari_service_framework v0.8.1
[INFO] [stderr]   Downloaded bigdecimal v0.1.2
[INFO] [stderr]   Downloaded tari_utilities v0.3.0
[INFO] [stderr]   Downloaded tari_key_manager v0.8.1
[INFO] [stderr]   Downloaded yamux v0.4.7
[INFO] [stderr]   Downloaded config v0.9.3
[INFO] [stderr]   Downloaded tari_p2p v0.8.1
[INFO] [stderr]   Downloaded tari_common v0.8.1
[INFO] [stderr]   Downloaded tari_test_utils v0.8.1
[INFO] [stderr]   Downloaded trust-dns-client v0.19.7
[INFO] [stderr]   Downloaded tari_wallet v0.8.1
[INFO] [stderr]   Downloaded tari_comms_dht v0.8.1
[INFO] [stderr]   Downloaded cbindgen v0.17.0
[INFO] [stderr]   Downloaded tari_crypto v0.8.3
[INFO] [stderr]   Downloaded tari_comms v0.8.1
[INFO] [stderr]   Downloaded tari_bulletproofs v2.1.0
[INFO] [stderr]   Downloaded tari_core v0.8.1
[INFO] running `Command { std: "docker" "create" "-v" "/var/lib/crater-agent-workspace/builds/worker-4-tc1/target:/opt/rustwide/target:rw,Z" "-v" "/var/lib/crater-agent-workspace/builds/worker-4-tc1/source:/opt/rustwide/workdir:ro,Z" "-v" "/var/lib/crater-agent-workspace/cargo-home:/opt/rustwide/cargo-home:ro,Z" "-v" "/var/lib/crater-agent-workspace/rustup-home:/opt/rustwide/rustup-home:ro,Z" "-e" "SOURCE_DIR=/opt/rustwide/workdir" "-e" "CARGO_TARGET_DIR=/opt/rustwide/target" "-e" "CARGO_HOME=/opt/rustwide/cargo-home" "-e" "RUSTUP_HOME=/opt/rustwide/rustup-home" "-w" "/opt/rustwide/workdir" "-m" "1610612736" "--user" "0:0" "--network" "none" "ghcr.io/rust-lang/crates-build-env/linux@sha256:5ff2268d62e97bff2cde7d5815dd6ed5b47097566f13b8d0ca110b04b60e07ed" "/opt/rustwide/cargo-home/bin/cargo" "+1.69.0" "metadata" "--no-deps" "--format-version=1", kill_on_drop: false }`
[INFO] [stdout] 00707d4de8cd3f0d9c6f4efd14cd89b0501d1aac6c6178417df63b487d325b2a
[INFO] running `Command { std: "docker" "start" "-a" "00707d4de8cd3f0d9c6f4efd14cd89b0501d1aac6c6178417df63b487d325b2a", kill_on_drop: false }`
[INFO] running `Command { std: "docker" "inspect" "00707d4de8cd3f0d9c6f4efd14cd89b0501d1aac6c6178417df63b487d325b2a", kill_on_drop: false }`
[INFO] running `Command { std: "docker" "rm" "-f" "00707d4de8cd3f0d9c6f4efd14cd89b0501d1aac6c6178417df63b487d325b2a", kill_on_drop: false }`
[INFO] [stdout] 00707d4de8cd3f0d9c6f4efd14cd89b0501d1aac6c6178417df63b487d325b2a
[INFO] running `Command { std: "docker" "create" "-v" "/var/lib/crater-agent-workspace/builds/worker-4-tc1/target:/opt/rustwide/target:rw,Z" "-v" "/var/lib/crater-agent-workspace/builds/worker-4-tc1/source:/opt/rustwide/workdir:ro,Z" "-v" "/var/lib/crater-agent-workspace/cargo-home:/opt/rustwide/cargo-home:ro,Z" "-v" "/var/lib/crater-agent-workspace/rustup-home:/opt/rustwide/rustup-home:ro,Z" "-e" "SOURCE_DIR=/opt/rustwide/workdir" "-e" "CARGO_TARGET_DIR=/opt/rustwide/target" "-e" "CARGO_INCREMENTAL=0" "-e" "RUST_BACKTRACE=full" "-e" "RUSTFLAGS=--cap-lints=warn" "-e" "RUSTDOCFLAGS=--cap-lints=warn" "-e" "CARGO_HOME=/opt/rustwide/cargo-home" "-e" "RUSTUP_HOME=/opt/rustwide/rustup-home" "-w" "/opt/rustwide/workdir" "-m" "1610612736" "--user" "0:0" "--network" "none" "ghcr.io/rust-lang/crates-build-env/linux@sha256:5ff2268d62e97bff2cde7d5815dd6ed5b47097566f13b8d0ca110b04b60e07ed" "/opt/rustwide/cargo-home/bin/cargo" "+1.69.0" "doc" "--frozen" "--no-deps" "--document-private-items" "--message-format=json", kill_on_drop: false }`
[INFO] [stdout] e5cd7a323749fa6a45fbf0f33ceae3a6d9f64bd040ff75c5f9c63318d813f980
[INFO] running `Command { std: "docker" "start" "-a" "e5cd7a323749fa6a45fbf0f33ceae3a6d9f64bd040ff75c5f9c63318d813f980", kill_on_drop: false }`
[INFO] [stderr]     Blocking waiting for file lock on package cache
[INFO] [stderr]     Blocking waiting for file lock on package cache
[INFO] [stderr]    Compiling log v0.4.17
[INFO] [stderr]    Compiling syn v2.0.15
[INFO] [stderr]    Compiling syn v1.0.109
[INFO] [stderr]    Compiling memchr v2.5.0
[INFO] [stderr]    Compiling num-integer v0.1.45
[INFO] [stderr]    Compiling byteorder v1.4.3
[INFO] [stderr]    Compiling num-traits v0.2.15
[INFO] [stderr]    Compiling indexmap v1.9.3
[INFO] [stderr]    Compiling rustix v0.37.18
[INFO] [stderr]    Compiling clear_on_drop v0.2.4
[INFO] [stderr]    Compiling futures-channel v0.3.28
[INFO] [stderr]    Compiling pin-project-internal v0.4.30
[INFO] [stderr]    Compiling iovec v0.1.4
[INFO] [stderr]    Compiling futures-util v0.3.28
[INFO] [stderr]    Compiling generic-array v0.12.4
[INFO] [stderr]    Compiling time v0.1.45
[INFO] [stderr]    Compiling atty v0.2.14
[INFO] [stderr]    Compiling either v1.8.1
[INFO] [stderr]    Compiling gcc v0.3.55
[INFO] [stderr]    Compiling clap v2.34.0
[INFO] [stderr]    Compiling itertools v0.8.2
[INFO] [stderr]    Compiling digest v0.8.1
[INFO] [stderr]    Compiling anyhow v1.0.71
[INFO] [stderr]    Compiling libm v0.1.4
[INFO] [stderr]    Compiling byte-tools v0.3.1
[INFO] [stderr]    Compiling liblmdb-sys v0.2.2
[INFO] [stderr]    Compiling toml_edit v0.19.8
[INFO] [stderr]    Compiling nom v4.2.3
[INFO] [stderr]    Compiling block-padding v0.1.5
[INFO] [stderr]    Compiling packed_simd_2 v0.3.8
[INFO] [stderr]    Compiling opaque-debug v0.2.3
[INFO] [stderr]    Compiling block-buffer v0.7.3
[INFO] [stderr]    Compiling which v3.1.1
[INFO] [stderr]    Compiling tempfile v3.5.0
[INFO] [stderr]    Compiling prost-build v0.6.1
[INFO] [stderr]    Compiling proc-macro-crate v1.3.1
[INFO] [stderr]     Checking net2 v0.2.38
[INFO] [stderr]    Compiling linked-hash-map v0.5.6
[INFO] [stderr]    Compiling arrayref v0.3.7
[INFO] [stderr]    Compiling serde v0.8.23
[INFO] [stderr]    Compiling yaml-rust v0.4.5
[INFO] [stderr]    Compiling rmp v0.8.11
[INFO] [stderr]    Compiling aho-corasick v1.0.1
[INFO] [stderr]    Compiling proc-macro-error v1.0.4
[INFO] [stderr]    Compiling synstructure v0.12.6
[INFO] [stderr]    Compiling base64 v0.10.1
[INFO] [stderr]    Compiling fake-simd v0.1.2
[INFO] [stderr]    Compiling serde_test v0.8.23
[INFO] [stderr]    Compiling newtype-ops v0.1.4
[INFO] [stderr]    Compiling traitobject v0.1.0
[INFO] [stderr]    Compiling sha2 v0.8.2
[INFO] [stderr]    Compiling unsafe-any v0.4.2
[INFO] [stderr]    Compiling linked-hash-map v0.3.0
[INFO] [stderr]    Compiling regex v1.8.1
[INFO] [stderr]    Compiling ordered-float v1.1.1
[INFO] [stderr]    Compiling num-traits v0.1.43
[INFO] [stderr]     Checking pin-project-lite v0.1.12
[INFO] [stderr]    Compiling static_assertions v1.1.0
[INFO] [stderr]    Compiling unsigned-varint v0.5.1
[INFO] [stderr]    Compiling fixedbitset v0.2.0
[INFO] [stderr]     Checking futures v0.1.31
[INFO] [stderr]    Compiling supercow v0.1.0
[INFO] [stderr]    Compiling lazy_static v0.2.11
[INFO] [stderr]     Checking subtle v2.4.1
[INFO] [stderr]    Compiling petgraph v0.5.1
[INFO] [stderr]    Compiling flate2 v1.0.26
[INFO] [stderr]    Compiling lmdb-zero v0.4.4
[INFO] [stderr]    Compiling typemap v0.3.3
[INFO] [stderr]    Compiling bytes v0.4.12
[INFO] [stderr]    Compiling serde_derive v1.0.160
[INFO] [stderr]    Compiling thiserror-impl v1.0.40
[INFO] [stderr]    Compiling futures-macro v0.3.28
[INFO] [stderr]    Compiling zeroize_derive v1.4.2
[INFO] [stderr]    Compiling serde-hjson v0.8.2
[INFO] [stderr]    Compiling thread-id v3.3.0
[INFO] [stderr]    Compiling dirs-sys-next v0.1.2
[INFO] [stderr]    Compiling prost-derive v0.6.1
[INFO] [stderr]    Compiling multihash-derive v0.7.2
[INFO] [stderr]    Compiling structopt-derive v0.4.18
[INFO] [stderr]    Compiling data-encoding v2.3.3
[INFO] [stderr]    Compiling thiserror v1.0.40
[INFO] [stderr]    Compiling arc-swap v0.3.11
[INFO] [stderr]    Compiling rust-ini v0.13.0
[INFO] [stderr]    Compiling multihash v0.13.2
[INFO] [stderr]    Compiling antidote v1.0.0
[INFO] [stderr]    Compiling unsigned-varint v0.6.0
[INFO] [stderr]    Compiling c_linked_list v1.1.1
[INFO] [stderr]    Compiling log-mdc v0.1.0
[INFO] [stderr]    Compiling multimap v0.8.3
[INFO] [stderr]    Compiling get_if_addrs v0.5.3
[INFO] [stderr]    Compiling dirs-next v1.0.2
[INFO] [stderr]    Compiling structopt v0.3.26
[INFO] [stderr]    Compiling path-clean v0.1.0
[INFO] [stderr]    Compiling pin-project v0.4.30
[INFO] [stderr]    Compiling num-bigint v0.2.6
[INFO] [stderr]    Compiling cbindgen v0.17.0
[INFO] [stderr]    Compiling futures-sink v0.3.28
[INFO] [stderr]    Compiling num_cpus v1.15.0
[INFO] [stderr]    Compiling arrayvec v0.4.12
[INFO] [stderr]     Checking zeroize v1.6.0
[INFO] [stderr]    Compiling tracing-attributes v0.1.24
[INFO] [stderr]    Compiling libsqlite3-sys v0.22.2
[INFO] [stderr]    Compiling futures-io v0.3.28
[INFO] [stderr]     Checking futures-executor v0.3.28
[INFO] [stderr]     Checking futures v0.3.28
[INFO] [stderr]    Compiling tower-layer v0.3.2
[INFO] [stderr]    Compiling serde v1.0.160
[INFO] [stderr]    Compiling keccak v0.1.3
[INFO] [stderr]    Compiling snow v0.6.2
[INFO] [stdout] error[E0554]: `#![feature]` may not be used on the stable release channel
[INFO] [stdout]    --> /opt/rustwide/cargo-home/registry/src/github.com-1ecc6299db9ec823/packed_simd_2-0.3.8/src/lib.rs:214:1
[INFO] [stdout]     |
[INFO] [stdout] 214 | / #![feature(
[INFO] [stdout] 215 | |     adt_const_params,
[INFO] [stdout] 216 | |     repr_simd,
[INFO] [stdout] 217 | |     rustc_attrs,
[INFO] [stdout] ...   |
[INFO] [stdout] 224 | |     custom_inner_attributes,
[INFO] [stdout] 225 | | )]
[INFO] [stdout]     | |__^
[INFO] [stdout] 
[INFO] [stdout] 
[INFO] [stderr]    Compiling diesel_derives v1.4.1
[INFO] [stderr]    Compiling nom v5.1.3
[INFO] [stderr]     Checking subtle v1.0.0
[INFO] [stderr]     Checking crypto-mac v0.7.0
[INFO] [stdout] error[E0554]: `#![feature]` may not be used on the stable release channel
[INFO] [stdout]    --> /opt/rustwide/cargo-home/registry/src/github.com-1ecc6299db9ec823/packed_simd_2-0.3.8/src/lib.rs:214:1
[INFO] [stdout]     |
[INFO] [stdout] 214 | / #![feature(
[INFO] [stdout] 215 | |     adt_const_params,
[INFO] [stdout] 216 | |     repr_simd,
[INFO] [stdout] 217 | |     rustc_attrs,
[INFO] [stdout] ...   |
[INFO] [stdout] 224 | |     custom_inner_attributes,
[INFO] [stdout] 225 | | )]
[INFO] [stdout]     | |__^
[INFO] [stdout] 
[INFO] [stdout] 
[INFO] [stderr]    Compiling async-trait v0.1.68
[INFO] [stdout] error[E0554]: `#![feature]` may not be used on the stable release channel
[INFO] [stdout]    --> /opt/rustwide/cargo-home/registry/src/github.com-1ecc6299db9ec823/packed_simd_2-0.3.8/src/lib.rs:219:5
[INFO] [stdout]     |
[INFO] [stdout] 219 |     stdsimd,
[INFO] [stdout]     |     ^^^^^^^
[INFO] [stdout] 
[INFO] [stdout] 
[INFO] [stdout] error[E0554]: `#![feature]` may not be used on the stable release channel
[INFO] [stdout]    --> /opt/rustwide/cargo-home/registry/src/github.com-1ecc6299db9ec823/packed_simd_2-0.3.8/src/lib.rs:222:5
[INFO] [stdout]     |
[INFO] [stdout] 222 |     core_intrinsics,
[INFO] [stdout]     |     ^^^^^^^^^^^^^^^
[INFO] [stdout] 
[INFO] [stdout] 
[INFO] [stderr]     Checking sha3 v0.8.2
[INFO] [stderr]     Checking merlin v2.0.1
[INFO] [stdout] error[E0554]: `#![feature]` may not be used on the stable release channel
[INFO] [stdout]    --> /opt/rustwide/cargo-home/registry/src/github.com-1ecc6299db9ec823/packed_simd_2-0.3.8/src/lib.rs:219:5
[INFO] [stdout]     |
[INFO] [stdout] 219 |     stdsimd,
[INFO] [stdout]     |     ^^^^^^^
[INFO] [stdout] 
[INFO] [stdout] 
[INFO] [stdout] error[E0554]: `#![feature]` may not be used on the stable release channel
[INFO] [stdout]    --> /opt/rustwide/cargo-home/registry/src/github.com-1ecc6299db9ec823/packed_simd_2-0.3.8/src/lib.rs:222:5
[INFO] [stdout]     |
[INFO] [stdout] 222 |     core_intrinsics,
[INFO] [stdout]     |     ^^^^^^^^^^^^^^^
[INFO] [stdout] 
[INFO] [stdout] 
[INFO] [stderr]     Checking bytes v0.5.6
[INFO] [stderr]     Checking mio v0.6.23
[INFO] [stderr]    Compiling serde_json v1.0.96
[INFO] [stderr]    Compiling chrono v0.4.24
[INFO] [stderr]    Compiling bincode v1.3.3
[INFO] [stderr]    Compiling prost v0.6.1
[INFO] [stderr]     Checking mio-uds v0.6.8
[INFO] [stderr]    Compiling rmp-serde v0.13.7
[INFO] [stderr]     Checking tokio v0.2.25
[INFO] [stderr]    Compiling tari_utilities v0.3.0
[INFO] [stderr]    Compiling prost-types v0.6.1
[INFO] [stderr]    Compiling toml v0.4.10
[INFO] [stderr]    Compiling serde-value v0.5.3
[INFO] [stderr]    Compiling serde_yaml v0.8.26
[INFO] [stderr]    Compiling config v0.9.3
[INFO] [stdout] error: aborting due to 3 previous errors
[INFO] [stdout] 
[INFO] [stdout] 
[INFO] [stdout] For more information about this error, try `rustc --explain E0554`.
[INFO] [stdout] 
[INFO] [stderr] error: could not compile `packed_simd_2` due to 4 previous errors
[INFO] [stderr] warning: build failed, waiting for other jobs to finish...
[INFO] [stdout] error: aborting due to 3 previous errors
[INFO] [stdout] 
[INFO] [stdout] 
[INFO] [stdout] For more information about this error, try `rustc --explain E0554`.
[INFO] [stdout] 
[INFO] [stderr] error: could not compile `packed_simd_2` due to 4 previous errors
[INFO] running `Command { std: "docker" "inspect" "e5cd7a323749fa6a45fbf0f33ceae3a6d9f64bd040ff75c5f9c63318d813f980", kill_on_drop: false }`
[INFO] running `Command { std: "docker" "rm" "-f" "e5cd7a323749fa6a45fbf0f33ceae3a6d9f64bd040ff75c5f9c63318d813f980", kill_on_drop: false }`
[INFO] [stdout] e5cd7a323749fa6a45fbf0f33ceae3a6d9f64bd040ff75c5f9c63318d813f980
