[INFO] fetching crate tari_core 0.8.1...
[INFO] documenting tari_core-0.8.1 against 1.69.0 for beta-1.70-rustdoc-1
[INFO] extracting crate tari_core 0.8.1 into /workspace/builds/worker-0-tc1/source
[INFO] validating manifest of crates.io crate tari_core 0.8.1 on toolchain 1.69.0
[INFO] running `Command { std: CARGO_HOME="/workspace/cargo-home" RUSTUP_HOME="/workspace/rustup-home" "/workspace/cargo-home/bin/cargo" "+1.69.0" "metadata" "--manifest-path" "Cargo.toml" "--no-deps", kill_on_drop: false }`
[INFO] started tweaking crates.io crate tari_core 0.8.1
[INFO] finished tweaking crates.io crate tari_core 0.8.1
[INFO] tweaked toml for crates.io crate tari_core 0.8.1 written to /workspace/builds/worker-0-tc1/source/Cargo.toml
[INFO] running `Command { std: CARGO_HOME="/workspace/cargo-home" RUSTUP_HOME="/workspace/rustup-home" __CARGO_TEST_CHANNEL_OVERRIDE_DO_NOT_USE_THIS="nightly" "/workspace/cargo-home/bin/cargo" "+1.69.0" "generate-lockfile" "--manifest-path" "Cargo.toml" "-Zno-index-update", kill_on_drop: false }`
[INFO] running `Command { std: CARGO_HOME="/workspace/cargo-home" RUSTUP_HOME="/workspace/rustup-home" "/workspace/cargo-home/bin/cargo" "+1.69.0" "fetch" "--manifest-path" "Cargo.toml", kill_on_drop: false }`
[INFO] [stderr]     Blocking waiting for file lock on package cache
[INFO] [stderr]  Downloading crates ...
[INFO] [stderr]   Downloaded tari_comms_rpc_macros v0.8.1
[INFO] [stderr]   Downloaded tari_storage v0.8.1
[INFO] [stderr]   Downloaded k12 v0.1.0
[INFO] [stderr]   Downloaded tari_common v0.8.1
[INFO] [stderr]   Downloaded base58-monero v0.1.1
[INFO] [stderr]   Downloaded nibble_vec v0.0.4
[INFO] [stderr]   Downloaded tari_comms v0.8.1
[INFO] [stderr]   Downloaded chacha20-poly1305-aead v0.1.2
[INFO] [stderr]   Downloaded newtype-ops v0.1.4
[INFO] [stderr]   Downloaded fixed-hash v0.4.0
[INFO] [stderr]   Downloaded serde-big-array v0.2.0
[INFO] [stderr]   Downloaded keccak-hash v0.3.0
[INFO] [stderr]   Downloaded tari_test_utils v0.8.1
[INFO] [stderr]   Downloaded fixed-hash v0.3.2
[INFO] [stderr]   Downloaded keccak-hash v0.1.2
[INFO] [stderr]   Downloaded primitive-types v0.5.1
[INFO] [stderr]   Downloaded bigdecimal v0.1.2
[INFO] [stderr]   Downloaded tari_shutdown v0.8.1
[INFO] [stderr]   Downloaded croaring v0.4.5
[INFO] [stderr]   Downloaded config v0.9.3
[INFO] [stderr]   Downloaded tari_utilities v0.3.0
[INFO] [stderr]   Downloaded strum v0.19.5
[INFO] [stderr]   Downloaded tari_common_types v0.8.1
[INFO] [stderr]   Downloaded serde-value v0.5.3
[INFO] [stderr]   Downloaded tari_service_framework v0.8.1
[INFO] [stderr]   Downloaded parity-multiaddr v0.11.0
[INFO] [stderr]   Downloaded clear_on_drop v0.2.4
[INFO] [stderr]   Downloaded bitstring v0.1.2
[INFO] [stderr]   Downloaded yamux v0.4.7
[INFO] [stderr]   Downloaded futures-test v0.3.28
[INFO] [stderr]   Downloaded croaring-sys v0.4.6
[INFO] [stderr]   Downloaded strum_macros v0.17.1
[INFO] [stderr]   Downloaded prost-types v0.6.1
[INFO] [stderr]   Downloaded cidr v0.1.1
[INFO] [stderr]   Downloaded serde-hjson v0.8.2
[INFO] [stderr]   Downloaded tari_p2p v0.8.1
[INFO] [stderr]   Downloaded trust-dns-client v0.19.7
[INFO] [stderr]   Downloaded x25519-dalek v0.6.0
[INFO] [stderr]   Downloaded tari_crypto v0.8.3
[INFO] [stderr]   Downloaded radix_trie v0.1.6
[INFO] [stderr]   Downloaded cbindgen v0.17.0
[INFO] [stderr]   Downloaded fs2 v0.3.0
[INFO] [stderr]   Downloaded snow v0.6.2
[INFO] [stderr]   Downloaded tari_bulletproofs v2.1.0
[INFO] [stderr]   Downloaded prost-build v0.6.1
[INFO] [stderr]   Downloaded tari_comms_dht v0.8.1
[INFO] [stderr]   Downloaded randomx-rs v0.5.0
[INFO] [stderr]   Downloaded tari_mmr v0.8.1
[INFO] [stderr]   Downloaded monero v0.9.1
[INFO] running `Command { std: "docker" "create" "-v" "/var/lib/crater-agent-workspace/builds/worker-0-tc1/target:/opt/rustwide/target:rw,Z" "-v" "/var/lib/crater-agent-workspace/builds/worker-0-tc1/source:/opt/rustwide/workdir:ro,Z" "-v" "/var/lib/crater-agent-workspace/cargo-home:/opt/rustwide/cargo-home:ro,Z" "-v" "/var/lib/crater-agent-workspace/rustup-home:/opt/rustwide/rustup-home:ro,Z" "-e" "SOURCE_DIR=/opt/rustwide/workdir" "-e" "CARGO_TARGET_DIR=/opt/rustwide/target" "-e" "CARGO_HOME=/opt/rustwide/cargo-home" "-e" "RUSTUP_HOME=/opt/rustwide/rustup-home" "-w" "/opt/rustwide/workdir" "-m" "1610612736" "--user" "0:0" "--network" "none" "ghcr.io/rust-lang/crates-build-env/linux@sha256:5ff2268d62e97bff2cde7d5815dd6ed5b47097566f13b8d0ca110b04b60e07ed" "/opt/rustwide/cargo-home/bin/cargo" "+1.69.0" "metadata" "--no-deps" "--format-version=1", kill_on_drop: false }`
[INFO] [stdout] 0f59685b22f46b0969944530753440153914566f251f3d94f202120b850ea1f8
[INFO] running `Command { std: "docker" "start" "-a" "0f59685b22f46b0969944530753440153914566f251f3d94f202120b850ea1f8", kill_on_drop: false }`
[INFO] running `Command { std: "docker" "inspect" "0f59685b22f46b0969944530753440153914566f251f3d94f202120b850ea1f8", kill_on_drop: false }`
[INFO] running `Command { std: "docker" "rm" "-f" "0f59685b22f46b0969944530753440153914566f251f3d94f202120b850ea1f8", kill_on_drop: false }`
[INFO] [stdout] 0f59685b22f46b0969944530753440153914566f251f3d94f202120b850ea1f8
[INFO] running `Command { std: "docker" "create" "-v" "/var/lib/crater-agent-workspace/builds/worker-0-tc1/target:/opt/rustwide/target:rw,Z" "-v" "/var/lib/crater-agent-workspace/builds/worker-0-tc1/source:/opt/rustwide/workdir:ro,Z" "-v" "/var/lib/crater-agent-workspace/cargo-home:/opt/rustwide/cargo-home:ro,Z" "-v" "/var/lib/crater-agent-workspace/rustup-home:/opt/rustwide/rustup-home:ro,Z" "-e" "SOURCE_DIR=/opt/rustwide/workdir" "-e" "CARGO_TARGET_DIR=/opt/rustwide/target" "-e" "CARGO_INCREMENTAL=0" "-e" "RUST_BACKTRACE=full" "-e" "RUSTFLAGS=--cap-lints=warn" "-e" "RUSTDOCFLAGS=--cap-lints=warn" "-e" "CARGO_HOME=/opt/rustwide/cargo-home" "-e" "RUSTUP_HOME=/opt/rustwide/rustup-home" "-w" "/opt/rustwide/workdir" "-m" "1610612736" "--user" "0:0" "--network" "none" "ghcr.io/rust-lang/crates-build-env/linux@sha256:5ff2268d62e97bff2cde7d5815dd6ed5b47097566f13b8d0ca110b04b60e07ed" "/opt/rustwide/cargo-home/bin/cargo" "+1.69.0" "doc" "--frozen" "--no-deps" "--document-private-items" "--message-format=json", kill_on_drop: false }`
[INFO] [stdout] 8b13170b542495991ed050142e0678d00e3c7a499abb1a97a4f5ed2dd5010ec3
[INFO] running `Command { std: "docker" "start" "-a" "8b13170b542495991ed050142e0678d00e3c7a499abb1a97a4f5ed2dd5010ec3", kill_on_drop: false }`
[INFO] [stderr]    Compiling syn v1.0.109
[INFO] [stderr]    Compiling log v0.4.17
[INFO] [stderr]    Compiling memchr v2.5.0
[INFO] [stderr]    Compiling libc v0.2.142
[INFO] [stderr]    Compiling byteorder v1.4.3
[INFO] [stderr]    Compiling syn v2.0.15
[INFO] [stderr]    Compiling num-traits v0.2.15
[INFO] [stderr]    Compiling ryu v1.0.13
[INFO] [stderr]    Compiling itoa v1.0.6
[INFO] [stderr]    Compiling indexmap v1.9.3
[INFO] [stderr]    Compiling io-lifetimes v1.0.10
[INFO] [stderr]    Compiling unicode-width v0.1.10
[INFO] [stderr]    Compiling clear_on_drop v0.2.4
[INFO] [stderr]    Compiling rustix v0.37.18
[INFO] [stderr]    Compiling vec_map v0.8.2
[INFO] [stderr]    Compiling futures-channel v0.3.28
[INFO] [stderr]    Compiling textwrap v0.11.0
[INFO] [stderr]    Compiling ansi_term v0.12.1
[INFO] [stderr]    Compiling strsim v0.8.0
[INFO] [stderr]    Compiling unicode-segmentation v1.10.1
[INFO] [stderr]    Compiling pin-project-internal v0.4.30
[INFO] [stderr]    Compiling futures-util v0.3.28
[INFO] [stderr]    Compiling generic-array v0.12.4
[INFO] [stderr]    Compiling tinyvec_macros v0.1.1
[INFO] [stderr]    Compiling tinyvec v1.6.0
[INFO] [stderr]    Compiling generic-array v0.14.7
[INFO] [stderr]    Compiling either v1.8.1
[INFO] [stderr]    Compiling iana-time-zone v0.1.56
[INFO] [stderr]    Compiling unicode-bidi v0.3.13
[INFO] [stderr]    Compiling liblmdb-sys v0.2.2
[INFO] [stderr]    Compiling heck v0.3.3
[INFO] [stderr]    Compiling itertools v0.8.2
[INFO] [stderr]    Compiling digest v0.8.1
[INFO] [stderr]    Compiling num-integer v0.1.45
[INFO] [stderr]    Compiling anyhow v1.0.71
[INFO] [stderr]    Compiling byte-tools v0.3.1
[INFO] [stderr]    Compiling libm v0.1.4
[INFO] [stderr]    Compiling aho-corasick v1.0.1
[INFO] [stderr]    Compiling toml_edit v0.19.8
[INFO] [stderr]    Compiling futures-core v0.3.28
[INFO] [stderr]    Compiling unicode-xid v0.2.4
[INFO] [stderr]    Compiling nom v4.2.3
[INFO] [stderr]    Compiling block-padding v0.1.5
[INFO] [stderr]    Compiling slab v0.4.8
[INFO] [stderr]    Compiling cfg-if v0.1.10
[INFO] [stderr]    Compiling packed_simd_2 v0.3.8
[INFO] [stderr]     Checking getrandom v0.1.16
[INFO] [stderr]    Compiling atty v0.2.14
[INFO] [stderr]    Compiling iovec v0.1.4
[INFO] [stderr]    Compiling clap v2.34.0
[INFO] [stderr]    Compiling which v3.1.1
[INFO] [stderr]    Compiling unicode-normalization v0.1.22
[INFO] [stderr]    Compiling time v0.1.45
[INFO] [stderr]     Checking rand_core v0.5.1
[INFO] [stderr]    Compiling opaque-debug v0.2.3
[INFO] [stderr]    Compiling block-buffer v0.7.3
[INFO] [stderr]     Checking net2 v0.2.38
[INFO] [stderr]    Compiling prost-build v0.6.1
[INFO] [stderr]    Compiling rand_chacha v0.2.2
[INFO] [stderr]    Compiling arrayref v0.3.7
[INFO] [stderr]    Compiling serde v0.8.23
[INFO] [stderr]    Compiling linked-hash-map v0.5.6
[INFO] [stderr]    Compiling rmp v0.8.11
[INFO] [stderr]    Compiling base64 v0.10.1
[INFO] [stderr]    Compiling adler v1.0.2
[INFO] [stderr]    Compiling fake-simd v0.1.2
[INFO] [stderr]    Compiling percent-encoding v2.2.0
[INFO] [stderr]    Compiling yaml-rust v0.4.5
[INFO] [stderr]    Compiling rand v0.7.3
[INFO] [stderr]    Compiling regex v1.8.1
[INFO] [stderr]    Compiling traitobject v0.1.0
[INFO] [stderr]    Compiling newtype-ops v0.1.4
[INFO] [stderr]    Compiling unsafe-any v0.4.2
[INFO] [stderr]    Compiling form_urlencoded v1.1.0
[INFO] [stderr]    Compiling miniz_oxide v0.7.1
[INFO] [stderr]    Compiling sha2 v0.8.2
[INFO] [stderr]    Compiling idna v0.3.0
[INFO] [stderr]    Compiling proc-macro-crate v1.3.1
[INFO] [stderr]     Checking num_cpus v1.15.0
[INFO] [stderr]     Checking signal-hook-registry v1.4.1
[INFO] [stderr]    Compiling crc32fast v1.3.2
[INFO] [stderr]    Compiling num-traits v0.1.43
[INFO] [stderr]    Compiling ordered-float v1.1.1
[INFO] [stderr]    Compiling quick-error v1.2.3
[INFO] [stderr]    Compiling fixedbitset v0.2.0
[INFO] [stderr]    Compiling supercow v0.1.0
[INFO] [stderr]    Compiling lazy_static v0.2.11
[INFO] [stderr]    Compiling static_assertions v1.1.0
[INFO] [stderr]    Compiling unsigned-varint v0.5.1
[INFO] [stderr]    Compiling bitflags v0.9.1
[INFO] [stderr]    Compiling petgraph v0.5.1
[INFO] [stderr]    Compiling humantime v1.3.0
[INFO] [stderr]    Compiling flate2 v1.0.26
[INFO] [stderr]    Compiling url v2.3.1
[INFO] [stderr]    Compiling typemap v0.3.3
[INFO] [stderr]    Compiling serde_test v0.8.23
[INFO] [stderr]    Compiling tempfile v3.5.0
[INFO] [stderr]    Compiling bytes v0.4.12
[INFO] [stderr]    Compiling dirs-sys-next v0.1.2
[INFO] [stderr]    Compiling lmdb-zero v0.4.4
[INFO] [stderr]    Compiling linked-hash-map v0.3.0
[INFO] [stderr]    Compiling thread-id v3.3.0
[INFO] [stderr]    Compiling nom v5.1.3
[INFO] [stderr]    Compiling arc-swap v0.3.11
[INFO] [stderr]    Compiling serde-hjson v0.8.2
[INFO] [stderr]    Compiling c_linked_list v1.1.1
[INFO] [stderr]    Compiling antidote v1.0.0
[INFO] [stderr]    Compiling multimap v0.8.3
[INFO] [stderr]    Compiling unsigned-varint v0.6.0
[INFO] [stderr]    Compiling rust-ini v0.13.0
[INFO] [stderr]    Compiling data-encoding v2.3.3
[INFO] [stderr]    Compiling log-mdc v0.1.0
[INFO] [stderr]    Compiling get_if_addrs v0.5.3
[INFO] [stderr]    Compiling dirs-next v1.0.2
[INFO] [stderr]    Compiling path-clean v0.1.0
[INFO] [stderr]    Compiling tower-service v0.3.2
[INFO] [stderr]    Compiling pin-project-lite v0.2.9
[INFO] [stderr]    Compiling futures-sink v0.3.28
[INFO] [stderr]    Compiling libz-sys v1.1.9
[INFO] [stderr]    Compiling cbindgen v0.17.0
[INFO] [stderr]     Checking rustc-hex v2.1.0
[INFO] [stderr]     Checking subtle v2.5.0
[INFO] [stderr]    Compiling arrayvec v0.4.12
[INFO] [stderr]    Compiling pin-project-lite v0.1.12
[INFO] [stderr]    Compiling futures-task v0.3.28
[INFO] [stderr]    Compiling libsqlite3-sys v0.22.2
[INFO] [stderr]    Compiling blake3 v0.3.8
[INFO] [stderr]    Compiling pin-utils v0.1.0
[INFO] [stderr]    Compiling proc-macro-error v1.0.4
[INFO] [stderr]    Compiling synstructure v0.12.6
[INFO] [stderr]    Compiling crunchy v0.2.2
[INFO] [stderr]    Compiling futures-io v0.3.28
[INFO] [stderr]     Checking arrayvec v0.5.2
[INFO] [stderr]    Compiling tower-layer v0.3.2
[INFO] [stderr]     Checking constant_time_eq v0.1.5
[INFO] [stderr]    Compiling heapsize v0.4.2
[INFO] [stderr]    Compiling keccak v0.1.3
[INFO] [stderr]    Compiling snow v0.6.2
[INFO] [stderr]    Compiling digest v0.9.0
[INFO] [stderr]    Compiling libssh2-sys v0.2.23
[INFO] [stderr]    Compiling curl-sys v0.4.61+curl-8.0.1
[INFO] [stderr]    Compiling crunchy v0.1.6
[INFO] [stderr]    Compiling num-bigint v0.2.6
[INFO] [stderr]    Compiling openssl-sys v0.9.87
[INFO] [stderr]    Compiling tracing-core v0.1.30
[INFO] [stderr]    Compiling scopeguard v1.1.0
[INFO] [stderr]    Compiling block-padding v0.2.1
[INFO] [stderr]    Compiling bindgen v0.56.0
[INFO] [stderr]    Compiling termcolor v1.2.0
[INFO] [stderr]    Compiling smallvec v1.10.0
[INFO] [stderr]    Compiling nodrop v0.1.14
[INFO] [stderr]    Compiling humantime v2.1.0
[INFO] [stderr]    Compiling subtle v1.0.0
[INFO] [stderr]     Checking rand_core v0.3.1
[INFO] [stderr]     Checking block-buffer v0.9.0
[INFO] [stderr]    Compiling crypto-mac v0.7.0
[INFO] [stderr]    Compiling parking_lot_core v0.7.3
[INFO] [stderr]    Compiling serde_derive v1.0.160
[INFO] [stderr]    Compiling thiserror-impl v1.0.40
[INFO] [stderr]    Compiling futures-macro v0.3.28
[INFO] [stderr]    Compiling zeroize_derive v1.4.2
[INFO] [stderr]    Compiling tracing-attributes v0.1.24
[INFO] [stderr]    Compiling async-trait v0.1.68
[INFO] [stderr]    Compiling lock_api v0.3.4
[INFO] [stderr]    Compiling cexpr v0.4.0
[INFO] [stdout] error[E0554]: `#![feature]` may not be used on the stable release channel
[INFO] [stdout]    --> /opt/rustwide/cargo-home/registry/src/github.com-1ecc6299db9ec823/packed_simd_2-0.3.8/src/lib.rs:214:1
[INFO] [stdout]     |
[INFO] [stdout] 214 | / #![feature(
[INFO] [stdout] 215 | |     adt_const_params,
[INFO] [stdout] 216 | |     repr_simd,
[INFO] [stdout] 217 | |     rustc_attrs,
[INFO] [stdout] ...   |
[INFO] [stdout] 224 | |     custom_inner_attributes,
[INFO] [stdout] 225 | | )]
[INFO] [stdout]     | |__^
[INFO] [stdout] 
[INFO] [stdout] 
[INFO] [stderr]    Compiling clang-sys v1.6.1
[INFO] [stderr]    Compiling bigdecimal v0.1.2
[INFO] [stderr]    Compiling sha3 v0.8.2
[INFO] [stdout] error[E0554]: `#![feature]` may not be used on the stable release channel
[INFO] [stdout]    --> /opt/rustwide/cargo-home/registry/src/github.com-1ecc6299db9ec823/packed_simd_2-0.3.8/src/lib.rs:214:1
[INFO] [stdout]     |
[INFO] [stdout] 214 | / #![feature(
[INFO] [stdout] 215 | |     adt_const_params,
[INFO] [stdout] 216 | |     repr_simd,
[INFO] [stdout] 217 | |     rustc_attrs,
[INFO] [stdout] ...   |
[INFO] [stdout] 224 | |     custom_inner_attributes,
[INFO] [stdout] 225 | | )]
[INFO] [stdout]     | |__^
[INFO] [stdout] 
[INFO] [stdout] 
[INFO] [stderr]     Checking tiny-keccak v1.5.0
[INFO] [stderr]    Compiling crypto-mac v0.8.0
[INFO] [stdout] error[E0554]: `#![feature]` may not be used on the stable release channel
[INFO] [stdout]    --> /opt/rustwide/cargo-home/registry/src/github.com-1ecc6299db9ec823/packed_simd_2-0.3.8/src/lib.rs:219:5
[INFO] [stdout]     |
[INFO] [stdout] 219 |     stdsimd,
[INFO] [stdout]     |     ^^^^^^^
[INFO] [stdout] 
[INFO] [stdout] 
[INFO] [stdout] error[E0554]: `#![feature]` may not be used on the stable release channel
[INFO] [stdout]    --> /opt/rustwide/cargo-home/registry/src/github.com-1ecc6299db9ec823/packed_simd_2-0.3.8/src/lib.rs:222:5
[INFO] [stdout]     |
[INFO] [stdout] 222 |     core_intrinsics,
[INFO] [stdout]     |     ^^^^^^^^^^^^^^^
[INFO] [stdout] 
[INFO] [stdout] 
[INFO] [stderr]     Checking rand v0.4.6
[INFO] [stderr]    Compiling libgit2-sys v0.7.11
[INFO] [stderr]     Checking linux-raw-sys v0.3.6
[INFO] [stderr]     Checking zeroize v1.6.0
[INFO] [stderr]     Checking merlin v2.0.1
[INFO] [stdout] error[E0554]: `#![feature]` may not be used on the stable release channel
[INFO] [stdout]    --> /opt/rustwide/cargo-home/registry/src/github.com-1ecc6299db9ec823/packed_simd_2-0.3.8/src/lib.rs:219:5
[INFO] [stdout]     |
[INFO] [stdout] 219 |     stdsimd,
[INFO] [stdout]     |     ^^^^^^^
[INFO] [stdout] 
[INFO] [stdout] 
[INFO] [stdout] error[E0554]: `#![feature]` may not be used on the stable release channel
[INFO] [stdout]    --> /opt/rustwide/cargo-home/registry/src/github.com-1ecc6299db9ec823/packed_simd_2-0.3.8/src/lib.rs:222:5
[INFO] [stdout]     |
[INFO] [stdout] 222 |     core_intrinsics,
[INFO] [stdout]     |     ^^^^^^^^^^^^^^^
[INFO] [stdout] 
[INFO] [stdout] 
[INFO] [stderr]    Compiling prost-derive v0.6.1
[INFO] [stderr]    Compiling multihash-derive v0.7.2
[INFO] [stderr]    Compiling structopt-derive v0.4.18
[INFO] [stderr]    Compiling diesel_derives v1.4.1
[INFO] [stderr]    Compiling shlex v0.1.1
[INFO] [stderr]    Compiling matches v0.1.10
[INFO] [stderr]    Compiling thiserror v1.0.40
[INFO] [stderr]    Compiling opaque-debug v0.3.0
[INFO] [stderr]     Checking bitvec v0.17.4
[INFO] [stderr] error: could not compile `packed_simd_2` due to 3 previous errors
[INFO] [stderr] 
[INFO] [stderr] Caused by:
[INFO] [stderr]   process didn't exit successfully: `rustc --crate-name packed_simd_2 --edition=2018 /opt/rustwide/cargo-home/registry/src/github.com-1ecc6299db9ec823/packed_simd_2-0.3.8/src/lib.rs --error-format=json --json=diagnostic-rendered-ansi,artifacts,future-incompat --crate-type lib --emit=dep-info,metadata,link -C embed-bitcode=no --cfg 'feature="default"' --cfg 'feature="into_bits"' -C metadata=ca6c87d0881a692e -C extra-filename=-ca6c87d0881a692e --out-dir /opt/rustwide/target/debug/deps -L dependency=/opt/rustwide/target/debug/deps --extern cfg_if=/opt/rustwide/target/debug/deps/libcfg_if-cf8dcbef34369ddd.rmeta --extern libm=/opt/rustwide/target/debug/deps/liblibm-d812567e37409d58.rmeta --cap-lints allow --cap-lints=warn` (signal: 9, SIGKILL: kill)
[INFO] [stderr] warning: build failed, waiting for other jobs to finish...
[INFO] [stderr] error: could not compile `packed_simd_2` due to 3 previous errors
[INFO] [stderr] 
[INFO] [stderr] Caused by:
[INFO] [stderr]   process didn't exit successfully: `rustc --crate-name packed_simd_2 --edition=2018 /opt/rustwide/cargo-home/registry/src/github.com-1ecc6299db9ec823/packed_simd_2-0.3.8/src/lib.rs --error-format=json --json=diagnostic-rendered-ansi,artifacts,future-incompat --crate-type lib --emit=dep-info,metadata -C embed-bitcode=no -C debuginfo=2 --cfg 'feature="default"' --cfg 'feature="into_bits"' -C metadata=b836c98ec1769242 -C extra-filename=-b836c98ec1769242 --out-dir /opt/rustwide/target/debug/deps -L dependency=/opt/rustwide/target/debug/deps --extern cfg_if=/opt/rustwide/target/debug/deps/libcfg_if-ccf07012d6cfa4eb.rmeta --extern libm=/opt/rustwide/target/debug/deps/liblibm-02e1f5b2b1c6cd4b.rmeta --cap-lints allow --cap-lints=warn` (signal: 9, SIGKILL: kill)
[INFO] running `Command { std: "docker" "inspect" "8b13170b542495991ed050142e0678d00e3c7a499abb1a97a4f5ed2dd5010ec3", kill_on_drop: false }`
[INFO] running `Command { std: "docker" "rm" "-f" "8b13170b542495991ed050142e0678d00e3c7a499abb1a97a4f5ed2dd5010ec3", kill_on_drop: false }`
[INFO] [stdout] 8b13170b542495991ed050142e0678d00e3c7a499abb1a97a4f5ed2dd5010ec3
