[INFO] fetching crate tari_common_types 0.8.1...
[INFO] documenting tari_common_types-0.8.1 against 1.69.0 for beta-1.70-rustdoc-1
[INFO] extracting crate tari_common_types 0.8.1 into /workspace/builds/worker-0-tc1/source
[INFO] validating manifest of crates.io crate tari_common_types 0.8.1 on toolchain 1.69.0
[INFO] running `Command { std: CARGO_HOME="/workspace/cargo-home" RUSTUP_HOME="/workspace/rustup-home" "/workspace/cargo-home/bin/cargo" "+1.69.0" "metadata" "--manifest-path" "Cargo.toml" "--no-deps", kill_on_drop: false }`
[INFO] started tweaking crates.io crate tari_common_types 0.8.1
[INFO] finished tweaking crates.io crate tari_common_types 0.8.1
[INFO] tweaked toml for crates.io crate tari_common_types 0.8.1 written to /workspace/builds/worker-0-tc1/source/Cargo.toml
[INFO] running `Command { std: CARGO_HOME="/workspace/cargo-home" RUSTUP_HOME="/workspace/rustup-home" __CARGO_TEST_CHANNEL_OVERRIDE_DO_NOT_USE_THIS="nightly" "/workspace/cargo-home/bin/cargo" "+1.69.0" "generate-lockfile" "--manifest-path" "Cargo.toml" "-Zno-index-update", kill_on_drop: false }`
[INFO] running `Command { std: CARGO_HOME="/workspace/cargo-home" RUSTUP_HOME="/workspace/rustup-home" "/workspace/cargo-home/bin/cargo" "+1.69.0" "fetch" "--manifest-path" "Cargo.toml", kill_on_drop: false }`
[INFO] [stderr]  Downloading crates ...
[INFO] [stderr]   Downloaded newtype-ops v0.1.4
[INFO] [stderr]   Downloaded clear_on_drop v0.2.4
[INFO] [stderr]   Downloaded cbindgen v0.17.0
[INFO] [stderr]   Downloaded tari_utilities v0.3.0
[INFO] [stderr]   Downloaded k12 v0.1.0
[INFO] [stderr]   Downloaded tari_crypto v0.8.3
[INFO] [stderr]   Downloaded tari_bulletproofs v2.1.0
[INFO] running `Command { std: "docker" "create" "-v" "/var/lib/crater-agent-workspace/builds/worker-0-tc1/target:/opt/rustwide/target:rw,Z" "-v" "/var/lib/crater-agent-workspace/builds/worker-0-tc1/source:/opt/rustwide/workdir:ro,Z" "-v" "/var/lib/crater-agent-workspace/cargo-home:/opt/rustwide/cargo-home:ro,Z" "-v" "/var/lib/crater-agent-workspace/rustup-home:/opt/rustwide/rustup-home:ro,Z" "-e" "SOURCE_DIR=/opt/rustwide/workdir" "-e" "CARGO_TARGET_DIR=/opt/rustwide/target" "-e" "CARGO_HOME=/opt/rustwide/cargo-home" "-e" "RUSTUP_HOME=/opt/rustwide/rustup-home" "-w" "/opt/rustwide/workdir" "-m" "1610612736" "--user" "0:0" "--network" "none" "ghcr.io/rust-lang/crates-build-env/linux@sha256:5ff2268d62e97bff2cde7d5815dd6ed5b47097566f13b8d0ca110b04b60e07ed" "/opt/rustwide/cargo-home/bin/cargo" "+1.69.0" "metadata" "--no-deps" "--format-version=1", kill_on_drop: false }`
[INFO] [stdout] 73f943515844b4d65dcfed6110cb7c879c92b877277266a0884a521c03be949a
[INFO] running `Command { std: "docker" "start" "-a" "73f943515844b4d65dcfed6110cb7c879c92b877277266a0884a521c03be949a", kill_on_drop: false }`
[INFO] running `Command { std: "docker" "inspect" "73f943515844b4d65dcfed6110cb7c879c92b877277266a0884a521c03be949a", kill_on_drop: false }`
[INFO] running `Command { std: "docker" "rm" "-f" "73f943515844b4d65dcfed6110cb7c879c92b877277266a0884a521c03be949a", kill_on_drop: false }`
[INFO] [stdout] 73f943515844b4d65dcfed6110cb7c879c92b877277266a0884a521c03be949a
[INFO] running `Command { std: "docker" "create" "-v" "/var/lib/crater-agent-workspace/builds/worker-0-tc1/target:/opt/rustwide/target:rw,Z" "-v" "/var/lib/crater-agent-workspace/builds/worker-0-tc1/source:/opt/rustwide/workdir:ro,Z" "-v" "/var/lib/crater-agent-workspace/cargo-home:/opt/rustwide/cargo-home:ro,Z" "-v" "/var/lib/crater-agent-workspace/rustup-home:/opt/rustwide/rustup-home:ro,Z" "-e" "SOURCE_DIR=/opt/rustwide/workdir" "-e" "CARGO_TARGET_DIR=/opt/rustwide/target" "-e" "CARGO_INCREMENTAL=0" "-e" "RUST_BACKTRACE=full" "-e" "RUSTFLAGS=--cap-lints=warn" "-e" "RUSTDOCFLAGS=--cap-lints=warn" "-e" "CARGO_HOME=/opt/rustwide/cargo-home" "-e" "RUSTUP_HOME=/opt/rustwide/rustup-home" "-w" "/opt/rustwide/workdir" "-m" "1610612736" "--user" "0:0" "--network" "none" "ghcr.io/rust-lang/crates-build-env/linux@sha256:5ff2268d62e97bff2cde7d5815dd6ed5b47097566f13b8d0ca110b04b60e07ed" "/opt/rustwide/cargo-home/bin/cargo" "+1.69.0" "doc" "--frozen" "--no-deps" "--document-private-items" "--message-format=json", kill_on_drop: false }`
[INFO] [stdout] 18c96c07b61b5015edbfa450513ca5d26b66a708d26c29806321d42f235e54fa
[INFO] running `Command { std: "docker" "start" "-a" "18c96c07b61b5015edbfa450513ca5d26b66a708d26c29806321d42f235e54fa", kill_on_drop: false }`
[INFO] [stderr]    Compiling proc-macro2 v1.0.56
[INFO] [stderr]    Compiling libc v0.2.142
[INFO] [stderr]    Compiling typenum v1.16.0
[INFO] [stderr]    Compiling serde v1.0.160
[INFO] [stderr]     Checking byteorder v1.4.3
[INFO] [stderr]    Compiling getrandom v0.1.16
[INFO] [stderr]    Compiling io-lifetimes v1.0.10
[INFO] [stderr]    Compiling bitflags v1.3.2
[INFO] [stderr]    Compiling generic-array v0.14.7
[INFO] [stderr]    Compiling rustix v0.37.18
[INFO] [stderr]     Checking byte-tools v0.3.1
[INFO] [stderr]    Compiling indexmap v1.9.3
[INFO] [stderr]    Compiling linux-raw-sys v0.3.6
[INFO] [stderr]    Compiling syn v1.0.109
[INFO] [stderr]    Compiling libm v0.1.4
[INFO] [stderr]    Compiling unicode-width v0.1.10
[INFO] [stderr]    Compiling num-integer v0.1.45
[INFO] [stderr]     Checking block-padding v0.1.5
[INFO] [stderr]    Compiling textwrap v0.11.0
[INFO] [stderr]    Compiling clear_on_drop v0.2.4
[INFO] [stderr]    Compiling fastrand v1.9.0
[INFO] [stderr]    Compiling itoa v1.0.6
[INFO] [stderr]     Checking subtle v2.5.0
[INFO] [stderr]    Compiling ansi_term v0.12.1
[INFO] [stderr]    Compiling ryu v1.0.13
[INFO] [stderr]    Compiling paste v1.0.12
[INFO] [stderr]     Checking opaque-debug v0.2.3
[INFO] [stderr]    Compiling packed_simd_2 v0.3.8
[INFO] [stderr]    Compiling cbindgen v0.17.0
[INFO] [stderr]    Compiling unicode-segmentation v1.10.1
[INFO] [stderr]     Checking keccak v0.1.3
[INFO] [stderr]    Compiling blake3 v0.3.8
[INFO] [stderr]     Checking subtle v1.0.0
[INFO] [stderr]     Checking block-padding v0.2.1
[INFO] [stderr]     Checking base64 v0.10.1
[INFO] [stderr]     Checking newtype-ops v0.1.4
[INFO] [stderr]    Compiling heck v0.3.3
[INFO] [stderr]     Checking arrayvec v0.5.2
[INFO] [stderr]     Checking constant_time_eq v0.1.5
[INFO] [stderr]     Checking arrayref v0.3.7
[INFO] [stderr]    Compiling quote v1.0.26
[INFO] [stderr]     Checking fake-simd v0.1.2
[INFO] [stderr]     Checking pin-project-lite v0.1.12
[INFO] [stderr]     Checking tokio v0.2.25
[INFO] [stderr]    Compiling syn v2.0.15
[INFO] [stderr]     Checking generic-array v0.12.4
[INFO] [stderr]     Checking rmp v0.8.11
[INFO] [stderr]     Checking digest v0.8.1
[INFO] [stderr]     Checking block-buffer v0.7.3
[INFO] [stderr]     Checking crypto-mac v0.7.0
[INFO] [stderr]     Checking sha3 v0.8.2
[INFO] [stderr]     Checking sha2 v0.8.2
[INFO] [stderr]     Checking blake2 v0.8.1
[INFO] [stderr]     Checking time v0.1.45
[INFO] [stderr]     Checking digest v0.9.0
[INFO] [stderr]     Checking crypto-mac v0.8.0
[INFO] [stderr]     Checking block-buffer v0.9.0
[INFO] [stderr]     Checking k12 v0.1.0
[INFO] [stderr]    Compiling atty v0.2.14
[INFO] [stderr]     Checking sha3 v0.9.1
[INFO] [stderr]     Checking rand_core v0.5.1
[INFO] [stderr]    Compiling clap v2.34.0
[INFO] [stderr]     Checking rand_chacha v0.2.2
[INFO] [stderr]     Checking rand v0.7.3
[INFO] [stdout] error[E0554]: `#![feature]` may not be used on the stable release channel
[INFO] [stdout]    --> /opt/rustwide/cargo-home/registry/src/github.com-1ecc6299db9ec823/packed_simd_2-0.3.8/src/lib.rs:214:1
[INFO] [stdout]     |
[INFO] [stdout] 214 | / #![feature(
[INFO] [stdout] 215 | |     adt_const_params,
[INFO] [stdout] 216 | |     repr_simd,
[INFO] [stdout] 217 | |     rustc_attrs,
[INFO] [stdout] ...   |
[INFO] [stdout] 224 | |     custom_inner_attributes,
[INFO] [stdout] 225 | | )]
[INFO] [stdout]     | |__^
[INFO] [stdout] 
[INFO] [stdout] 
[INFO] [stdout] error[E0554]: `#![feature]` may not be used on the stable release channel
[INFO] [stdout]    --> /opt/rustwide/cargo-home/registry/src/github.com-1ecc6299db9ec823/packed_simd_2-0.3.8/src/lib.rs:219:5
[INFO] [stdout]     |
[INFO] [stdout] 219 |     stdsimd,
[INFO] [stdout]     |     ^^^^^^^
[INFO] [stdout] 
[INFO] [stdout] 
[INFO] [stdout] error[E0554]: `#![feature]` may not be used on the stable release channel
[INFO] [stdout]    --> /opt/rustwide/cargo-home/registry/src/github.com-1ecc6299db9ec823/packed_simd_2-0.3.8/src/lib.rs:222:5
[INFO] [stdout]     |
[INFO] [stdout] 222 |     core_intrinsics,
[INFO] [stdout]     |     ^^^^^^^^^^^^^^^
[INFO] [stdout] 
[INFO] [stdout] 
[INFO] [stderr]    Compiling tempfile v3.5.0
[INFO] [stderr]    Compiling serde_derive v1.0.160
[INFO] [stderr]    Compiling zeroize_derive v1.4.2
[INFO] [stderr]    Compiling thiserror-impl v1.0.40
[INFO] [stderr]    Compiling futures-macro v0.3.28
[INFO] [stderr]     Checking zeroize v1.6.0
[INFO] [stderr]     Checking merlin v2.0.1
[INFO] [stderr]     Checking futures-util v0.3.28
[INFO] [stderr]     Checking thiserror v1.0.40
[INFO] [stdout] error: aborting due to 3 previous errors
[INFO] [stdout] 
[INFO] [stdout] 
[INFO] [stdout] For more information about this error, try `rustc --explain E0554`.
[INFO] [stdout] 
[INFO] [stderr] error: could not compile `packed_simd_2` due to 4 previous errors
[INFO] [stderr] warning: build failed, waiting for other jobs to finish...
[INFO] running `Command { std: "docker" "inspect" "18c96c07b61b5015edbfa450513ca5d26b66a708d26c29806321d42f235e54fa", kill_on_drop: false }`
[INFO] running `Command { std: "docker" "rm" "-f" "18c96c07b61b5015edbfa450513ca5d26b66a708d26c29806321d42f235e54fa", kill_on_drop: false }`
[INFO] [stdout] 18c96c07b61b5015edbfa450513ca5d26b66a708d26c29806321d42f235e54fa
