[INFO] fetching crate tailwind-parse 0.15.0...
[INFO] documenting tailwind-parse-0.15.0 against 1.69.0 for beta-1.70-rustdoc-1
[INFO] extracting crate tailwind-parse 0.15.0 into /workspace/builds/worker-5-tc1/source
[INFO] validating manifest of crates.io crate tailwind-parse 0.15.0 on toolchain 1.69.0
[INFO] running `Command { std: CARGO_HOME="/workspace/cargo-home" RUSTUP_HOME="/workspace/rustup-home" "/workspace/cargo-home/bin/cargo" "+1.69.0" "metadata" "--manifest-path" "Cargo.toml" "--no-deps", kill_on_drop: false }`
[INFO] started tweaking crates.io crate tailwind-parse 0.15.0
[INFO] finished tweaking crates.io crate tailwind-parse 0.15.0
[INFO] tweaked toml for crates.io crate tailwind-parse 0.15.0 written to /workspace/builds/worker-5-tc1/source/Cargo.toml
[INFO] running `Command { std: CARGO_HOME="/workspace/cargo-home" RUSTUP_HOME="/workspace/rustup-home" __CARGO_TEST_CHANNEL_OVERRIDE_DO_NOT_USE_THIS="nightly" "/workspace/cargo-home/bin/cargo" "+1.69.0" "generate-lockfile" "--manifest-path" "Cargo.toml" "-Zno-index-update", kill_on_drop: false }`
[INFO] running `Command { std: CARGO_HOME="/workspace/cargo-home" RUSTUP_HOME="/workspace/rustup-home" "/workspace/cargo-home/bin/cargo" "+1.69.0" "fetch" "--manifest-path" "Cargo.toml", kill_on_drop: false }`
[INFO] [stderr]  Downloading crates ...
[INFO] [stderr]   Downloaded tailwind-config v0.15.0
[INFO] [stderr]   Downloaded swc_ecma_visit v0.82.7
[INFO] [stderr]   Downloaded swc_visit_macros v0.5.6
[INFO] [stderr]   Downloaded swc_core v0.55.5
[INFO] [stderr]   Downloaded swc_visit v0.5.5
[INFO] [stderr]   Downloaded tailwind-parse-macro v0.11.1
[INFO] [stderr]   Downloaded stailwc-swc-utils v0.13.0
[INFO] [stderr]   Downloaded enum_kind v0.2.2
[INFO] [stderr]   Downloaded ast_node v0.8.8
[INFO] [stderr]   Downloaded from_variant v0.1.5
[INFO] [stderr]   Downloaded is-macro v0.2.2
[INFO] [stderr]   Downloaded swc_atoms v0.4.43
[INFO] [stderr]   Downloaded swc_macros_common v0.3.7
[INFO] [stderr]   Downloaded test-case v2.2.2
[INFO] [stderr]   Downloaded test-case-macros v2.2.2
[INFO] [stderr]   Downloaded eddie v0.4.2
[INFO] [stderr]   Downloaded swc_ecma_utils v0.107.12
[INFO] [stderr]   Downloaded swc_ecma_transforms_base v0.113.2
[INFO] [stderr]   Downloaded nom_locate v4.1.0
[INFO] [stderr]   Downloaded string_enum v0.3.4
[INFO] [stderr]   Downloaded swc_ecma_ast v0.96.7
[INFO] [stderr]   Downloaded swc_ecma_parser v0.124.12
[INFO] [stderr]   Downloaded swc_common v0.29.40
[INFO] running `Command { std: "docker" "create" "-v" "/var/lib/crater-agent-workspace/builds/worker-5-tc1/target:/opt/rustwide/target:rw,Z" "-v" "/var/lib/crater-agent-workspace/builds/worker-5-tc1/source:/opt/rustwide/workdir:ro,Z" "-v" "/var/lib/crater-agent-workspace/cargo-home:/opt/rustwide/cargo-home:ro,Z" "-v" "/var/lib/crater-agent-workspace/rustup-home:/opt/rustwide/rustup-home:ro,Z" "-e" "SOURCE_DIR=/opt/rustwide/workdir" "-e" "CARGO_TARGET_DIR=/opt/rustwide/target" "-e" "CARGO_HOME=/opt/rustwide/cargo-home" "-e" "RUSTUP_HOME=/opt/rustwide/rustup-home" "-w" "/opt/rustwide/workdir" "-m" "1610612736" "--user" "0:0" "--network" "none" "ghcr.io/rust-lang/crates-build-env/linux@sha256:5ff2268d62e97bff2cde7d5815dd6ed5b47097566f13b8d0ca110b04b60e07ed" "/opt/rustwide/cargo-home/bin/cargo" "+1.69.0" "metadata" "--no-deps" "--format-version=1", kill_on_drop: false }`
[INFO] [stdout] 404d5af51ef02bee4525924578a20fd4d7c5e7869363e1982980ae3ca636f8fd
[INFO] running `Command { std: "docker" "start" "-a" "404d5af51ef02bee4525924578a20fd4d7c5e7869363e1982980ae3ca636f8fd", kill_on_drop: false }`
[INFO] running `Command { std: "docker" "inspect" "404d5af51ef02bee4525924578a20fd4d7c5e7869363e1982980ae3ca636f8fd", kill_on_drop: false }`
[INFO] running `Command { std: "docker" "rm" "-f" "404d5af51ef02bee4525924578a20fd4d7c5e7869363e1982980ae3ca636f8fd", kill_on_drop: false }`
[INFO] [stdout] 404d5af51ef02bee4525924578a20fd4d7c5e7869363e1982980ae3ca636f8fd
[INFO] running `Command { std: "docker" "create" "-v" "/var/lib/crater-agent-workspace/builds/worker-5-tc1/target:/opt/rustwide/target:rw,Z" "-v" "/var/lib/crater-agent-workspace/builds/worker-5-tc1/source:/opt/rustwide/workdir:ro,Z" "-v" "/var/lib/crater-agent-workspace/cargo-home:/opt/rustwide/cargo-home:ro,Z" "-v" "/var/lib/crater-agent-workspace/rustup-home:/opt/rustwide/rustup-home:ro,Z" "-e" "SOURCE_DIR=/opt/rustwide/workdir" "-e" "CARGO_TARGET_DIR=/opt/rustwide/target" "-e" "CARGO_INCREMENTAL=0" "-e" "RUST_BACKTRACE=full" "-e" "RUSTFLAGS=--cap-lints=warn" "-e" "RUSTDOCFLAGS=--cap-lints=warn" "-e" "CARGO_HOME=/opt/rustwide/cargo-home" "-e" "RUSTUP_HOME=/opt/rustwide/rustup-home" "-w" "/opt/rustwide/workdir" "-m" "1610612736" "--user" "0:0" "--network" "none" "ghcr.io/rust-lang/crates-build-env/linux@sha256:5ff2268d62e97bff2cde7d5815dd6ed5b47097566f13b8d0ca110b04b60e07ed" "/opt/rustwide/cargo-home/bin/cargo" "+1.69.0" "doc" "--frozen" "--no-deps" "--document-private-items" "--message-format=json", kill_on_drop: false }`
[INFO] [stdout] c7d027face5296d8a8a96fe02a01bb3b94bfc68ecdd371985f80d33c64c48162
[INFO] running `Command { std: "docker" "start" "-a" "c7d027face5296d8a8a96fe02a01bb3b94bfc68ecdd371985f80d33c64c48162", kill_on_drop: false }`
[INFO] [stderr]    Compiling syn v1.0.109
[INFO] [stderr]    Compiling libc v0.2.142
[INFO] [stderr]    Compiling memchr v2.5.0
[INFO] [stderr]    Compiling parking_lot_core v0.9.7
[INFO] [stderr]    Compiling regex-syntax v0.7.1
[INFO] [stderr]     Checking once_cell v1.17.1
[INFO] [stderr]    Compiling num-traits v0.2.15
[INFO] [stderr]     Checking tinyvec_macros v0.1.1
[INFO] [stderr]    Compiling fnv v1.0.7
[INFO] [stderr]    Compiling strsim v0.10.0
[INFO] [stderr]    Compiling ident_case v1.0.1
[INFO] [stderr]    Compiling lazy_static v1.4.0
[INFO] [stderr]    Compiling syn v2.0.15
[INFO] [stderr]    Compiling num-integer v0.1.45
[INFO] [stderr]     Checking static_assertions v1.1.0
[INFO] [stderr]    Compiling num-bigint v0.4.3
[INFO] [stderr]     Checking tinyvec v1.6.0
[INFO] [stderr]    Compiling ahash v0.7.6
[INFO] [stderr]     Checking either v1.8.1
[INFO] [stderr]     Checking lexical-util v0.8.5
[INFO] [stderr]     Checking stable_deref_trait v1.2.0
[INFO] [stderr]     Checking unicode-bidi v0.3.13
[INFO] [stderr]     Checking percent-encoding v2.2.0
[INFO] [stderr]     Checking tracing-core v0.1.30
[INFO] [stderr]     Checking getrandom v0.2.9
[INFO] [stderr]     Checking form_urlencoded v1.1.0
[INFO] [stderr]    Compiling proc-macro-error-attr v1.0.4
[INFO] [stderr]     Checking rustc-hash v1.1.0
[INFO] [stderr]     Checking pin-project-lite v0.2.9
[INFO] [stderr]     Checking scoped-tls v1.0.1
[INFO] [stderr]    Compiling aho-corasick v1.0.1
[INFO] [stderr]     Checking parking_lot v0.12.1
[INFO] [stderr]     Checking better_scoped_tls v0.1.0
[INFO] [stderr]    Compiling proc-macro-error v1.0.4
[INFO] [stderr]    Compiling time-core v0.1.0
[INFO] [stderr]    Compiling thiserror v1.0.40
[INFO] [stderr]     Checking unicode-width v0.1.10
[INFO] [stderr]    Compiling swc_ecma_ast v0.96.7
[INFO] [stderr]    Compiling time v0.3.20
[INFO] [stderr]     Checking lexical-write-integer v0.8.5
[INFO] [stderr]     Checking lexical-parse-integer v0.8.6
[INFO] [stderr]    Compiling psm v0.1.21
[INFO] [stderr]     Checking unicode-id v0.3.3
[INFO] [stderr]     Checking unicode-normalization v0.1.22
[INFO] [stderr]    Compiling proc-macro-hack v0.5.20+deprecated
[INFO] [stderr]    Compiling stacker v0.1.15
[INFO] [stderr]     Checking lexical-parse-float v0.8.5
[INFO] [stderr]     Checking lexical-write-float v0.8.5
[INFO] [stderr]    Compiling indexmap v1.9.3
[INFO] [stderr]     Checking num_cpus v1.15.0
[INFO] [stderr]     Checking typed-arena v2.0.2
[INFO] [stderr]    Compiling rand_core v0.6.4
[INFO] [stderr]     Checking idna v0.3.0
[INFO] [stderr]    Compiling phf_shared v0.11.1
[INFO] [stderr]     Checking minimal-lexical v0.2.1
[INFO] [stderr]    Compiling convert_case v0.6.0
[INFO] [stderr]     Checking lexical-core v0.8.5
[INFO] [stderr]    Compiling rand_chacha v0.3.1
[INFO] [stderr]     Checking bytecount v0.6.3
[INFO] [stderr]     Checking itertools v0.10.5
[INFO] [stderr]     Checking eddie v0.4.2
[INFO] [stderr]     Checking lexical v6.1.1
[INFO] [stderr]    Compiling rand v0.8.5
[INFO] [stderr]     Checking url v2.3.1
[INFO] [stderr]     Checking nom v7.1.3
[INFO] [stderr]    Compiling regex v1.8.1
[INFO] [stderr]    Compiling vergen v7.5.1
[INFO] [stderr]    Compiling phf_generator v0.10.0
[INFO] [stderr]    Compiling phf_generator v0.11.1
[INFO] [stderr]    Compiling string_cache_codegen v0.5.2
[INFO] [stderr]    Compiling swc_atoms v0.4.43
[INFO] [stderr]    Compiling Inflector v0.11.4
[INFO] [stderr]     Checking nom_locate v4.1.0
[INFO] [stderr]    Compiling serde_derive v1.0.160
[INFO] [stderr]    Compiling tracing-attributes v0.1.24
[INFO] [stderr]    Compiling thiserror-impl v1.0.40
[INFO] [stderr]    Compiling pmutil v0.5.3
[INFO] [stderr]    Compiling darling_core v0.13.4
[INFO] [stderr]    Compiling swc_macros_common v0.3.7
[INFO] [stderr]     Checking tracing v0.1.37
[INFO] [stderr]    Compiling swc_visit_macros v0.5.6
[INFO] [stderr]    Compiling swc_eq_ignore_macros v0.1.1
[INFO] [stderr]    Compiling from_variant v0.1.5
[INFO] [stderr]    Compiling is-macro v0.2.2
[INFO] [stderr]    Compiling string_enum v0.3.4
[INFO] [stderr]    Compiling enum-iterator-derive v1.2.0
[INFO] [stderr]    Compiling getset v0.1.2
[INFO] [stderr]    Compiling phf_macros v0.10.0
[INFO] [stderr]    Compiling enum_kind v0.2.2
[INFO] [stderr]    Compiling phf_macros v0.11.1
[INFO] [stderr]    Compiling tailwind-parse-macro v0.11.1
[INFO] [stdout] error[E0554]: `#![feature]` may not be used on the stable release channel
[INFO] [stdout]  --> /opt/rustwide/cargo-home/registry/src/github.com-1ecc6299db9ec823/tailwind-parse-macro-0.11.1/src/lib.rs:1:1
[INFO] [stdout]   |
[INFO] [stdout] 1 | #![feature(drain_filter)]
[INFO] [stdout]   | ^^^^^^^^^^^^^^^^^^^^^^^^^
[INFO] [stdout] 
[INFO] [stdout] 
[INFO] [stdout] error[E0554]: `#![feature]` may not be used on the stable release channel
[INFO] [stdout]  --> /opt/rustwide/cargo-home/registry/src/github.com-1ecc6299db9ec823/tailwind-parse-macro-0.11.1/src/lib.rs:2:1
[INFO] [stdout]   |
[INFO] [stdout] 2 | #![feature(box_patterns)]
[INFO] [stdout]   | ^^^^^^^^^^^^^^^^^^^^^^^^^
[INFO] [stdout] 
[INFO] [stdout] 
[INFO] [stdout] error[E0554]: `#![feature]` may not be used on the stable release channel
[INFO] [stdout]  --> /opt/rustwide/cargo-home/registry/src/github.com-1ecc6299db9ec823/tailwind-parse-macro-0.11.1/src/lib.rs:1:12
[INFO] [stdout]   |
[INFO] [stdout] 1 | #![feature(drain_filter)]
[INFO] [stdout]   |            ^^^^^^^^^^^^
[INFO] [stdout] 
[INFO] [stdout] 
[INFO] [stdout] error: aborting due to 3 previous errors
[INFO] [stdout] 
[INFO] [stdout] 
[INFO] [stdout] For more information about this error, try `rustc --explain E0554`.
[INFO] [stdout] 
[INFO] [stderr] error: could not compile `tailwind-parse-macro` due to 4 previous errors
[INFO] [stderr] warning: build failed, waiting for other jobs to finish...
[INFO] running `Command { std: "docker" "inspect" "c7d027face5296d8a8a96fe02a01bb3b94bfc68ecdd371985f80d33c64c48162", kill_on_drop: false }`
[INFO] running `Command { std: "docker" "rm" "-f" "c7d027face5296d8a8a96fe02a01bb3b94bfc68ecdd371985f80d33c64c48162", kill_on_drop: false }`
[INFO] [stdout] c7d027face5296d8a8a96fe02a01bb3b94bfc68ecdd371985f80d33c64c48162
