[INFO] fetching crate swc_ecma_plugin_ast 0.8.0...
[INFO] documenting swc_ecma_plugin_ast-0.8.0 against 1.69.0 for beta-1.70-rustdoc-1
[INFO] extracting crate swc_ecma_plugin_ast 0.8.0 into /workspace/builds/worker-1-tc1/source
[INFO] validating manifest of crates.io crate swc_ecma_plugin_ast 0.8.0 on toolchain 1.69.0
[INFO] running `Command { std: CARGO_HOME="/workspace/cargo-home" RUSTUP_HOME="/workspace/rustup-home" "/workspace/cargo-home/bin/cargo" "+1.69.0" "metadata" "--manifest-path" "Cargo.toml" "--no-deps", kill_on_drop: false }`
[INFO] started tweaking crates.io crate swc_ecma_plugin_ast 0.8.0
[INFO] finished tweaking crates.io crate swc_ecma_plugin_ast 0.8.0
[INFO] tweaked toml for crates.io crate swc_ecma_plugin_ast 0.8.0 written to /workspace/builds/worker-1-tc1/source/Cargo.toml
[INFO] running `Command { std: CARGO_HOME="/workspace/cargo-home" RUSTUP_HOME="/workspace/rustup-home" __CARGO_TEST_CHANNEL_OVERRIDE_DO_NOT_USE_THIS="nightly" "/workspace/cargo-home/bin/cargo" "+1.69.0" "generate-lockfile" "--manifest-path" "Cargo.toml" "-Zno-index-update", kill_on_drop: false }`
[INFO] running `Command { std: CARGO_HOME="/workspace/cargo-home" RUSTUP_HOME="/workspace/rustup-home" "/workspace/cargo-home/bin/cargo" "+1.69.0" "fetch" "--manifest-path" "Cargo.toml", kill_on_drop: false }`
[INFO] [stderr]  Downloading crates ...
[INFO] [stderr]   Downloaded swc_visit_macros v0.3.5
[INFO] [stderr]   Downloaded enum_kind v0.2.2
[INFO] [stderr]   Downloaded string_enum v0.3.4
[INFO] [stderr]   Downloaded swc_node_base v0.5.8
[INFO] [stderr]   Downloaded relative-path v1.8.0
[INFO] [stderr]   Downloaded swc_common v0.15.3
[INFO] [stderr]   Downloaded from_variant v0.1.5
[INFO] [stderr]   Downloaded ast_node v0.7.7
[INFO] [stderr]   Downloaded string_cache v0.8.3
[INFO] [stderr]   Downloaded mimalloc-rust v0.2.1
[INFO] [stderr]   Downloaded generational-arena v0.2.8
[INFO] [stderr]   Downloaded swc_macros_common v0.3.7
[INFO] [stderr]   Downloaded swc_visit v0.3.2
[INFO] [stderr]   Downloaded is-macro v0.1.9
[INFO] [stderr]   Downloaded rplugin_macros v0.1.1
[INFO] [stderr]   Downloaded rplugin v0.3.0
[INFO] [stderr]   Downloaded tstr_proc_macros v0.2.2
[INFO] [stderr]   Downloaded tstr v0.2.3
[INFO] [stderr]   Downloaded abi_stable_shared v0.10.3
[INFO] [stderr]   Downloaded as_derive_utils v0.10.3
[INFO] [stderr]   Downloaded core_extensions_proc_macros v1.5.3
[INFO] [stderr]   Downloaded core_extensions v1.5.3
[INFO] [stderr]   Downloaded repr_offset v0.2.2
[INFO] [stderr]   Downloaded abi_stable v0.10.5
[INFO] [stderr]   Downloaded abi_stable_derive v0.10.3
[INFO] [stderr]   Downloaded mimalloc-rust-sys v1.7.9-source
[INFO] [stderr]   Downloaded testing v0.16.0
[INFO] [stderr]   Downloaded testing_macros v0.2.6
[INFO] [stderr]   Downloaded swc_atoms v0.2.10
[INFO] [stderr]   Downloaded swc_ecma_ast v0.61.0
[INFO] [stderr]   Downloaded swc_ecma_parser v0.83.0
[INFO] running `Command { std: "docker" "create" "-v" "/var/lib/crater-agent-workspace/builds/worker-1-tc1/target:/opt/rustwide/target:rw,Z" "-v" "/var/lib/crater-agent-workspace/builds/worker-1-tc1/source:/opt/rustwide/workdir:ro,Z" "-v" "/var/lib/crater-agent-workspace/cargo-home:/opt/rustwide/cargo-home:ro,Z" "-v" "/var/lib/crater-agent-workspace/rustup-home:/opt/rustwide/rustup-home:ro,Z" "-e" "SOURCE_DIR=/opt/rustwide/workdir" "-e" "CARGO_TARGET_DIR=/opt/rustwide/target" "-e" "CARGO_HOME=/opt/rustwide/cargo-home" "-e" "RUSTUP_HOME=/opt/rustwide/rustup-home" "-w" "/opt/rustwide/workdir" "-m" "1610612736" "--user" "0:0" "--network" "none" "ghcr.io/rust-lang/crates-build-env/linux@sha256:5ff2268d62e97bff2cde7d5815dd6ed5b47097566f13b8d0ca110b04b60e07ed" "/opt/rustwide/cargo-home/bin/cargo" "+1.69.0" "metadata" "--no-deps" "--format-version=1", kill_on_drop: false }`
[INFO] [stdout] 665a7a3f8f64c289f2f623281d9e097c604c435d094c303c9f2fda4c49cd6569
[INFO] running `Command { std: "docker" "start" "-a" "665a7a3f8f64c289f2f623281d9e097c604c435d094c303c9f2fda4c49cd6569", kill_on_drop: false }`
[INFO] running `Command { std: "docker" "inspect" "665a7a3f8f64c289f2f623281d9e097c604c435d094c303c9f2fda4c49cd6569", kill_on_drop: false }`
[INFO] running `Command { std: "docker" "rm" "-f" "665a7a3f8f64c289f2f623281d9e097c604c435d094c303c9f2fda4c49cd6569", kill_on_drop: false }`
[INFO] [stdout] 665a7a3f8f64c289f2f623281d9e097c604c435d094c303c9f2fda4c49cd6569
[INFO] running `Command { std: "docker" "create" "-v" "/var/lib/crater-agent-workspace/builds/worker-1-tc1/target:/opt/rustwide/target:rw,Z" "-v" "/var/lib/crater-agent-workspace/builds/worker-1-tc1/source:/opt/rustwide/workdir:ro,Z" "-v" "/var/lib/crater-agent-workspace/cargo-home:/opt/rustwide/cargo-home:ro,Z" "-v" "/var/lib/crater-agent-workspace/rustup-home:/opt/rustwide/rustup-home:ro,Z" "-e" "SOURCE_DIR=/opt/rustwide/workdir" "-e" "CARGO_TARGET_DIR=/opt/rustwide/target" "-e" "CARGO_INCREMENTAL=0" "-e" "RUST_BACKTRACE=full" "-e" "RUSTFLAGS=--cap-lints=warn" "-e" "RUSTDOCFLAGS=--cap-lints=warn" "-e" "CARGO_HOME=/opt/rustwide/cargo-home" "-e" "RUSTUP_HOME=/opt/rustwide/rustup-home" "-w" "/opt/rustwide/workdir" "-m" "1610612736" "--user" "0:0" "--network" "none" "ghcr.io/rust-lang/crates-build-env/linux@sha256:5ff2268d62e97bff2cde7d5815dd6ed5b47097566f13b8d0ca110b04b60e07ed" "/opt/rustwide/cargo-home/bin/cargo" "+1.69.0" "doc" "--frozen" "--no-deps" "--document-private-items" "--message-format=json", kill_on_drop: false }`
[INFO] [stdout] 748ca45da3f29d6410722d3dd825b29850d53660b37a1d8c9ce4392dafa4f846
[INFO] running `Command { std: "docker" "start" "-a" "748ca45da3f29d6410722d3dd825b29850d53660b37a1d8c9ce4392dafa4f846", kill_on_drop: false }`
[INFO] [stderr]    Compiling syn v1.0.109
[INFO] [stderr]    Compiling libc v0.2.142
[INFO] [stderr]    Compiling syn v2.0.15
[INFO] [stderr]    Compiling parking_lot_core v0.8.6
[INFO] [stderr]     Checking instant v0.1.12
[INFO] [stderr]    Compiling regex-syntax v0.7.1
[INFO] [stderr]    Compiling aho-corasick v1.0.1
[INFO] [stderr]    Compiling num-traits v0.2.15
[INFO] [stderr]     Checking once_cell v1.9.0
[INFO] [stderr]    Compiling ident_case v1.0.1
[INFO] [stderr]    Compiling fnv v1.0.7
[INFO] [stderr]    Compiling lazy_static v1.4.0
[INFO] [stderr]    Compiling core_extensions v1.5.3
[INFO] [stderr]    Compiling strsim v0.9.3
[INFO] [stderr]    Compiling crossbeam-utils v0.8.15
[INFO] [stderr]     Checking parking_lot v0.11.2
[INFO] [stderr]    Compiling getrandom v0.2.9
[INFO] [stderr]    Compiling bytecheck v0.6.10
[INFO] [stderr]    Compiling ahash v0.7.6
[INFO] [stderr]     Checking simdutf8 v0.1.4
[INFO] [stderr]    Compiling rand_core v0.6.4
[INFO] [stderr]    Compiling core_extensions_proc_macros v1.5.3
[INFO] [stderr]    Compiling tstr_proc_macros v0.2.2
[INFO] [stderr]    Compiling rand_chacha v0.3.1
[INFO] [stderr]     Checking siphasher v0.3.10
[INFO] [stderr]    Compiling rand v0.8.5
[INFO] [stderr]    Compiling paste v1.0.12
[INFO] [stderr]    Compiling serde_json v1.0.96
[INFO] [stderr]    Compiling regex v1.8.1
[INFO] [stderr]    Compiling rend v0.4.0
[INFO] [stderr]     Checking tstr v0.2.3
[INFO] [stderr]     Checking phf_shared v0.10.0
[INFO] [stderr]    Compiling phf_generator v0.10.0
[INFO] [stderr]    Compiling abi_stable_shared v0.10.3
[INFO] [stderr]    Compiling num-bigint v0.2.6
[INFO] [stderr]     Checking new_debug_unreachable v1.0.4
[INFO] [stderr]     Checking precomputed-hash v0.1.1
[INFO] [stderr]     Checking cfg-if v0.1.10
[INFO] [stderr]    Compiling rkyv v0.7.41
[INFO] [stderr]     Checking unreachable v0.1.1
[INFO] [stderr]     Checking generational-arena v0.2.8
[INFO] [stderr]     Checking crossbeam-channel v0.5.8
[INFO] [stderr]     Checking num-integer v0.1.45
[INFO] [stderr]    Compiling string_cache_codegen v0.5.2
[INFO] [stderr]    Compiling Inflector v0.11.4
[INFO] [stderr]     Checking hashbrown v0.12.3
[INFO] [stderr]     Checking repr_offset v0.2.2
[INFO] [stderr]     Checking tracing-core v0.1.26
[INFO] [stderr]     Checking libloading v0.7.4
[INFO] [stderr]     Checking stable_deref_trait v1.2.0
[INFO] [stderr]     Checking seahash v4.1.0
[INFO] [stderr]     Checking either v1.8.1
[INFO] [stderr]     Checking owning_ref v0.4.1
[INFO] [stderr]    Compiling swc_atoms v0.2.10
[INFO] [stderr]     Checking debug_unreachable v0.1.1
[INFO] [stderr]     Checking scoped-tls v1.0.1
[INFO] [stderr]     Checking rustc-hash v1.1.0
[INFO] [stderr]     Checking unicode-xid v0.2.4
[INFO] [stderr]    Compiling pmutil v0.5.3
[INFO] [stderr]    Compiling darling_core v0.10.2
[INFO] [stderr]    Compiling as_derive_utils v0.10.3
[INFO] [stderr]    Compiling serde_derive v1.0.160
[INFO] [stderr]    Compiling tracing-attributes v0.1.24
[INFO] [stderr]    Compiling swc_macros_common v0.3.7
[INFO] [stderr]    Compiling ptr_meta_derive v0.1.4
[INFO] [stderr]    Compiling bytecheck_derive v0.6.10
[INFO] [stderr]    Compiling swc_visit_macros v0.3.5
[INFO] [stderr]    Compiling rkyv_derive v0.7.41
[INFO] [stderr]    Compiling abi_stable_derive v0.10.3
[INFO] [stderr]     Checking tracing v0.1.34
[INFO] [stderr]    Compiling from_variant v0.1.5
[INFO] [stderr]     Checking ptr_meta v0.1.4
[INFO] [stderr]    Compiling swc_eq_ignore_macros v0.1.1
[INFO] [stderr]    Compiling is-macro v0.1.9
[INFO] [stderr]    Compiling darling_macro v0.10.2
[INFO] [stderr]    Compiling rplugin_macros v0.1.1
[INFO] [stderr]    Compiling darling v0.10.2
[INFO] [stderr]    Compiling ast_node v0.7.7
[INFO] [stderr]    Compiling string_enum v0.3.4
[INFO] [stdout] error[E0308]: mismatched types
[INFO] [stdout]    --> /opt/rustwide/cargo-home/registry/src/github.com-1ecc6299db9ec823/ast_node-0.7.7/src/lib.rs:142:24
[INFO] [stdout]     |
[INFO] [stdout] 142 |     print("ast_serde", item)
[INFO] [stdout]     |     -----              ^^^^ expected `TokenStream`, found `Quote`
[INFO] [stdout]     |     |
[INFO] [stdout]     |     arguments to this function are incorrect
[INFO] [stdout]     |
[INFO] [stdout] note: function defined here
[INFO] [stdout]    --> /opt/rustwide/cargo-home/registry/src/github.com-1ecc6299db9ec823/swc_macros_common-0.3.7/src/lib.rs:34:8
[INFO] [stdout]     |
[INFO] [stdout] 34  | pub fn print(attr: &'static str, tokens: proc_macro2::TokenStream) -> proc_macro::TokenStream {
[INFO] [stdout]     |        ^^^^^
[INFO] [stdout] help: call `Into::into` on this expression to convert `Quote` into `TokenStream2`
[INFO] [stdout]     |
[INFO] [stdout] 142 |     print("ast_serde", item.into())
[INFO] [stdout]     |                            +++++++
[INFO] [stdout] 
[INFO] [stdout] 
[INFO] [stdout] error[E0308]: mismatched types
[INFO] [stdout]    --> /opt/rustwide/cargo-home/registry/src/github.com-1ecc6299db9ec823/ast_node-0.7.7/src/lib.rs:285:23
[INFO] [stdout]     |
[INFO] [stdout] 285 |     print("ast_node", item)
[INFO] [stdout]     |     -----             ^^^^ expected `TokenStream`, found `Quote`
[INFO] [stdout]     |     |
[INFO] [stdout]     |     arguments to this function are incorrect
[INFO] [stdout]     |
[INFO] [stdout] note: function defined here
[INFO] [stdout]    --> /opt/rustwide/cargo-home/registry/src/github.com-1ecc6299db9ec823/swc_macros_common-0.3.7/src/lib.rs:34:8
[INFO] [stdout]     |
[INFO] [stdout] 34  | pub fn print(attr: &'static str, tokens: proc_macro2::TokenStream) -> proc_macro::TokenStream {
[INFO] [stdout]     |        ^^^^^
[INFO] [stdout] help: call `Into::into` on this expression to convert `Quote` into `TokenStream2`
[INFO] [stdout]     |
[INFO] [stdout] 285 |     print("ast_node", item.into())
[INFO] [stdout]     |                           +++++++
[INFO] [stdout] 
[INFO] [stdout] 
[INFO] [stdout] error[E0308]: mismatched types
[INFO] [stdout]    --> /opt/rustwide/cargo-home/registry/src/github.com-1ecc6299db9ec823/ast_node-0.7.7/src/lib.rs:303:17
[INFO] [stdout]     |
[INFO] [stdout] 303 |     print(name, item)
[INFO] [stdout]     |     -----       ^^^^ expected `TokenStream`, found `Quote`
[INFO] [stdout]     |     |
[INFO] [stdout]     |     arguments to this function are incorrect
[INFO] [stdout]     |
[INFO] [stdout] note: function defined here
[INFO] [stdout]    --> /opt/rustwide/cargo-home/registry/src/github.com-1ecc6299db9ec823/swc_macros_common-0.3.7/src/lib.rs:34:8
[INFO] [stdout]     |
[INFO] [stdout] 34  | pub fn print(attr: &'static str, tokens: proc_macro2::TokenStream) -> proc_macro::TokenStream {
[INFO] [stdout]     |        ^^^^^
[INFO] [stdout] help: call `Into::into` on this expression to convert `Quote` into `TokenStream2`
[INFO] [stdout]     |
[INFO] [stdout] 303 |     print(name, item.into())
[INFO] [stdout]     |                     +++++++
[INFO] [stdout] 
[INFO] [stdout] 
[INFO] [stdout] error: aborting due to 3 previous errors
[INFO] [stdout] 
[INFO] [stdout] 
[INFO] [stdout] For more information about this error, try `rustc --explain E0308`.
[INFO] [stdout] 
[INFO] [stderr] error: could not compile `ast_node` due to 4 previous errors
[INFO] [stderr] warning: build failed, waiting for other jobs to finish...
[INFO] running `Command { std: "docker" "inspect" "748ca45da3f29d6410722d3dd825b29850d53660b37a1d8c9ce4392dafa4f846", kill_on_drop: false }`
[INFO] running `Command { std: "docker" "rm" "-f" "748ca45da3f29d6410722d3dd825b29850d53660b37a1d8c9ce4392dafa4f846", kill_on_drop: false }`
[INFO] [stdout] 748ca45da3f29d6410722d3dd825b29850d53660b37a1d8c9ce4392dafa4f846
