[INFO] fetching crate swc_babel_compat 0.2.0...
[INFO] documenting swc_babel_compat-0.2.0 against 1.69.0 for beta-1.70-rustdoc-1
[INFO] extracting crate swc_babel_compat 0.2.0 into /workspace/builds/worker-3-tc1/source
[INFO] validating manifest of crates.io crate swc_babel_compat 0.2.0 on toolchain 1.69.0
[INFO] running `Command { std: CARGO_HOME="/workspace/cargo-home" RUSTUP_HOME="/workspace/rustup-home" "/workspace/cargo-home/bin/cargo" "+1.69.0" "metadata" "--manifest-path" "Cargo.toml" "--no-deps", kill_on_drop: false }`
[INFO] started tweaking crates.io crate swc_babel_compat 0.2.0
[INFO] finished tweaking crates.io crate swc_babel_compat 0.2.0
[INFO] tweaked toml for crates.io crate swc_babel_compat 0.2.0 written to /workspace/builds/worker-3-tc1/source/Cargo.toml
[INFO] running `Command { std: CARGO_HOME="/workspace/cargo-home" RUSTUP_HOME="/workspace/rustup-home" __CARGO_TEST_CHANNEL_OVERRIDE_DO_NOT_USE_THIS="nightly" "/workspace/cargo-home/bin/cargo" "+1.69.0" "generate-lockfile" "--manifest-path" "Cargo.toml" "-Zno-index-update", kill_on_drop: false }`
[INFO] [stderr]     Blocking waiting for file lock on package cache
[INFO] running `Command { std: CARGO_HOME="/workspace/cargo-home" RUSTUP_HOME="/workspace/rustup-home" "/workspace/cargo-home/bin/cargo" "+1.69.0" "fetch" "--manifest-path" "Cargo.toml", kill_on_drop: false }`
[INFO] [stderr]     Blocking waiting for file lock on package cache
[INFO] [stderr]  Downloading crates ...
[INFO] [stderr]   Downloaded swc_common v0.14.7
[INFO] [stderr]   Downloaded lexical v5.2.2
[INFO] [stderr]   Downloaded swc_ecma_codegen_macros v0.6.0
[INFO] [stderr]   Downloaded tikv-jemallocator v0.4.3
[INFO] [stderr]   Downloaded swc_node_base v0.5.8
[INFO] [stderr]   Downloaded serde-wasm-bindgen v0.3.1
[INFO] [stderr]   Downloaded static-map-macro v0.2.5
[INFO] [stderr]   Downloaded swc_babel_visit v0.1.0
[INFO] [stderr]   Downloaded normpath v0.2.0
[INFO] [stderr]   Downloaded ustr v0.8.1
[INFO] [stderr]   Downloaded swc_ecma_transforms_macros v0.3.0
[INFO] [stderr]   Downloaded st-map v0.1.8
[INFO] [stderr]   Downloaded swc_babel_ast v0.1.0
[INFO] [stderr]   Downloaded mimalloc-rust v0.2.1
[INFO] [stderr]   Downloaded tikv-jemalloc-sys v0.4.3+5.2.1-patched.2
[INFO] [stderr]   Downloaded swc_ecmascript v0.88.3
[INFO] [stderr]   Downloaded swc_ecma_transforms_proposal v0.58.1
[INFO] [stderr]   Downloaded swc_ecma_ast v0.58.1
[INFO] [stderr]   Downloaded swc_ecma_loader v0.24.4
[INFO] [stderr]   Downloaded mimalloc-rust-sys v1.7.9-source
[INFO] [stderr]   Downloaded swc_node_comments v0.1.0
[INFO] [stderr]   Downloaded swc_ecma_transforms_classes v0.30.3
[INFO] [stderr]   Downloaded swc_ecma_utils v0.52.5
[INFO] [stderr]   Downloaded swc_ecma_visit v0.44.2
[INFO] [stderr]   Downloaded swc_ecma_codegen v0.80.0
[INFO] [stderr]   Downloaded swc v0.87.4
[INFO] [stderr]   Downloaded swc_ecma_ext_transforms v0.38.2
[INFO] [stderr]   Downloaded swc_ecma_transforms_module v0.58.3
[INFO] [stderr]   Downloaded swc_ecma_transforms_react v0.60.1
[INFO] [stderr]   Downloaded swc_ecma_transforms_optimization v0.65.1
[INFO] [stderr]   Downloaded swc_ecma_parser v0.78.12
[INFO] [stderr]   Downloaded swc_ecma_transforms_base v0.44.7
[INFO] [stderr]   Downloaded swc_ecma_preset_env v0.67.5
[INFO] [stderr]   Downloaded swc_ecma_transforms_typescript v0.61.2
[INFO] [stderr]   Downloaded swc_ecma_minifier v0.51.4
[INFO] [stderr]   Downloaded browserslist-rs v0.4.0
[INFO] [stderr]   Downloaded swc_ecma_transforms_compat v0.52.19
[INFO] [stderr]   Downloaded swc_ecma_transforms v0.95.2
[INFO] running `Command { std: "docker" "create" "-v" "/var/lib/crater-agent-workspace/builds/worker-3-tc1/target:/opt/rustwide/target:rw,Z" "-v" "/var/lib/crater-agent-workspace/builds/worker-3-tc1/source:/opt/rustwide/workdir:ro,Z" "-v" "/var/lib/crater-agent-workspace/cargo-home:/opt/rustwide/cargo-home:ro,Z" "-v" "/var/lib/crater-agent-workspace/rustup-home:/opt/rustwide/rustup-home:ro,Z" "-e" "SOURCE_DIR=/opt/rustwide/workdir" "-e" "CARGO_TARGET_DIR=/opt/rustwide/target" "-e" "CARGO_HOME=/opt/rustwide/cargo-home" "-e" "RUSTUP_HOME=/opt/rustwide/rustup-home" "-w" "/opt/rustwide/workdir" "-m" "1610612736" "--user" "0:0" "--network" "none" "ghcr.io/rust-lang/crates-build-env/linux@sha256:5ff2268d62e97bff2cde7d5815dd6ed5b47097566f13b8d0ca110b04b60e07ed" "/opt/rustwide/cargo-home/bin/cargo" "+1.69.0" "metadata" "--no-deps" "--format-version=1", kill_on_drop: false }`
[INFO] [stdout] e22f65919abcf541a688fca39a22b5aacd1d2e87796e46048b109c8d122e88de
[INFO] running `Command { std: "docker" "start" "-a" "e22f65919abcf541a688fca39a22b5aacd1d2e87796e46048b109c8d122e88de", kill_on_drop: false }`
[INFO] running `Command { std: "docker" "inspect" "e22f65919abcf541a688fca39a22b5aacd1d2e87796e46048b109c8d122e88de", kill_on_drop: false }`
[INFO] running `Command { std: "docker" "rm" "-f" "e22f65919abcf541a688fca39a22b5aacd1d2e87796e46048b109c8d122e88de", kill_on_drop: false }`
[INFO] [stdout] e22f65919abcf541a688fca39a22b5aacd1d2e87796e46048b109c8d122e88de
[INFO] running `Command { std: "docker" "create" "-v" "/var/lib/crater-agent-workspace/builds/worker-3-tc1/target:/opt/rustwide/target:rw,Z" "-v" "/var/lib/crater-agent-workspace/builds/worker-3-tc1/source:/opt/rustwide/workdir:ro,Z" "-v" "/var/lib/crater-agent-workspace/cargo-home:/opt/rustwide/cargo-home:ro,Z" "-v" "/var/lib/crater-agent-workspace/rustup-home:/opt/rustwide/rustup-home:ro,Z" "-e" "SOURCE_DIR=/opt/rustwide/workdir" "-e" "CARGO_TARGET_DIR=/opt/rustwide/target" "-e" "CARGO_INCREMENTAL=0" "-e" "RUST_BACKTRACE=full" "-e" "RUSTFLAGS=--cap-lints=warn" "-e" "RUSTDOCFLAGS=--cap-lints=warn" "-e" "CARGO_HOME=/opt/rustwide/cargo-home" "-e" "RUSTUP_HOME=/opt/rustwide/rustup-home" "-w" "/opt/rustwide/workdir" "-m" "1610612736" "--user" "0:0" "--network" "none" "ghcr.io/rust-lang/crates-build-env/linux@sha256:5ff2268d62e97bff2cde7d5815dd6ed5b47097566f13b8d0ca110b04b60e07ed" "/opt/rustwide/cargo-home/bin/cargo" "+1.69.0" "doc" "--frozen" "--no-deps" "--document-private-items" "--message-format=json", kill_on_drop: false }`
[INFO] [stdout] 696f47103a0d777d8febe4b33048e8e6dc993fe3f691f43bb199e9252a538896
[INFO] running `Command { std: "docker" "start" "-a" "696f47103a0d777d8febe4b33048e8e6dc993fe3f691f43bb199e9252a538896", kill_on_drop: false }`
[INFO] [stderr]    Compiling syn v1.0.109
[INFO] [stderr]    Compiling libc v0.2.142
[INFO] [stderr]    Compiling syn v2.0.15
[INFO] [stderr]    Compiling memchr v2.5.0
[INFO] [stderr]    Compiling lock_api v0.4.9
[INFO] [stderr]    Compiling ppv-lite86 v0.2.17
[INFO] [stderr]    Compiling num-traits v0.2.15
[INFO] [stderr]    Compiling siphasher v0.3.10
[INFO] [stderr]    Compiling strsim v0.9.3
[INFO] [stderr]    Compiling aho-corasick v1.0.1
[INFO] [stderr]    Compiling phf_shared v0.10.0
[INFO] [stderr]     Checking rand_os v0.1.3
[INFO] [stderr]    Compiling num-integer v0.1.45
[INFO] [stderr]    Compiling ahash v0.7.6
[INFO] [stderr]    Compiling getrandom v0.2.9
[INFO] [stderr]     Checking rand v0.6.5
[INFO] [stderr]     Checking parking_lot v0.12.1
[INFO] [stderr]    Compiling num-bigint v0.2.6
[INFO] [stderr]    Compiling rand_core v0.6.4
[INFO] [stderr]    Compiling const-random-macro v0.1.15
[INFO] [stderr]     Checking precomputed-hash v0.1.1
[INFO] [stderr]    Compiling rand_chacha v0.3.1
[INFO] [stderr]     Checking new_debug_unreachable v1.0.4
[INFO] [stderr]    Compiling regex v1.8.1
[INFO] [stderr]    Compiling rand v0.8.5
[INFO] [stderr]     Checking const-random v0.1.15
[INFO] [stderr]     Checking unicode-id v0.3.3
[INFO] [stderr]     Checking data-encoding v2.3.3
[INFO] [stderr]     Checking rustc-hash v1.1.0
[INFO] [stderr]     Checking if_chain v1.0.2
[INFO] [stderr]     Checking termcolor v1.2.0
[INFO] [stderr]    Compiling crossbeam-utils v0.8.15
[INFO] [stderr]    Compiling fs_extra v1.3.0
[INFO] [stderr]    Compiling memoffset v0.8.0
[INFO] [stderr]    Compiling phf_generator v0.10.0
[INFO] [stderr]    Compiling crossbeam-epoch v0.9.14
[INFO] [stderr]    Compiling string_cache_codegen v0.5.2
[INFO] [stderr]    Compiling tikv-jemalloc-sys v0.4.3+5.2.1-patched.2
[INFO] [stderr]    Compiling Inflector v0.11.4
[INFO] [stderr]    Compiling lexical-core v0.7.6
[INFO] [stderr]    Compiling swc_atoms v0.2.13
[INFO] [stderr]    Compiling rayon-core v1.11.0
[INFO] [stderr]     Checking static_assertions v1.1.0
[INFO] [stderr]     Checking arrayvec v0.5.2
[INFO] [stderr]     Checking crossbeam-deque v0.8.3
[INFO] [stderr]     Checking crossbeam-channel v0.5.8
[INFO] [stderr]     Checking unicode-xid v0.2.4
[INFO] [stderr]     Checking dashmap v4.0.2
[INFO] [stderr]     Checking typed-arena v2.0.2
[INFO] [stderr]     Checking rayon v1.7.0
[INFO] [stderr]    Compiling pmutil v0.5.3
[INFO] [stderr]    Compiling darling_core v0.10.2
[INFO] [stderr]    Compiling serde_derive v1.0.160
[INFO] [stderr]    Compiling swc_macros_common v0.3.7
[INFO] [stderr]    Compiling tracing-attributes v0.1.24
[INFO] [stderr]     Checking lexical v5.2.2
[INFO] [stderr]    Compiling swc_visit_macros v0.2.3
[INFO] [stderr]    Compiling swc_eq_ignore_macros v0.1.1
[INFO] [stderr]    Compiling from_variant v0.1.5
[INFO] [stderr]    Compiling is-macro v0.1.9
[INFO] [stderr]     Checking tracing v0.1.37
[INFO] [stderr]    Compiling string_enum v0.3.4
[INFO] [stderr]    Compiling darling_macro v0.10.2
[INFO] [stderr]    Compiling enum_kind v0.2.2
[INFO] [stderr]    Compiling darling v0.10.2
[INFO] [stderr]    Compiling ast_node v0.7.7
[INFO] [stdout] error[E0308]: mismatched types
[INFO] [stdout]    --> /opt/rustwide/cargo-home/registry/src/github.com-1ecc6299db9ec823/ast_node-0.7.7/src/lib.rs:142:24
[INFO] [stdout]     |
[INFO] [stdout] 142 |     print("ast_serde", item)
[INFO] [stdout]     |     -----              ^^^^ expected `TokenStream`, found `Quote`
[INFO] [stdout]     |     |
[INFO] [stdout]     |     arguments to this function are incorrect
[INFO] [stdout]     |
[INFO] [stdout] note: function defined here
[INFO] [stdout]    --> /opt/rustwide/cargo-home/registry/src/github.com-1ecc6299db9ec823/swc_macros_common-0.3.7/src/lib.rs:34:8
[INFO] [stdout]     |
[INFO] [stdout] 34  | pub fn print(attr: &'static str, tokens: proc_macro2::TokenStream) -> proc_macro::TokenStream {
[INFO] [stdout]     |        ^^^^^
[INFO] [stdout] help: call `Into::into` on this expression to convert `Quote` into `TokenStream2`
[INFO] [stdout]     |
[INFO] [stdout] 142 |     print("ast_serde", item.into())
[INFO] [stdout]     |                            +++++++
[INFO] [stdout] 
[INFO] [stdout] 
[INFO] [stdout] error[E0308]: mismatched types
[INFO] [stdout]    --> /opt/rustwide/cargo-home/registry/src/github.com-1ecc6299db9ec823/ast_node-0.7.7/src/lib.rs:285:23
[INFO] [stdout]     |
[INFO] [stdout] 285 |     print("ast_node", item)
[INFO] [stdout]     |     -----             ^^^^ expected `TokenStream`, found `Quote`
[INFO] [stdout]     |     |
[INFO] [stdout]     |     arguments to this function are incorrect
[INFO] [stdout]     |
[INFO] [stdout] note: function defined here
[INFO] [stdout]    --> /opt/rustwide/cargo-home/registry/src/github.com-1ecc6299db9ec823/swc_macros_common-0.3.7/src/lib.rs:34:8
[INFO] [stdout]     |
[INFO] [stdout] 34  | pub fn print(attr: &'static str, tokens: proc_macro2::TokenStream) -> proc_macro::TokenStream {
[INFO] [stdout]     |        ^^^^^
[INFO] [stdout] help: call `Into::into` on this expression to convert `Quote` into `TokenStream2`
[INFO] [stdout]     |
[INFO] [stdout] 285 |     print("ast_node", item.into())
[INFO] [stdout]     |                           +++++++
[INFO] [stdout] 
[INFO] [stdout] 
[INFO] [stdout] error[E0308]: mismatched types
[INFO] [stdout]    --> /opt/rustwide/cargo-home/registry/src/github.com-1ecc6299db9ec823/ast_node-0.7.7/src/lib.rs:303:17
[INFO] [stdout]     |
[INFO] [stdout] 303 |     print(name, item)
[INFO] [stdout]     |     -----       ^^^^ expected `TokenStream`, found `Quote`
[INFO] [stdout]     |     |
[INFO] [stdout]     |     arguments to this function are incorrect
[INFO] [stdout]     |
[INFO] [stdout] note: function defined here
[INFO] [stdout]    --> /opt/rustwide/cargo-home/registry/src/github.com-1ecc6299db9ec823/swc_macros_common-0.3.7/src/lib.rs:34:8
[INFO] [stdout]     |
[INFO] [stdout] 34  | pub fn print(attr: &'static str, tokens: proc_macro2::TokenStream) -> proc_macro::TokenStream {
[INFO] [stdout]     |        ^^^^^
[INFO] [stdout] help: call `Into::into` on this expression to convert `Quote` into `TokenStream2`
[INFO] [stdout]     |
[INFO] [stdout] 303 |     print(name, item.into())
[INFO] [stdout]     |                     +++++++
[INFO] [stdout] 
[INFO] [stdout] 
[INFO] [stdout] error: aborting due to 3 previous errors
[INFO] [stdout] 
[INFO] [stdout] 
[INFO] [stdout] For more information about this error, try `rustc --explain E0308`.
[INFO] [stdout] 
[INFO] [stderr] error: could not compile `ast_node` due to 4 previous errors
[INFO] [stderr] warning: build failed, waiting for other jobs to finish...
[INFO] running `Command { std: "docker" "inspect" "696f47103a0d777d8febe4b33048e8e6dc993fe3f691f43bb199e9252a538896", kill_on_drop: false }`
[INFO] running `Command { std: "docker" "rm" "-f" "696f47103a0d777d8febe4b33048e8e6dc993fe3f691f43bb199e9252a538896", kill_on_drop: false }`
[INFO] [stdout] 696f47103a0d777d8febe4b33048e8e6dc993fe3f691f43bb199e9252a538896
