[INFO] fetching crate surgeosc-super 0.2.12-alpha.0...
[INFO] documenting surgeosc-super-0.2.12-alpha.0 against 1.69.0 for beta-1.70-rustdoc-1
[INFO] extracting crate surgeosc-super 0.2.12-alpha.0 into /workspace/builds/worker-7-tc1/source
[INFO] validating manifest of crates.io crate surgeosc-super 0.2.12-alpha.0 on toolchain 1.69.0
[INFO] running `Command { std: CARGO_HOME="/workspace/cargo-home" RUSTUP_HOME="/workspace/rustup-home" "/workspace/cargo-home/bin/cargo" "+1.69.0" "metadata" "--manifest-path" "Cargo.toml" "--no-deps", kill_on_drop: false }`
[INFO] started tweaking crates.io crate surgeosc-super 0.2.12-alpha.0
[INFO] finished tweaking crates.io crate surgeosc-super 0.2.12-alpha.0
[INFO] tweaked toml for crates.io crate surgeosc-super 0.2.12-alpha.0 written to /workspace/builds/worker-7-tc1/source/Cargo.toml
[INFO] running `Command { std: CARGO_HOME="/workspace/cargo-home" RUSTUP_HOME="/workspace/rustup-home" __CARGO_TEST_CHANNEL_OVERRIDE_DO_NOT_USE_THIS="nightly" "/workspace/cargo-home/bin/cargo" "+1.69.0" "generate-lockfile" "--manifest-path" "Cargo.toml" "-Zno-index-update", kill_on_drop: false }`
[INFO] running `Command { std: CARGO_HOME="/workspace/cargo-home" RUSTUP_HOME="/workspace/rustup-home" "/workspace/cargo-home/bin/cargo" "+1.69.0" "fetch" "--manifest-path" "Cargo.toml", kill_on_drop: false }`
[INFO] [stderr]  Downloading crates ...
[INFO] [stderr]   Downloaded surge-blitter v0.2.12-alpha.0
[INFO] running `Command { std: "docker" "create" "-v" "/var/lib/crater-agent-workspace/builds/worker-7-tc1/target:/opt/rustwide/target:rw,Z" "-v" "/var/lib/crater-agent-workspace/builds/worker-7-tc1/source:/opt/rustwide/workdir:ro,Z" "-v" "/var/lib/crater-agent-workspace/cargo-home:/opt/rustwide/cargo-home:ro,Z" "-v" "/var/lib/crater-agent-workspace/rustup-home:/opt/rustwide/rustup-home:ro,Z" "-e" "SOURCE_DIR=/opt/rustwide/workdir" "-e" "CARGO_TARGET_DIR=/opt/rustwide/target" "-e" "CARGO_HOME=/opt/rustwide/cargo-home" "-e" "RUSTUP_HOME=/opt/rustwide/rustup-home" "-w" "/opt/rustwide/workdir" "-m" "1610612736" "--user" "0:0" "--network" "none" "ghcr.io/rust-lang/crates-build-env/linux@sha256:5ff2268d62e97bff2cde7d5815dd6ed5b47097566f13b8d0ca110b04b60e07ed" "/opt/rustwide/cargo-home/bin/cargo" "+1.69.0" "metadata" "--no-deps" "--format-version=1", kill_on_drop: false }`
[INFO] [stdout] cc8d8686d6ff7aab5412fbbc14b19eeac41839885d96c0d184111838fbd96833
[INFO] running `Command { std: "docker" "start" "-a" "cc8d8686d6ff7aab5412fbbc14b19eeac41839885d96c0d184111838fbd96833", kill_on_drop: false }`
[INFO] running `Command { std: "docker" "inspect" "cc8d8686d6ff7aab5412fbbc14b19eeac41839885d96c0d184111838fbd96833", kill_on_drop: false }`
[INFO] running `Command { std: "docker" "rm" "-f" "cc8d8686d6ff7aab5412fbbc14b19eeac41839885d96c0d184111838fbd96833", kill_on_drop: false }`
[INFO] [stdout] cc8d8686d6ff7aab5412fbbc14b19eeac41839885d96c0d184111838fbd96833
[INFO] running `Command { std: "docker" "create" "-v" "/var/lib/crater-agent-workspace/builds/worker-7-tc1/target:/opt/rustwide/target:rw,Z" "-v" "/var/lib/crater-agent-workspace/builds/worker-7-tc1/source:/opt/rustwide/workdir:ro,Z" "-v" "/var/lib/crater-agent-workspace/cargo-home:/opt/rustwide/cargo-home:ro,Z" "-v" "/var/lib/crater-agent-workspace/rustup-home:/opt/rustwide/rustup-home:ro,Z" "-e" "SOURCE_DIR=/opt/rustwide/workdir" "-e" "CARGO_TARGET_DIR=/opt/rustwide/target" "-e" "CARGO_INCREMENTAL=0" "-e" "RUST_BACKTRACE=full" "-e" "RUSTFLAGS=--cap-lints=warn" "-e" "RUSTDOCFLAGS=--cap-lints=warn" "-e" "CARGO_HOME=/opt/rustwide/cargo-home" "-e" "RUSTUP_HOME=/opt/rustwide/rustup-home" "-w" "/opt/rustwide/workdir" "-m" "1610612736" "--user" "0:0" "--network" "none" "ghcr.io/rust-lang/crates-build-env/linux@sha256:5ff2268d62e97bff2cde7d5815dd6ed5b47097566f13b8d0ca110b04b60e07ed" "/opt/rustwide/cargo-home/bin/cargo" "+1.69.0" "doc" "--frozen" "--no-deps" "--document-private-items" "--message-format=json", kill_on_drop: false }`
[INFO] [stdout] 99e9374f9a7652579613ff9467c8444f3d31fe4d900c08f6267014cf8b592597
[INFO] running `Command { std: "docker" "start" "-a" "99e9374f9a7652579613ff9467c8444f3d31fe4d900c08f6267014cf8b592597", kill_on_drop: false }`
[INFO] [stderr]    Compiling num-traits v0.2.15
[INFO] [stderr]    Compiling syn v1.0.109
[INFO] [stderr]    Compiling glob v0.3.1
[INFO] [stderr]    Compiling num-integer v0.1.45
[INFO] [stderr]    Compiling minimal-lexical v0.2.1
[INFO] [stderr]    Compiling cfg-if v1.0.0
[INFO] [stderr]    Compiling bindgen v0.64.0
[INFO] [stderr]    Compiling proc-macro2 v1.0.56
[INFO] [stderr]    Compiling bitflags v1.3.2
[INFO] [stderr]    Compiling peeking_take_while v0.1.2
[INFO] [stderr]    Compiling lazycell v1.3.0
[INFO] [stderr]    Compiling shlex v1.1.0
[INFO] [stderr]    Compiling rustc-hash v1.1.0
[INFO] [stderr]    Compiling num-bigint v0.4.3
[INFO] [stderr]    Compiling log v0.4.17
[INFO] [stderr]    Compiling libm v0.1.4
[INFO] [stderr]    Compiling libloading v0.5.2
[INFO] [stderr]    Compiling libloading v0.7.4
[INFO] [stderr]    Compiling jack-sys v0.2.3
[INFO] [stderr]    Compiling num-iter v0.1.43
[INFO] [stderr]    Compiling matrixmultiply v0.3.5
[INFO] [stderr]    Compiling num-rational v0.4.1
[INFO] [stderr]    Compiling nom v7.1.3
[INFO] [stderr]     Checking bytemuck v1.13.1
[INFO] [stderr]    Compiling protobuf v2.28.0
[INFO] [stderr]    Compiling packed_simd_2 v0.3.8
[INFO] [stderr]    Compiling serde v1.0.160
[INFO] [stderr]     Checking libloading v0.6.7
[INFO] [stderr]    Compiling libxml v0.3.2
[INFO] [stderr]    Compiling clang-sys v1.6.1
[INFO] [stderr]    Compiling quote v1.0.26
[INFO] [stderr]     Checking safe_arch v0.6.0
[INFO] [stderr]     Checking rawpointer v0.2.1
[INFO] [stderr]    Compiling prometheus v0.13.3
[INFO] [stderr]     Checking dirs-sys v0.3.7
[INFO] [stderr]     Checking unicode-ident v1.0.8
[INFO] [stderr]    Compiling syn v2.0.15
[INFO] [stderr]     Checking owned-alloc v0.2.0
[INFO] [stderr]     Checking byteorder v0.5.3
[INFO] [stderr]     Checking dirs v4.0.0
[INFO] [stderr]     Checking jack v0.7.3
[INFO] [stderr]     Checking riff-wave v0.1.3
[INFO] [stderr]     Checking wide v0.7.8
[INFO] [stderr]     Checking enhanced_enum v0.2.2
[INFO] [stderr]     Checking lockfree v0.5.1
[INFO] [stderr]    Compiling proc-macro-error-attr v1.0.4
[INFO] [stderr]     Checking float-ord v0.3.2
[INFO] [stderr]     Checking atomic_float v0.1.0
[INFO] [stderr]     Checking uuid v0.8.2
[INFO] [stderr]     Checking xml-rs v0.8.4
[INFO] [stderr]     Checking half v1.8.2
[INFO] [stderr]     Checking bencher v0.1.5
[INFO] [stderr]     Checking approx_eq v0.1.8
[INFO] [stderr]     Checking mopa v0.2.2
[INFO] [stderr]     Checking downcast-rs v1.2.0
[INFO] [stderr]    Compiling indoc v1.0.9
[INFO] [stderr]     Checking surge-constants v0.2.12-alpha.0
[INFO] [stdout] error[E0554]: `#![feature]` may not be used on the stable release channel
[INFO] [stdout]    --> /opt/rustwide/cargo-home/registry/src/github.com-1ecc6299db9ec823/packed_simd_2-0.3.8/src/lib.rs:214:1
[INFO] [stdout]     |
[INFO] [stdout] 214 | / #![feature(
[INFO] [stdout] 215 | |     adt_const_params,
[INFO] [stdout] 216 | |     repr_simd,
[INFO] [stdout] 217 | |     rustc_attrs,
[INFO] [stdout] ...   |
[INFO] [stdout] 224 | |     custom_inner_attributes,
[INFO] [stdout] 225 | | )]
[INFO] [stdout]     | |__^
[INFO] [stdout] 
[INFO] [stdout] 
[INFO] [stderr]     Checking num-complex v0.4.3
[INFO] [stderr]     Checking num-traits v0.1.43
[INFO] [stderr]     Checking approx v0.5.1
[INFO] [stderr]     Checking num-complex v0.1.43
[INFO] [stderr]     Checking float-cmp v0.9.0
[INFO] [stderr]     Checking vst v0.2.1
[INFO] [stderr]     Checking dft v0.5.5
[INFO] [stderr]     Checking ndarray v0.15.6
[INFO] [stderr]    Compiling cexpr v0.6.0
[INFO] [stdout] error[E0554]: `#![feature]` may not be used on the stable release channel
[INFO] [stdout]    --> /opt/rustwide/cargo-home/registry/src/github.com-1ecc6299db9ec823/packed_simd_2-0.3.8/src/lib.rs:219:5
[INFO] [stdout]     |
[INFO] [stdout] 219 |     stdsimd,
[INFO] [stdout]     |     ^^^^^^^
[INFO] [stdout] 
[INFO] [stdout] 
[INFO] [stdout] error[E0554]: `#![feature]` may not be used on the stable release channel
[INFO] [stdout]    --> /opt/rustwide/cargo-home/registry/src/github.com-1ecc6299db9ec823/packed_simd_2-0.3.8/src/lib.rs:222:5
[INFO] [stdout]     |
[INFO] [stdout] 222 |     core_intrinsics,
[INFO] [stdout]     |     ^^^^^^^^^^^^^^^
[INFO] [stdout] 
[INFO] [stdout] 
[INFO] [stderr]    Compiling serde_derive v1.0.160
[INFO] [stderr]    Compiling thiserror-impl v1.0.40
[INFO] [stderr]    Compiling automod v1.0.8
[INFO] [stderr]     Checking num v0.4.0
[INFO] [stderr]     Checking thiserror v1.0.40
[INFO] [stderr]    Compiling proc-macro-error v1.0.4
[INFO] [stderr]    Compiling auto_impl v0.4.1
[INFO] [stderr]    Compiling getset v0.1.2
[INFO] [stderr]    Compiling derivative v2.2.0
[INFO] [stderr]    Compiling enum_dispatch v0.3.11
[INFO] [stderr]    Compiling derive_more v0.99.17
[INFO] [stdout] error: aborting due to 3 previous errors
[INFO] [stdout] 
[INFO] [stdout] 
[INFO] [stdout] For more information about this error, try `rustc --explain E0554`.
[INFO] [stdout] 
[INFO] [stderr] error: could not compile `packed_simd_2` due to 4 previous errors
[INFO] [stderr] warning: build failed, waiting for other jobs to finish...
[INFO] running `Command { std: "docker" "inspect" "99e9374f9a7652579613ff9467c8444f3d31fe4d900c08f6267014cf8b592597", kill_on_drop: false }`
[INFO] running `Command { std: "docker" "rm" "-f" "99e9374f9a7652579613ff9467c8444f3d31fe4d900c08f6267014cf8b592597", kill_on_drop: false }`
[INFO] [stdout] 99e9374f9a7652579613ff9467c8444f3d31fe4d900c08f6267014cf8b592597
