[INFO] fetching crate sunset 0.1.0...
[INFO] documenting sunset-0.1.0 against 1.69.0 for beta-1.70-rustdoc-1
[INFO] extracting crate sunset 0.1.0 into /workspace/builds/worker-3-tc1/source
[INFO] validating manifest of crates.io crate sunset 0.1.0 on toolchain 1.69.0
[INFO] running `Command { std: CARGO_HOME="/workspace/cargo-home" RUSTUP_HOME="/workspace/rustup-home" "/workspace/cargo-home/bin/cargo" "+1.69.0" "metadata" "--manifest-path" "Cargo.toml" "--no-deps", kill_on_drop: false }`
[INFO] started tweaking crates.io crate sunset 0.1.0
[INFO] finished tweaking crates.io crate sunset 0.1.0
[INFO] tweaked toml for crates.io crate sunset 0.1.0 written to /workspace/builds/worker-3-tc1/source/Cargo.toml
[INFO] running `Command { std: CARGO_HOME="/workspace/cargo-home" RUSTUP_HOME="/workspace/rustup-home" __CARGO_TEST_CHANNEL_OVERRIDE_DO_NOT_USE_THIS="nightly" "/workspace/cargo-home/bin/cargo" "+1.69.0" "generate-lockfile" "--manifest-path" "Cargo.toml" "-Zno-index-update", kill_on_drop: false }`
[INFO] running `Command { std: CARGO_HOME="/workspace/cargo-home" RUSTUP_HOME="/workspace/rustup-home" "/workspace/cargo-home/bin/cargo" "+1.69.0" "fetch" "--manifest-path" "Cargo.toml", kill_on_drop: false }`
[INFO] [stderr]  Downloading crates ...
[INFO] [stderr]   Downloaded no-panic v0.1.22
[INFO] [stderr]   Downloaded ssh-key v0.4.3
[INFO] [stderr]   Downloaded salty v0.2.0
[INFO] [stderr]   Downloaded sec1 v0.2.1
[INFO] [stderr]   Downloaded virtue v0.0.13
[INFO] [stderr]   Downloaded sunset-sshwire-derive v0.1.0
[INFO] running `Command { std: "docker" "create" "-v" "/var/lib/crater-agent-workspace/builds/worker-3-tc1/target:/opt/rustwide/target:rw,Z" "-v" "/var/lib/crater-agent-workspace/builds/worker-3-tc1/source:/opt/rustwide/workdir:ro,Z" "-v" "/var/lib/crater-agent-workspace/cargo-home:/opt/rustwide/cargo-home:ro,Z" "-v" "/var/lib/crater-agent-workspace/rustup-home:/opt/rustwide/rustup-home:ro,Z" "-e" "SOURCE_DIR=/opt/rustwide/workdir" "-e" "CARGO_TARGET_DIR=/opt/rustwide/target" "-e" "CARGO_HOME=/opt/rustwide/cargo-home" "-e" "RUSTUP_HOME=/opt/rustwide/rustup-home" "-w" "/opt/rustwide/workdir" "-m" "1610612736" "--user" "0:0" "--network" "none" "ghcr.io/rust-lang/crates-build-env/linux@sha256:5ff2268d62e97bff2cde7d5815dd6ed5b47097566f13b8d0ca110b04b60e07ed" "/opt/rustwide/cargo-home/bin/cargo" "+1.69.0" "metadata" "--no-deps" "--format-version=1", kill_on_drop: false }`
[INFO] [stdout] b6569a01b222fd58f8504cdf529c54c6535050f07782d98cd4430b11488b6528
[INFO] running `Command { std: "docker" "start" "-a" "b6569a01b222fd58f8504cdf529c54c6535050f07782d98cd4430b11488b6528", kill_on_drop: false }`
[INFO] running `Command { std: "docker" "inspect" "b6569a01b222fd58f8504cdf529c54c6535050f07782d98cd4430b11488b6528", kill_on_drop: false }`
[INFO] running `Command { std: "docker" "rm" "-f" "b6569a01b222fd58f8504cdf529c54c6535050f07782d98cd4430b11488b6528", kill_on_drop: false }`
[INFO] [stdout] b6569a01b222fd58f8504cdf529c54c6535050f07782d98cd4430b11488b6528
[INFO] running `Command { std: "docker" "create" "-v" "/var/lib/crater-agent-workspace/builds/worker-3-tc1/target:/opt/rustwide/target:rw,Z" "-v" "/var/lib/crater-agent-workspace/builds/worker-3-tc1/source:/opt/rustwide/workdir:ro,Z" "-v" "/var/lib/crater-agent-workspace/cargo-home:/opt/rustwide/cargo-home:ro,Z" "-v" "/var/lib/crater-agent-workspace/rustup-home:/opt/rustwide/rustup-home:ro,Z" "-e" "SOURCE_DIR=/opt/rustwide/workdir" "-e" "CARGO_TARGET_DIR=/opt/rustwide/target" "-e" "CARGO_INCREMENTAL=0" "-e" "RUST_BACKTRACE=full" "-e" "RUSTFLAGS=--cap-lints=warn" "-e" "RUSTDOCFLAGS=--cap-lints=warn" "-e" "CARGO_HOME=/opt/rustwide/cargo-home" "-e" "RUSTUP_HOME=/opt/rustwide/rustup-home" "-w" "/opt/rustwide/workdir" "-m" "1610612736" "--user" "0:0" "--network" "none" "ghcr.io/rust-lang/crates-build-env/linux@sha256:5ff2268d62e97bff2cde7d5815dd6ed5b47097566f13b8d0ca110b04b60e07ed" "/opt/rustwide/cargo-home/bin/cargo" "+1.69.0" "doc" "--frozen" "--no-deps" "--document-private-items" "--message-format=json", kill_on_drop: false }`
[INFO] [stdout] a9b8f8258965970e8f2099f0325c356a0d051eb4b9a632cf3aa63228cc9a3d3d
[INFO] running `Command { std: "docker" "start" "-a" "a9b8f8258965970e8f2099f0325c356a0d051eb4b9a632cf3aa63228cc9a3d3d", kill_on_drop: false }`
[INFO] [stderr]     Checking byteorder v1.4.3
[INFO] [stderr]     Checking signature v1.6.4
[INFO] [stderr]     Checking crypto-common v0.1.6
[INFO] [stderr]    Compiling syn v2.0.15
[INFO] [stderr]     Checking digest v0.9.0
[INFO] [stderr]     Checking inout v0.1.3
[INFO] [stderr]     Checking getrandom v0.2.9
[INFO] [stderr]     Checking const-oid v0.7.1
[INFO] [stderr]     Checking ed25519 v1.5.3
[INFO] [stderr]     Checking digest v0.10.6
[INFO] [stderr]     Checking rand_core v0.5.1
[INFO] [stderr]    Compiling doc-comment v0.3.3
[INFO] [stderr]     Checking rand_core v0.6.4
[INFO] [stderr]     Checking sha2 v0.9.9
[INFO] [stderr]     Checking cipher v0.4.4
[INFO] [stderr]     Checking der v0.5.1
[INFO] [stderr]    Compiling heapless v0.7.16
[INFO] [stderr]    Compiling syn v1.0.109
[INFO] [stderr]    Compiling salty v0.2.0
[INFO] [stderr]    Compiling heck v0.4.1
[INFO] [stderr]     Checking pem-rfc7468 v0.6.0
[INFO] [stderr]     Checking sha2 v0.10.6
[INFO] [stderr]     Checking spin v0.9.8
[INFO] [stderr]     Checking hash32 v0.2.1
[INFO] [stderr]     Checking universal-hash v0.4.1
[INFO] [stderr]    Compiling virtue v0.0.13
[INFO] [stderr]     Checking stable_deref_trait v1.2.0
[INFO] [stderr]     Checking poly1305 v0.7.2
[INFO] [stderr]     Checking ctr v0.9.2
[INFO] [stderr]     Checking chacha20 v0.9.1
[INFO] [stderr]     Checking aes v0.8.2
[INFO] [stderr]     Checking hmac v0.12.1
[INFO] [stderr]     Checking rand v0.8.5
[INFO] [stderr]     Checking ascii v1.1.0
[INFO] [stderr]     Checking sec1 v0.2.1
[INFO] [stderr]    Compiling sunset-sshwire-derive v0.1.0
[INFO] [stdout] error[E0061]: this method takes 2 arguments but 1 argument was supplied
[INFO] [stdout]   --> /opt/rustwide/cargo-home/registry/src/github.com-1ecc6299db9ec823/sunset-sshwire-derive-0.1.0/src/lib.rs:41:13
[INFO] [stdout]    |
[INFO] [stdout] 41 |         gen.export_to_file("SSHEncode");
[INFO] [stdout]    |             ^^^^^^^^^^^^^^------------- an argument of type `&str` is missing
[INFO] [stdout]    |
[INFO] [stdout] note: method defined here
[INFO] [stdout]   --> /opt/rustwide/cargo-home/registry/src/github.com-1ecc6299db9ec823/virtue-0.0.13/src/generate/generator.rs:98:12
[INFO] [stdout]    |
[INFO] [stdout] 98 |     pub fn export_to_file(&self, crate_name: &str, file_postfix: &str) -> bool {
[INFO] [stdout]    |            ^^^^^^^^^^^^^^
[INFO] [stdout] help: provide the argument
[INFO] [stdout]    |
[INFO] [stdout] 41 |         gen.export_to_file("SSHEncode", /* &str */);
[INFO] [stdout]    |                           ~~~~~~~~~~~~~~~~~~~~~~~~~
[INFO] [stdout] 
[INFO] [stdout] 
[INFO] [stdout] error[E0061]: this method takes 2 arguments but 1 argument was supplied
[INFO] [stdout]   --> /opt/rustwide/cargo-home/registry/src/github.com-1ecc6299db9ec823/sunset-sshwire-derive-0.1.0/src/lib.rs:59:13
[INFO] [stdout]    |
[INFO] [stdout] 59 |         gen.export_to_file("SSHDecode");
[INFO] [stdout]    |             ^^^^^^^^^^^^^^------------- an argument of type `&str` is missing
[INFO] [stdout]    |
[INFO] [stdout] note: method defined here
[INFO] [stdout]   --> /opt/rustwide/cargo-home/registry/src/github.com-1ecc6299db9ec823/virtue-0.0.13/src/generate/generator.rs:98:12
[INFO] [stdout]    |
[INFO] [stdout] 98 |     pub fn export_to_file(&self, crate_name: &str, file_postfix: &str) -> bool {
[INFO] [stdout]    |            ^^^^^^^^^^^^^^
[INFO] [stdout] help: provide the argument
[INFO] [stdout]    |
[INFO] [stdout] 59 |         gen.export_to_file("SSHDecode", /* &str */);
[INFO] [stdout]    |                           ~~~~~~~~~~~~~~~~~~~~~~~~~
[INFO] [stdout] 
[INFO] [stdout] 
[INFO] [stdout] error[E0308]: mismatched types
[INFO] [stdout]    --> /opt/rustwide/cargo-home/registry/src/github.com-1ecc6299db9ec823/sunset-sshwire-derive-0.1.0/src/lib.rs:219:17
[INFO] [stdout]     |
[INFO] [stdout] 218 |             match &body.fields {
[INFO] [stdout]     |                   ------------ this expression has type `&Option<virtue::parse::Fields>`
[INFO] [stdout] 219 |                 Fields::Tuple(v) => {
[INFO] [stdout]     |                 ^^^^^^^^^^^^^^^^ expected `Option<Fields>`, found `Fields`
[INFO] [stdout]     |
[INFO] [stdout]     = note: expected enum `Option<virtue::parse::Fields>`
[INFO] [stdout]                found enum `virtue::parse::Fields`
[INFO] [stdout] 
[INFO] [stdout] 
[INFO] [stdout] error[E0308]: mismatched types
[INFO] [stdout]    --> /opt/rustwide/cargo-home/registry/src/github.com-1ecc6299db9ec823/sunset-sshwire-derive-0.1.0/src/lib.rs:228:17
[INFO] [stdout]     |
[INFO] [stdout] 218 |             match &body.fields {
[INFO] [stdout]     |                   ------------ this expression has type `&Option<virtue::parse::Fields>`
[INFO] [stdout] ...
[INFO] [stdout] 228 |                 Fields::Struct(v) => {
[INFO] [stdout]     |                 ^^^^^^^^^^^^^^^^^ expected `Option<Fields>`, found `Fields`
[INFO] [stdout]     |
[INFO] [stdout]     = note: expected enum `Option<virtue::parse::Fields>`
[INFO] [stdout]                found enum `virtue::parse::Fields`
[INFO] [stdout] 
[INFO] [stdout] 
[INFO] [stdout] error[E0599]: no variant or associated item named `Unit` found for enum `virtue::parse::Fields` in the current scope
[INFO] [stdout]    --> /opt/rustwide/cargo-home/registry/src/github.com-1ecc6299db9ec823/sunset-sshwire-derive-0.1.0/src/lib.rs:286:33
[INFO] [stdout]     |
[INFO] [stdout] 286 |                         Fields::Unit => {
[INFO] [stdout]     |                                 ^^^^ variant or associated item not found in `Fields`
[INFO] [stdout] 
[INFO] [stdout] 
[INFO] [stdout] error[E0308]: mismatched types
[INFO] [stdout]    --> /opt/rustwide/cargo-home/registry/src/github.com-1ecc6299db9ec823/sunset-sshwire-derive-0.1.0/src/lib.rs:289:25
[INFO] [stdout]     |
[INFO] [stdout] 285 |                     match var.fields {
[INFO] [stdout]     |                           ---------- this expression has type `Option<virtue::parse::Fields>`
[INFO] [stdout] ...
[INFO] [stdout] 289 |                         Fields::Tuple(ref f) if f.len() == 1 => {
[INFO] [stdout]     |                         ^^^^^^^^^^^^^^^^^^^^ expected `Option<Fields>`, found `Fields`
[INFO] [stdout]     |
[INFO] [stdout]     = note: expected enum `Option<virtue::parse::Fields>`
[INFO] [stdout]                found enum `virtue::parse::Fields`
[INFO] [stdout] help: try wrapping the pattern in `Some`
[INFO] [stdout]     |
[INFO] [stdout] 289 |                         Some(Fields::Tuple(ref f)) if f.len() == 1 => {
[INFO] [stdout]     |                         +++++                    +
[INFO] [stdout] 
[INFO] [stdout] 
[INFO] [stdout] error[E0599]: no variant or associated item named `Unit` found for enum `virtue::parse::Fields` in the current scope
[INFO] [stdout]    --> /opt/rustwide/cargo-home/registry/src/github.com-1ecc6299db9ec823/sunset-sshwire-derive-0.1.0/src/lib.rs:362:33
[INFO] [stdout]     |
[INFO] [stdout] 362 |                         Fields::Unit => {
[INFO] [stdout]     |                                 ^^^^ variant or associated item not found in `Fields`
[INFO] [stdout] 
[INFO] [stdout] 
[INFO] [stdout] error[E0308]: mismatched types
[INFO] [stdout]    --> /opt/rustwide/cargo-home/registry/src/github.com-1ecc6299db9ec823/sunset-sshwire-derive-0.1.0/src/lib.rs:365:25
[INFO] [stdout]     |
[INFO] [stdout] 361 |                     match var.fields {
[INFO] [stdout]     |                           ---------- this expression has type `Option<virtue::parse::Fields>`
[INFO] [stdout] ...
[INFO] [stdout] 365 |                         Fields::Tuple(ref f) if f.len() == 1 => {
[INFO] [stdout]     |                         ^^^^^^^^^^^^^^^^^^^^ expected `Option<Fields>`, found `Fields`
[INFO] [stdout]     |
[INFO] [stdout]     = note: expected enum `Option<virtue::parse::Fields>`
[INFO] [stdout]                found enum `virtue::parse::Fields`
[INFO] [stdout] help: try wrapping the pattern in `Some`
[INFO] [stdout]     |
[INFO] [stdout] 365 |                         Some(Fields::Tuple(ref f)) if f.len() == 1 => {
[INFO] [stdout]     |                         +++++                    +
[INFO] [stdout] 
[INFO] [stdout] 
[INFO] [stdout] error[E0308]: mismatched types
[INFO] [stdout]    --> /opt/rustwide/cargo-home/registry/src/github.com-1ecc6299db9ec823/sunset-sshwire-derive-0.1.0/src/lib.rs:399:20
[INFO] [stdout]     |
[INFO] [stdout] 399 |             if let Fields::Struct(v) = &body.fields {
[INFO] [stdout]     |                    ^^^^^^^^^^^^^^^^^   ------------ this expression has type `&Option<virtue::parse::Fields>`
[INFO] [stdout]     |                    |
[INFO] [stdout]     |                    expected `Option<Fields>`, found `Fields`
[INFO] [stdout]     |
[INFO] [stdout]     = note: expected enum `Option<virtue::parse::Fields>`
[INFO] [stdout]                found enum `virtue::parse::Fields`
[INFO] [stdout] 
[INFO] [stdout] 
[INFO] [stdout] error[E0308]: mismatched types
[INFO] [stdout]    --> /opt/rustwide/cargo-home/registry/src/github.com-1ecc6299db9ec823/sunset-sshwire-derive-0.1.0/src/lib.rs:420:21
[INFO] [stdout]     |
[INFO] [stdout] 419 |                 match &body.fields {
[INFO] [stdout]     |                       ------------ this expression has type `&Option<virtue::parse::Fields>`
[INFO] [stdout] 420 |                     Fields::Tuple(_) => {
[INFO] [stdout]     |                     ^^^^^^^^^^^^^^^^ expected `Option<Fields>`, found `Fields`
[INFO] [stdout]     |
[INFO] [stdout]     = note: expected enum `Option<virtue::parse::Fields>`
[INFO] [stdout]                found enum `virtue::parse::Fields`
[INFO] [stdout] 
[INFO] [stdout] 
[INFO] [stdout] error[E0308]: mismatched types
[INFO] [stdout]    --> /opt/rustwide/cargo-home/registry/src/github.com-1ecc6299db9ec823/sunset-sshwire-derive-0.1.0/src/lib.rs:430:21
[INFO] [stdout]     |
[INFO] [stdout] 419 |                 match &body.fields {
[INFO] [stdout]     |                       ------------ this expression has type `&Option<virtue::parse::Fields>`
[INFO] [stdout] ...
[INFO] [stdout] 430 |                     Fields::Struct(v) => {
[INFO] [stdout]     |                     ^^^^^^^^^^^^^^^^^ expected `Option<Fields>`, found `Fields`
[INFO] [stdout]     |
[INFO] [stdout]     = note: expected enum `Option<virtue::parse::Fields>`
[INFO] [stdout]                found enum `virtue::parse::Fields`
[INFO] [stdout] 
[INFO] [stdout] 
[INFO] [stdout] error[E0599]: no method named `names` found for enum `Option` in the current scope
[INFO] [stdout]    --> /opt/rustwide/cargo-home/registry/src/github.com-1ecc6299db9ec823/sunset-sshwire-derive-0.1.0/src/lib.rs:424:50
[INFO] [stdout]     |
[INFO] [stdout] 424 | ...                   for _ in body.fields.names() {
[INFO] [stdout]     |                                            ^^^^^ method not found in `Option<Fields>`
[INFO] [stdout]     |
[INFO] [stdout] note: the method `names` exists on the type `virtue::parse::Fields`
[INFO] [stdout]    --> /opt/rustwide/cargo-home/registry/src/github.com-1ecc6299db9ec823/virtue-0.0.13/src/parse/body.rs:363:5
[INFO] [stdout]     |
[INFO] [stdout] 363 |     pub fn names(&self) -> Vec<IdentOrIndex> {
[INFO] [stdout]     |     ^^^^^^^^^^^^^^^^^^^^^^^^^^^^^^^^^^^^^^^^
[INFO] [stdout] help: consider using `Option::expect` to unwrap the `virtue::parse::Fields` value, panicking if the value is an `Option::None`
[INFO] [stdout]     |
[INFO] [stdout] 424 |                             for _ in body.fields.expect("REASON").names() {
[INFO] [stdout]     |                                                 +++++++++++++++++
[INFO] [stdout] 
[INFO] [stdout] 
[INFO] [stdout] error[E0599]: no variant or associated item named `Unit` found for enum `virtue::parse::Fields` in the current scope
[INFO] [stdout]    --> /opt/rustwide/cargo-home/registry/src/github.com-1ecc6299db9ec823/sunset-sshwire-derive-0.1.0/src/lib.rs:530:41
[INFO] [stdout]     |
[INFO] [stdout] 530 | ...                   Fields::Unit => {
[INFO] [stdout]     |                               ^^^^ variant or associated item not found in `Fields`
[INFO] [stdout] 
[INFO] [stdout] 
[INFO] [stdout] error[E0308]: mismatched types
[INFO] [stdout]    --> /opt/rustwide/cargo-home/registry/src/github.com-1ecc6299db9ec823/sunset-sshwire-derive-0.1.0/src/lib.rs:533:33
[INFO] [stdout]     |
[INFO] [stdout] 529 | ...                   match var.fields {
[INFO] [stdout]     |                             ---------- this expression has type `Option<virtue::parse::Fields>`
[INFO] [stdout] ...
[INFO] [stdout] 533 | ...                       Fields::Tuple(ref f) if f.len() == 1 => {
[INFO] [stdout]     |                           ^^^^^^^^^^^^^^^^^^^^ expected `Option<Fields>`, found `Fields`
[INFO] [stdout]     |
[INFO] [stdout]     = note: expected enum `Option<virtue::parse::Fields>`
[INFO] [stdout]                found enum `virtue::parse::Fields`
[INFO] [stdout] help: try wrapping the pattern in `Some`
[INFO] [stdout]     |
[INFO] [stdout] 533 |                                 Some(Fields::Tuple(ref f)) if f.len() == 1 => {
[INFO] [stdout]     |                                 +++++                    +
[INFO] [stdout] 
[INFO] [stdout] 
[INFO] [stdout] error: aborting due to 14 previous errors
[INFO] [stdout] 
[INFO] [stdout] 
[INFO] [stdout] Some errors have detailed explanations: E0061, E0308, E0599.
[INFO] [stdout] 
[INFO] [stdout] For more information about an error, try `rustc --explain E0061`.
[INFO] [stdout] 
[INFO] [stderr] error: could not compile `sunset-sshwire-derive` due to 15 previous errors
[INFO] [stderr] warning: build failed, waiting for other jobs to finish...
[INFO] running `Command { std: "docker" "inspect" "a9b8f8258965970e8f2099f0325c356a0d051eb4b9a632cf3aa63228cc9a3d3d", kill_on_drop: false }`
[INFO] running `Command { std: "docker" "rm" "-f" "a9b8f8258965970e8f2099f0325c356a0d051eb4b9a632cf3aa63228cc9a3d3d", kill_on_drop: false }`
[INFO] [stdout] a9b8f8258965970e8f2099f0325c356a0d051eb4b9a632cf3aa63228cc9a3d3d
