[INFO] fetching crate stailwc 0.15.0...
[INFO] documenting stailwc-0.15.0 against 1.69.0 for beta-1.70-rustdoc-1
[INFO] extracting crate stailwc 0.15.0 into /workspace/builds/worker-5-tc1/source
[INFO] validating manifest of crates.io crate stailwc 0.15.0 on toolchain 1.69.0
[INFO] running `Command { std: CARGO_HOME="/workspace/cargo-home" RUSTUP_HOME="/workspace/rustup-home" "/workspace/cargo-home/bin/cargo" "+1.69.0" "metadata" "--manifest-path" "Cargo.toml" "--no-deps", kill_on_drop: false }`
[INFO] removed /workspace/builds/worker-5-tc1/source/.cargo/config
[INFO] started tweaking crates.io crate stailwc 0.15.0
[INFO] finished tweaking crates.io crate stailwc 0.15.0
[INFO] tweaked toml for crates.io crate stailwc 0.15.0 written to /workspace/builds/worker-5-tc1/source/Cargo.toml
[INFO] running `Command { std: CARGO_HOME="/workspace/cargo-home" RUSTUP_HOME="/workspace/rustup-home" __CARGO_TEST_CHANNEL_OVERRIDE_DO_NOT_USE_THIS="nightly" "/workspace/cargo-home/bin/cargo" "+1.69.0" "generate-lockfile" "--manifest-path" "Cargo.toml" "-Zno-index-update", kill_on_drop: false }`
[INFO] running `Command { std: CARGO_HOME="/workspace/cargo-home" RUSTUP_HOME="/workspace/rustup-home" "/workspace/cargo-home/bin/cargo" "+1.69.0" "fetch" "--manifest-path" "Cargo.toml", kill_on_drop: false }`
[INFO] [stderr]  Downloading crates ...
[INFO] [stderr]   Downloaded swc_ecma_ast v0.96.7
[INFO] [stderr]   Downloaded swc_trace_macro v0.1.2
[INFO] [stderr]   Downloaded swc_plugin_proxy v0.24.1
[INFO] [stderr]   Downloaded unicode-id v0.3.3
[INFO] [stderr]   Downloaded swc_core v0.55.5
[INFO] [stderr]   Downloaded vergen v7.5.1
[INFO] [stderr]   Downloaded swc_ecma_testing v0.20.8
[INFO] [stderr]   Downloaded swc_visit_macros v0.5.6
[INFO] [stderr]   Downloaded swc_ecma_transforms_base v0.113.2
[INFO] [stderr]   Downloaded swc_plugin v0.90.0
[INFO] [stderr]   Downloaded is-macro v0.2.2
[INFO] [stderr]   Downloaded testing v0.31.43
[INFO] [stderr]   Downloaded swc_ecma_codegen_macros v0.7.2
[INFO] [stderr]   Downloaded better_scoped_tls v0.1.0
[INFO] [stderr]   Downloaded swc_ecma_transforms_testing v0.116.2
[INFO] [stderr]   Downloaded swc_plugin_macro v0.9.11
[INFO] [stderr]   Downloaded enum_kind v0.2.2
[INFO] [stderr]   Downloaded from_variant v0.1.5
[INFO] [stderr]   Downloaded stailwc-swc-utils v0.13.0
[INFO] [stderr]   Downloaded swc_atoms v0.4.41
[INFO] [stderr]   Downloaded triomphe v0.1.8
[INFO] [stderr]   Downloaded swc_visit v0.5.5
[INFO] [stderr]   Downloaded swc_ecma_utils v0.107.12
[INFO] [stderr]   Downloaded swc_ecma_visit v0.82.7
[INFO] [stderr]   Downloaded sourcemap v6.2.3
[INFO] [stderr]   Downloaded testing_macros v0.2.9
[INFO] [stderr]   Downloaded ast_node v0.8.8
[INFO] [stderr]   Downloaded swc_eq_ignore_macros v0.1.1
[INFO] [stderr]   Downloaded tailwind-config v0.15.0
[INFO] [stderr]   Downloaded test-case-macros v2.2.2
[INFO] [stderr]   Downloaded test-case v2.2.2
[INFO] [stderr]   Downloaded rkyv_derive v0.7.37
[INFO] [stderr]   Downloaded swc_common v0.29.40
[INFO] [stderr]   Downloaded tailwind-parse-macro v0.11.1
[INFO] [stderr]   Downloaded swc_ecma_codegen v0.129.15
[INFO] [stderr]   Downloaded eddie v0.4.2
[INFO] [stderr]   Downloaded relative-path v1.8.0
[INFO] [stderr]   Downloaded swc_error_reporters v0.13.41
[INFO] [stderr]   Downloaded tailwind-parse v0.15.0
[INFO] [stderr]   Downloaded cmd_lib v1.3.0
[INFO] [stderr]   Downloaded swc_ecma_parser v0.124.12
[INFO] [stderr]   Downloaded string_enum v0.3.4
[INFO] [stderr]   Downloaded rkyv v0.7.37
[INFO] [stderr]   Downloaded swc_macros_common v0.3.7
[INFO] [stderr]   Downloaded pmutil v0.5.3
[INFO] running `Command { std: "docker" "create" "-v" "/var/lib/crater-agent-workspace/builds/worker-5-tc1/target:/opt/rustwide/target:rw,Z" "-v" "/var/lib/crater-agent-workspace/builds/worker-5-tc1/source:/opt/rustwide/workdir:ro,Z" "-v" "/var/lib/crater-agent-workspace/cargo-home:/opt/rustwide/cargo-home:ro,Z" "-v" "/var/lib/crater-agent-workspace/rustup-home:/opt/rustwide/rustup-home:ro,Z" "-e" "SOURCE_DIR=/opt/rustwide/workdir" "-e" "CARGO_TARGET_DIR=/opt/rustwide/target" "-e" "CARGO_HOME=/opt/rustwide/cargo-home" "-e" "RUSTUP_HOME=/opt/rustwide/rustup-home" "-w" "/opt/rustwide/workdir" "-m" "1610612736" "--user" "0:0" "--network" "none" "ghcr.io/rust-lang/crates-build-env/linux@sha256:5ff2268d62e97bff2cde7d5815dd6ed5b47097566f13b8d0ca110b04b60e07ed" "/opt/rustwide/cargo-home/bin/cargo" "+1.69.0" "metadata" "--no-deps" "--format-version=1", kill_on_drop: false }`
[INFO] [stdout] 60cdb04453ae4ae1907ac69b6a283bfecb5e95af9e24a55bdd31cccd1fda3ea1
[INFO] running `Command { std: "docker" "start" "-a" "60cdb04453ae4ae1907ac69b6a283bfecb5e95af9e24a55bdd31cccd1fda3ea1", kill_on_drop: false }`
[INFO] running `Command { std: "docker" "inspect" "60cdb04453ae4ae1907ac69b6a283bfecb5e95af9e24a55bdd31cccd1fda3ea1", kill_on_drop: false }`
[INFO] running `Command { std: "docker" "rm" "-f" "60cdb04453ae4ae1907ac69b6a283bfecb5e95af9e24a55bdd31cccd1fda3ea1", kill_on_drop: false }`
[INFO] [stdout] 60cdb04453ae4ae1907ac69b6a283bfecb5e95af9e24a55bdd31cccd1fda3ea1
[INFO] running `Command { std: "docker" "create" "-v" "/var/lib/crater-agent-workspace/builds/worker-5-tc1/target:/opt/rustwide/target:rw,Z" "-v" "/var/lib/crater-agent-workspace/builds/worker-5-tc1/source:/opt/rustwide/workdir:ro,Z" "-v" "/var/lib/crater-agent-workspace/cargo-home:/opt/rustwide/cargo-home:ro,Z" "-v" "/var/lib/crater-agent-workspace/rustup-home:/opt/rustwide/rustup-home:ro,Z" "-e" "SOURCE_DIR=/opt/rustwide/workdir" "-e" "CARGO_TARGET_DIR=/opt/rustwide/target" "-e" "CARGO_INCREMENTAL=0" "-e" "RUST_BACKTRACE=full" "-e" "RUSTFLAGS=--cap-lints=warn" "-e" "RUSTDOCFLAGS=--cap-lints=warn" "-e" "CARGO_HOME=/opt/rustwide/cargo-home" "-e" "RUSTUP_HOME=/opt/rustwide/rustup-home" "-w" "/opt/rustwide/workdir" "-m" "1610612736" "--user" "0:0" "--network" "none" "ghcr.io/rust-lang/crates-build-env/linux@sha256:5ff2268d62e97bff2cde7d5815dd6ed5b47097566f13b8d0ca110b04b60e07ed" "/opt/rustwide/cargo-home/bin/cargo" "+1.69.0" "doc" "--frozen" "--no-deps" "--document-private-items" "--message-format=json", kill_on_drop: false }`
[INFO] [stdout] 332c49e02ad6644d452ecec58f727235e4e5cedb70ef3cd6e3a68db54bbc3511
[INFO] running `Command { std: "docker" "start" "-a" "332c49e02ad6644d452ecec58f727235e4e5cedb70ef3cd6e3a68db54bbc3511", kill_on_drop: false }`
[INFO] [stderr]    Compiling libc v0.2.142
[INFO] [stderr]    Compiling ppv-lite86 v0.2.17
[INFO] [stderr]    Compiling siphasher v0.3.10
[INFO] [stderr]    Compiling ahash v0.7.6
[INFO] [stderr]    Compiling bytecheck v0.6.10
[INFO] [stderr]     Checking tracing-core v0.1.30
[INFO] [stderr]     Checking getrandom v0.2.9
[INFO] [stderr]     Checking atty v0.2.14
[INFO] [stderr]     Checking simdutf8 v0.1.4
[INFO] [stderr]    Compiling pmutil v0.5.3
[INFO] [stderr]    Compiling ptr_meta_derive v0.1.4
[INFO] [stderr]    Compiling bytecheck_derive v0.6.10
[INFO] [stderr]    Compiling rend v0.3.6
[INFO] [stderr]    Compiling darling_core v0.13.4
[INFO] [stderr]     Checking phf_shared v0.10.0
[INFO] [stderr]    Compiling rkyv v0.7.37
[INFO] [stderr]    Compiling rkyv_derive v0.7.37
[INFO] [stderr]    Compiling num-bigint v0.4.3
[INFO] [stderr]     Checking stable_deref_trait v1.2.0
[INFO] [stderr]     Checking seahash v4.1.0
[INFO] [stderr]     Checking string_cache v0.8.7
[INFO] [stderr]     Checking triomphe v0.1.8
[INFO] [stderr]     Checking unicode-id v0.3.3
[INFO] [stderr]     Checking if_chain v1.0.2
[INFO] [stderr]    Compiling swc_macros_common v0.3.7
[INFO] [stderr]     Checking data-encoding v2.3.3
[INFO] [stderr]     Checking scoped-tls v1.0.1
[INFO] [stderr]     Checking lexical-util v0.8.5
[INFO] [stderr]    Compiling thiserror-impl v1.0.40
[INFO] [stderr]    Compiling swc_eq_ignore_macros v0.1.1
[INFO] [stderr]     Checking tracing v0.1.37
[INFO] [stderr]     Checking better_scoped_tls v0.1.0
[INFO] [stderr]    Compiling swc_ecma_ast v0.96.7
[INFO] [stderr]     Checking hashbrown v0.12.3
[INFO] [stderr]    Compiling is-macro v0.2.2
[INFO] [stderr]    Compiling anyhow v1.0.71
[INFO] [stderr]     Checking sourcemap v6.2.3
[INFO] [stderr]    Compiling time-core v0.1.0
[INFO] [stderr]     Checking ptr_meta v0.1.4
[INFO] [stderr]     Checking lexical-parse-integer v0.8.6
[INFO] [stderr]     Checking lexical-write-integer v0.8.5
[INFO] [stderr]    Compiling proc-macro-hack v0.5.20+deprecated
[INFO] [stderr]    Compiling time v0.3.20
[INFO] [stderr]    Compiling psm v0.1.21
[INFO] [stderr]     Checking lexical-parse-float v0.8.5
[INFO] [stderr]     Checking object v0.30.3
[INFO] [stderr]     Checking lexical-write-float v0.8.5
[INFO] [stderr]    Compiling rand_core v0.6.4
[INFO] [stderr]    Compiling swc_visit_macros v0.5.6
[INFO] [stderr]    Compiling from_variant v0.1.5
[INFO] [stderr]    Compiling string_enum v0.3.4
[INFO] [stderr]    Compiling rand_chacha v0.3.1
[INFO] [stderr]    Compiling rand v0.8.5
[INFO] [stderr]     Checking is_ci v1.1.1
[INFO] [stderr]     Checking smawk v0.3.1
[INFO] [stderr]     Checking supports-color v1.3.1
[INFO] [stderr]     Checking lexical-core v0.8.5
[INFO] [stderr]    Compiling stacker v0.1.15
[INFO] [stderr]    Compiling proc-macro-error v1.0.4
[INFO] [stderr]     Checking aho-corasick v1.0.1
[INFO] [stderr]     Checking supports-unicode v1.0.2
[INFO] [stderr]     Checking supports-hyperlinks v1.2.0
[INFO] [stderr]    Compiling phf_generator v0.10.0
[INFO] [stderr]    Compiling enum-iterator-derive v1.2.0
[INFO] [stderr]    Compiling unicode-linebreak v0.1.4
[INFO] [stderr]    Compiling miette-derive v4.7.1
[INFO] [stderr]     Checking terminal_size v0.1.17
[INFO] [stderr]    Compiling string_cache_codegen v0.5.2
[INFO] [stderr]     Checking overload v0.1.1
[INFO] [stderr]     Checking owo-colors v3.5.0
[INFO] [stderr]     Checking nu-ansi-term v0.46.0
[INFO] [stderr]     Checking thiserror v1.0.40
[INFO] [stderr]    Compiling getset v0.1.2
[INFO] [stderr]    Compiling rustix v0.37.18
[INFO] [stderr]     Checking regex v1.8.1
[INFO] [stderr]    Compiling darling_macro v0.13.4
[INFO] [stderr]    Compiling vergen v7.5.1
[INFO] [stderr]     Checking lexical v6.1.1
[INFO] [stderr]    Compiling swc_atoms v0.4.41
[INFO] [stderr]    Compiling phf_macros v0.10.0
[INFO] [stderr]     Checking digest v0.10.6
[INFO] [stderr]     Checking tracing-log v0.1.3
[INFO] [stderr]     Checking indexmap v1.9.3
[INFO] [stderr]     Checking matchers v0.1.0
[INFO] [stderr]    Compiling enum_kind v0.2.2
[INFO] [stderr]     Checking thread_local v1.1.7
[INFO] [stderr]     Checking typed-arena v2.0.2
[INFO] [stderr]     Checking backtrace v0.3.67
[INFO] [stderr]    Compiling relative-path v1.8.0
[INFO] [stderr]     Checking diff v0.1.13
[INFO] [stderr]     Checking yansi v0.5.1
[INFO] [stderr]     Checking sha-1 v0.10.1
[INFO] [stderr]     Checking tracing-subscriber v0.3.17
[INFO] [stderr]    Compiling swc_ecma_codegen_macros v0.7.2
[INFO] [stderr]    Compiling enum-iterator v1.4.0
[INFO] [stderr]    Compiling swc_plugin_proxy v0.24.1
[INFO] [stderr]     Checking difference v2.0.0
[INFO] [stderr]     Checking pretty_assertions v1.3.0
[INFO] [stderr]    Compiling testing_macros v0.2.9
[INFO] [stderr]     Checking swc_ecma_testing v0.20.8
[INFO] [stderr]    Compiling darling v0.13.4
[INFO] [stderr]    Compiling phf_shared v0.11.1
[INFO] [stderr]    Compiling swc_trace_macro v0.1.2
[INFO] [stderr]    Compiling ast_node v0.8.8
[INFO] [stderr]    Compiling swc_plugin_macro v0.9.11
[INFO] [stderr]    Compiling phf_generator v0.11.1
[INFO] [stderr]     Checking swc_plugin v0.90.0
[INFO] [stderr]     Checking nom v7.1.3
[INFO] [stderr]    Compiling convert_case v0.6.0
[INFO] [stderr]    Compiling phf_macros v0.11.1
[INFO] [stderr]     Checking phf v0.10.1
[INFO] [stderr]     Checking bytecount v0.6.3
[INFO] [stderr]     Checking textwrap v0.15.2
[INFO] [stderr]    Compiling stailwc v0.15.0 (/opt/rustwide/workdir)
[INFO] [stderr]     Checking itertools v0.10.5
[INFO] [stderr]    Compiling tailwind-parse-macro v0.11.1
[INFO] [stderr]     Checking tailwind-config v0.15.0
[INFO] [stdout] error[E0554]: `#![feature]` may not be used on the stable release channel
[INFO] [stdout]  --> /opt/rustwide/cargo-home/registry/src/github.com-1ecc6299db9ec823/tailwind-parse-macro-0.11.1/src/lib.rs:1:1
[INFO] [stdout]   |
[INFO] [stdout] 1 | #![feature(drain_filter)]
[INFO] [stdout]   | ^^^^^^^^^^^^^^^^^^^^^^^^^
[INFO] [stdout] 
[INFO] [stdout] 
[INFO] [stdout] error[E0554]: `#![feature]` may not be used on the stable release channel
[INFO] [stdout]  --> /opt/rustwide/cargo-home/registry/src/github.com-1ecc6299db9ec823/tailwind-parse-macro-0.11.1/src/lib.rs:2:1
[INFO] [stdout]   |
[INFO] [stdout] 2 | #![feature(box_patterns)]
[INFO] [stdout]   | ^^^^^^^^^^^^^^^^^^^^^^^^^
[INFO] [stdout] 
[INFO] [stdout] 
[INFO] [stdout] error[E0554]: `#![feature]` may not be used on the stable release channel
[INFO] [stdout]  --> /opt/rustwide/cargo-home/registry/src/github.com-1ecc6299db9ec823/tailwind-parse-macro-0.11.1/src/lib.rs:1:12
[INFO] [stdout]   |
[INFO] [stdout] 1 | #![feature(drain_filter)]
[INFO] [stdout]   |            ^^^^^^^^^^^^
[INFO] [stdout] 
[INFO] [stdout] 
[INFO] [stdout] error: aborting due to 3 previous errors
[INFO] [stdout] 
[INFO] [stdout] 
[INFO] [stdout] For more information about this error, try `rustc --explain E0554`.
[INFO] [stdout] 
[INFO] [stderr] error: could not compile `tailwind-parse-macro` due to 4 previous errors
[INFO] [stderr] warning: build failed, waiting for other jobs to finish...
[INFO] running `Command { std: "docker" "inspect" "332c49e02ad6644d452ecec58f727235e4e5cedb70ef3cd6e3a68db54bbc3511", kill_on_drop: false }`
[INFO] running `Command { std: "docker" "rm" "-f" "332c49e02ad6644d452ecec58f727235e4e5cedb70ef3cd6e3a68db54bbc3511", kill_on_drop: false }`
[INFO] [stdout] 332c49e02ad6644d452ecec58f727235e4e5cedb70ef3cd6e3a68db54bbc3511
