[INFO] fetching crate spl-governance-chat 0.2.5...
[INFO] documenting spl-governance-chat-0.2.5 against 1.69.0 for beta-1.70-rustdoc-1
[INFO] extracting crate spl-governance-chat 0.2.5 into /workspace/builds/worker-1-tc1/source
[INFO] validating manifest of crates.io crate spl-governance-chat 0.2.5 on toolchain 1.69.0
[INFO] running `Command { std: CARGO_HOME="/workspace/cargo-home" RUSTUP_HOME="/workspace/rustup-home" "/workspace/cargo-home/bin/cargo" "+1.69.0" "metadata" "--manifest-path" "Cargo.toml" "--no-deps", kill_on_drop: false }`
[INFO] started tweaking crates.io crate spl-governance-chat 0.2.5
[INFO] finished tweaking crates.io crate spl-governance-chat 0.2.5
[INFO] tweaked toml for crates.io crate spl-governance-chat 0.2.5 written to /workspace/builds/worker-1-tc1/source/Cargo.toml
[INFO] running `Command { std: CARGO_HOME="/workspace/cargo-home" RUSTUP_HOME="/workspace/rustup-home" __CARGO_TEST_CHANNEL_OVERRIDE_DO_NOT_USE_THIS="nightly" "/workspace/cargo-home/bin/cargo" "+1.69.0" "generate-lockfile" "--manifest-path" "Cargo.toml" "-Zno-index-update", kill_on_drop: false }`
[INFO] running `Command { std: CARGO_HOME="/workspace/cargo-home" RUSTUP_HOME="/workspace/rustup-home" "/workspace/cargo-home/bin/cargo" "+1.69.0" "fetch" "--manifest-path" "Cargo.toml", kill_on_drop: false }`
[INFO] [stderr]  Downloading crates ...
[INFO] [stderr]   Downloaded spl-associated-token-account v1.1.2
[INFO] [stderr]   Downloaded solana-pubsub-client v1.15.2
[INFO] [stderr]   Downloaded solana-rpc-client-api v1.15.2
[INFO] [stderr]   Downloaded solana-logger v1.15.2
[INFO] [stderr]   Downloaded spl-token-2022 v0.5.0
[INFO] [stderr]   Downloaded solana-send-transaction-service v1.15.2
[INFO] [stderr]   Downloaded spl-governance-addin-api v0.1.3
[INFO] [stderr]   Downloaded solana-metrics v1.15.2
[INFO] [stderr]   Downloaded solana-connection-cache v1.15.2
[INFO] [stderr]   Downloaded enum-ordinalize v3.1.12
[INFO] [stderr]   Downloaded solana-rayon-threadlimit v1.15.2
[INFO] [stderr]   Downloaded eager v0.1.0
[INFO] [stderr]   Downloaded solana-measure v1.15.2
[INFO] [stderr]   Downloaded solana-thin-client v1.15.2
[INFO] [stderr]   Downloaded index_list v0.2.7
[INFO] [stderr]   Downloaded solana-stake-program v1.15.2
[INFO] [stderr]   Downloaded solana-config-program v1.15.2
[INFO] [stderr]   Downloaded solana-rpc-client-nonce-utils v1.15.2
[INFO] [stderr]   Downloaded solana-banks-server v1.15.2
[INFO] [stderr]   Downloaded solana-program-runtime v1.15.2
[INFO] [stderr]   Downloaded solana-vote-program v1.15.2
[INFO] [stderr]   Downloaded solana-streamer v1.15.2
[INFO] [stderr]   Downloaded solana-udp-client v1.15.2
[INFO] [stderr]   Downloaded solana-banks-client v1.15.2
[INFO] [stderr]   Downloaded solana-client v1.15.2
[INFO] [stderr]   Downloaded solana-perf v1.15.2
[INFO] [stderr]   Downloaded solana-zk-token-proof-program v1.15.2
[INFO] [stderr]   Downloaded solana-compute-budget-program v1.15.2
[INFO] [stderr]   Downloaded spl-governance-addin-mock v0.1.3
[INFO] [stderr]   Downloaded solana-version v1.15.2
[INFO] [stderr]   Downloaded chrono-humanize v0.2.2
[INFO] [stderr]   Downloaded tarpc-plugins v0.12.0
[INFO] [stderr]   Downloaded solana-banks-interface v1.15.2
[INFO] [stderr]   Downloaded spl-governance-tools v0.1.3
[INFO] [stderr]   Downloaded solana-tpu-client v1.15.2
[INFO] [stderr]   Downloaded solana-address-lookup-table-program v1.15.2
[INFO] [stderr]   Downloaded spl-governance-test-sdk v0.1.3
[INFO] [stderr]   Downloaded solana-quic-client v1.15.2
[INFO] [stderr]   Downloaded solana-account-decoder v1.15.2
[INFO] [stderr]   Downloaded solana-remote-wallet v1.15.2
[INFO] [stderr]   Downloaded solana-clap-utils v1.15.2
[INFO] [stderr]   Downloaded solana-net-utils v1.15.2
[INFO] [stderr]   Downloaded tokio-serde v0.8.0
[INFO] [stderr]   Downloaded enum_dispatch v0.3.11
[INFO] [stderr]   Downloaded solana-transaction-status v1.15.2
[INFO] [stderr]   Downloaded solana-bucket-map v1.15.2
[INFO] [stderr]   Downloaded educe v0.4.22
[INFO] [stderr]   Downloaded tarpc v0.29.0
[INFO] [stderr]   Downloaded solana-bpf-loader-program v1.15.2
[INFO] [stderr]   Downloaded solana-rpc-client v1.15.2
[INFO] [stderr]   Downloaded spl-governance v2.2.4
[INFO] [stderr]   Downloaded solana_rbpf v0.2.38
[INFO] [stderr]   Downloaded solana-program-test v1.15.2
[INFO] [stderr]   Downloaded goblin v0.5.4
[INFO] [stderr]   Downloaded solana-sdk v1.15.2
[INFO] [stderr]   Downloaded solana-runtime v1.15.2
[INFO] [stderr]   Downloaded tokio v1.14.1
[INFO] [stderr]   Downloaded solana-zk-token-sdk v1.15.2
[INFO] [stderr]   Downloaded dir-diff v0.3.2
[INFO] running `Command { std: "docker" "create" "-v" "/var/lib/crater-agent-workspace/builds/worker-1-tc1/target:/opt/rustwide/target:rw,Z" "-v" "/var/lib/crater-agent-workspace/builds/worker-1-tc1/source:/opt/rustwide/workdir:ro,Z" "-v" "/var/lib/crater-agent-workspace/cargo-home:/opt/rustwide/cargo-home:ro,Z" "-v" "/var/lib/crater-agent-workspace/rustup-home:/opt/rustwide/rustup-home:ro,Z" "-e" "SOURCE_DIR=/opt/rustwide/workdir" "-e" "CARGO_TARGET_DIR=/opt/rustwide/target" "-e" "CARGO_HOME=/opt/rustwide/cargo-home" "-e" "RUSTUP_HOME=/opt/rustwide/rustup-home" "-w" "/opt/rustwide/workdir" "-m" "1610612736" "--user" "0:0" "--network" "none" "ghcr.io/rust-lang/crates-build-env/linux@sha256:5ff2268d62e97bff2cde7d5815dd6ed5b47097566f13b8d0ca110b04b60e07ed" "/opt/rustwide/cargo-home/bin/cargo" "+1.69.0" "metadata" "--no-deps" "--format-version=1", kill_on_drop: false }`
[INFO] [stdout] 5f4b7f28663811d6003a106203be2d92d60d6e8ee338c9fd9f0637bc348b07d2
[INFO] running `Command { std: "docker" "start" "-a" "5f4b7f28663811d6003a106203be2d92d60d6e8ee338c9fd9f0637bc348b07d2", kill_on_drop: false }`
[INFO] running `Command { std: "docker" "inspect" "5f4b7f28663811d6003a106203be2d92d60d6e8ee338c9fd9f0637bc348b07d2", kill_on_drop: false }`
[INFO] running `Command { std: "docker" "rm" "-f" "5f4b7f28663811d6003a106203be2d92d60d6e8ee338c9fd9f0637bc348b07d2", kill_on_drop: false }`
[INFO] [stdout] 5f4b7f28663811d6003a106203be2d92d60d6e8ee338c9fd9f0637bc348b07d2
[INFO] running `Command { std: "docker" "create" "-v" "/var/lib/crater-agent-workspace/builds/worker-1-tc1/target:/opt/rustwide/target:rw,Z" "-v" "/var/lib/crater-agent-workspace/builds/worker-1-tc1/source:/opt/rustwide/workdir:ro,Z" "-v" "/var/lib/crater-agent-workspace/cargo-home:/opt/rustwide/cargo-home:ro,Z" "-v" "/var/lib/crater-agent-workspace/rustup-home:/opt/rustwide/rustup-home:ro,Z" "-e" "SOURCE_DIR=/opt/rustwide/workdir" "-e" "CARGO_TARGET_DIR=/opt/rustwide/target" "-e" "CARGO_INCREMENTAL=0" "-e" "RUST_BACKTRACE=full" "-e" "RUSTFLAGS=--cap-lints=warn" "-e" "RUSTDOCFLAGS=--cap-lints=warn" "-e" "CARGO_HOME=/opt/rustwide/cargo-home" "-e" "RUSTUP_HOME=/opt/rustwide/rustup-home" "-w" "/opt/rustwide/workdir" "-m" "1610612736" "--user" "0:0" "--network" "none" "ghcr.io/rust-lang/crates-build-env/linux@sha256:5ff2268d62e97bff2cde7d5815dd6ed5b47097566f13b8d0ca110b04b60e07ed" "/opt/rustwide/cargo-home/bin/cargo" "+1.69.0" "doc" "--frozen" "--no-deps" "--document-private-items" "--message-format=json", kill_on_drop: false }`
[INFO] [stdout] aaf3c9c4983a06d9e3a229cf0ad14bbba3590363fcd33c4103b06058562ee8af
[INFO] running `Command { std: "docker" "start" "-a" "aaf3c9c4983a06d9e3a229cf0ad14bbba3590363fcd33c4103b06058562ee8af", kill_on_drop: false }`
[INFO] [stderr]    Compiling proc-macro2 v1.0.56
[INFO] [stderr]    Compiling syn v1.0.109
[INFO] [stderr]     Checking subtle v2.4.1
[INFO] [stderr]    Compiling generic-array v0.14.7
[INFO] [stderr]    Compiling num-traits v0.2.15
[INFO] [stderr]    Compiling libc v0.2.142
[INFO] [stderr]    Compiling num-integer v0.1.45
[INFO] [stderr]    Compiling getrandom v0.1.16
[INFO] [stderr]     Checking getrandom v0.2.9
[INFO] [stderr]    Compiling typenum v1.16.0
[INFO] [stderr]    Compiling libm v0.2.6
[INFO] [stderr]    Compiling num-bigint v0.4.3
[INFO] [stderr]    Compiling crunchy v0.2.2
[INFO] [stderr]    Compiling wasm-bindgen-shared v0.2.84
[INFO] [stderr]    Compiling indexmap v1.9.3
[INFO] [stderr]    Compiling log v0.4.17
[INFO] [stderr]    Compiling bumpalo v3.12.1
[INFO] [stderr]    Compiling feature-probe v0.1.1
[INFO] [stderr]     Checking rand_core v0.6.4
[INFO] [stderr]     Checking ahash v0.7.6
[INFO] [stderr]    Compiling solana-frozen-abi-macro v1.15.2
[INFO] [stderr]     Checking bitmaps v2.1.0
[INFO] [stderr]    Compiling im v15.1.0
[INFO] [stderr]     Checking rand_chacha v0.3.1
[INFO] [stderr]    Compiling bv v0.11.1
[INFO] [stderr]    Compiling winnow v0.4.4
[INFO] [stderr]    Compiling toml_datetime v0.6.1
[INFO] [stderr]     Checking arrayref v0.3.7
[INFO] [stderr]     Checking rand_core v0.5.1
[INFO] [stderr]     Checking rand_xoshiro v0.6.0
[INFO] [stderr]     Checking rand v0.8.5
[INFO] [stderr]    Compiling solana-frozen-abi v1.15.2
[INFO] [stderr]     Checking jobserver v0.1.26
[INFO] [stderr]    Compiling wasm-bindgen v0.2.84
[INFO] [stderr]     Checking constant_time_eq v0.2.5
[INFO] [stderr]     Checking rand_chacha v0.2.2
[INFO] [stderr]     Checking hashbrown v0.12.3
[INFO] [stderr]     Checking hashbrown v0.11.2
[INFO] [stderr]     Checking memmap2 v0.5.10
[INFO] [stderr]    Compiling bs58 v0.4.0
[INFO] [stderr]     Checking base64 v0.12.3
[INFO] [stderr]     Checking cc v1.0.79
[INFO] [stderr]     Checking rand v0.7.3
[INFO] [stderr]     Checking base64 v0.13.1
[INFO] [stderr]    Compiling quote v1.0.26
[INFO] [stderr]     Checking array-bytes v1.4.1
[INFO] [stderr]     Checking sized-chunks v0.6.5
[INFO] [stderr]    Compiling syn v2.0.15
[INFO] [stderr]     Checking ark-std v0.3.0
[INFO] [stderr]    Compiling blake3 v1.3.3
[INFO] [stderr]    Compiling solana-program v1.15.2
[INFO] [stderr]    Compiling toml_edit v0.19.8
[INFO] [stderr]    Compiling proc-macro-crate v1.3.1
[INFO] [stderr]    Compiling wasm-bindgen-backend v0.2.84
[INFO] [stderr]    Compiling borsh-schema-derive-internal v0.9.3
[INFO] [stderr]    Compiling borsh-derive-internal v0.9.3
[INFO] [stderr]    Compiling serde_derive v1.0.160
[INFO] [stderr]    Compiling thiserror-impl v1.0.40
[INFO] [stderr]    Compiling zeroize_derive v1.4.2
[INFO] [stderr]    Compiling bytemuck_derive v1.4.1
[INFO] [stderr]    Compiling derivative v2.2.0
[INFO] [stderr]    Compiling ark-ff-asm v0.3.0
[INFO] [stderr]    Compiling ark-ff-macros v0.3.0
[INFO] [stderr]    Compiling num-derive v0.3.3
[INFO] [stderr]    Compiling num_enum_derive v0.5.11
[INFO] [stderr]    Compiling solana-sdk-macro v1.15.2
[INFO] [stderr]    Compiling wasm-bindgen-macro-support v0.2.84
[INFO] [stderr]     Checking zeroize v1.3.0
[INFO] [stderr]     Checking bytemuck v1.13.1
[INFO] [stderr]    Compiling thiserror v1.0.40
[INFO] [stderr]    Compiling pest v2.6.0
[INFO] [stderr]    Compiling wasm-bindgen-macro v0.2.84
[INFO] [stderr]     Checking num_enum v0.5.11
[INFO] [stderr]    Compiling semver-parser v0.10.2
[INFO] [stderr]    Compiling semver v0.11.0
[INFO] [stderr]     Checking serde v1.0.160
[INFO] [stderr]    Compiling rustc_version v0.3.3
[INFO] [stderr]    Compiling ark-ff v0.3.0
[INFO] [stderr]     Checking serde_bytes v0.11.9
[INFO] [stderr]     Checking serde_json v1.0.96
[INFO] [stderr]     Checking bincode v1.3.3
[INFO] [stderr]    Compiling toml v0.5.11
[INFO] [stderr]     Checking digest v0.9.0
[INFO] [stderr]     Checking block-buffer v0.10.4
[INFO] [stderr]     Checking crypto-mac v0.8.0
[INFO] [stderr]     Checking crypto-common v0.1.6
[INFO] [stderr]     Checking block-buffer v0.9.0
[INFO] [stderr]     Checking ark-serialize v0.3.0
[INFO] [stderr]     Checking libsecp256k1-core v0.2.2
[INFO] [stderr]     Checking curve25519-dalek v3.2.1
[INFO] [stderr]     Checking digest v0.10.6
[INFO] [stderr]     Checking hmac v0.8.1
[INFO] [stderr]     Checking pbkdf2 v0.4.0
[INFO] [stderr]     Checking sha2 v0.9.9
[INFO] [stderr]     Checking hmac-drbg v0.3.0
[INFO] [stderr]     Checking sha2 v0.10.6
[INFO] [stderr]     Checking sha3 v0.10.7
[INFO] [stderr]     Checking tiny-bip39 v0.8.2
[INFO] [stderr]    Compiling proc-macro-crate v0.1.5
[INFO] [stderr]    Compiling borsh-derive v0.9.3
[INFO] [stderr]    Compiling libsecp256k1-gen-genmult v0.2.1
[INFO] [stderr]    Compiling libsecp256k1-gen-ecmult v0.2.1
[INFO] [stderr]    Compiling libsecp256k1 v0.6.0
[INFO] [stderr]     Checking borsh v0.9.3
[INFO] [stderr]     Checking ark-ec v0.3.0
[INFO] [stderr]     Checking ark-bn254 v0.3.0
[INFO] [stderr]     Checking spl-token v3.5.0
[INFO] [stderr]     Checking spl-governance-tools v0.1.3
[INFO] [stderr]     Checking spl-governance-addin-api v0.1.3
[INFO] [stderr]     Checking spl-governance v2.2.4
[INFO] [stdout] error[E0061]: this function takes 8 arguments but 7 arguments were supplied
[INFO] [stdout]   --> /opt/rustwide/cargo-home/registry/src/github.com-1ecc6299db9ec823/spl-governance-2.2.4/src/processor/process_add_signatory.rs:57:5
[INFO] [stdout]    |
[INFO] [stdout] 57 |       create_and_serialize_account_signed::<SignatoryRecordV2>(
[INFO] [stdout]    |  _____^^^^^^^^^^^^^^^^^^^^^^^^^^^^^^^^^^^^^^^^^^^^^^^^^^^^^^^^-
[INFO] [stdout] 58 | |         payer_info,
[INFO] [stdout] 59 | |         signatory_record_info,
[INFO] [stdout] 60 | |         &signatory_record_data,
[INFO] [stdout] ...  |
[INFO] [stdout] 64 | |         &rent,
[INFO] [stdout] 65 | |     )?;
[INFO] [stdout]    | |_____- an argument of type `u64` is missing
[INFO] [stdout]    |
[INFO] [stdout] note: function defined here
[INFO] [stdout]   --> /opt/rustwide/cargo-home/registry/src/github.com-1ecc6299db9ec823/spl-governance-tools-0.1.3/src/account.rs:85:8
[INFO] [stdout]    |
[INFO] [stdout] 85 | pub fn create_and_serialize_account_signed<'a, T: BorshSerialize + AccountMaxSize>(
[INFO] [stdout]    |        ^^^^^^^^^^^^^^^^^^^^^^^^^^^^^^^^^^^
[INFO] [stdout] help: provide the argument
[INFO] [stdout]    |
[INFO] [stdout] 57 |     create_and_serialize_account_signed::<SignatoryRecordV2>(payer_info, signatory_record_info, &signatory_record_data, &get_signatory_record_address_seeds(proposal_info.key, &signatory), program_id, system_info, &rent, /* u64 */)?;
[INFO] [stdout]    |                                                             ~~~~~~~~~~~~~~~~~~~~~~~~~~~~~~~~~~~~~~~~~~~~~~~~~~~~~~~~~~~~~~~~~~~~~~~~~~~~~~~~~~~~~~~~~~~~~~~~~~~~~~~~~~~~~~~~~~~~~~~~~~~~~~~~~~~~~~~~~~~~~~~~~~~~~~~~~~~~~~~~~~~~~~~~~~
[INFO] [stdout] 
[INFO] [stdout] 
[INFO] [stdout] error[E0061]: this function takes 8 arguments but 7 arguments were supplied
[INFO] [stdout]    --> /opt/rustwide/cargo-home/registry/src/github.com-1ecc6299db9ec823/spl-governance-2.2.4/src/processor/process_cast_vote.rs:195:5
[INFO] [stdout]     |
[INFO] [stdout] 195 |       create_and_serialize_account_signed::<VoteRecordV2>(
[INFO] [stdout]     |  _____^^^^^^^^^^^^^^^^^^^^^^^^^^^^^^^^^^^^^^^^^^^^^^^^^^^-
[INFO] [stdout] 196 | |         payer_info,
[INFO] [stdout] 197 | |         vote_record_info,
[INFO] [stdout] 198 | |         &vote_record_data,
[INFO] [stdout] ...   |
[INFO] [stdout] 202 | |         &rent,
[INFO] [stdout] 203 | |     )?;
[INFO] [stdout]     | |_____- an argument of type `u64` is missing
[INFO] [stdout]     |
[INFO] [stdout] note: function defined here
[INFO] [stdout]    --> /opt/rustwide/cargo-home/registry/src/github.com-1ecc6299db9ec823/spl-governance-tools-0.1.3/src/account.rs:85:8
[INFO] [stdout]     |
[INFO] [stdout] 85  | pub fn create_and_serialize_account_signed<'a, T: BorshSerialize + AccountMaxSize>(
[INFO] [stdout]     |        ^^^^^^^^^^^^^^^^^^^^^^^^^^^^^^^^^^^
[INFO] [stdout] help: provide the argument
[INFO] [stdout]     |
[INFO] [stdout] 195 |     create_and_serialize_account_signed::<VoteRecordV2>(payer_info, vote_record_info, &vote_record_data, &get_vote_record_address_seeds(proposal_info.key, voter_token_owner_record_info.key), program_id, system_info, &rent, /* u64 */)?;
[INFO] [stdout]     |                                                        ~~~~~~~~~~~~~~~~~~~~~~~~~~~~~~~~~~~~~~~~~~~~~~~~~~~~~~~~~~~~~~~~~~~~~~~~~~~~~~~~~~~~~~~~~~~~~~~~~~~~~~~~~~~~~~~~~~~~~~~~~~~~~~~~~~~~~~~~~~~~~~~~~~~~~~~~~~~~~~~~~~~~~~~~~~~~~~~~~~
[INFO] [stdout] 
[INFO] [stdout] 
[INFO] [stdout] error[E0061]: this function takes 8 arguments but 7 arguments were supplied
[INFO] [stdout]   --> /opt/rustwide/cargo-home/registry/src/github.com-1ecc6299db9ec823/spl-governance-2.2.4/src/processor/process_create_governance.rs:65:5
[INFO] [stdout]    |
[INFO] [stdout] 65 |       create_and_serialize_account_signed::<GovernanceV2>(
[INFO] [stdout]    |  _____^^^^^^^^^^^^^^^^^^^^^^^^^^^^^^^^^^^^^^^^^^^^^^^^^^^-
[INFO] [stdout] 66 | |         payer_info,
[INFO] [stdout] 67 | |         governance_info,
[INFO] [stdout] 68 | |         &governance_data,
[INFO] [stdout] ...  |
[INFO] [stdout] 72 | |         &rent,
[INFO] [stdout] 73 | |     )?;
[INFO] [stdout]    | |_____- an argument of type `u64` is missing
[INFO] [stdout]    |
[INFO] [stdout] note: function defined here
[INFO] [stdout]   --> /opt/rustwide/cargo-home/registry/src/github.com-1ecc6299db9ec823/spl-governance-tools-0.1.3/src/account.rs:85:8
[INFO] [stdout]    |
[INFO] [stdout] 85 | pub fn create_and_serialize_account_signed<'a, T: BorshSerialize + AccountMaxSize>(
[INFO] [stdout]    |        ^^^^^^^^^^^^^^^^^^^^^^^^^^^^^^^^^^^
[INFO] [stdout] help: provide the argument
[INFO] [stdout]    |
[INFO] [stdout] 65 |     create_and_serialize_account_signed::<GovernanceV2>(payer_info, governance_info, &governance_data, &get_governance_address_seeds(realm_info.key, governed_account_info.key), program_id, system_info, &rent, /* u64 */)?;
[INFO] [stdout]    |                                                        ~~~~~~~~~~~~~~~~~~~~~~~~~~~~~~~~~~~~~~~~~~~~~~~~~~~~~~~~~~~~~~~~~~~~~~~~~~~~~~~~~~~~~~~~~~~~~~~~~~~~~~~~~~~~~~~~~~~~~~~~~~~~~~~~~~~~~~~~~~~~~~~~~~~~~~~~~~~~~~~~~~~~
[INFO] [stdout] 
[INFO] [stdout] 
[INFO] [stdout] error[E0061]: this function takes 8 arguments but 7 arguments were supplied
[INFO] [stdout]   --> /opt/rustwide/cargo-home/registry/src/github.com-1ecc6299db9ec823/spl-governance-2.2.4/src/processor/process_create_mint_governance.rs:77:5
[INFO] [stdout]    |
[INFO] [stdout] 77 |       create_and_serialize_account_signed::<GovernanceV2>(
[INFO] [stdout]    |  _____^^^^^^^^^^^^^^^^^^^^^^^^^^^^^^^^^^^^^^^^^^^^^^^^^^^-
[INFO] [stdout] 78 | |         payer_info,
[INFO] [stdout] 79 | |         mint_governance_info,
[INFO] [stdout] 80 | |         &mint_governance_data,
[INFO] [stdout] ...  |
[INFO] [stdout] 84 | |         &rent,
[INFO] [stdout] 85 | |     )?;
[INFO] [stdout]    | |_____- an argument of type `u64` is missing
[INFO] [stdout]    |
[INFO] [stdout] note: function defined here
[INFO] [stdout]   --> /opt/rustwide/cargo-home/registry/src/github.com-1ecc6299db9ec823/spl-governance-tools-0.1.3/src/account.rs:85:8
[INFO] [stdout]    |
[INFO] [stdout] 85 | pub fn create_and_serialize_account_signed<'a, T: BorshSerialize + AccountMaxSize>(
[INFO] [stdout]    |        ^^^^^^^^^^^^^^^^^^^^^^^^^^^^^^^^^^^
[INFO] [stdout] help: provide the argument
[INFO] [stdout]    |
[INFO] [stdout] 77 |     create_and_serialize_account_signed::<GovernanceV2>(payer_info, mint_governance_info, &mint_governance_data, &get_mint_governance_address_seeds(realm_info.key, governed_mint_info.key), program_id, system_info, &rent, /* u64 */)?;
[INFO] [stdout]    |                                                        ~~~~~~~~~~~~~~~~~~~~~~~~~~~~~~~~~~~~~~~~~~~~~~~~~~~~~~~~~~~~~~~~~~~~~~~~~~~~~~~~~~~~~~~~~~~~~~~~~~~~~~~~~~~~~~~~~~~~~~~~~~~~~~~~~~~~~~~~~~~~~~~~~~~~~~~~~~~~~~~~~~~~~~~~~~~~~~~~
[INFO] [stdout] 
[INFO] [stdout] 
[INFO] [stdout] error[E0061]: this function takes 9 arguments but 8 arguments were supplied
[INFO] [stdout]    --> /opt/rustwide/cargo-home/registry/src/github.com-1ecc6299db9ec823/spl-governance-2.2.4/src/processor/process_create_native_treasury.rs:36:5
[INFO] [stdout]     |
[INFO] [stdout] 36  |       create_and_serialize_account_with_owner_signed(
[INFO] [stdout]     |  _____^^^^^^^^^^^^^^^^^^^^^^^^^^^^^^^^^^^^^^^^^^^^^^-
[INFO] [stdout] 37  | |         payer_info,
[INFO] [stdout] 38  | |         native_treasury_info,
[INFO] [stdout] 39  | |         &native_treasury_data,
[INFO] [stdout] ...   |
[INFO] [stdout] 44  | |         &rent,
[INFO] [stdout] 45  | |     )?;
[INFO] [stdout]     | |_____- an argument of type `u64` is missing
[INFO] [stdout]     |
[INFO] [stdout] note: function defined here
[INFO] [stdout]    --> /opt/rustwide/cargo-home/registry/src/github.com-1ecc6299db9ec823/spl-governance-tools-0.1.3/src/account.rs:111:8
[INFO] [stdout]     |
[INFO] [stdout] 111 | pub fn create_and_serialize_account_with_owner_signed<'a, T: BorshSerialize + AccountMaxSize>(
[INFO] [stdout]     |        ^^^^^^^^^^^^^^^^^^^^^^^^^^^^^^^^^^^^^^^^^^^^^^
[INFO] [stdout] help: provide the argument
[INFO] [stdout]     |
[INFO] [stdout] 36  |     create_and_serialize_account_with_owner_signed(payer_info, native_treasury_info, &native_treasury_data, &get_native_treasury_address_seeds(governance_info.key), program_id, &system_program::id(), system_info, &rent, /* u64 */)?;
[INFO] [stdout]     |                                                   ~~~~~~~~~~~~~~~~~~~~~~~~~~~~~~~~~~~~~~~~~~~~~~~~~~~~~~~~~~~~~~~~~~~~~~~~~~~~~~~~~~~~~~~~~~~~~~~~~~~~~~~~~~~~~~~~~~~~~~~~~~~~~~~~~~~~~~~~~~~~~~~~~~~~~~~~~~~~~~~~~~~~~~~~~~~~~~~~~~~~
[INFO] [stdout] 
[INFO] [stdout] 
[INFO] [stdout] error[E0061]: this function takes 8 arguments but 7 arguments were supplied
[INFO] [stdout]   --> /opt/rustwide/cargo-home/registry/src/github.com-1ecc6299db9ec823/spl-governance-2.2.4/src/processor/process_create_program_governance.rs:77:5
[INFO] [stdout]    |
[INFO] [stdout] 77 |       create_and_serialize_account_signed::<GovernanceV2>(
[INFO] [stdout]    |  _____^^^^^^^^^^^^^^^^^^^^^^^^^^^^^^^^^^^^^^^^^^^^^^^^^^^-
[INFO] [stdout] 78 | |         payer_info,
[INFO] [stdout] 79 | |         program_governance_info,
[INFO] [stdout] 80 | |         &program_governance_data,
[INFO] [stdout] ...  |
[INFO] [stdout] 84 | |         &rent,
[INFO] [stdout] 85 | |     )?;
[INFO] [stdout]    | |_____- an argument of type `u64` is missing
[INFO] [stdout]    |
[INFO] [stdout] note: function defined here
[INFO] [stdout]   --> /opt/rustwide/cargo-home/registry/src/github.com-1ecc6299db9ec823/spl-governance-tools-0.1.3/src/account.rs:85:8
[INFO] [stdout]    |
[INFO] [stdout] 85 | pub fn create_and_serialize_account_signed<'a, T: BorshSerialize + AccountMaxSize>(
[INFO] [stdout]    |        ^^^^^^^^^^^^^^^^^^^^^^^^^^^^^^^^^^^
[INFO] [stdout] help: provide the argument
[INFO] [stdout]    |
[INFO] [stdout] 77 |     create_and_serialize_account_signed::<GovernanceV2>(payer_info, program_governance_info, &program_governance_data, &get_program_governance_address_seeds(realm_info.key, governed_program_info.key), program_id, system_info, &rent, /* u64 */)?;
[INFO] [stdout]    |                                                        ~~~~~~~~~~~~~~~~~~~~~~~~~~~~~~~~~~~~~~~~~~~~~~~~~~~~~~~~~~~~~~~~~~~~~~~~~~~~~~~~~~~~~~~~~~~~~~~~~~~~~~~~~~~~~~~~~~~~~~~~~~~~~~~~~~~~~~~~~~~~~~~~~~~~~~~~~~~~~~~~~~~~~~~~~~~~~~~~~~~~~~~~~~~~
[INFO] [stdout] 
[INFO] [stdout] 
[INFO] [stdout] error[E0061]: this function takes 8 arguments but 7 arguments were supplied
[INFO] [stdout]    --> /opt/rustwide/cargo-home/registry/src/github.com-1ecc6299db9ec823/spl-governance-2.2.4/src/processor/process_create_proposal.rs:156:5
[INFO] [stdout]     |
[INFO] [stdout] 156 |       create_and_serialize_account_signed::<ProposalV2>(
[INFO] [stdout]     |  _____^^^^^^^^^^^^^^^^^^^^^^^^^^^^^^^^^^^^^^^^^^^^^^^^^-
[INFO] [stdout] 157 | |         payer_info,
[INFO] [stdout] 158 | |         proposal_info,
[INFO] [stdout] 159 | |         &proposal_data,
[INFO] [stdout] ...   |
[INFO] [stdout] 167 | |         &rent,
[INFO] [stdout] 168 | |     )?;
[INFO] [stdout]     | |_____- an argument of type `u64` is missing
[INFO] [stdout]     |
[INFO] [stdout] note: function defined here
[INFO] [stdout]    --> /opt/rustwide/cargo-home/registry/src/github.com-1ecc6299db9ec823/spl-governance-tools-0.1.3/src/account.rs:85:8
[INFO] [stdout]     |
[INFO] [stdout] 85  | pub fn create_and_serialize_account_signed<'a, T: BorshSerialize + AccountMaxSize>(
[INFO] [stdout]     |        ^^^^^^^^^^^^^^^^^^^^^^^^^^^^^^^^^^^
[INFO] [stdout] help: provide the argument
[INFO] [stdout]     |
[INFO] [stdout] 156 ~     create_and_serialize_account_signed::<ProposalV2>(payer_info, proposal_info, &proposal_data, &get_proposal_address_seeds(
[INFO] [stdout] 157 +             governance_info.key,
[INFO] [stdout] 158 +             governing_token_mint_info.key,
[INFO] [stdout] 159 +             &governance_data.proposals_count.to_le_bytes(),
[INFO] [stdout] 160 ~         ), program_id, system_info, &rent, /* u64 */)?;
[INFO] [stdout]     |
[INFO] [stdout] 
[INFO] [stdout] 
[INFO] [stdout] error[E0061]: this function takes 8 arguments but 7 arguments were supplied
[INFO] [stdout]    --> /opt/rustwide/cargo-home/registry/src/github.com-1ecc6299db9ec823/spl-governance-2.2.4/src/processor/process_create_realm.rs:117:9
[INFO] [stdout]     |
[INFO] [stdout] 117 |           create_and_serialize_account_signed::<RealmConfigAccount>(
[INFO] [stdout]     |  _________^^^^^^^^^^^^^^^^^^^^^^^^^^^^^^^^^^^^^^^^^^^^^^^^^^^^^^^^^-
[INFO] [stdout] 118 | |             payer_info,
[INFO] [stdout] 119 | |             realm_config_info,
[INFO] [stdout] 120 | |             &realm_config_data,
[INFO] [stdout] ...   |
[INFO] [stdout] 124 | |             rent,
[INFO] [stdout] 125 | |         )?;
[INFO] [stdout]     | |_________- an argument of type `u64` is missing
[INFO] [stdout]     |
[INFO] [stdout] note: function defined here
[INFO] [stdout]    --> /opt/rustwide/cargo-home/registry/src/github.com-1ecc6299db9ec823/spl-governance-tools-0.1.3/src/account.rs:85:8
[INFO] [stdout]     |
[INFO] [stdout] 85  | pub fn create_and_serialize_account_signed<'a, T: BorshSerialize + AccountMaxSize>(
[INFO] [stdout]     |        ^^^^^^^^^^^^^^^^^^^^^^^^^^^^^^^^^^^
[INFO] [stdout] help: provide the argument
[INFO] [stdout]     |
[INFO] [stdout] 117 |         create_and_serialize_account_signed::<RealmConfigAccount>(payer_info, realm_config_info, &realm_config_data, &get_realm_config_address_seeds(realm_info.key), program_id, system_info, rent, /* u64 */)?;
[INFO] [stdout]     |                                                                  ~~~~~~~~~~~~~~~~~~~~~~~~~~~~~~~~~~~~~~~~~~~~~~~~~~~~~~~~~~~~~~~~~~~~~~~~~~~~~~~~~~~~~~~~~~~~~~~~~~~~~~~~~~~~~~~~~~~~~~~~~~~~~~~~~~~~~~~~~~~~~~
[INFO] [stdout] 
[INFO] [stdout] 
[INFO] [stdout] error[E0061]: this function takes 8 arguments but 7 arguments were supplied
[INFO] [stdout]    --> /opt/rustwide/cargo-home/registry/src/github.com-1ecc6299db9ec823/spl-governance-2.2.4/src/processor/process_create_realm.rs:149:5
[INFO] [stdout]     |
[INFO] [stdout] 149 |       create_and_serialize_account_signed::<RealmV2>(
[INFO] [stdout]     |  _____^^^^^^^^^^^^^^^^^^^^^^^^^^^^^^^^^^^^^^^^^^^^^^-
[INFO] [stdout] 150 | |         payer_info,
[INFO] [stdout] 151 | |         realm_info,
[INFO] [stdout] 152 | |         &realm_data,
[INFO] [stdout] ...   |
[INFO] [stdout] 156 | |         rent,
[INFO] [stdout] 157 | |     )?;
[INFO] [stdout]     | |_____- an argument of type `u64` is missing
[INFO] [stdout]     |
[INFO] [stdout] note: function defined here
[INFO] [stdout]    --> /opt/rustwide/cargo-home/registry/src/github.com-1ecc6299db9ec823/spl-governance-tools-0.1.3/src/account.rs:85:8
[INFO] [stdout]     |
[INFO] [stdout] 85  | pub fn create_and_serialize_account_signed<'a, T: BorshSerialize + AccountMaxSize>(
[INFO] [stdout]     |        ^^^^^^^^^^^^^^^^^^^^^^^^^^^^^^^^^^^
[INFO] [stdout] help: provide the argument
[INFO] [stdout]     |
[INFO] [stdout] 149 |     create_and_serialize_account_signed::<RealmV2>(payer_info, realm_info, &realm_data, &get_realm_address_seeds(&name), program_id, system_info, rent, /* u64 */)?;
[INFO] [stdout]     |                                                   ~~~~~~~~~~~~~~~~~~~~~~~~~~~~~~~~~~~~~~~~~~~~~~~~~~~~~~~~~~~~~~~~~~~~~~~~~~~~~~~~~~~~~~~~~~~~~~~~~~~~~~~~~~~~~~~~
[INFO] [stdout] 
[INFO] [stdout] 
[INFO] [stdout] error[E0061]: this function takes 8 arguments but 7 arguments were supplied
[INFO] [stdout]   --> /opt/rustwide/cargo-home/registry/src/github.com-1ecc6299db9ec823/spl-governance-2.2.4/src/processor/process_create_token_governance.rs:75:5
[INFO] [stdout]    |
[INFO] [stdout] 75 |       create_and_serialize_account_signed::<GovernanceV2>(
[INFO] [stdout]    |  _____^^^^^^^^^^^^^^^^^^^^^^^^^^^^^^^^^^^^^^^^^^^^^^^^^^^-
[INFO] [stdout] 76 | |         payer_info,
[INFO] [stdout] 77 | |         token_governance_info,
[INFO] [stdout] 78 | |         &token_governance_data,
[INFO] [stdout] ...  |
[INFO] [stdout] 82 | |         &rent,
[INFO] [stdout] 83 | |     )?;
[INFO] [stdout]    | |_____- an argument of type `u64` is missing
[INFO] [stdout]    |
[INFO] [stdout] note: function defined here
[INFO] [stdout]   --> /opt/rustwide/cargo-home/registry/src/github.com-1ecc6299db9ec823/spl-governance-tools-0.1.3/src/account.rs:85:8
[INFO] [stdout]    |
[INFO] [stdout] 85 | pub fn create_and_serialize_account_signed<'a, T: BorshSerialize + AccountMaxSize>(
[INFO] [stdout]    |        ^^^^^^^^^^^^^^^^^^^^^^^^^^^^^^^^^^^
[INFO] [stdout] help: provide the argument
[INFO] [stdout]    |
[INFO] [stdout] 75 |     create_and_serialize_account_signed::<GovernanceV2>(payer_info, token_governance_info, &token_governance_data, &get_token_governance_address_seeds(realm_info.key, governed_token_info.key), program_id, system_info, &rent, /* u64 */)?;
[INFO] [stdout]    |                                                        ~~~~~~~~~~~~~~~~~~~~~~~~~~~~~~~~~~~~~~~~~~~~~~~~~~~~~~~~~~~~~~~~~~~~~~~~~~~~~~~~~~~~~~~~~~~~~~~~~~~~~~~~~~~~~~~~~~~~~~~~~~~~~~~~~~~~~~~~~~~~~~~~~~~~~~~~~~~~~~~~~~~~~~~~~~~~~~~~~~~~
[INFO] [stdout] 
[INFO] [stdout] 
[INFO] [stdout] error[E0061]: this function takes 8 arguments but 7 arguments were supplied
[INFO] [stdout]   --> /opt/rustwide/cargo-home/registry/src/github.com-1ecc6299db9ec823/spl-governance-2.2.4/src/processor/process_create_token_owner_record.rs:57:5
[INFO] [stdout]    |
[INFO] [stdout] 57 |       create_and_serialize_account_signed(
[INFO] [stdout]    |  _____^^^^^^^^^^^^^^^^^^^^^^^^^^^^^^^^^^^-
[INFO] [stdout] 58 | |         payer_info,
[INFO] [stdout] 59 | |         token_owner_record_info,
[INFO] [stdout] 60 | |         &token_owner_record_data,
[INFO] [stdout] ...  |
[INFO] [stdout] 68 | |         &rent,
[INFO] [stdout] 69 | |     )
[INFO] [stdout]    | |_____- an argument of type `u64` is missing
[INFO] [stdout]    |
[INFO] [stdout] note: function defined here
[INFO] [stdout]   --> /opt/rustwide/cargo-home/registry/src/github.com-1ecc6299db9ec823/spl-governance-tools-0.1.3/src/account.rs:85:8
[INFO] [stdout]    |
[INFO] [stdout] 85 | pub fn create_and_serialize_account_signed<'a, T: BorshSerialize + AccountMaxSize>(
[INFO] [stdout]    |        ^^^^^^^^^^^^^^^^^^^^^^^^^^^^^^^^^^^
[INFO] [stdout] help: provide the argument
[INFO] [stdout]    |
[INFO] [stdout] 57 ~     create_and_serialize_account_signed(payer_info, token_owner_record_info, &token_owner_record_data, &get_token_owner_record_address_seeds(
[INFO] [stdout] 58 +             realm_info.key,
[INFO] [stdout] 59 +             governing_token_mint_info.key,
[INFO] [stdout] 60 +             governing_token_owner_info.key,
[INFO] [stdout] 61 +         ), program_id, system_info, &rent, /* u64 */)
[INFO] [stdout]    |
[INFO] [stdout] 
[INFO] [stdout] 
[INFO] [stdout] error[E0061]: this function takes 8 arguments but 7 arguments were supplied
[INFO] [stdout]    --> /opt/rustwide/cargo-home/registry/src/github.com-1ecc6299db9ec823/spl-governance-2.2.4/src/processor/process_deposit_governing_tokens.rs:95:9
[INFO] [stdout]     |
[INFO] [stdout] 95  |           create_and_serialize_account_signed(
[INFO] [stdout]     |  _________^^^^^^^^^^^^^^^^^^^^^^^^^^^^^^^^^^^-
[INFO] [stdout] 96  | |             payer_info,
[INFO] [stdout] 97  | |             token_owner_record_info,
[INFO] [stdout] 98  | |             &token_owner_record_data,
[INFO] [stdout] ...   |
[INFO] [stdout] 102 | |             &rent,
[INFO] [stdout] 103 | |         )?;
[INFO] [stdout]     | |_________- an argument of type `u64` is missing
[INFO] [stdout]     |
[INFO] [stdout] note: function defined here
[INFO] [stdout]    --> /opt/rustwide/cargo-home/registry/src/github.com-1ecc6299db9ec823/spl-governance-tools-0.1.3/src/account.rs:85:8
[INFO] [stdout]     |
[INFO] [stdout] 85  | pub fn create_and_serialize_account_signed<'a, T: BorshSerialize + AccountMaxSize>(
[INFO] [stdout]     |        ^^^^^^^^^^^^^^^^^^^^^^^^^^^^^^^^^^^
[INFO] [stdout] help: provide the argument
[INFO] [stdout]     |
[INFO] [stdout] 95  |         create_and_serialize_account_signed(payer_info, token_owner_record_info, &token_owner_record_data, &token_owner_record_address_seeds, program_id, system_info, &rent, /* u64 */)?;
[INFO] [stdout]     |                                            ~~~~~~~~~~~~~~~~~~~~~~~~~~~~~~~~~~~~~~~~~~~~~~~~~~~~~~~~~~~~~~~~~~~~~~~~~~~~~~~~~~~~~~~~~~~~~~~~~~~~~~~~~~~~~~~~~~~~~~~~~~~~~~~~~~~~~~~~~~~~~
[INFO] [stdout] 
[INFO] [stdout] 
[INFO] [stdout] error[E0061]: this function takes 8 arguments but 7 arguments were supplied
[INFO] [stdout]    --> /opt/rustwide/cargo-home/registry/src/github.com-1ecc6299db9ec823/spl-governance-2.2.4/src/processor/process_insert_transaction.rs:100:5
[INFO] [stdout]     |
[INFO] [stdout] 100 |       create_and_serialize_account_signed::<ProposalTransactionV2>(
[INFO] [stdout]     |  _____^^^^^^^^^^^^^^^^^^^^^^^^^^^^^^^^^^^^^^^^^^^^^^^^^^^^^^^^^^^^-
[INFO] [stdout] 101 | |         payer_info,
[INFO] [stdout] 102 | |         proposal_transaction_info,
[INFO] [stdout] 103 | |         &proposal_transaction_data,
[INFO] [stdout] ...   |
[INFO] [stdout] 111 | |         rent,
[INFO] [stdout] 112 | |     )?;
[INFO] [stdout]     | |_____- an argument of type `u64` is missing
[INFO] [stdout]     |
[INFO] [stdout] note: function defined here
[INFO] [stdout]    --> /opt/rustwide/cargo-home/registry/src/github.com-1ecc6299db9ec823/spl-governance-tools-0.1.3/src/account.rs:85:8
[INFO] [stdout]     |
[INFO] [stdout] 85  | pub fn create_and_serialize_account_signed<'a, T: BorshSerialize + AccountMaxSize>(
[INFO] [stdout]     |        ^^^^^^^^^^^^^^^^^^^^^^^^^^^^^^^^^^^
[INFO] [stdout] help: provide the argument
[INFO] [stdout]     |
[INFO] [stdout] 100 ~     create_and_serialize_account_signed::<ProposalTransactionV2>(payer_info, proposal_transaction_info, &proposal_transaction_data, &get_proposal_transaction_address_seeds(
[INFO] [stdout] 101 +             proposal_info.key,
[INFO] [stdout] 102 +             &option_index.to_le_bytes(),
[INFO] [stdout] 103 +             &instruction_index.to_le_bytes(),
[INFO] [stdout] 104 ~         ), program_id, system_info, rent, /* u64 */)?;
[INFO] [stdout]     |
[INFO] [stdout] 
[INFO] [stdout] 
[INFO] [stdout] error[E0061]: this function takes 8 arguments but 7 arguments were supplied
[INFO] [stdout]    --> /opt/rustwide/cargo-home/registry/src/github.com-1ecc6299db9ec823/spl-governance-2.2.4/src/processor/process_set_realm_config.rs:118:13
[INFO] [stdout]     |
[INFO] [stdout] 118 |               create_and_serialize_account_signed::<RealmConfigAccount>(
[INFO] [stdout]     |  _____________^^^^^^^^^^^^^^^^^^^^^^^^^^^^^^^^^^^^^^^^^^^^^^^^^^^^^^^^^-
[INFO] [stdout] 119 | |                 payer_info,
[INFO] [stdout] 120 | |                 realm_config_info,
[INFO] [stdout] 121 | |                 &realm_config_data,
[INFO] [stdout] ...   |
[INFO] [stdout] 125 | |                 &rent,
[INFO] [stdout] 126 | |             )?;
[INFO] [stdout]     | |_____________- an argument of type `u64` is missing
[INFO] [stdout]     |
[INFO] [stdout] note: function defined here
[INFO] [stdout]    --> /opt/rustwide/cargo-home/registry/src/github.com-1ecc6299db9ec823/spl-governance-tools-0.1.3/src/account.rs:85:8
[INFO] [stdout]     |
[INFO] [stdout] 85  | pub fn create_and_serialize_account_signed<'a, T: BorshSerialize + AccountMaxSize>(
[INFO] [stdout]     |        ^^^^^^^^^^^^^^^^^^^^^^^^^^^^^^^^^^^
[INFO] [stdout] help: provide the argument
[INFO] [stdout]     |
[INFO] [stdout] 118 |             create_and_serialize_account_signed::<RealmConfigAccount>(payer_info, realm_config_info, &realm_config_data, &get_realm_config_address_seeds(realm_info.key), program_id, system_info, &rent, /* u64 */)?;
[INFO] [stdout]     |                                                                      ~~~~~~~~~~~~~~~~~~~~~~~~~~~~~~~~~~~~~~~~~~~~~~~~~~~~~~~~~~~~~~~~~~~~~~~~~~~~~~~~~~~~~~~~~~~~~~~~~~~~~~~~~~~~~~~~~~~~~~~~~~~~~~~~~~~~~~~~~~~~~~~
[INFO] [stdout] 
[INFO] [stdout] 
[INFO] [stdout] error[E0061]: this function takes 8 arguments but 7 arguments were supplied
[INFO] [stdout]   --> /opt/rustwide/cargo-home/registry/src/github.com-1ecc6299db9ec823/spl-governance-2.2.4/src/processor/process_update_program_metadata.rs:47:9
[INFO] [stdout]    |
[INFO] [stdout] 47 |           create_and_serialize_account_signed(
[INFO] [stdout]    |  _________^^^^^^^^^^^^^^^^^^^^^^^^^^^^^^^^^^^-
[INFO] [stdout] 48 | |             payer_info,
[INFO] [stdout] 49 | |             program_metadata_info,
[INFO] [stdout] 50 | |             &program_metadata_data,
[INFO] [stdout] ...  |
[INFO] [stdout] 54 | |             &rent,
[INFO] [stdout] 55 | |         )?;
[INFO] [stdout]    | |_________- an argument of type `u64` is missing
[INFO] [stdout]    |
[INFO] [stdout] note: function defined here
[INFO] [stdout]   --> /opt/rustwide/cargo-home/registry/src/github.com-1ecc6299db9ec823/spl-governance-tools-0.1.3/src/account.rs:85:8
[INFO] [stdout]    |
[INFO] [stdout] 85 | pub fn create_and_serialize_account_signed<'a, T: BorshSerialize + AccountMaxSize>(
[INFO] [stdout]    |        ^^^^^^^^^^^^^^^^^^^^^^^^^^^^^^^^^^^
[INFO] [stdout] help: provide the argument
[INFO] [stdout]    |
[INFO] [stdout] 47 |         create_and_serialize_account_signed(payer_info, program_metadata_info, &program_metadata_data, &get_program_metadata_seeds(), program_id, system_info, &rent, /* u64 */)?;
[INFO] [stdout]    |                                            ~~~~~~~~~~~~~~~~~~~~~~~~~~~~~~~~~~~~~~~~~~~~~~~~~~~~~~~~~~~~~~~~~~~~~~~~~~~~~~~~~~~~~~~~~~~~~~~~~~~~~~~~~~~~~~~~~~~~~~~~~~~~~~~~~~~~~
[INFO] [stdout] 
[INFO] [stdout] 
[INFO] [stdout] error: aborting due to 15 previous errors
[INFO] [stdout] 
[INFO] [stdout] 
[INFO] [stdout] For more information about this error, try `rustc --explain E0061`.
[INFO] [stdout] 
[INFO] [stderr] error: could not compile `spl-governance` due to 16 previous errors
[INFO] running `Command { std: "docker" "inspect" "aaf3c9c4983a06d9e3a229cf0ad14bbba3590363fcd33c4103b06058562ee8af", kill_on_drop: false }`
[INFO] running `Command { std: "docker" "rm" "-f" "aaf3c9c4983a06d9e3a229cf0ad14bbba3590363fcd33c4103b06058562ee8af", kill_on_drop: false }`
[INFO] [stdout] aaf3c9c4983a06d9e3a229cf0ad14bbba3590363fcd33c4103b06058562ee8af
