[INFO] fetching crate sp-ark-ed-on-bls12-381-bandersnatch 0.4.0-alpha...
[INFO] documenting sp-ark-ed-on-bls12-381-bandersnatch-0.4.0-alpha against 1.69.0 for beta-1.70-rustdoc-1
[INFO] extracting crate sp-ark-ed-on-bls12-381-bandersnatch 0.4.0-alpha into /workspace/builds/worker-4-tc1/source
[INFO] validating manifest of crates.io crate sp-ark-ed-on-bls12-381-bandersnatch 0.4.0-alpha on toolchain 1.69.0
[INFO] running `Command { std: CARGO_HOME="/workspace/cargo-home" RUSTUP_HOME="/workspace/rustup-home" "/workspace/cargo-home/bin/cargo" "+1.69.0" "metadata" "--manifest-path" "Cargo.toml" "--no-deps", kill_on_drop: false }`
[INFO] started tweaking crates.io crate sp-ark-ed-on-bls12-381-bandersnatch 0.4.0-alpha
[INFO] finished tweaking crates.io crate sp-ark-ed-on-bls12-381-bandersnatch 0.4.0-alpha
[INFO] tweaked toml for crates.io crate sp-ark-ed-on-bls12-381-bandersnatch 0.4.0-alpha written to /workspace/builds/worker-4-tc1/source/Cargo.toml
[INFO] running `Command { std: CARGO_HOME="/workspace/cargo-home" RUSTUP_HOME="/workspace/rustup-home" __CARGO_TEST_CHANNEL_OVERRIDE_DO_NOT_USE_THIS="nightly" "/workspace/cargo-home/bin/cargo" "+1.69.0" "generate-lockfile" "--manifest-path" "Cargo.toml" "-Zno-index-update", kill_on_drop: false }`
[INFO] running `Command { std: CARGO_HOME="/workspace/cargo-home" RUSTUP_HOME="/workspace/rustup-home" "/workspace/cargo-home/bin/cargo" "+1.69.0" "fetch" "--manifest-path" "Cargo.toml", kill_on_drop: false }`
[INFO] [stderr]  Downloading crates ...
[INFO] [stderr]   Downloaded sp-std v5.0.0
[INFO] [stderr]   Downloaded sp-core-hashing v5.0.0
[INFO] [stderr]   Downloaded sp-runtime-interface-proc-macro v6.0.0
[INFO] [stderr]   Downloaded sp-tracing v6.0.0
[INFO] [stderr]   Downloaded sp-externalities v0.13.0
[INFO] [stderr]   Downloaded sp-ark-models v0.4.0
[INFO] [stderr]   Downloaded sp-keystore v0.13.0
[INFO] [stderr]   Downloaded ark-scale v0.0.2
[INFO] [stderr]   Downloaded sp-io v7.0.0
[INFO] [stderr]   Downloaded sp-panic-handler v5.0.0
[INFO] [stderr]   Downloaded sp-state-machine v0.13.0
[INFO] [stderr]   Downloaded trie-db v0.24.0
[INFO] [stderr]   Downloaded ark-ed-on-bls12-381-bandersnatch v0.4.0
[INFO] [stderr]   Downloaded sp-core v7.0.0
[INFO] [stderr]   Downloaded ark-bls12-381 v0.4.0
[INFO] [stderr]   Downloaded sp-ark-bls12-381 v0.4.0-alpha
[INFO] [stderr]   Downloaded memory-db v0.30.0
[INFO] [stderr]   Downloaded sp-storage v7.0.0
[INFO] [stderr]   Downloaded sp-runtime-interface v7.0.0
[INFO] [stderr]   Downloaded sp-debug-derive v5.0.0
[INFO] [stderr]   Downloaded sp-trie v7.0.0
[INFO] [stderr]   Downloaded sp-wasm-interface v7.0.0
[INFO] running `Command { std: "docker" "create" "-v" "/var/lib/crater-agent-workspace/builds/worker-4-tc1/target:/opt/rustwide/target:rw,Z" "-v" "/var/lib/crater-agent-workspace/builds/worker-4-tc1/source:/opt/rustwide/workdir:ro,Z" "-v" "/var/lib/crater-agent-workspace/cargo-home:/opt/rustwide/cargo-home:ro,Z" "-v" "/var/lib/crater-agent-workspace/rustup-home:/opt/rustwide/rustup-home:ro,Z" "-e" "SOURCE_DIR=/opt/rustwide/workdir" "-e" "CARGO_TARGET_DIR=/opt/rustwide/target" "-e" "CARGO_HOME=/opt/rustwide/cargo-home" "-e" "RUSTUP_HOME=/opt/rustwide/rustup-home" "-w" "/opt/rustwide/workdir" "-m" "1610612736" "--user" "0:0" "--network" "none" "ghcr.io/rust-lang/crates-build-env/linux@sha256:5ff2268d62e97bff2cde7d5815dd6ed5b47097566f13b8d0ca110b04b60e07ed" "/opt/rustwide/cargo-home/bin/cargo" "+1.69.0" "metadata" "--no-deps" "--format-version=1", kill_on_drop: false }`
[INFO] [stdout] b8775fd56f303d0cd3c9abd178f3efebac6b8eaeb2be4ad96d7fa522198e46ea
[INFO] running `Command { std: "docker" "start" "-a" "b8775fd56f303d0cd3c9abd178f3efebac6b8eaeb2be4ad96d7fa522198e46ea", kill_on_drop: false }`
[INFO] running `Command { std: "docker" "inspect" "b8775fd56f303d0cd3c9abd178f3efebac6b8eaeb2be4ad96d7fa522198e46ea", kill_on_drop: false }`
[INFO] running `Command { std: "docker" "rm" "-f" "b8775fd56f303d0cd3c9abd178f3efebac6b8eaeb2be4ad96d7fa522198e46ea", kill_on_drop: false }`
[INFO] [stdout] b8775fd56f303d0cd3c9abd178f3efebac6b8eaeb2be4ad96d7fa522198e46ea
[INFO] running `Command { std: "docker" "create" "-v" "/var/lib/crater-agent-workspace/builds/worker-4-tc1/target:/opt/rustwide/target:rw,Z" "-v" "/var/lib/crater-agent-workspace/builds/worker-4-tc1/source:/opt/rustwide/workdir:ro,Z" "-v" "/var/lib/crater-agent-workspace/cargo-home:/opt/rustwide/cargo-home:ro,Z" "-v" "/var/lib/crater-agent-workspace/rustup-home:/opt/rustwide/rustup-home:ro,Z" "-e" "SOURCE_DIR=/opt/rustwide/workdir" "-e" "CARGO_TARGET_DIR=/opt/rustwide/target" "-e" "CARGO_INCREMENTAL=0" "-e" "RUST_BACKTRACE=full" "-e" "RUSTFLAGS=--cap-lints=warn" "-e" "RUSTDOCFLAGS=--cap-lints=warn" "-e" "CARGO_HOME=/opt/rustwide/cargo-home" "-e" "RUSTUP_HOME=/opt/rustwide/rustup-home" "-w" "/opt/rustwide/workdir" "-m" "1610612736" "--user" "0:0" "--network" "none" "ghcr.io/rust-lang/crates-build-env/linux@sha256:5ff2268d62e97bff2cde7d5815dd6ed5b47097566f13b8d0ca110b04b60e07ed" "/opt/rustwide/cargo-home/bin/cargo" "+1.69.0" "doc" "--frozen" "--no-deps" "--document-private-items" "--message-format=json", kill_on_drop: false }`
[INFO] [stdout] 88807f1e3d135472b289388cdeb9eb41d0052fa2a56ff7c13f71bb13f410c981
[INFO] running `Command { std: "docker" "start" "-a" "88807f1e3d135472b289388cdeb9eb41d0052fa2a56ff7c13f71bb13f410c981", kill_on_drop: false }`
[INFO] [stderr]    Compiling proc-macro2 v1.0.56
[INFO] [stderr]    Compiling unicode-ident v1.0.8
[INFO] [stderr]    Compiling quote v1.0.26
[INFO] [stderr]    Compiling autocfg v1.1.0
[INFO] [stderr]    Compiling version_check v0.9.4
[INFO] [stderr]    Compiling typenum v1.16.0
[INFO] [stderr]    Compiling libc v0.2.142
[INFO] [stderr]    Compiling syn v1.0.109
[INFO] [stderr]     Checking subtle v2.4.1
[INFO] [stderr]     Checking once_cell v1.17.1
[INFO] [stderr]    Compiling serde_derive v1.0.160
[INFO] [stderr]     Checking ppv-lite86 v0.2.17
[INFO] [stderr]    Compiling memchr v2.5.0
[INFO] [stderr]    Compiling serde v1.0.160
[INFO] [stderr]    Compiling hashbrown v0.12.3
[INFO] [stderr]    Compiling winnow v0.4.4
[INFO] [stderr]    Compiling toml_datetime v0.6.1
[INFO] [stderr]    Compiling getrandom v0.1.16
[INFO] [stderr]     Checking byteorder v1.4.3
[INFO] [stderr]     Checking arrayvec v0.7.2
[INFO] [stderr]     Checking bytes v1.4.0
[INFO] [stderr]     Checking smallvec v1.10.0
[INFO] [stderr]    Compiling log v0.4.17
[INFO] [stderr]     Checking byte-slice-cast v1.2.2
[INFO] [stderr]    Compiling num-traits v0.2.15
[INFO] [stderr]    Compiling generic-array v0.14.7
[INFO] [stderr]    Compiling num-integer v0.1.45
[INFO] [stderr]    Compiling indexmap v1.9.3
[INFO] [stderr]    Compiling num-bigint v0.4.3
[INFO] [stderr]    Compiling ahash v0.7.6
[INFO] [stderr]     Checking tracing-core v0.1.30
[INFO] [stderr]    Compiling crunchy v0.2.2
[INFO] [stderr]    Compiling cc v1.0.79
[INFO] [stderr]     Checking itoa v1.0.6
[INFO] [stderr]     Checking lazy_static v1.4.0
[INFO] [stderr]    Compiling syn v2.0.15
[INFO] [stderr]     Checking getrandom v0.2.9
[INFO] [stderr]    Compiling aho-corasick v1.0.1
[INFO] [stderr]     Checking rand_core v0.5.1
[INFO] [stderr]     Checking rand_core v0.6.4
[INFO] [stderr]    Compiling serde_json v1.0.96
[INFO] [stderr]    Compiling unicode-xid v0.2.4
[INFO] [stderr]     Checking regex-syntax v0.6.29
[INFO] [stderr]     Checking rand_chacha v0.3.1
[INFO] [stderr]     Checking regex-syntax v0.7.1
[INFO] [stderr]     Checking cpufeatures v0.2.7
[INFO] [stderr]     Checking rand v0.8.5
[INFO] [stderr]    Compiling digest v0.9.0
[INFO] [stderr]    Compiling toml_edit v0.19.8
[INFO] [stderr]     Checking crypto-common v0.1.6
[INFO] [stderr]     Checking block-buffer v0.10.4
[INFO] [stderr]     Checking digest v0.10.6
[INFO] [stderr]     Checking generic-array v0.12.4
[INFO] [stderr]    Compiling num-rational v0.4.1
[INFO] [stderr]     Checking static_assertions v1.1.0
[INFO] [stderr]     Checking iana-time-zone v0.1.56
[INFO] [stderr]    Compiling futures-core v0.3.28
[INFO] [stderr]     Checking sp-std v5.0.0
[INFO] [stderr]     Checking ryu v1.0.13
[INFO] [stderr]    Compiling paste v1.0.12
[INFO] [stderr]    Compiling libm v0.2.6
[INFO] [stderr]     Checking chrono v0.4.24
[INFO] [stderr]    Compiling libsecp256k1-core v0.3.0
[INFO] [stderr]     Checking ark-std v0.4.0
[INFO] [stderr]     Checking crypto-mac v0.8.0
[INFO] [stderr]     Checking block-buffer v0.9.0
[INFO] [stderr]     Checking tracing-log v0.1.3
[INFO] [stderr]     Checking sharded-slab v0.1.4
[INFO] [stderr]    Compiling ahash v0.8.3
[INFO] [stderr]    Compiling lock_api v0.4.9
[INFO] [stderr]     Checking regex-automata v0.1.10
[INFO] [stderr]     Checking regex v1.8.1
[INFO] [stderr]    Compiling slab v0.4.8
[INFO] [stderr]    Compiling proc-macro-crate v1.3.1
[INFO] [stderr]     Checking thread_local v1.1.7
[INFO] [stderr]    Compiling parking_lot_core v0.9.7
[INFO] [stderr]    Compiling futures-channel v0.3.28
[INFO] [stderr]    Compiling futures-task v0.3.28
[INFO] [stderr]     Checking opaque-debug v0.3.0
[INFO] [stderr]     Checking either v1.8.1
[INFO] [stderr]    Compiling ref-cast v1.0.16
[INFO] [stderr]     Checking byte-tools v0.3.1
[INFO] [stderr]     Checking ansi_term v0.12.1
[INFO] [stderr]     Checking keccak v0.1.3
[INFO] [stderr]     Checking block-padding v0.1.5
[INFO] [stderr]     Checking itertools v0.10.5
[INFO] [stderr]     Checking sha2 v0.9.9
[INFO] [stderr]     Checking matchers v0.0.1
[INFO] [stderr]     Checking digest v0.8.1
[INFO] [stderr]     Checking rand_pcg v0.2.1
[INFO] [stderr]     Checking rand_chacha v0.2.2
[INFO] [stderr]     Checking scopeguard v1.1.0
[INFO] [stderr]     Checking hex v0.4.3
[INFO] [stderr]    Compiling futures-util v0.3.28
[INFO] [stderr]     Checking memory_units v0.4.0
[INFO] [stderr]     Checking downcast-rs v1.2.0
[INFO] [stderr]     Checking futures-sink v0.3.28
[INFO] [stderr]     Checking rustc-hex v2.1.0
[INFO] [stderr]     Checking parity-wasm v0.45.0
[INFO] [stderr]     Checking rand v0.7.3
[INFO] [stderr]     Checking block-buffer v0.7.3
[INFO] [stderr]    Compiling Inflector v0.11.4
[INFO] [stderr]     Checking wasmi_core v0.2.1
[INFO] [stderr]    Compiling libsecp256k1-gen-ecmult v0.3.0
[INFO] [stderr]    Compiling libsecp256k1-gen-genmult v0.3.0
[INFO] [stderr]     Checking hmac v0.8.1
[INFO] [stderr]    Compiling secp256k1-sys v0.6.1
[INFO] [stderr]     Checking crypto-mac v0.11.1
[INFO] [stderr]    Compiling thiserror v1.0.40
[INFO] [stderr]     Checking opaque-debug v0.2.3
[INFO] [stderr]     Checking arrayref v0.3.7
[INFO] [stderr]     Checking futures-io v0.3.28
[INFO] [stderr]    Compiling anyhow v1.0.71
[INFO] [stderr]     Checking tinyvec_macros v0.1.1
[INFO] [stderr]     Checking fake-simd v0.1.2
[INFO] [stderr]     Checking hash-db v0.15.2
[INFO] [stderr]     Checking pin-utils v0.1.0
[INFO] [stderr]    Compiling libsecp256k1 v0.7.1
[INFO] [stderr]     Checking tinyvec v1.6.0
[INFO] [stderr]     Checking parking_lot v0.12.1
[INFO] [stderr]     Checking sha2 v0.8.2
[INFO] [stderr]     Checking hashbrown v0.13.2
[INFO] [stderr]     Checking fixed-hash v0.8.0
[INFO] [stderr]     Checking uint v0.9.5
[INFO] [stderr]     Checking num_cpus v1.15.0
[INFO] [stderr]     Checking environmental v1.1.4
[INFO] [stderr]     Checking arrayvec v0.5.2
[INFO] [stderr]    Compiling synstructure v0.12.6
[INFO] [stderr]     Checking pbkdf2 v0.8.0
[INFO] [stderr]     Checking hmac v0.11.0
[INFO] [stderr]     Checking hmac-drbg v0.3.0
[INFO] [stderr]     Checking sha3 v0.10.7
[INFO] [stderr]     Checking pbkdf2 v0.4.0
[INFO] [stderr]     Checking wasmi-validation v0.5.0
[INFO] [stderr]     Checking twox-hash v1.6.3
[INFO] [stderr]     Checking blake2 v0.10.6
[INFO] [stderr]     Checking sha2 v0.10.6
[INFO] [stderr]     Checking num-format v0.4.4
[INFO] [stderr]     Checking rustc-hash v1.1.0
[INFO] [stderr]     Checking base64 v0.13.1
[INFO] [stderr]    Compiling parity-util-mem v0.12.0
[INFO] [stderr]     Checking dyn-clone v1.0.11
[INFO] [stderr]     Checking wasmi v0.13.2
[INFO] [stderr]    Compiling backtrace v0.3.67
[INFO] [stderr]     Checking hash256-std-hasher v0.15.2
[INFO] [stderr]     Checking sp-core-hashing v5.0.0
[INFO] [stderr]     Checking base58 v0.2.0
[INFO] [stderr]     Checking bitflags v1.3.2
[INFO] [stderr]     Checking gimli v0.27.2
[INFO] [stderr]     Checking array-bytes v4.2.0
[INFO] [stderr]     Checking unicode-normalization v0.1.22
[INFO] [stderr]     Checking adler v1.0.2
[INFO] [stderr]     Checking object v0.30.3
[INFO] [stderr]     Checking rustc-demangle v0.1.23
[INFO] [stderr]    Compiling async-trait v0.1.68
[INFO] [stderr]     Checking trie-root v0.17.0
[INFO] [stderr]     Checking miniz_oxide v0.6.2
[INFO] [stderr]     Checking trie-db v0.24.0
[INFO] [stderr]     Checking lru v0.8.1
[INFO] [stderr]     Checking nohash-hasher v0.2.0
[INFO] [stderr]    Compiling zeroize_derive v1.4.2
[INFO] [stderr]    Compiling tracing-attributes v0.1.24
[INFO] [stderr]    Compiling ref-cast-impl v1.0.16
[INFO] [stderr]    Compiling futures-macro v0.3.28
[INFO] [stderr]    Compiling thiserror-impl v1.0.40
[INFO] [stderr]    Compiling impl-trait-for-tuples v0.2.2
[INFO] [stderr]    Compiling parity-scale-codec-derive v3.1.4
[INFO] [stderr]    Compiling ark-serialize-derive v0.4.2
[INFO] [stderr]    Compiling derivative v2.2.0
[INFO] [stderr]    Compiling ark-ff-asm v0.4.2
[INFO] [stderr]    Compiling ark-ff-macros v0.4.2
[INFO] [stderr]     Checking ark-serialize v0.4.2
[INFO] [stderr]    Compiling derive_more v0.99.17
[INFO] [stderr]     Checking zeroize v1.6.0
[INFO] [stderr]    Compiling sp-debug-derive v5.0.0
[INFO] [stderr]    Compiling scale-info-derive v2.6.0
[INFO] [stderr]     Checking curve25519-dalek v2.1.3
[INFO] [stderr]     Checking merlin v2.0.1
[INFO] [stderr]     Checking curve25519-dalek v3.2.0
[INFO] [stderr]    Compiling sp-runtime-interface-proc-macro v6.0.0
[INFO] [stderr]     Checking schnorrkel v0.9.1
[INFO] [stderr]    Compiling dyn-clonable-impl v0.9.0
[INFO] [stderr]     Checking tracing v0.1.37
[INFO] [stderr]     Checking secp256k1 v0.24.3
[INFO] [stderr]     Checking secrecy v0.8.0
[INFO] [stderr]     Checking tiny-bip39 v0.8.2
[INFO] [stderr]     Checking substrate-bip39 v0.4.4
[INFO] [stderr]    Compiling parity-util-mem-derive v0.1.0
[INFO] [stderr]     Checking ed25519-zebra v3.1.0
[INFO] [stderr]     Checking addr2line v0.19.0
[INFO] [stderr]     Checking dyn-clonable v0.9.0
[INFO] [stderr]     Checking sp-panic-handler v5.0.0
[INFO] [stderr]     Checking ark-ff v0.4.2
[INFO] [stderr]     Checking futures-executor v0.3.28
[INFO] [stderr]     Checking memory-db v0.30.0
[INFO] [stderr]     Checking futures v0.3.28
[INFO] [stderr]     Checking parity-scale-codec v3.4.0
[INFO] [stderr]     Checking tracing-serde v0.1.3
[INFO] [stderr]     Checking impl-serde v0.4.0
[INFO] [stderr]     Checking scale-info v2.6.0
[INFO] [stderr]     Checking sp-storage v7.0.0
[INFO] [stderr]     Checking impl-codec v0.6.0
[INFO] [stderr]     Checking sp-wasm-interface v7.0.0
[INFO] [stderr]     Checking tracing-subscriber v0.2.25
[INFO] [stderr]     Checking sp-externalities v0.13.0
[INFO] [stderr]     Checking primitive-types v0.12.1
[INFO] [stderr]    Compiling ss58-registry v1.40.0
[INFO] [stderr]     Checking sp-tracing v6.0.0
[INFO] [stderr]     Checking sp-runtime-interface v7.0.0
[INFO] [stderr]     Checking sp-core v7.0.0
[INFO] [stderr]     Checking sp-trie v7.0.0
[INFO] [stderr]     Checking sp-keystore v0.13.0
[INFO] [stderr]     Checking ark-poly v0.4.2
[INFO] [stderr]     Checking ark-relations v0.4.0
[INFO] [stderr]     Checking sp-state-machine v0.13.0
[INFO] [stderr]     Checking ark-ec v0.4.2
[INFO] [stderr]     Checking sp-io v7.0.0
[INFO] [stderr]     Checking ark-bls12-381 v0.4.0
[INFO] [stderr]     Checking ark-scale v0.0.2
[INFO] [stderr]     Checking sp-ark-models v0.4.0
[INFO] [stderr]     Checking ark-r1cs-std v0.4.0
[INFO] [stderr]     Checking ark-ed-on-bls12-381-bandersnatch v0.4.0
[INFO] [stderr]     Checking sp-ark-bls12-381 v0.4.0-alpha
[INFO] [stdout] error[E0433]: failed to resolve: could not find `elliptic_curves` in `sp_io`
[INFO] [stdout]   --> /opt/rustwide/cargo-home/registry/src/github.com-1ecc6299db9ec823/sp-ark-bls12-381-0.4.0-alpha/src/curves/mod.rs:41:16
[INFO] [stdout]    |
[INFO] [stdout] 41 |         sp_io::elliptic_curves::bls12_381_multi_miller_loop(a, b)
[INFO] [stdout]    |                ^^^^^^^^^^^^^^^ could not find `elliptic_curves` in `sp_io`
[INFO] [stdout] 
[INFO] [stdout] 
[INFO] [stdout] error[E0433]: failed to resolve: could not find `elliptic_curves` in `sp_io`
[INFO] [stdout]   --> /opt/rustwide/cargo-home/registry/src/github.com-1ecc6299db9ec823/sp-ark-bls12-381-0.4.0-alpha/src/curves/mod.rs:44:16
[INFO] [stdout]    |
[INFO] [stdout] 44 |         sp_io::elliptic_curves::bls12_381_final_exponentiation(f12)
[INFO] [stdout]    |                ^^^^^^^^^^^^^^^ could not find `elliptic_curves` in `sp_io`
[INFO] [stdout] 
[INFO] [stdout] 
[INFO] [stdout] error[E0433]: failed to resolve: could not find `elliptic_curves` in `sp_io`
[INFO] [stdout]   --> /opt/rustwide/cargo-home/registry/src/github.com-1ecc6299db9ec823/sp-ark-bls12-381-0.4.0-alpha/src/curves/mod.rs:47:16
[INFO] [stdout]    |
[INFO] [stdout] 47 |         sp_io::elliptic_curves::bls12_381_msm_g1(bases, bigints)
[INFO] [stdout]    |                ^^^^^^^^^^^^^^^ could not find `elliptic_curves` in `sp_io`
[INFO] [stdout] 
[INFO] [stdout] 
[INFO] [stdout] error[E0433]: failed to resolve: could not find `elliptic_curves` in `sp_io`
[INFO] [stdout]   --> /opt/rustwide/cargo-home/registry/src/github.com-1ecc6299db9ec823/sp-ark-bls12-381-0.4.0-alpha/src/curves/mod.rs:50:16
[INFO] [stdout]    |
[INFO] [stdout] 50 |         sp_io::elliptic_curves::bls12_381_msm_g2(bases, bigints)
[INFO] [stdout]    |                ^^^^^^^^^^^^^^^ could not find `elliptic_curves` in `sp_io`
[INFO] [stdout] 
[INFO] [stdout] 
[INFO] [stdout] error[E0433]: failed to resolve: could not find `elliptic_curves` in `sp_io`
[INFO] [stdout]   --> /opt/rustwide/cargo-home/registry/src/github.com-1ecc6299db9ec823/sp-ark-bls12-381-0.4.0-alpha/src/curves/mod.rs:53:16
[INFO] [stdout]    |
[INFO] [stdout] 53 |         sp_io::elliptic_curves::bls12_381_mul_projective_g1(base, scalar)
[INFO] [stdout]    |                ^^^^^^^^^^^^^^^ could not find `elliptic_curves` in `sp_io`
[INFO] [stdout] 
[INFO] [stdout] 
[INFO] [stdout] error[E0433]: failed to resolve: could not find `elliptic_curves` in `sp_io`
[INFO] [stdout]   --> /opt/rustwide/cargo-home/registry/src/github.com-1ecc6299db9ec823/sp-ark-bls12-381-0.4.0-alpha/src/curves/mod.rs:56:16
[INFO] [stdout]    |
[INFO] [stdout] 56 |         sp_io::elliptic_curves::bls12_381_mul_projective_g2(base, scalar)
[INFO] [stdout]    |                ^^^^^^^^^^^^^^^ could not find `elliptic_curves` in `sp_io`
[INFO] [stdout] 
[INFO] [stdout] 
[INFO] [stdout] error[E0277]: the trait bound `ArkScaleProjective<sp_ark_models::short_weierstrass::Projective<curves::g1::Config<H>>>: From<sp_ark_models::short_weierstrass::Projective<curves::g1::Config<H>>>` is not satisfied
[INFO] [stdout]    --> /opt/rustwide/cargo-home/registry/src/github.com-1ecc6299db9ec823/sp-ark-bls12-381-0.4.0-alpha/src/curves/g1.rs:158:66
[INFO] [stdout]     |
[INFO] [stdout] 158 |         let base: ArkScaleProjective<Projective<Self>> = (*base).into();
[INFO] [stdout]     |                                                                  ^^^^ the trait `From<sp_ark_models::short_weierstrass::Projective<curves::g1::Config<H>>>` is not implemented for `ArkScaleProjective<sp_ark_models::short_weierstrass::Projective<curves::g1::Config<H>>>`
[INFO] [stdout]     |
[INFO] [stdout]     = note: required for `sp_ark_models::short_weierstrass::Projective<curves::g1::Config<H>>` to implement `Into<ArkScaleProjective<sp_ark_models::short_weierstrass::Projective<curves::g1::Config<H>>>>`
[INFO] [stdout] 
[INFO] [stdout] 
[INFO] [stdout] error[E0277]: the trait bound `ArkScaleProjective<sp_ark_models::short_weierstrass::Projective<curves::g1::Config<H>>>: From<sp_ark_models::short_weierstrass::Projective<curves::g1::Config<H>>>` is not satisfied
[INFO] [stdout]    --> /opt/rustwide/cargo-home/registry/src/github.com-1ecc6299db9ec823/sp-ark-bls12-381-0.4.0-alpha/src/curves/g1.rs:170:63
[INFO] [stdout]     |
[INFO] [stdout] 170 |         let base: ArkScaleProjective<Projective<Self>> = base.into();
[INFO] [stdout]     |                                                               ^^^^ the trait `From<sp_ark_models::short_weierstrass::Projective<curves::g1::Config<H>>>` is not implemented for `ArkScaleProjective<sp_ark_models::short_weierstrass::Projective<curves::g1::Config<H>>>`
[INFO] [stdout]     |
[INFO] [stdout]     = note: required for `sp_ark_models::short_weierstrass::Projective<curves::g1::Config<H>>` to implement `Into<ArkScaleProjective<sp_ark_models::short_weierstrass::Projective<curves::g1::Config<H>>>>`
[INFO] [stdout] 
[INFO] [stdout] 
[INFO] [stdout] error[E0277]: the trait bound `ArkScaleProjective<sp_ark_models::short_weierstrass::Projective<curves::g2::Config<H>>>: From<sp_ark_models::short_weierstrass::Projective<curves::g2::Config<H>>>` is not satisfied
[INFO] [stdout]    --> /opt/rustwide/cargo-home/registry/src/github.com-1ecc6299db9ec823/sp-ark-bls12-381-0.4.0-alpha/src/curves/g2.rs:198:66
[INFO] [stdout]     |
[INFO] [stdout] 198 |         let base: ArkScaleProjective<Projective<Self>> = (*base).into();
[INFO] [stdout]     |                                                                  ^^^^ the trait `From<sp_ark_models::short_weierstrass::Projective<curves::g2::Config<H>>>` is not implemented for `ArkScaleProjective<sp_ark_models::short_weierstrass::Projective<curves::g2::Config<H>>>`
[INFO] [stdout]     |
[INFO] [stdout]     = note: required for `sp_ark_models::short_weierstrass::Projective<curves::g2::Config<H>>` to implement `Into<ArkScaleProjective<sp_ark_models::short_weierstrass::Projective<curves::g2::Config<H>>>>`
[INFO] [stdout] 
[INFO] [stdout] 
[INFO] [stdout] error[E0277]: the trait bound `ArkScaleProjective<sp_ark_models::short_weierstrass::Projective<curves::g2::Config<H>>>: From<sp_ark_models::short_weierstrass::Projective<curves::g2::Config<H>>>` is not satisfied
[INFO] [stdout]    --> /opt/rustwide/cargo-home/registry/src/github.com-1ecc6299db9ec823/sp-ark-bls12-381-0.4.0-alpha/src/curves/g2.rs:210:63
[INFO] [stdout]     |
[INFO] [stdout] 210 |         let base: ArkScaleProjective<Projective<Self>> = base.into();
[INFO] [stdout]     |                                                               ^^^^ the trait `From<sp_ark_models::short_weierstrass::Projective<curves::g2::Config<H>>>` is not implemented for `ArkScaleProjective<sp_ark_models::short_weierstrass::Projective<curves::g2::Config<H>>>`
[INFO] [stdout]     |
[INFO] [stdout]     = note: required for `sp_ark_models::short_weierstrass::Projective<curves::g2::Config<H>>` to implement `Into<ArkScaleProjective<sp_ark_models::short_weierstrass::Projective<curves::g2::Config<H>>>>`
[INFO] [stdout] 
[INFO] [stdout] 
[INFO] [stdout] error: aborting due to 10 previous errors
[INFO] [stdout] 
[INFO] [stdout] 
[INFO] [stdout] Some errors have detailed explanations: E0277, E0433.
[INFO] [stdout] 
[INFO] [stdout] For more information about an error, try `rustc --explain E0277`.
[INFO] [stdout] 
[INFO] [stderr] error: could not compile `sp-ark-bls12-381` due to 11 previous errors
[INFO] [stderr] warning: build failed, waiting for other jobs to finish...
[INFO] running `Command { std: "docker" "inspect" "88807f1e3d135472b289388cdeb9eb41d0052fa2a56ff7c13f71bb13f410c981", kill_on_drop: false }`
[INFO] running `Command { std: "docker" "rm" "-f" "88807f1e3d135472b289388cdeb9eb41d0052fa2a56ff7c13f71bb13f410c981", kill_on_drop: false }`
[INFO] [stdout] 88807f1e3d135472b289388cdeb9eb41d0052fa2a56ff7c13f71bb13f410c981
