[INFO] fetching crate sonicd 0.6.0...
[INFO] documenting sonicd-0.6.0 against 1.69.0 for beta-1.70-rustdoc-1
[INFO] extracting crate sonicd 0.6.0 into /workspace/builds/worker-3-tc1/source
[INFO] validating manifest of crates.io crate sonicd 0.6.0 on toolchain 1.69.0
[INFO] running `Command { std: CARGO_HOME="/workspace/cargo-home" RUSTUP_HOME="/workspace/rustup-home" "/workspace/cargo-home/bin/cargo" "+1.69.0" "metadata" "--manifest-path" "Cargo.toml" "--no-deps", kill_on_drop: false }`
[INFO] started tweaking crates.io crate sonicd 0.6.0
[INFO] finished tweaking crates.io crate sonicd 0.6.0
[INFO] tweaked toml for crates.io crate sonicd 0.6.0 written to /workspace/builds/worker-3-tc1/source/Cargo.toml
[INFO] running `Command { std: CARGO_HOME="/workspace/cargo-home" RUSTUP_HOME="/workspace/rustup-home" __CARGO_TEST_CHANNEL_OVERRIDE_DO_NOT_USE_THIS="nightly" "/workspace/cargo-home/bin/cargo" "+1.69.0" "generate-lockfile" "--manifest-path" "Cargo.toml" "-Zno-index-update", kill_on_drop: false }`
[INFO] running `Command { std: CARGO_HOME="/workspace/cargo-home" RUSTUP_HOME="/workspace/rustup-home" "/workspace/cargo-home/bin/cargo" "+1.69.0" "fetch" "--manifest-path" "Cargo.toml", kill_on_drop: false }`
[INFO] [stderr]  Downloading crates ...
[INFO] [stderr]   Downloaded bytes v0.3.0
[INFO] [stderr]   Downloaded miow v0.1.5
[INFO] [stderr]   Downloaded syntex_syntax v0.44.1
[INFO] [stderr]   Downloaded rpassword v0.2.3
[INFO] [stderr]   Downloaded syntex v0.44.0
[INFO] [stderr]   Downloaded syntex_errors v0.44.0
[INFO] [stderr]   Downloaded syntex_errors v0.41.0
[INFO] [stderr]   Downloaded syntex v0.41.0
[INFO] [stderr]   Downloaded docopt v0.6.86
[INFO] [stderr]   Downloaded error-chain v0.5.0
[INFO] [stderr]   Downloaded ws v0.5.3
[INFO] [stderr]   Downloaded syntex_pos v0.44.0
[INFO] [stderr]   Downloaded slab v0.1.3
[INFO] [stderr]   Downloaded mio v0.5.1
[INFO] [stderr]   Downloaded syntex_pos v0.41.0
[INFO] [stderr]   Downloaded syntex_syntax v0.41.0
[INFO] [stderr]   Downloaded pbr v0.3.1
[INFO] running `Command { std: "docker" "create" "-v" "/var/lib/crater-agent-workspace/builds/worker-3-tc1/target:/opt/rustwide/target:rw,Z" "-v" "/var/lib/crater-agent-workspace/builds/worker-3-tc1/source:/opt/rustwide/workdir:ro,Z" "-v" "/var/lib/crater-agent-workspace/cargo-home:/opt/rustwide/cargo-home:ro,Z" "-v" "/var/lib/crater-agent-workspace/rustup-home:/opt/rustwide/rustup-home:ro,Z" "-e" "SOURCE_DIR=/opt/rustwide/workdir" "-e" "CARGO_TARGET_DIR=/opt/rustwide/target" "-e" "CARGO_HOME=/opt/rustwide/cargo-home" "-e" "RUSTUP_HOME=/opt/rustwide/rustup-home" "-w" "/opt/rustwide/workdir" "-m" "1610612736" "--user" "0:0" "--network" "none" "ghcr.io/rust-lang/crates-build-env/linux@sha256:5ff2268d62e97bff2cde7d5815dd6ed5b47097566f13b8d0ca110b04b60e07ed" "/opt/rustwide/cargo-home/bin/cargo" "+1.69.0" "metadata" "--no-deps" "--format-version=1", kill_on_drop: false }`
[INFO] [stdout] 83f63ddabb1eafbe25f525f8f7bce99a60ae9c1c930ce703aecabd06f1888c74
[INFO] running `Command { std: "docker" "start" "-a" "83f63ddabb1eafbe25f525f8f7bce99a60ae9c1c930ce703aecabd06f1888c74", kill_on_drop: false }`
[INFO] running `Command { std: "docker" "inspect" "83f63ddabb1eafbe25f525f8f7bce99a60ae9c1c930ce703aecabd06f1888c74", kill_on_drop: false }`
[INFO] running `Command { std: "docker" "rm" "-f" "83f63ddabb1eafbe25f525f8f7bce99a60ae9c1c930ce703aecabd06f1888c74", kill_on_drop: false }`
[INFO] [stdout] 83f63ddabb1eafbe25f525f8f7bce99a60ae9c1c930ce703aecabd06f1888c74
[INFO] running `Command { std: "docker" "create" "-v" "/var/lib/crater-agent-workspace/builds/worker-3-tc1/target:/opt/rustwide/target:rw,Z" "-v" "/var/lib/crater-agent-workspace/builds/worker-3-tc1/source:/opt/rustwide/workdir:ro,Z" "-v" "/var/lib/crater-agent-workspace/cargo-home:/opt/rustwide/cargo-home:ro,Z" "-v" "/var/lib/crater-agent-workspace/rustup-home:/opt/rustwide/rustup-home:ro,Z" "-e" "SOURCE_DIR=/opt/rustwide/workdir" "-e" "CARGO_TARGET_DIR=/opt/rustwide/target" "-e" "CARGO_INCREMENTAL=0" "-e" "RUST_BACKTRACE=full" "-e" "RUSTFLAGS=--cap-lints=warn" "-e" "RUSTDOCFLAGS=--cap-lints=warn" "-e" "CARGO_HOME=/opt/rustwide/cargo-home" "-e" "RUSTUP_HOME=/opt/rustwide/rustup-home" "-w" "/opt/rustwide/workdir" "-m" "1610612736" "--user" "0:0" "--network" "none" "ghcr.io/rust-lang/crates-build-env/linux@sha256:5ff2268d62e97bff2cde7d5815dd6ed5b47097566f13b8d0ca110b04b60e07ed" "/opt/rustwide/cargo-home/bin/cargo" "+1.69.0" "doc" "--frozen" "--no-deps" "--document-private-items" "--message-format=json", kill_on_drop: false }`
[INFO] [stdout] 6a0188dc626fa308871fa028d6d4c0b0b813db71f2420f1995e84f457eeb53d2
[INFO] running `Command { std: "docker" "start" "-a" "6a0188dc626fa308871fa028d6d4c0b0b813db71f2420f1995e84f457eeb53d2", kill_on_drop: false }`
[INFO] [stderr]    Compiling rustc-serialize v0.3.24
[INFO] [stderr]    Compiling unicode-xid v0.0.3
[INFO] [stderr]    Compiling term v0.4.6
[INFO] [stderr]    Compiling winapi-build v0.1.1
[INFO] [stderr]    Compiling bitflags v0.7.0
[INFO] [stderr]     Checking winapi v0.2.8
[INFO] [stderr]    Compiling bitflags v0.5.0
[INFO] [stderr]    Compiling semver v0.1.20
[INFO] [stderr]     Checking utf8-ranges v0.1.3
[INFO] [stderr]     Checking regex-syntax v0.3.9
[INFO] [stderr]    Compiling libc v0.2.142
[INFO] [stderr]    Compiling backtrace-sys v0.1.37
[INFO] [stderr]    Compiling num-traits v0.2.15
[INFO] [stderr]    Compiling backtrace v0.2.3
[INFO] [stderr]    Compiling log v0.4.17
[INFO] [stderr]     Checking memchr v0.1.11
[INFO] [stderr]     Checking rustc-demangle v0.1.23
[INFO] [stderr]     Checking log v0.3.9
[INFO] [stderr]     Checking time v0.1.45
[INFO] [stderr]     Checking termios v0.2.2
[INFO] [stderr]     Checking aho-corasick v0.5.3
[INFO] [stderr]     Checking itoa v0.1.1
[INFO] [stderr]    Compiling kernel32-sys v0.2.2
[INFO] [stderr]    Compiling dbghelp-sys v0.2.0
[INFO] [stderr]    Compiling rustc_version v0.1.7
[INFO] [stderr]     Checking serde v0.8.23
[INFO] [stderr]     Checking lazy_static v0.2.11
[INFO] [stderr]     Checking dtoa v0.2.2
[INFO] [stderr]     Checking strsim v0.5.2
[INFO] [stderr]     Checking bitflags v0.4.0
[INFO] [stderr]     Checking rpassword v0.2.3
[INFO] [stderr]     Checking ansi_term v0.7.5
[INFO] [stderr]     Checking byteorder v0.5.3
[INFO] [stderr]     Checking lazy_static v0.1.16
[INFO] [stderr]    Compiling nix v0.6.0
[INFO] [stderr]     Checking thread-id v2.0.0
[INFO] [stderr]     Checking pbr v0.3.1
[INFO] [stderr]     Checking thread_local v0.2.7
[INFO] [stdout] error[E0283]: type annotations needed
[INFO] [stdout]    --> /opt/rustwide/cargo-home/registry/src/github.com-1ecc6299db9ec823/pbr-0.3.1/src/pb.rs:348:64
[INFO] [stdout]     |
[INFO] [stdout] 348 |                         base = base + repeat!(self.bar_current.as_ref(), curr_count - 1) +
[INFO] [stdout]     |                                                                ^^^^^^
[INFO] [stdout]     |
[INFO] [stdout]     = note: multiple `impl`s satisfying `String: AsRef<_>` found in the following crates: `alloc`, `std`:
[INFO] [stdout]             - impl AsRef<OsStr> for String;
[INFO] [stdout]             - impl AsRef<Path> for String;
[INFO] [stdout]             - impl AsRef<[u8]> for String;
[INFO] [stdout]             - impl AsRef<str> for String;
[INFO] [stdout] help: try using a fully qualified path to specify the expected types
[INFO] [stdout]     |
[INFO] [stdout] 348 |                         base = base + repeat!(<String as AsRef<T>>::as_ref(&self.bar_current), curr_count - 1) +
[INFO] [stdout]     |                                               ++++++++++++++++++++++++++++++                ~
[INFO] [stdout] 
[INFO] [stdout] 
[INFO] [stdout] error[E0283]: type annotations needed
[INFO] [stdout]    --> /opt/rustwide/cargo-home/registry/src/github.com-1ecc6299db9ec823/pbr-0.3.1/src/pb.rs:351:64
[INFO] [stdout]     |
[INFO] [stdout] 351 |                         base = base + repeat!(self.bar_current.as_ref(), curr_count);
[INFO] [stdout]     |                                                                ^^^^^^
[INFO] [stdout]     |
[INFO] [stdout]     = note: multiple `impl`s satisfying `String: AsRef<_>` found in the following crates: `alloc`, `std`:
[INFO] [stdout]             - impl AsRef<OsStr> for String;
[INFO] [stdout]             - impl AsRef<Path> for String;
[INFO] [stdout]             - impl AsRef<[u8]> for String;
[INFO] [stdout]             - impl AsRef<str> for String;
[INFO] [stdout] help: try using a fully qualified path to specify the expected types
[INFO] [stdout]     |
[INFO] [stdout] 351 |                         base = base + repeat!(<String as AsRef<T>>::as_ref(&self.bar_current), curr_count);
[INFO] [stdout]     |                                               ++++++++++++++++++++++++++++++                ~
[INFO] [stdout] 
[INFO] [stdout] 
[INFO] [stdout] error[E0283]: type annotations needed
[INFO] [stdout]    --> /opt/rustwide/cargo-home/registry/src/github.com-1ecc6299db9ec823/pbr-0.3.1/src/pb.rs:353:59
[INFO] [stdout]     |
[INFO] [stdout] 353 |                     base = base + repeat!(self.bar_remain.as_ref(), rema_count) + &self.bar_end;
[INFO] [stdout]     |                                                           ^^^^^^
[INFO] [stdout]     |
[INFO] [stdout]     = note: multiple `impl`s satisfying `String: AsRef<_>` found in the following crates: `alloc`, `std`:
[INFO] [stdout]             - impl AsRef<OsStr> for String;
[INFO] [stdout]             - impl AsRef<Path> for String;
[INFO] [stdout]             - impl AsRef<[u8]> for String;
[INFO] [stdout]             - impl AsRef<str> for String;
[INFO] [stdout] help: try using a fully qualified path to specify the expected types
[INFO] [stdout]     |
[INFO] [stdout] 353 |                     base = base + repeat!(<String as AsRef<T>>::as_ref(&self.bar_remain), rema_count) + &self.bar_end;
[INFO] [stdout]     |                                           ++++++++++++++++++++++++++++++               ~
[INFO] [stdout] 
[INFO] [stdout] 
[INFO] [stdout] error: aborting due to 3 previous errors
[INFO] [stdout] 
[INFO] [stdout] 
[INFO] [stdout] For more information about this error, try `rustc --explain E0283`.
[INFO] [stdout] 
[INFO] [stderr] error: could not compile `pbr` due to 4 previous errors
[INFO] [stderr] warning: build failed, waiting for other jobs to finish...
[INFO] running `Command { std: "docker" "inspect" "6a0188dc626fa308871fa028d6d4c0b0b813db71f2420f1995e84f457eeb53d2", kill_on_drop: false }`
[INFO] running `Command { std: "docker" "rm" "-f" "6a0188dc626fa308871fa028d6d4c0b0b813db71f2420f1995e84f457eeb53d2", kill_on_drop: false }`
[INFO] [stdout] 6a0188dc626fa308871fa028d6d4c0b0b813db71f2420f1995e84f457eeb53d2
