[INFO] fetching crate solid 0.1.5...
[INFO] documenting solid-0.1.5 against 1.69.0 for beta-1.70-rustdoc-1
[INFO] extracting crate solid 0.1.5 into /workspace/builds/worker-2-tc1/source
[INFO] validating manifest of crates.io crate solid 0.1.5 on toolchain 1.69.0
[INFO] running `Command { std: CARGO_HOME="/workspace/cargo-home" RUSTUP_HOME="/workspace/rustup-home" "/workspace/cargo-home/bin/cargo" "+1.69.0" "metadata" "--manifest-path" "Cargo.toml" "--no-deps", kill_on_drop: false }`
[INFO] removed /workspace/builds/worker-2-tc1/source/rust-toolchain
[INFO] started tweaking crates.io crate solid 0.1.5
[INFO] finished tweaking crates.io crate solid 0.1.5
[INFO] tweaked toml for crates.io crate solid 0.1.5 written to /workspace/builds/worker-2-tc1/source/Cargo.toml
[INFO] running `Command { std: CARGO_HOME="/workspace/cargo-home" RUSTUP_HOME="/workspace/rustup-home" __CARGO_TEST_CHANNEL_OVERRIDE_DO_NOT_USE_THIS="nightly" "/workspace/cargo-home/bin/cargo" "+1.69.0" "generate-lockfile" "--manifest-path" "Cargo.toml" "-Zno-index-update", kill_on_drop: false }`
[INFO] running `Command { std: CARGO_HOME="/workspace/cargo-home" RUSTUP_HOME="/workspace/rustup-home" "/workspace/cargo-home/bin/cargo" "+1.69.0" "fetch" "--manifest-path" "Cargo.toml", kill_on_drop: false }`
[INFO] [stderr]  Downloading crates ...
[INFO] [stderr]   Downloaded uint v0.8.5
[INFO] [stderr]   Downloaded rlp v0.4.6
[INFO] [stderr]   Downloaded impl-rlp v0.2.1
[INFO] [stderr]   Downloaded impl-codec v0.4.2
[INFO] [stderr]   Downloaded fixed-hash v0.6.1
[INFO] [stderr]   Downloaded byte-slice-cast v0.3.5
[INFO] [stderr]   Downloaded solid-derive v0.1.3
[INFO] [stderr]   Downloaded primitive-types v0.7.3
[INFO] [stderr]   Downloaded solid-core v0.1.5
[INFO] [stderr]   Downloaded ethereum-types v0.9.2
[INFO] [stderr]   Downloaded ethbloom v0.9.2
[INFO] [stderr]   Downloaded parity-scale-codec v1.3.7
[INFO] running `Command { std: "docker" "create" "-v" "/var/lib/crater-agent-workspace/builds/worker-2-tc1/target:/opt/rustwide/target:rw,Z" "-v" "/var/lib/crater-agent-workspace/builds/worker-2-tc1/source:/opt/rustwide/workdir:ro,Z" "-v" "/var/lib/crater-agent-workspace/cargo-home:/opt/rustwide/cargo-home:ro,Z" "-v" "/var/lib/crater-agent-workspace/rustup-home:/opt/rustwide/rustup-home:ro,Z" "-e" "SOURCE_DIR=/opt/rustwide/workdir" "-e" "CARGO_TARGET_DIR=/opt/rustwide/target" "-e" "CARGO_HOME=/opt/rustwide/cargo-home" "-e" "RUSTUP_HOME=/opt/rustwide/rustup-home" "-w" "/opt/rustwide/workdir" "-m" "1610612736" "--user" "0:0" "--network" "none" "ghcr.io/rust-lang/crates-build-env/linux@sha256:5ff2268d62e97bff2cde7d5815dd6ed5b47097566f13b8d0ca110b04b60e07ed" "/opt/rustwide/cargo-home/bin/cargo" "+1.69.0" "metadata" "--no-deps" "--format-version=1", kill_on_drop: false }`
[INFO] [stdout] 0c5b5816c026d005c54794b8529de73ed2a92f400cda467776b6b6de19395871
[INFO] running `Command { std: "docker" "start" "-a" "0c5b5816c026d005c54794b8529de73ed2a92f400cda467776b6b6de19395871", kill_on_drop: false }`
[INFO] running `Command { std: "docker" "inspect" "0c5b5816c026d005c54794b8529de73ed2a92f400cda467776b6b6de19395871", kill_on_drop: false }`
[INFO] running `Command { std: "docker" "rm" "-f" "0c5b5816c026d005c54794b8529de73ed2a92f400cda467776b6b6de19395871", kill_on_drop: false }`
[INFO] [stdout] 0c5b5816c026d005c54794b8529de73ed2a92f400cda467776b6b6de19395871
[INFO] running `Command { std: "docker" "create" "-v" "/var/lib/crater-agent-workspace/builds/worker-2-tc1/target:/opt/rustwide/target:rw,Z" "-v" "/var/lib/crater-agent-workspace/builds/worker-2-tc1/source:/opt/rustwide/workdir:ro,Z" "-v" "/var/lib/crater-agent-workspace/cargo-home:/opt/rustwide/cargo-home:ro,Z" "-v" "/var/lib/crater-agent-workspace/rustup-home:/opt/rustwide/rustup-home:ro,Z" "-e" "SOURCE_DIR=/opt/rustwide/workdir" "-e" "CARGO_TARGET_DIR=/opt/rustwide/target" "-e" "CARGO_INCREMENTAL=0" "-e" "RUST_BACKTRACE=full" "-e" "RUSTFLAGS=--cap-lints=warn" "-e" "RUSTDOCFLAGS=--cap-lints=warn" "-e" "CARGO_HOME=/opt/rustwide/cargo-home" "-e" "RUSTUP_HOME=/opt/rustwide/rustup-home" "-w" "/opt/rustwide/workdir" "-m" "1610612736" "--user" "0:0" "--network" "none" "ghcr.io/rust-lang/crates-build-env/linux@sha256:5ff2268d62e97bff2cde7d5815dd6ed5b47097566f13b8d0ca110b04b60e07ed" "/opt/rustwide/cargo-home/bin/cargo" "+1.69.0" "doc" "--frozen" "--no-deps" "--document-private-items" "--message-format=json", kill_on_drop: false }`
[INFO] [stdout] 9cf49561211bafd8b5bace9b121bdcfd5b0f8f310315c796428b11a47a9aab49
[INFO] running `Command { std: "docker" "start" "-a" "9cf49561211bafd8b5bace9b121bdcfd5b0f8f310315c796428b11a47a9aab49", kill_on_drop: false }`
[INFO] [stderr]     Checking byte-tools v0.3.1
[INFO] [stderr]    Compiling syn v1.0.109
[INFO] [stderr]     Checking opaque-debug v0.2.3
[INFO] [stderr]     Checking hex v0.4.3
[INFO] [stderr]     Checking generic-array v0.12.4
[INFO] [stderr]     Checking block-padding v0.1.5
[INFO] [stderr]     Checking digest v0.8.1
[INFO] [stderr]     Checking block-buffer v0.7.3
[INFO] [stderr]     Checking sha3 v0.8.2
[INFO] [stderr]     Checking solid-core v0.1.5
[INFO] [stderr]    Compiling solid-derive v0.1.3
[INFO] [stderr]  Documenting solid v0.1.5 (/opt/rustwide/workdir)
[INFO] [stderr]     Finished dev [unoptimized + debuginfo] target(s) in 4.57s
[INFO] running `Command { std: "docker" "inspect" "9cf49561211bafd8b5bace9b121bdcfd5b0f8f310315c796428b11a47a9aab49", kill_on_drop: false }`
[INFO] running `Command { std: "docker" "rm" "-f" "9cf49561211bafd8b5bace9b121bdcfd5b0f8f310315c796428b11a47a9aab49", kill_on_drop: false }`
[INFO] [stdout] 9cf49561211bafd8b5bace9b121bdcfd5b0f8f310315c796428b11a47a9aab49
[INFO] running `Command { std: "docker" "create" "-v" "/var/lib/crater-agent-workspace/builds/worker-2-tc1/target:/opt/rustwide/target:rw,Z" "-v" "/var/lib/crater-agent-workspace/builds/worker-2-tc1/source:/opt/rustwide/workdir:ro,Z" "-v" "/var/lib/crater-agent-workspace/cargo-home:/opt/rustwide/cargo-home:ro,Z" "-v" "/var/lib/crater-agent-workspace/rustup-home:/opt/rustwide/rustup-home:ro,Z" "-e" "SOURCE_DIR=/opt/rustwide/workdir" "-e" "CARGO_TARGET_DIR=/opt/rustwide/target" "-e" "CARGO_INCREMENTAL=0" "-e" "RUST_BACKTRACE=full" "-e" "RUSTFLAGS=--cap-lints=warn" "-e" "RUSTDOCFLAGS=--cap-lints=warn" "-e" "DOCS_RS=1" "-e" "RUSTC_BOOTSTRAP=1" "-e" "CARGO_HOME=/opt/rustwide/cargo-home" "-e" "RUSTUP_HOME=/opt/rustwide/rustup-home" "-w" "/opt/rustwide/workdir" "-m" "1610612736" "--user" "0:0" "--network" "none" "ghcr.io/rust-lang/crates-build-env/linux@sha256:5ff2268d62e97bff2cde7d5815dd6ed5b47097566f13b8d0ca110b04b60e07ed" "/opt/rustwide/cargo-home/bin/cargo" "+1.69.0" "rustdoc" "--lib" "-Zrustdoc-map" "--all-features" "-Z" "unstable-options" "--config" "build.rustdocflags=[\"-Z\", \"unstable-options\", \"--document-private-items\"]" "--frozen" "--message-format=json", kill_on_drop: false }`
[INFO] [stdout] 7cf97b6bda15fb7690c06d380d24bf23ede5a7b0b5bc67ecd36920dadba1901f
[INFO] running `Command { std: "docker" "start" "-a" "7cf97b6bda15fb7690c06d380d24bf23ede5a7b0b5bc67ecd36920dadba1901f", kill_on_drop: false }`
[INFO] [stderr]    Compiling serde v1.0.160
[INFO] [stderr]     Checking rustc-hex v2.1.0
[INFO] [stderr]    Compiling crunchy v0.2.2
[INFO] [stderr]     Checking radium v0.3.0
[INFO] [stderr]     Checking either v1.8.1
[INFO] [stderr]    Compiling num-traits v0.2.15
[INFO] [stderr]     Checking arrayvec v0.5.2
[INFO] [stderr]    Compiling tiny-keccak v2.0.2
[INFO] [stderr]     Checking byte-slice-cast v0.3.5
[INFO] [stderr]    Compiling num-integer v0.1.45
[INFO] [stderr]    Compiling num-bigint v0.2.6
[INFO] [stderr]     Checking getrandom v0.1.16
[INFO] [stderr]     Checking rlp v0.4.6
[INFO] [stderr]     Checking bitvec v0.17.4
[INFO] [stderr]     Checking rand_core v0.5.1
[INFO] [stderr]     Checking impl-rlp v0.2.1
[INFO] [stderr]     Checking rand_chacha v0.2.2
[INFO] [stderr]     Checking uint v0.8.5
[INFO] [stderr]     Checking rand v0.7.3
[INFO] [stderr]     Checking fixed-hash v0.6.1
[INFO] [stderr]     Checking impl-serde v0.3.2
[INFO] [stderr]     Checking parity-scale-codec v1.3.7
[INFO] [stderr]     Checking ethbloom v0.9.2
[INFO] [stderr]     Checking impl-codec v0.4.2
[INFO] [stderr]     Checking primitive-types v0.7.3
[INFO] [stderr]     Checking ethereum-types v0.9.2
[INFO] [stderr]     Checking solid-core v0.1.5
[INFO] [stdout] error[E0557]: feature has been removed
[INFO] [stdout]  --> /opt/rustwide/cargo-home/registry/src/github.com-1ecc6299db9ec823/solid-core-0.1.5/src/lib.rs:1:42
[INFO] [stdout]   |
[INFO] [stdout] 1 | #![cfg_attr(feature = "nightly", feature(const_generics))]
[INFO] [stdout]   |                                          ^^^^^^^^^^^^^^ feature has been removed
[INFO] [stdout]   |
[INFO] [stdout]   = note: removed in favor of `#![feature(adt_const_params)]` and `#![feature(generic_const_exprs)]`
[INFO] [stdout] 
[INFO] [stdout] 
[INFO] [stdout] error[E0432]: unresolved import `std::array::LengthAtMost32`
[INFO] [stdout]  --> /opt/rustwide/cargo-home/registry/src/github.com-1ecc6299db9ec823/solid-core-0.1.5/src/bytesfix/nightly.rs:7:5
[INFO] [stdout]   |
[INFO] [stdout] 7 |     array::LengthAtMost32,
[INFO] [stdout]   |     ^^^^^^^^^^^^^^^^^^^^^ no `LengthAtMost32` in `array`
[INFO] [stdout] 
[INFO] [stdout] 
[INFO] [stdout] error[E0432]: unresolved import `std::array::LengthAtMost32`
[INFO] [stdout]  --> /opt/rustwide/cargo-home/registry/src/github.com-1ecc6299db9ec823/solid-core-0.1.5/src/int/nightly.rs:8:5
[INFO] [stdout]   |
[INFO] [stdout] 8 |     array::LengthAtMost32,
[INFO] [stdout]   |     ^^^^^^^^^^^^^^^^^^^^^ no `LengthAtMost32` in `array`
[INFO] [stdout] 
[INFO] [stdout] 
[INFO] [stdout] error[E0635]: unknown feature `const_generic_impls_guard`
[INFO] [stdout]  --> /opt/rustwide/cargo-home/registry/src/github.com-1ecc6299db9ec823/solid-core-0.1.5/src/lib.rs:2:42
[INFO] [stdout]   |
[INFO] [stdout] 2 | #![cfg_attr(feature = "nightly", feature(const_generic_impls_guard))]
[INFO] [stdout]   |                                          ^^^^^^^^^^^^^^^^^^^^^^^^^
[INFO] [stdout] 
[INFO] [stdout] 
[INFO] [stdout] error: aborting due to 4 previous errors
[INFO] [stdout] 
[INFO] [stdout] 
[INFO] [stdout] Some errors have detailed explanations: E0432, E0557, E0635.
[INFO] [stdout] 
[INFO] [stdout] For more information about an error, try `rustc --explain E0432`.
[INFO] [stdout] 
[INFO] [stderr] error: could not compile `solid-core` due to 5 previous errors
[INFO] running `Command { std: "docker" "inspect" "7cf97b6bda15fb7690c06d380d24bf23ede5a7b0b5bc67ecd36920dadba1901f", kill_on_drop: false }`
[INFO] running `Command { std: "docker" "rm" "-f" "7cf97b6bda15fb7690c06d380d24bf23ede5a7b0b5bc67ecd36920dadba1901f", kill_on_drop: false }`
[INFO] [stdout] 7cf97b6bda15fb7690c06d380d24bf23ede5a7b0b5bc67ecd36920dadba1901f
