[INFO] fetching crate solana_libra_vm_runtime 0.0.1-sol5...
[INFO] documenting solana_libra_vm_runtime-0.0.1-sol5 against 1.69.0 for beta-1.70-rustdoc-1
[INFO] extracting crate solana_libra_vm_runtime 0.0.1-sol5 into /workspace/builds/worker-4-tc1/source
[INFO] validating manifest of crates.io crate solana_libra_vm_runtime 0.0.1-sol5 on toolchain 1.69.0
[INFO] running `Command { std: CARGO_HOME="/workspace/cargo-home" RUSTUP_HOME="/workspace/rustup-home" "/workspace/cargo-home/bin/cargo" "+1.69.0" "metadata" "--manifest-path" "Cargo.toml" "--no-deps", kill_on_drop: false }`
[INFO] started tweaking crates.io crate solana_libra_vm_runtime 0.0.1-sol5
[INFO] finished tweaking crates.io crate solana_libra_vm_runtime 0.0.1-sol5
[INFO] tweaked toml for crates.io crate solana_libra_vm_runtime 0.0.1-sol5 written to /workspace/builds/worker-4-tc1/source/Cargo.toml
[INFO] running `Command { std: CARGO_HOME="/workspace/cargo-home" RUSTUP_HOME="/workspace/rustup-home" __CARGO_TEST_CHANNEL_OVERRIDE_DO_NOT_USE_THIS="nightly" "/workspace/cargo-home/bin/cargo" "+1.69.0" "generate-lockfile" "--manifest-path" "Cargo.toml" "-Zno-index-update", kill_on_drop: false }`
[INFO] running `Command { std: CARGO_HOME="/workspace/cargo-home" RUSTUP_HOME="/workspace/rustup-home" "/workspace/cargo-home/bin/cargo" "+1.69.0" "fetch" "--manifest-path" "Cargo.toml", kill_on_drop: false }`
[INFO] [stderr]  Downloading crates ...
[INFO] [stderr]   Downloaded solana_libra_vm_runtime_types v0.0.1-sol5
[INFO] [stderr]   Downloaded prost-types v0.5.0
[INFO] [stderr]   Downloaded multimap v0.4.0
[INFO] [stderr]   Downloaded prost-derive v0.5.0
[INFO] [stderr]   Downloaded prost v0.5.0
[INFO] [stderr]   Downloaded solana_libra_vm_cache_map v0.0.1-sol5
[INFO] [stderr]   Downloaded chashmap v2.2.2
[INFO] [stderr]   Downloaded bech32 v0.6.0
[INFO] [stderr]   Downloaded parking_lot v0.4.8
[INFO] [stderr]   Downloaded parity-multihash v0.1.3
[INFO] [stderr]   Downloaded unsigned-varint v0.2.3
[INFO] [stderr]   Downloaded solana_libra_ir_to_bytecode v0.0.1-sol5
[INFO] [stderr]   Downloaded solana_libra_ir_to_bytecode_syntax v0.0.1-sol5
[INFO] [stderr]   Downloaded codespan v0.2.1
[INFO] [stderr]   Downloaded solana_libra_stdlib v0.0.1-sol5
[INFO] [stderr]   Downloaded solana_libra_bytecode_verifier v0.0.1-sol5
[INFO] [stderr]   Downloaded ascii-canvas v2.0.0
[INFO] [stderr]   Downloaded codespan-reporting v0.2.1
[INFO] [stderr]   Downloaded solana_libra_tools v0.0.1-sol5
[INFO] [stderr]   Downloaded solana_libra_vm v0.0.1-sol5
[INFO] [stderr]   Downloaded solana_libra_compiler v0.0.1-sol5
[INFO] [stderr]   Downloaded solana_libra_config v0.0.1-sol5
[INFO] [stderr]   Downloaded solana_libra_types v0.0.1-sol5
[INFO] [stderr]   Downloaded rand04 v0.1.1
[INFO] [stderr]   Downloaded rand04_compat v0.1.1
[INFO] [stderr]   Downloaded threshold_crypto v0.3.2
[INFO] [stderr]   Downloaded solana_libra_crypto v0.0.1-sol5
[INFO] [stderr]   Downloaded solana_libra_proptest_helpers v0.0.1-sol5
[INFO] [stderr]   Downloaded memsec v0.5.7
[INFO] [stderr]   Downloaded solana_libra_crypto-derive v0.0.1-sol5
[INFO] [stderr]   Downloaded solana_libra_nibble v0.0.1-sol5
[INFO] [stderr]   Downloaded mach_o_sys v0.1.1
[INFO] [stderr]   Downloaded ena v0.13.1
[INFO] [stderr]   Downloaded bs58 v0.2.5
[INFO] [stderr]   Downloaded parity-multiaddr v0.5.0
[INFO] [stderr]   Downloaded solana_libra_canonical_serialization v0.0.1-sol5
[INFO] [stderr]   Downloaded solana_libra_metrics v0.0.1-sol5
[INFO] [stderr]   Downloaded lalrpop-util v0.17.2
[INFO] [stderr]   Downloaded x25519-dalek v0.6.0
[INFO] [stderr]   Downloaded lalrpop v0.17.2
[INFO] [stderr]   Downloaded solana_libra_state_view v0.0.1-sol5
[INFO] [stderr]   Downloaded pairing v0.14.2
[INFO] [stderr]   Downloaded curve25519-dalek v1.2.6
[INFO] [stderr]   Downloaded prost-build v0.5.0
[INFO] running `Command { std: "docker" "create" "-v" "/var/lib/crater-agent-workspace/builds/worker-4-tc1/target:/opt/rustwide/target:rw,Z" "-v" "/var/lib/crater-agent-workspace/builds/worker-4-tc1/source:/opt/rustwide/workdir:ro,Z" "-v" "/var/lib/crater-agent-workspace/cargo-home:/opt/rustwide/cargo-home:ro,Z" "-v" "/var/lib/crater-agent-workspace/rustup-home:/opt/rustwide/rustup-home:ro,Z" "-e" "SOURCE_DIR=/opt/rustwide/workdir" "-e" "CARGO_TARGET_DIR=/opt/rustwide/target" "-e" "CARGO_HOME=/opt/rustwide/cargo-home" "-e" "RUSTUP_HOME=/opt/rustwide/rustup-home" "-w" "/opt/rustwide/workdir" "-m" "1610612736" "--user" "0:0" "--network" "none" "ghcr.io/rust-lang/crates-build-env/linux@sha256:5ff2268d62e97bff2cde7d5815dd6ed5b47097566f13b8d0ca110b04b60e07ed" "/opt/rustwide/cargo-home/bin/cargo" "+1.69.0" "metadata" "--no-deps" "--format-version=1", kill_on_drop: false }`
[INFO] [stdout] e1acf8b4e89944012a2b3698499b20db8425268083965956b78a79207a7912a6
[INFO] running `Command { std: "docker" "start" "-a" "e1acf8b4e89944012a2b3698499b20db8425268083965956b78a79207a7912a6", kill_on_drop: false }`
[INFO] running `Command { std: "docker" "inspect" "e1acf8b4e89944012a2b3698499b20db8425268083965956b78a79207a7912a6", kill_on_drop: false }`
[INFO] running `Command { std: "docker" "rm" "-f" "e1acf8b4e89944012a2b3698499b20db8425268083965956b78a79207a7912a6", kill_on_drop: false }`
[INFO] [stdout] e1acf8b4e89944012a2b3698499b20db8425268083965956b78a79207a7912a6
[INFO] running `Command { std: "docker" "create" "-v" "/var/lib/crater-agent-workspace/builds/worker-4-tc1/target:/opt/rustwide/target:rw,Z" "-v" "/var/lib/crater-agent-workspace/builds/worker-4-tc1/source:/opt/rustwide/workdir:ro,Z" "-v" "/var/lib/crater-agent-workspace/cargo-home:/opt/rustwide/cargo-home:ro,Z" "-v" "/var/lib/crater-agent-workspace/rustup-home:/opt/rustwide/rustup-home:ro,Z" "-e" "SOURCE_DIR=/opt/rustwide/workdir" "-e" "CARGO_TARGET_DIR=/opt/rustwide/target" "-e" "CARGO_INCREMENTAL=0" "-e" "RUST_BACKTRACE=full" "-e" "RUSTFLAGS=--cap-lints=warn" "-e" "RUSTDOCFLAGS=--cap-lints=warn" "-e" "CARGO_HOME=/opt/rustwide/cargo-home" "-e" "RUSTUP_HOME=/opt/rustwide/rustup-home" "-w" "/opt/rustwide/workdir" "-m" "1610612736" "--user" "0:0" "--network" "none" "ghcr.io/rust-lang/crates-build-env/linux@sha256:5ff2268d62e97bff2cde7d5815dd6ed5b47097566f13b8d0ca110b04b60e07ed" "/opt/rustwide/cargo-home/bin/cargo" "+1.69.0" "doc" "--frozen" "--no-deps" "--document-private-items" "--message-format=json", kill_on_drop: false }`
[INFO] [stdout] 5507d132956773cad14836ae60684c6bed255a78d3c94660f672cf819b03e330
[INFO] running `Command { std: "docker" "start" "-a" "5507d132956773cad14836ae60684c6bed255a78d3c94660f672cf819b03e330", kill_on_drop: false }`
[INFO] [stderr]    Compiling backtrace v0.3.67
[INFO] [stderr]     Checking rand_core v0.3.1
[INFO] [stderr]     Checking bytes v0.4.12
[INFO] [stderr]     Checking generic-array v0.12.4
[INFO] [stderr]    Compiling gimli v0.27.2
[INFO] [stderr]    Compiling rustix v0.37.18
[INFO] [stderr]    Compiling adler v1.0.2
[INFO] [stderr]    Compiling syn v2.0.15
[INFO] [stderr]    Compiling syn v1.0.109
[INFO] [stderr]    Compiling object v0.30.3
[INFO] [stderr]    Compiling rustc-demangle v0.1.23
[INFO] [stderr]    Compiling syn v0.15.44
[INFO] [stderr]    Compiling rand_chacha v0.1.1
[INFO] [stderr]    Compiling rand_pcg v0.1.2
[INFO] [stderr]    Compiling rand v0.6.5
[INFO] [stderr]    Compiling num-traits v0.2.15
[INFO] [stderr]    Compiling byteorder v1.4.3
[INFO] [stderr]    Compiling miniz_oxide v0.6.2
[INFO] [stderr]     Checking digest v0.8.1
[INFO] [stderr]     Checking rand_xorshift v0.1.1
[INFO] [stderr]     Checking rand_isaac v0.1.1
[INFO] [stderr]     Checking rand_hc v0.1.0
[INFO] [stderr]     Checking rand_os v0.1.3
[INFO] [stderr]     Checking rand_jitter v0.1.4
[INFO] [stderr]     Checking rand v0.4.6
[INFO] [stderr]     Checking byte-tools v0.3.1
[INFO] [stderr]    Compiling slog v2.7.0
[INFO] [stderr]    Compiling generic-array v0.14.7
[INFO] [stderr]     Checking block-padding v0.1.5
[INFO] [stderr]    Compiling itertools v0.8.2
[INFO] [stderr]    Compiling clear_on_drop v0.2.5
[INFO] [stderr]     Checking opaque-debug v0.2.3
[INFO] [stderr]     Checking quick-error v1.2.3
[INFO] [stderr]     Checking block-buffer v0.7.3
[INFO] [stderr]     Checking rand_pcg v0.2.1
[INFO] [stderr]    Compiling iovec v0.1.4
[INFO] [stderr]     Checking dirs-sys-next v0.1.2
[INFO] [stderr]     Checking subtle v1.0.0
[INFO] [stderr]     Checking subtle v2.5.0
[INFO] [stderr]    Compiling time-macros v0.2.8
[INFO] [stderr]     Checking dirs-next v2.0.0
[INFO] [stderr]     Checking crypto-mac v0.7.0
[INFO] [stderr]     Checking thread_local v1.1.7
[INFO] [stderr]     Checking rand v0.7.3
[INFO] [stderr]    Compiling io-lifetimes v1.0.10
[INFO] [stderr]     Checking wait-timeout v0.2.0
[INFO] [stderr]     Checking bit-vec v0.6.3
[INFO] [stderr]     Checking arc-swap v1.6.0
[INFO] [stderr]     Checking fake-simd v0.1.2
[INFO] [stderr]    Compiling linux-raw-sys v0.3.6
[INFO] [stderr]     Checking num_threads v0.1.6
[INFO] [stderr]    Compiling slog-async v2.7.0
[INFO] [stderr]     Checking bit-set v0.5.3
[INFO] [stderr]     Checking slog-scope v4.4.0
[INFO] [stderr]     Checking term v0.7.0
[INFO] [stderr]     Checking digest v0.9.0
[INFO] [stderr]    Compiling memsec v0.5.7
[INFO] [stderr]     Checking regex-syntax v0.6.29
[INFO] [stderr]    Compiling ordermap v0.3.5
[INFO] [stderr]     Checking solana_libra_failure_macros v0.0.1-sol5
[INFO] [stderr]    Compiling fixedbitset v0.1.9
[INFO] [stderr]     Checking take_mut v0.2.2
[INFO] [stderr]    Compiling fastrand v1.9.0
[INFO] [stderr]     Checking sha3 v0.8.2
[INFO] [stderr]     Checking num-integer v0.1.45
[INFO] [stderr]    Compiling curve25519-dalek v1.2.6
[INFO] [stderr]    Compiling heck v0.3.3
[INFO] [stderr]     Checking slog-stdlog v4.1.1
[INFO] [stderr]    Compiling petgraph v0.4.13
[INFO] [stderr]     Checking sha2 v0.8.2
[INFO] [stderr]     Checking block-buffer v0.9.0
[INFO] [stderr]     Checking rand04 v0.1.1
[INFO] [stderr]    Compiling log v0.4.17
[INFO] [stderr]    Compiling addr2line v0.19.0
[INFO] [stderr]    Compiling multimap v0.4.0
[INFO] [stderr]     Checking tempfile v3.5.0
[INFO] [stderr]     Checking chrono v0.4.24
[INFO] [stderr]     Checking sha2 v0.9.9
[INFO] [stderr]     Checking rand04_compat v0.1.1
[INFO] [stderr]     Checking rusty-fork v0.2.2
[INFO] [stderr]     Checking tiny-keccak v1.5.0
[INFO] [stderr]     Checking time v0.3.20
[INFO] [stderr]     Checking pairing v0.14.2
[INFO] [stderr]     Checking crossbeam-channel v0.4.4
[INFO] [stderr]     Checking thread-id v3.3.0
[INFO] [stderr]     Checking errno v0.2.8
[INFO] [stderr]     Checking hex v0.3.2
[INFO] [stderr]     Checking hex_fmt v0.3.0
[INFO] [stderr]     Checking hmac v0.7.1
[INFO] [stderr]     Checking parking_lot_core v0.6.3
[INFO] [stderr]     Checking tokio-io v0.1.13
[INFO] [stderr]     Checking crossbeam v0.7.3
[INFO] [stderr]     Checking net2 v0.2.38
[INFO] [stderr]     Checking bech32 v0.6.0
[INFO] [stderr]     Checking http v0.1.21
[INFO] [stderr]     Checking mirai-annotations v1.12.0
[INFO] [stderr]     Checking parking_lot v0.9.0
[INFO] [stderr]     Checking idna v0.1.5
[INFO] [stderr]     Checking owning_ref v0.3.3
[INFO] [stderr]     Checking tokio-threadpool v0.1.18
[INFO] [stderr]     Checking proptest v0.9.6
[INFO] [stderr]     Checking sha-1 v0.8.2
[INFO] [stderr]     Checking parking_lot_core v0.2.14
[INFO] [stderr]     Checking mio v0.6.23
[INFO] [stderr]     Checking blake2 v0.8.1
[INFO] [stderr]     Checking string v0.2.1
[INFO] [stderr]     Checking tokio-buf v0.1.1
[INFO] [stderr]    Compiling prometheus v0.7.0
[INFO] [stderr]     Checking unsigned-varint v0.2.3
[INFO] [stderr]     Checking slog-term v2.9.0
[INFO] [stderr]     Checking percent-encoding v1.0.1
[INFO] [stderr]     Checking want v0.2.0
[INFO] [stderr]    Compiling synstructure v0.12.6
[INFO] [stderr]     Checking parking_lot v0.4.8
[INFO] [stderr]     Checking parity-multihash v0.1.3
[INFO] [stderr]     Checking futures-cpupool v0.1.8
[INFO] [stderr]     Checking c_linked_list v1.1.1
[INFO] [stderr]     Checking url v1.7.2
[INFO] [stderr]     Checking bs58 v0.2.5
[INFO] [stderr]     Checking slog-envlogger v2.2.0
[INFO] [stderr]     Checking get_if_addrs v0.5.3
[INFO] [stderr]     Checking chashmap v2.2.2
[INFO] [stderr]     Checking tokio-reactor v0.1.12
[INFO] [stderr]     Checking rayon-core v1.11.0
[INFO] [stderr]     Checking solana_libra_tools v0.0.1-sol5
[INFO] [stderr]     Checking typed-arena v1.7.0
[INFO] [stderr]     Checking tokio v0.1.22
[INFO] [stderr]     Checking tokio-tcp v0.1.4
[INFO] [stderr]     Checking solana_libra_vm_cache_map v0.0.1-sol5
[INFO] [stderr]     Checking rayon v1.7.0
[INFO] [stderr]     Checking http-body v0.1.0
[INFO] [stderr]     Checking h2 v0.1.26
[INFO] [stderr]    Compiling serde_derive v1.0.160
[INFO] [stderr]    Compiling zeroize_derive v1.4.2
[INFO] [stderr]    Compiling proptest-derive v0.1.2
[INFO] [stderr]    Compiling failure_derive v0.1.8
[INFO] [stderr]    Compiling solana_libra_crypto-derive v0.0.1-sol5
[INFO] [stderr]    Compiling derivative v2.2.0
[INFO] [stderr]    Compiling rental-impl v0.5.5
[INFO] [stderr]     Checking zeroize v1.3.0
[INFO] [stderr]     Checking curve25519-dalek v3.2.1
[INFO] [stderr]     Checking curve25519-dalek v2.1.3
[INFO] [stderr]     Checking hyper v0.12.36
[INFO] [stderr]     Checking x25519-dalek v0.6.0
[INFO] [stderr]     Checking solana_libra_proptest_helpers v0.0.1-sol5
[INFO] [stderr]    Compiling serde v1.0.160
[INFO] [stderr]     Checking rental v0.5.6
[INFO] [stderr]     Checking serde_bytes v0.11.9
[INFO] [stderr]     Checking serde_json v1.0.96
[INFO] [stderr]     Checking ed25519 v1.5.3
[INFO] [stderr]     Checking bincode v1.3.3
[INFO] [stderr]     Checking solana_libra_nibble v0.0.1-sol5
[INFO] [stderr]     Checking parity-multiaddr v0.5.0
[INFO] [stderr]     Checking toml v0.5.11
[INFO] [stderr]     Checking ed25519-dalek v1.0.1
[INFO] [stderr]     Checking failure v0.1.8
[INFO] [stderr]     Checking solana_libra_failure_ext v0.0.1-sol5
[INFO] [stderr]     Checking threshold_crypto v0.3.2
[INFO] [stderr]     Checking solana_libra_logger v0.0.1-sol5
[INFO] [stderr]     Checking solana_libra_canonical_serialization v0.0.1-sol5
[INFO] [stderr]     Checking solana_libra_metrics v0.0.1-sol5
[INFO] [stderr]    Compiling which v2.0.1
[INFO] [stderr]    Compiling prost-derive v0.5.0
[INFO] [stderr]    Compiling prost-build v0.5.0
[INFO] [stderr]    Compiling proc-macro-crate v0.1.5
[INFO] [stderr]     Checking solana_libra_crypto v0.0.1-sol5
[INFO] [stdout] error[E0603]: module `export` is private
[INFO] [stdout]    --> /opt/rustwide/cargo-home/registry/src/github.com-1ecc6299db9ec823/solana_libra_crypto-0.0.1-sol5/src/ed25519.rs:36:17
[INFO] [stdout]     |
[INFO] [stdout] 36  | use serde::{de, export, ser};
[INFO] [stdout]     |                 ^^^^^^ private module
[INFO] [stdout]     |
[INFO] [stdout] note: the module `export` is defined here
[INFO] [stdout]    --> /opt/rustwide/cargo-home/registry/src/github.com-1ecc6299db9ec823/serde-1.0.160/src/lib.rs:322:5
[INFO] [stdout]     |
[INFO] [stdout] 322 | use self::__private as export;
[INFO] [stdout]     |     ^^^^^^^^^^^^^^^^^^^^^^^^^
[INFO] [stdout] 
[INFO] [stdout] 
[INFO] [stdout] error[E0603]: module `export` is private
[INFO] [stdout]    --> /opt/rustwide/cargo-home/registry/src/github.com-1ecc6299db9ec823/solana_libra_crypto-0.0.1-sol5/src/x25519.rs:62:17
[INFO] [stdout]     |
[INFO] [stdout] 62  | use serde::{de, export, ser};
[INFO] [stdout]     |                 ^^^^^^ private module
[INFO] [stdout]     |
[INFO] [stdout] note: the module `export` is defined here
[INFO] [stdout]    --> /opt/rustwide/cargo-home/registry/src/github.com-1ecc6299db9ec823/serde-1.0.160/src/lib.rs:322:5
[INFO] [stdout]     |
[INFO] [stdout] 322 | use self::__private as export;
[INFO] [stdout]     |     ^^^^^^^^^^^^^^^^^^^^^^^^^
[INFO] [stdout] 
[INFO] [stdout] 
[INFO] [stderr]    Compiling num_enum_derive v0.4.3
[INFO] [stdout] error[E0599]: no method named `verify` found for struct `ed25519_dalek::PublicKey` in the current scope
[INFO] [stdout]    --> /opt/rustwide/cargo-home/registry/src/github.com-1ecc6299db9ec823/solana_libra_crypto-0.0.1-sol5/src/ed25519.rs:322:14
[INFO] [stdout]     |
[INFO] [stdout] 320 | /         public_key
[INFO] [stdout] 321 | |             .0
[INFO] [stdout] 322 | |             .verify(message, &self.0)
[INFO] [stdout]     | |             -^^^^^^ method not found in `PublicKey`
[INFO] [stdout]     | |_____________|
[INFO] [stdout]     | 
[INFO] [stdout]     |
[INFO] [stdout]    ::: /opt/rustwide/cargo-home/registry/src/github.com-1ecc6299db9ec823/signature-1.6.4/src/verifier.rs:14:8
[INFO] [stdout]     |
[INFO] [stdout] 14  |       fn verify(&self, msg: &[u8], signature: &S) -> Result<(), Error>;
[INFO] [stdout]     |          ------ the method is available for `ed25519_dalek::PublicKey` here
[INFO] [stdout]     |
[INFO] [stdout]     = help: items from traits can only be used if the trait is in scope
[INFO] [stdout] help: the following trait is implemented but not in scope; perhaps add a `use` for it:
[INFO] [stdout]     |
[INFO] [stdout] 32  | use ed25519_dalek::Verifier;
[INFO] [stdout]     |
[INFO] [stdout] 
[INFO] [stdout] 
[INFO] [stdout] error[E0599]: no method named `result` found for struct `ed25519_dalek::Sha512` in the current scope
[INFO] [stdout]    --> /opt/rustwide/cargo-home/registry/src/github.com-1ecc6299db9ec823/solana_libra_crypto-0.0.1-sol5/src/vrf/ecvrf.rs:197:22
[INFO] [stdout]     |
[INFO] [stdout] 192 |                   &Sha512::new()
[INFO] [stdout]     |  __________________-
[INFO] [stdout] 193 | |                     .chain(&[SUITE, ONE])
[INFO] [stdout] 194 | |                     .chain(self.as_bytes())
[INFO] [stdout] 195 | |                     .chain(&alpha)
[INFO] [stdout] 196 | |                     .chain(&[counter])
[INFO] [stdout] 197 | |                     .result()[..32],
[INFO] [stdout]     | |                     -^^^^^^ method not found in `Sha512`
[INFO] [stdout]     | |_____________________|
[INFO] [stdout]     | 
[INFO] [stdout] 
[INFO] [stdout] 
[INFO] [stdout] error[E0599]: no method named `input` found for struct `ed25519_dalek::Sha512` in the current scope
[INFO] [stdout]    --> /opt/rustwide/cargo-home/registry/src/github.com-1ecc6299db9ec823/solana_libra_crypto-0.0.1-sol5/src/vrf/ecvrf.rs:222:11
[INFO] [stdout]     |
[INFO] [stdout] 222 |         h.input(private_key.to_bytes());
[INFO] [stdout]     |           ^^^^^ method not found in `Sha512`
[INFO] [stdout] 
[INFO] [stdout] 
[INFO] [stdout] error[E0599]: no method named `result` found for struct `ed25519_dalek::Sha512` in the current scope
[INFO] [stdout]    --> /opt/rustwide/cargo-home/registry/src/github.com-1ecc6299db9ec823/solana_libra_crypto-0.0.1-sol5/src/vrf/ecvrf.rs:223:32
[INFO] [stdout]     |
[INFO] [stdout] 223 |         hash.copy_from_slice(h.result().as_slice());
[INFO] [stdout]     |                                ^^^^^^ method not found in `Sha512`
[INFO] [stdout] 
[INFO] [stdout] 
[INFO] [stdout] error[E0599]: no method named `result` found for struct `ed25519_dalek::Sha512` in the current scope
[INFO] [stdout]    --> /opt/rustwide/cargo-home/registry/src/github.com-1ecc6299db9ec823/solana_libra_crypto-0.0.1-sol5/src/vrf/ecvrf.rs:298:18
[INFO] [stdout]     |
[INFO] [stdout] 295 |               &Sha512::new()
[INFO] [stdout]     |  ______________-
[INFO] [stdout] 296 | |                 .chain(&[SUITE, THREE])
[INFO] [stdout] 297 | |                 .chain(&proof.gamma.mul_by_cofactor().compress().to_bytes()[..])
[INFO] [stdout] 298 | |                 .result()[..],
[INFO] [stdout]     | |                 -^^^^^^ method not found in `Sha512`
[INFO] [stdout]     | |_________________|
[INFO] [stdout]     | 
[INFO] [stdout] 
[INFO] [stdout] 
[INFO] [stdout] error[E0599]: no method named `result` found for struct `ed25519_dalek::Sha512` in the current scope
[INFO] [stdout]    --> /opt/rustwide/cargo-home/registry/src/github.com-1ecc6299db9ec823/solana_libra_crypto-0.0.1-sol5/src/vrf/ecvrf.rs:310:14
[INFO] [stdout]     |
[INFO] [stdout] 307 |           &Sha512::new()
[INFO] [stdout]     |  __________-
[INFO] [stdout] 308 | |             .chain(nonce)
[INFO] [stdout] 309 | |             .chain(h_point.compress().as_bytes())
[INFO] [stdout] 310 | |             .result()[..],
[INFO] [stdout]     | |             -^^^^^^ method not found in `Sha512`
[INFO] [stdout]     | |_____________|
[INFO] [stdout]     | 
[INFO] [stdout] 
[INFO] [stdout] 
[INFO] [stdout] error[E0599]: no method named `result` found for struct `ed25519_dalek::Sha512` in the current scope
[INFO] [stdout]    --> /opt/rustwide/cargo-home/registry/src/github.com-1ecc6299db9ec823/solana_libra_crypto-0.0.1-sol5/src/vrf/ecvrf.rs:321:40
[INFO] [stdout]     |
[INFO] [stdout] 321 |     result[..16].copy_from_slice(&hash.result()[..16]);
[INFO] [stdout]     |                                        ^^^^^^ method not found in `Sha512`
[INFO] [stdout] 
[INFO] [stdout] 
[INFO] [stdout] error: aborting due to 9 previous errors
[INFO] [stdout] 
[INFO] [stdout] 
[INFO] [stdout] Some errors have detailed explanations: E0599, E0603.
[INFO] [stdout] 
[INFO] [stdout] For more information about an error, try `rustc --explain E0599`.
[INFO] [stdout] 
[INFO] [stderr] error: could not compile `solana_libra_crypto` due to 10 previous errors
[INFO] [stderr] warning: build failed, waiting for other jobs to finish...
[INFO] running `Command { std: "docker" "inspect" "5507d132956773cad14836ae60684c6bed255a78d3c94660f672cf819b03e330", kill_on_drop: false }`
[INFO] running `Command { std: "docker" "rm" "-f" "5507d132956773cad14836ae60684c6bed255a78d3c94660f672cf819b03e330", kill_on_drop: false }`
[INFO] [stdout] 5507d132956773cad14836ae60684c6bed255a78d3c94660f672cf819b03e330
