[INFO] fetching crate solana-test-validator 1.14.17...
[INFO] documenting solana-test-validator-1.14.17 against 1.69.0 for beta-1.70-rustdoc-1
[INFO] extracting crate solana-test-validator 1.14.17 into /workspace/builds/worker-4-tc1/source
[INFO] validating manifest of crates.io crate solana-test-validator 1.14.17 on toolchain 1.69.0
[INFO] running `Command { std: CARGO_HOME="/workspace/cargo-home" RUSTUP_HOME="/workspace/rustup-home" "/workspace/cargo-home/bin/cargo" "+1.69.0" "metadata" "--manifest-path" "Cargo.toml" "--no-deps", kill_on_drop: false }`
[INFO] started tweaking crates.io crate solana-test-validator 1.14.17
[INFO] finished tweaking crates.io crate solana-test-validator 1.14.17
[INFO] tweaked toml for crates.io crate solana-test-validator 1.14.17 written to /workspace/builds/worker-4-tc1/source/Cargo.toml
[INFO] running `Command { std: CARGO_HOME="/workspace/cargo-home" RUSTUP_HOME="/workspace/rustup-home" __CARGO_TEST_CHANNEL_OVERRIDE_DO_NOT_USE_THIS="nightly" "/workspace/cargo-home/bin/cargo" "+1.69.0" "generate-lockfile" "--manifest-path" "Cargo.toml" "-Zno-index-update", kill_on_drop: false }`
[INFO] running `Command { std: CARGO_HOME="/workspace/cargo-home" RUSTUP_HOME="/workspace/rustup-home" "/workspace/cargo-home/bin/cargo" "+1.69.0" "fetch" "--manifest-path" "Cargo.toml", kill_on_drop: false }`
[INFO] [stderr]  Downloading crates ...
[INFO] [stderr]   Downloaded solana-measure v1.14.17
[INFO] [stderr]   Downloaded solana-perf v1.14.17
[INFO] [stderr]   Downloaded solana-logger v1.14.17
[INFO] [stderr]   Downloaded tokio-util v0.7.2
[INFO] [stderr]   Downloaded solana-metrics v1.14.17
[INFO] [stderr]   Downloaded tokio v1.14.1
[INFO] [stderr]   Downloaded solana-cli-config v1.14.17
[INFO] [stderr]   Downloaded solana-faucet v1.14.17
[INFO] [stderr]   Downloaded spl-token-2022 v0.6.0
[INFO] [stderr]   Downloaded solana-storage-bigtable v1.14.17
[INFO] [stderr]   Downloaded goauth v0.13.1
[INFO] [stderr]   Downloaded unix_socket2 v0.5.4
[INFO] [stderr]   Downloaded simpl v0.1.0
[INFO] [stderr]   Downloaded solana-rayon-threadlimit v1.14.17
[INFO] [stderr]   Downloaded solana-banks-client v1.14.17
[INFO] [stderr]   Downloaded solana-send-transaction-service v1.14.17
[INFO] [stderr]   Downloaded hyper-proxy v0.9.1
[INFO] [stderr]   Downloaded solana-compute-budget-program v1.14.17
[INFO] [stderr]   Downloaded solana-version v1.14.17
[INFO] [stderr]   Downloaded solana-config-program v1.14.17
[INFO] [stderr]   Downloaded solana-banks-server v1.14.17
[INFO] [stderr]   Downloaded solana-storage-proto v1.14.17
[INFO] [stderr]   Downloaded solana-zk-token-proof-program v1.14.17
[INFO] [stderr]   Downloaded solana-bloom v1.14.17
[INFO] [stderr]   Downloaded solana-banks-interface v1.14.17
[INFO] [stderr]   Downloaded jsonrpc-core-client v18.0.0
[INFO] [stderr]   Downloaded fast-math v0.1.1
[INFO] [stderr]   Downloaded solana-geyser-plugin-interface v1.14.17
[INFO] [stderr]   Downloaded smpl_jwt v0.7.1
[INFO] [stderr]   Downloaded solana-poh v1.14.17
[INFO] [stderr]   Downloaded solana-net-utils v1.14.17
[INFO] [stderr]   Downloaded solana-bucket-map v1.14.17
[INFO] [stderr]   Downloaded solana-sdk-macro v1.14.17
[INFO] [stderr]   Downloaded min-max-heap v1.3.0
[INFO] [stderr]   Downloaded jsonrpc-client-transports v18.0.0
[INFO] [stderr]   Downloaded solana-merkle-tree v1.14.17
[INFO] [stderr]   Downloaded solana-address-lookup-table-program v1.14.17
[INFO] [stderr]   Downloaded solana-geyser-plugin-manager v1.14.17
[INFO] [stderr]   Downloaded solana-sys-tuner v1.14.17
[INFO] [stderr]   Downloaded solana-clap-utils v1.14.17
[INFO] [stderr]   Downloaded jsonrpc-pubsub v18.0.0
[INFO] [stderr]   Downloaded sysctl v0.4.6
[INFO] [stderr]   Downloaded solana-frozen-abi v1.14.17
[INFO] [stderr]   Downloaded solana-cli-output v1.14.17
[INFO] [stderr]   Downloaded solana-entry v1.14.17
[INFO] [stderr]   Downloaded solana-account-decoder v1.14.17
[INFO] [stderr]   Downloaded solana-frozen-abi-macro v1.14.17
[INFO] [stderr]   Downloaded solana-transaction-status v1.14.17
[INFO] [stderr]   Downloaded reed-solomon-erasure v6.0.0
[INFO] [stderr]   Downloaded jsonrpc-server-utils v18.0.0
[INFO] [stderr]   Downloaded solana-stake-program v1.14.17
[INFO] [stderr]   Downloaded solana-streamer v1.14.17
[INFO] [stderr]   Downloaded jsonrpc-http-server v18.0.0
[INFO] [stderr]   Downloaded users v0.10.0
[INFO] [stderr]   Downloaded solana-remote-wallet v1.14.17
[INFO] [stderr]   Downloaded solana-program-runtime v1.14.17
[INFO] [stderr]   Downloaded jsonrpc-derive v18.0.0
[INFO] [stderr]   Downloaded solana-vote-program v1.14.17
[INFO] [stderr]   Downloaded tarpc v0.29.0
[INFO] [stderr]   Downloaded etcd-client v0.8.2
[INFO] [stderr]   Downloaded solana-bpf-loader-program v1.14.17
[INFO] [stderr]   Downloaded solana-rpc v1.14.17
[INFO] [stderr]   Downloaded solana-program-test v1.14.17
[INFO] [stderr]   Downloaded solana-sdk v1.14.17
[INFO] [stderr]   Downloaded solana_rbpf v0.2.31
[INFO] [stderr]   Downloaded solana-client v1.14.17
[INFO] [stderr]   Downloaded solana-program v1.14.17
[INFO] [stderr]   Downloaded solana-gossip v1.14.17
[INFO] [stderr]   Downloaded solana-ledger v1.14.17
[INFO] [stderr]   Downloaded solana-core v1.14.17
[INFO] [stderr]   Downloaded solana-runtime v1.14.17
[INFO] [stderr]   Downloaded solana-zk-token-sdk v1.14.17
[INFO] [stderr]   Downloaded protobuf-src v1.1.0+21.5
[INFO] running `Command { std: "docker" "create" "-v" "/var/lib/crater-agent-workspace/builds/worker-4-tc1/target:/opt/rustwide/target:rw,Z" "-v" "/var/lib/crater-agent-workspace/builds/worker-4-tc1/source:/opt/rustwide/workdir:ro,Z" "-v" "/var/lib/crater-agent-workspace/cargo-home:/opt/rustwide/cargo-home:ro,Z" "-v" "/var/lib/crater-agent-workspace/rustup-home:/opt/rustwide/rustup-home:ro,Z" "-e" "SOURCE_DIR=/opt/rustwide/workdir" "-e" "CARGO_TARGET_DIR=/opt/rustwide/target" "-e" "CARGO_HOME=/opt/rustwide/cargo-home" "-e" "RUSTUP_HOME=/opt/rustwide/rustup-home" "-w" "/opt/rustwide/workdir" "-m" "1610612736" "--user" "0:0" "--network" "none" "ghcr.io/rust-lang/crates-build-env/linux@sha256:5ff2268d62e97bff2cde7d5815dd6ed5b47097566f13b8d0ca110b04b60e07ed" "/opt/rustwide/cargo-home/bin/cargo" "+1.69.0" "metadata" "--no-deps" "--format-version=1", kill_on_drop: false }`
[INFO] [stdout] ff022bd84a198f4ae787a806cc4576628f4b2824613aa1fa8ba01146dfd98140
[INFO] running `Command { std: "docker" "start" "-a" "ff022bd84a198f4ae787a806cc4576628f4b2824613aa1fa8ba01146dfd98140", kill_on_drop: false }`
[INFO] running `Command { std: "docker" "inspect" "ff022bd84a198f4ae787a806cc4576628f4b2824613aa1fa8ba01146dfd98140", kill_on_drop: false }`
[INFO] running `Command { std: "docker" "rm" "-f" "ff022bd84a198f4ae787a806cc4576628f4b2824613aa1fa8ba01146dfd98140", kill_on_drop: false }`
[INFO] [stdout] ff022bd84a198f4ae787a806cc4576628f4b2824613aa1fa8ba01146dfd98140
[INFO] running `Command { std: "docker" "create" "-v" "/var/lib/crater-agent-workspace/builds/worker-4-tc1/target:/opt/rustwide/target:rw,Z" "-v" "/var/lib/crater-agent-workspace/builds/worker-4-tc1/source:/opt/rustwide/workdir:ro,Z" "-v" "/var/lib/crater-agent-workspace/cargo-home:/opt/rustwide/cargo-home:ro,Z" "-v" "/var/lib/crater-agent-workspace/rustup-home:/opt/rustwide/rustup-home:ro,Z" "-e" "SOURCE_DIR=/opt/rustwide/workdir" "-e" "CARGO_TARGET_DIR=/opt/rustwide/target" "-e" "CARGO_INCREMENTAL=0" "-e" "RUST_BACKTRACE=full" "-e" "RUSTFLAGS=--cap-lints=warn" "-e" "RUSTDOCFLAGS=--cap-lints=warn" "-e" "CARGO_HOME=/opt/rustwide/cargo-home" "-e" "RUSTUP_HOME=/opt/rustwide/rustup-home" "-w" "/opt/rustwide/workdir" "-m" "1610612736" "--user" "0:0" "--network" "none" "ghcr.io/rust-lang/crates-build-env/linux@sha256:5ff2268d62e97bff2cde7d5815dd6ed5b47097566f13b8d0ca110b04b60e07ed" "/opt/rustwide/cargo-home/bin/cargo" "+1.69.0" "doc" "--frozen" "--no-deps" "--document-private-items" "--message-format=json", kill_on_drop: false }`
[INFO] [stdout] 1733e1be08f6a7070c959b24e61758d7067c6448997fb814917ba17b39f046f7
[INFO] running `Command { std: "docker" "start" "-a" "1733e1be08f6a7070c959b24e61758d7067c6448997fb814917ba17b39f046f7", kill_on_drop: false }`
[INFO] [stderr]    Compiling serde v1.0.160
[INFO] [stderr]    Compiling libc v0.2.142
[INFO] [stderr]    Compiling generic-array v0.14.7
[INFO] [stderr]    Compiling semver v1.0.17
[INFO] [stderr]     Checking subtle v2.4.1
[INFO] [stderr]    Compiling ahash v0.7.6
[INFO] [stderr]    Compiling futures-core v0.3.28
[INFO] [stderr]     Checking either v1.8.1
[INFO] [stderr]     Checking rayon-core v1.11.0
[INFO] [stderr]     Checking instant v0.1.12
[INFO] [stderr]     Checking parking_lot_core v0.8.6
[INFO] [stderr]     Checking base64 v0.13.1
[INFO] [stderr]     Checking futures-sink v0.3.28
[INFO] [stderr]     Checking rayon v1.7.0
[INFO] [stderr]     Checking parking_lot v0.11.2
[INFO] [stderr]    Compiling tokio v1.14.1
[INFO] [stderr]    Compiling futures-task v0.3.28
[INFO] [stderr]    Compiling rustc_version v0.4.0
[INFO] [stderr]     Checking hashbrown v0.12.3
[INFO] [stderr]    Compiling futures-channel v0.3.28
[INFO] [stderr]     Checking mio v0.7.14
[INFO] [stderr]    Compiling tokio-macros v1.8.2
[INFO] [stderr]     Checking signal-hook-registry v1.4.1
[INFO] [stderr]     Checking futures-io v0.3.28
[INFO] [stderr]    Compiling futures-util v0.3.28
[INFO] [stderr]    Compiling getrandom v0.1.16
[INFO] [stderr]     Checking futures v0.1.31
[INFO] [stderr]     Checking block-padding v0.2.1
[INFO] [stderr]    Compiling crunchy v0.2.2
[INFO] [stderr]     Checking zeroize v1.3.0
[INFO] [stderr]    Compiling jobserver v0.1.26
[INFO] [stderr]     Checking rand_core v0.5.1
[INFO] [stderr]     Checking tracing-core v0.1.30
[INFO] [stderr]    Compiling cc v1.0.79
[INFO] [stderr]     Checking rand_chacha v0.2.2
[INFO] [stderr]     Checking rand v0.7.3
[INFO] [stderr]     Checking num-integer v0.1.45
[INFO] [stderr]    Compiling digest v0.9.0
[INFO] [stderr]    Compiling wasm-bindgen-shared v0.2.84
[INFO] [stderr]    Compiling libsecp256k1-core v0.2.2
[INFO] [stderr]     Checking tracing v0.1.37
[INFO] [stderr]     Checking aho-corasick v1.0.1
[INFO] [stderr]    Compiling bumpalo v3.12.1
[INFO] [stderr]     Checking spin v0.5.2
[INFO] [stderr]     Checking untrusted v0.7.1
[INFO] [stderr]    Compiling feature-probe v0.1.1
[INFO] [stderr]    Compiling ring v0.16.20
[INFO] [stderr]    Compiling blake3 v1.3.3
[INFO] [stderr]     Checking serde_json v1.0.96
[INFO] [stderr]     Checking regex v1.8.1
[INFO] [stderr]    Compiling bv v0.11.1
[INFO] [stderr]    Compiling libsecp256k1-gen-genmult v0.2.1
[INFO] [stderr]    Compiling libsecp256k1-gen-ecmult v0.2.1
[INFO] [stderr]    Compiling wasm-bindgen-backend v0.2.84
[INFO] [stderr]    Compiling proc-macro-crate v0.1.5
[INFO] [stderr]     Checking crypto-common v0.1.6
[INFO] [stderr]     Checking block-buffer v0.10.4
[INFO] [stderr]     Checking block-buffer v0.9.0
[INFO] [stderr]     Checking digest v0.10.6
[INFO] [stderr]     Checking crypto-mac v0.8.0
[INFO] [stderr]    Compiling solana-frozen-abi-macro v1.14.17
[INFO] [stderr]     Checking sha2 v0.9.9
[INFO] [stderr]     Checking hmac v0.8.1
[INFO] [stderr]     Checking bitmaps v2.1.0
[INFO] [stderr]    Compiling im v15.1.0
[INFO] [stderr]     Checking sha2 v0.10.6
[INFO] [stderr]     Checking curve25519-dalek v3.2.1
[INFO] [stderr]    Compiling wasm-bindgen-macro-support v0.2.84
[INFO] [stderr]    Compiling libsecp256k1 v0.6.0
[INFO] [stderr]     Checking sized-chunks v0.6.5
[INFO] [stderr]     Checking bincode v1.3.3
[INFO] [stderr]    Compiling solana-frozen-abi v1.14.17
[INFO] [stderr]     Checking rand_xoshiro v0.6.0
[INFO] [stderr]    Compiling borsh-derive-internal v0.9.3
[INFO] [stderr]    Compiling borsh-schema-derive-internal v0.9.3
[INFO] [stderr]     Checking arrayvec v0.7.2
[INFO] [stderr]    Compiling wasm-bindgen v0.2.84
[INFO] [stderr]    Compiling wasm-bindgen-macro v0.2.84
[INFO] [stderr]    Compiling borsh-derive v0.9.3
[INFO] [stderr]     Checking hmac-drbg v0.3.0
[INFO] [stderr]     Checking pbkdf2 v0.4.0
[INFO] [stderr]     Checking serde_bytes v0.11.9
[INFO] [stderr]    Compiling solana-program v1.14.17
[INFO] [stderr]     Checking hashbrown v0.11.2
[INFO] [stderr]     Checking http v0.2.9
[INFO] [stderr]    Compiling bytemuck_derive v1.4.1
[INFO] [stderr]     Checking memmap2 v0.5.10
[INFO] [stderr]    Compiling indexmap v1.9.3
[INFO] [stderr]    Compiling bs58 v0.4.0
[INFO] [stderr]     Checking base64 v0.12.3
[INFO] [stderr]     Checking tiny-bip39 v0.8.2
[INFO] [stderr]    Compiling solana-sdk-macro v1.14.17
[INFO] [stderr]     Checking borsh v0.9.3
[INFO] [stderr]     Checking sha3 v0.10.7
[INFO] [stderr]     Checking itertools v0.10.5
[INFO] [stderr]    Compiling num-derive v0.3.3
[INFO] [stderr]     Checking atty v0.2.14
[INFO] [stderr]     Checking humantime v2.1.0
[INFO] [stderr]    Compiling httparse v1.8.0
[INFO] [stderr]     Checking bytemuck v1.13.1
[INFO] [stderr]     Checking ed25519 v1.5.3
[INFO] [stderr]     Checking time v0.1.45
[INFO] [stderr]     Checking ed25519-dalek v1.0.1
[INFO] [stderr]     Checking env_logger v0.9.3
[INFO] [stderr]     Checking hmac v0.12.1
[INFO] [stderr]    Compiling solana-sdk v1.14.17
[INFO] [stderr]     Checking chrono v0.4.24
[INFO] [stderr]     Checking socket2 v0.4.9
[INFO] [stderr]     Checking derivation-path v0.2.0
[INFO] [stderr]     Checking solana-logger v1.14.17
[INFO] [stderr]     Checking tokio-util v0.7.2
[INFO] [stderr]     Checking ed25519-dalek-bip32 v0.2.0
[INFO] [stderr]     Checking pbkdf2 v0.11.0
[INFO] [stderr]     Checking qstring v0.7.2
[INFO] [stderr]     Checking uriparse v0.6.4
[INFO] [stderr]     Checking tower-service v0.3.2
[INFO] [stderr]     Checking assert_matches v1.5.0
[INFO] [stderr]     Checking http-body v0.4.5
[INFO] [stderr]    Compiling openssl-src v111.25.3+1.1.1t
[INFO] [stderr]     Checking httpdate v1.0.2
[INFO] [stderr]     Checking try-lock v0.2.4
[INFO] [stderr]     Checking want v0.3.0
[INFO] [stderr]     Checking h2 v0.3.18
[INFO] [stderr]     Checking webpki v0.22.0
[INFO] [stderr]    Compiling rustls v0.20.8
[INFO] [stderr]     Checking sct v0.7.0
[INFO] [stderr]     Checking openssl-probe v0.1.5
[INFO] [stderr]    Compiling openssl-sys v0.9.87
[INFO] [stderr]     Checking foreign-types-shared v0.1.1
[INFO] [stderr]    Compiling openssl v0.10.52
[INFO] [stderr]     Checking foreign-types v0.3.2
[INFO] [stderr]    Compiling openssl-macros v0.1.1
[INFO] [stderr]     Checking base64 v0.21.0
[INFO] [stderr]    Compiling native-tls v0.2.11
[INFO] [stderr]     Checking mime v0.3.17
[INFO] [stderr]     Checking alloc-no-stdlib v2.0.4
[INFO] [stderr]     Checking rustls-pemfile v1.0.2
[INFO] [stderr]     Checking miniz_oxide v0.7.1
[INFO] [stderr]     Checking alloc-stdlib v0.2.2
[INFO] [stderr]     Checking webpki-roots v0.22.6
[INFO] [stderr]     Checking brotli-decompressor v2.3.4
[INFO] [stderr]     Checking serde_urlencoded v0.7.1
[INFO] [stderr]     Checking encoding_rs v0.8.32
[INFO] [stderr]     Checking ipnet v2.7.2
[INFO] [stderr]     Checking flate2 v1.0.26
[INFO] [stderr]    Compiling solana-program-runtime v1.14.17
[INFO] [stderr]    Compiling enum-iterator-derive v0.8.1
[INFO] [stderr]     Checking gethostname v0.2.3
[INFO] [stderr]     Checking eager v0.1.0
[INFO] [stderr]     Checking brotli v3.3.4
[INFO] [stderr]    Compiling anyhow v1.0.71
[INFO] [stderr]     Checking tokio-rustls v0.23.4
[INFO] [stderr]    Compiling memchr v2.5.0
[INFO] [stderr]     Checking futures-executor v0.3.28
[INFO] [stderr]     Checking cipher v0.3.0
[INFO] [stderr]    Compiling solana-vote-program v1.14.17
[INFO] [stderr]     Checking universal-hash v0.4.1
[INFO] [stderr]     Checking polyval v0.5.3
[INFO] [stderr]     Checking ctr v0.8.0
[INFO] [stderr]     Checking aes v0.7.5
[INFO] [stderr]     Checking enum-iterator v0.8.1
[INFO] [stderr]     Checking futures v0.3.28
[INFO] [stderr]     Checking inout v0.1.3
[INFO] [stderr]     Checking aead v0.4.3
[INFO] [stderr]     Checking cipher v0.4.4
[INFO] [stderr]     Checking aes-gcm-siv v0.10.3
[INFO] [stderr]     Checking merlin v3.0.0
[INFO] [stderr]     Checking sha3 v0.9.1
[INFO] [stderr]    Compiling pin-project-internal v1.0.12
[INFO] [stderr]    Compiling time-core v0.1.0
[INFO] [stderr]    Compiling proc-macro2 v0.4.30
[INFO] [stderr]    Compiling time-macros v0.2.8
[INFO] [stderr]     Checking hyper v0.14.26
[INFO] [stderr]    Compiling zstd-sys v2.0.8+zstd.1.5.5
[INFO] [stderr]     Checking pin-project v1.0.12
[INFO] [stderr]    Compiling unicode-xid v0.1.0
[INFO] [stderr]    Compiling num_enum_derive v0.5.11
[INFO] [stderr]     Checking async-compression v0.3.15
[INFO] [stderr]     Checking time v0.3.20
[INFO] [stderr]    Compiling num-bigint v0.4.3
[INFO] [stderr]    Compiling syn v0.15.44
[INFO] [stderr]    Compiling bytes v1.4.0
[INFO] [stderr]    Compiling quote v0.6.13
[INFO] [stderr]    Compiling zstd-safe v5.0.2+zstd.1.5.2
[INFO] [stderr]    Compiling which v4.4.0
[INFO] [stderr]    Compiling io-lifetimes v1.0.10
[INFO] [stderr]     Checking nix v0.24.3
[INFO] [stderr]     Checking num_enum v0.5.11
[INFO] [stderr]    Compiling solana-address-lookup-table-program v1.14.17
[INFO] [stderr]    Compiling linux-raw-sys v0.3.6
[INFO] [stderr]     Checking fastrand v1.9.0
[INFO] [stderr]     Checking solana-rayon-threadlimit v1.14.17
[INFO] [stderr]     Checking tempfile v3.5.0
[INFO] [stderr]    Compiling fixedbitset v0.4.2
[INFO] [stderr]    Compiling solana-perf v1.14.17
[INFO] [stderr]    Compiling petgraph v0.6.3
[INFO] [stderr]    Compiling prost-derive v0.11.9
[INFO] [stderr]     Checking hyper-rustls v0.23.2
[INFO] [stderr]     Checking tokio-stream v0.1.12
[INFO] [stderr]    Compiling rustix v0.37.18
[INFO] [stderr]     Checking caps v0.5.5
[INFO] [stderr]    Compiling multimap v0.8.3
[INFO] [stderr]     Checking Inflector v0.11.4
[INFO] [stderr]    Compiling synstructure v0.12.6
[INFO] [stderr]     Checking nom v7.1.3
[INFO] [stderr]     Checking textwrap v0.11.0
[INFO] [stderr]     Checking console v0.15.5
[INFO] [stderr]    Compiling solana-version v1.14.17
[INFO] [stderr]    Compiling num-bigint v0.2.6
[INFO] [stderr]     Checking strsim v0.8.0
[INFO] [stderr]    Compiling dlopen_derive v0.1.4
[INFO] [stderr]     Checking clap v2.34.0
[INFO] [stderr]     Checking rusticata-macros v4.1.0
[INFO] [stderr]    Compiling asn1-rs-derive v0.4.0
[INFO] [stderr]     Checking parking_lot_core v0.9.7
[INFO] [stderr]     Checking jsonrpc-core v18.0.0
[INFO] [stderr]    Compiling bzip2-sys v0.1.11+1.0.8
[INFO] [stderr]     Checking dlopen v0.1.8
[INFO] [stderr]    Compiling displaydoc v0.2.3
[INFO] [stderr]    Compiling asn1-rs-impl v0.1.0
[INFO] [stderr]    Compiling num-iter v0.1.43
[INFO] [stderr]    Compiling num-complex v0.2.4
[INFO] [stderr]    Compiling num-rational v0.2.4
[INFO] [stderr]    Compiling prettyplease v0.1.25
[INFO] [stderr]     Checking shell-words v1.1.0
[INFO] [stderr]     Checking walkdir v2.3.3
[INFO] [stderr]     Checking dialoguer v0.10.4
[INFO] [stderr]     Checking parking_lot v0.12.1
[INFO] [stderr]    Compiling prost v0.11.9
[INFO] [stderr]    Compiling proc-macro-error-attr v1.0.4
[INFO] [stderr]     Checking rustls-native-certs v0.6.2
[INFO] [stderr]    Compiling lz4-sys v1.9.4
[INFO] [stderr]    Compiling autotools v0.2.6
[INFO] [stderr]     Checking asn1-rs v0.5.2
[INFO] [stderr]     Checking fxhash v0.2.1
[INFO] [stderr]     Checking rustls-pemfile v0.2.1
[INFO] [stderr]    Compiling oid-registry v0.6.1
[INFO] [stderr]     Checking tower-layer v0.3.2
[INFO] [stderr]     Checking quinn-proto v0.8.4
[INFO] [stderr]     Checking yaml-rust v0.4.5
[INFO] [stderr]    Compiling proc-macro-error v1.0.4
[INFO] [stderr]    Compiling protobuf-src v1.1.0+21.5
[INFO] [stderr]    Compiling prost-types v0.11.9
[INFO] [stderr]     Checking tokio-util v0.6.10
[INFO] [stderr]     Checking rpassword v6.0.1
[INFO] [stderr]    Compiling solana-stake-program v1.14.17
[INFO] [stderr]    Compiling modular-bitfield-impl v0.11.2
[INFO] [stderr]     Checking dirs-sys-next v0.1.2
[INFO] [stderr]    Compiling bindgen v0.64.0
[INFO] [stderr]     Checking os_str_bytes v6.5.0
[INFO] [stderr]     Checking quinn-udp v0.1.4
[INFO] [stderr]     Checking clap_lex v0.2.4
[INFO] [stderr]     Checking dirs-next v2.0.0
[INFO] [stderr]     Checking der-parser v8.2.0
[INFO] [stderr]    Compiling clang-sys v1.6.1
[INFO] [stderr]    Compiling prost-build v0.11.9
[INFO] [stderr]    Compiling cexpr v0.6.0
[INFO] [stderr]    Compiling ouroboros_macro v0.15.6
[INFO] [stderr]     Checking num v0.2.1
[INFO] [stderr]     Checking serde_yaml v0.8.26
[INFO] [stderr]     Checking modular-bitfield v0.11.2
[INFO] [stderr]     Checking tower v0.4.13
[INFO] [stderr]    Compiling strum_macros v0.24.3
[INFO] [stderr]     Checking yasna v0.5.2
[INFO] [stderr]     Checking tokio-io-timeout v1.2.0
[INFO] [stderr]     Checking sha-1 v0.10.1
[INFO] [stderr]    Compiling axum-core v0.3.4
[INFO] [stderr]     Checking lru v0.7.8
[INFO] [stderr]    Compiling solana-runtime v1.14.17
[INFO] [stderr]     Checking pem v1.1.1
[INFO] [stderr]    Compiling async-stream-impl v0.3.5
[INFO] [stderr]    Compiling scroll_derive v0.11.0
[INFO] [stderr]     Checking xattr v0.2.3
[INFO] [stderr]     Checking filetime v0.2.21
[INFO] [stderr]     Checking data-encoding v2.3.3
[INFO] [stderr]     Checking utf-8 v0.7.6
[INFO] [stderr]     Checking aliasable v0.1.3
[INFO] [stderr]     Checking void v1.0.2
[INFO] [stderr]     Checking textwrap v0.16.0
[INFO] [stderr]     Checking strum v0.24.1
[INFO] [stderr]     Checking unreachable v1.0.0
[INFO] [stderr]     Checking ouroboros v0.15.6
[INFO] [stderr]     Checking clap v3.2.25
[INFO] [stderr]     Checking scroll v0.11.0
[INFO] [stderr]     Checking tungstenite v0.17.3
[INFO] [stderr]     Checking async-stream v0.3.5
[INFO] [stderr]     Checking x509-parser v0.14.0
[INFO] [stderr]     Checking tar v0.4.38
[INFO] [stderr]     Checking rcgen v0.9.3
[INFO] [stderr]     Checking hyper-timeout v0.4.1
[INFO] [stderr]    Compiling tonic-build v0.8.4
[INFO] [stderr]     Checking percentage v0.1.0
[INFO] [stderr]     Checking quinn v0.8.5
[INFO] [stderr]     Checking pkcs8 v0.8.0
[INFO] [stderr]     Checking dir-diff v0.3.2
[INFO] [stderr]     Checking tracing-futures v0.2.5
[INFO] [stderr]    Compiling prost-derive v0.9.0
[INFO] [stderr]     Checking dashmap v4.0.2
[INFO] [stderr]    Compiling axum v0.6.18
[INFO] [stderr]    Compiling num-traits v0.2.15
[INFO] [stderr]     Checking histogram v0.6.9
[INFO] [stderr]     Checking symlink v0.1.0
[INFO] [stderr]     Checking ascii v0.9.3
[INFO] [stderr]     Checking plain v0.2.3
[INFO] [stderr]     Checking index_list v0.2.7
[INFO] [stderr]     Checking event-listener v2.5.3
[INFO] [stderr]     Checking number_prefix v0.4.0
[INFO] [stderr]     Checking async-mutex v1.4.0
[INFO] [stderr]     Checking indicatif v0.16.2
[INFO] [stderr]     Checking goblin v0.5.4
[INFO] [stderr]     Checking combine v3.8.1
[INFO] [stderr]     Checking tokio-tungstenite v0.17.2
[INFO] [stderr]     Checking headers-core v0.2.0
[INFO] [stderr]     Checking sha1 v0.10.5
[INFO] [stderr]    Compiling enum_dispatch v0.3.11
[INFO] [stderr]     Checking hash32 v0.2.1
[INFO] [stderr]     Checking matchit v0.7.0
[INFO] [stderr]     Checking ieee754 v0.2.6
[INFO] [stderr]     Checking simpl v0.1.0
[INFO] [stderr]     Checking sync_wrapper v0.1.2
[INFO] [stderr]     Checking fast-math v0.1.1
[INFO] [stderr]     Checking headers v0.3.8
[INFO] [stderr]    Compiling reed-solomon-erasure v6.0.0
[INFO] [stderr]     Checking solana_rbpf v0.2.31
[INFO] [stderr]     Checking lz4 v1.24.0
[INFO] [stderr]    Compiling librocksdb-sys v0.8.3+7.4.4
[INFO] [stderr]     Checking arc-swap v1.6.0
[INFO] [stderr]     Checking matches v0.1.10
[INFO] [stderr]    Compiling prost v0.9.0
[INFO] [stderr]    Compiling enum-ordinalize v3.1.12
[INFO] [stderr]    Compiling prost-build v0.9.0
[INFO] [stderr]     Checking backoff v0.4.0
[INFO] [stderr]     Checking chrono-humanize v0.2.2
[INFO] [stderr]    Compiling solana-ledger v1.14.17
[INFO] [stderr]    Compiling thiserror v1.0.40
[INFO] [stderr]     Checking thread_local v1.1.7
[INFO] [stderr]    Compiling unicase v2.6.0
[INFO] [stderr]    Compiling ucd-trie v0.1.5
[INFO] [stderr]    Compiling unicode-segmentation v1.10.1
[INFO] [stderr]     Checking spin v0.9.8
[INFO] [stderr]    Compiling pest v2.6.0
[INFO] [stderr]    Compiling heck v0.3.3
[INFO] [stderr]     Checking tracing-subscriber v0.3.17
[INFO] [stderr]    Compiling educe v0.4.22
[INFO] [stderr]    Compiling prost-types v0.9.0
[INFO] [stderr]     Checking tonic v0.8.3
[INFO] [stderr]     Checking idna v0.1.5
[INFO] [stderr]     Checking opentelemetry v0.17.0
[INFO] [stderr]    Compiling solana-bloom v1.14.17
[INFO] [stderr]     Checking bstr v1.4.0
[INFO] [stderr]     Checking aho-corasick v0.7.20
[INFO] [stderr]     Checking fs_extra v1.3.0
[INFO] [stderr]     Checking trees v0.4.2
[INFO] [stderr]     Checking percent-encoding v1.0.1
[INFO] [stderr]    Compiling convert_case v0.4.0
[INFO] [stderr]     Checking url v1.7.2
[INFO] [stderr]    Compiling derive_more v0.99.17
[INFO] [stderr]     Checking tracing-opentelemetry v0.17.4
[INFO] [stderr]     Checking globset v0.4.10
[INFO] [stderr]     Checking spl-memo v3.0.1
[INFO] [stderr]     Checking spl-token v3.5.0
[INFO] [stderr]     Checking solana-merkle-tree v1.14.17
[INFO] [stderr]     Checking tokio-serde v0.8.0
[INFO] [stderr]    Compiling pest_meta v2.6.0
[INFO] [stderr]     Checking sysctl v0.4.6
[INFO] [stderr]     Checking jsonrpc-pubsub v18.0.0
[INFO] [stderr]     Checking webpki v0.21.4
[INFO] [stderr]     Checking sct v0.6.1
[INFO] [stderr]     Checking solana-measure v1.14.17
[INFO] [stderr]     Checking solana-zk-token-sdk v1.14.17
[INFO] [stderr]     Checking solana-remote-wallet v1.14.17
[INFO] [stderr]     Checking solana-bucket-map v1.14.17
[INFO] [stderr]     Checking solana-net-utils v1.14.17
[INFO] [stderr]    Compiling solana-gossip v1.14.17
[INFO] [stderr]     Checking users v0.10.0
[INFO] [stderr]    Compiling tarpc-plugins v0.12.0
[INFO] [stderr]     Checking unix_socket2 v0.5.4
[INFO] [stderr]     Checking net2 v0.2.38
[INFO] [stderr]     Checking solana-sys-tuner v1.14.17
[INFO] [stderr]     Checking spl-token-2022 v0.5.0
[INFO] [stderr]     Checking spl-token-2022 v0.6.0
[INFO] [stderr]     Checking rustls v0.19.1
[INFO] [stderr]    Compiling pest_generator v2.6.0
[INFO] [stderr]     Checking tarpc v0.29.0
[INFO] [stderr]     Checking jsonrpc-client-transports v18.0.0
[INFO] [stderr]     Checking spl-associated-token-account v1.1.2
[INFO] [stderr]     Checking jsonrpc-server-utils v18.0.0
[INFO] [stderr]    Compiling tonic-build v0.6.2
[INFO] [stderr]     Checking sha-1 v0.9.8
[INFO] [stderr]    Compiling sys-info v0.9.1
[INFO] [stderr]     Checking core_affinity v0.5.10
[INFO] [stderr]     Checking soketto v0.7.1
[INFO] [stderr]     Checking tokio-rustls v0.22.0
[INFO] [stderr]     Checking jsonrpc-http-server v18.0.0
[INFO] [stderr]     Checking solana-banks-interface v1.14.17
[INFO] [stderr]    Compiling pest_derive v2.6.0
[INFO] [stderr]    Compiling etcd-client v0.8.2
[INFO] [stderr]     Checking jsonrpc-core-client v18.0.0
[INFO] [stderr]     Checking stream-cancel v0.8.1
[INFO] [stderr]    Compiling jsonrpc-derive v18.0.0
[INFO] [stderr]     Checking tonic v0.6.2
[INFO] [stderr]    Compiling solana-core v1.14.17
[INFO] [stderr]     Checking json5 v0.4.1
[INFO] [stderr]     Checking solana-banks-client v1.14.17
[INFO] [stderr]     Checking pretty-hex v0.3.0
[INFO] [stderr]     Checking min-max-heap v1.3.0
[INFO] [stderr]     Checking bzip2 v0.4.4
[INFO] [stderr]     Checking zstd v0.11.2+zstd.1.5.2
[INFO] [stderr] The following warnings were emitted during compilation:
[INFO] [stderr] 
[INFO] [stderr] warning: c++: fatal error: Killed signal terminated program cc1plus
[INFO] [stderr] warning: compilation terminated.
[INFO] [stderr] warning: c++: fatal error: Killed signal terminated program cc1plus
[INFO] [stderr] warning: compilation terminated.
[INFO] [stderr] warning: c++: fatal error: Killed signal terminated program cc1plus
[INFO] [stderr] warning: compilation terminated.
[INFO] [stderr] 
[INFO] [stderr] error: failed to run custom build command for `librocksdb-sys v0.8.3+7.4.4`
[INFO] [stderr] note: To improve backtraces for build dependencies, set the CARGO_PROFILE_DEV_BUILD_OVERRIDE_DEBUG=true environment variable to enable debug information generation.
[INFO] [stderr] 
[INFO] [stderr] Caused by:
[INFO] [stderr]   process didn't exit successfully: `/opt/rustwide/target/debug/build/librocksdb-sys-be1d4748eb8b5356/build-script-build` (exit status: 1)
[INFO] [stderr]   --- stdout
[INFO] [stderr]   cargo:rerun-if-changed=rocksdb/
[INFO] [stderr]   TARGET = Some("x86_64-unknown-linux-gnu")
[INFO] [stderr]   OPT_LEVEL = Some("0")
[INFO] [stderr]   HOST = Some("x86_64-unknown-linux-gnu")
[INFO] [stderr]   cargo:rerun-if-env-changed=CXX_x86_64-unknown-linux-gnu
[INFO] [stderr]   CXX_x86_64-unknown-linux-gnu = None
[INFO] [stderr]   cargo:rerun-if-env-changed=CXX_x86_64_unknown_linux_gnu
[INFO] [stderr]   CXX_x86_64_unknown_linux_gnu = None
[INFO] [stderr]   cargo:rerun-if-env-changed=HOST_CXX
[INFO] [stderr]   HOST_CXX = None
[INFO] [stderr]   cargo:rerun-if-env-changed=CXX
[INFO] [stderr]   CXX = None
[INFO] [stderr]   cargo:rerun-if-env-changed=CXXFLAGS_x86_64-unknown-linux-gnu
[INFO] [stderr]   CXXFLAGS_x86_64-unknown-linux-gnu = None
[INFO] [stderr]   cargo:rerun-if-env-changed=CXXFLAGS_x86_64_unknown_linux_gnu
[INFO] [stderr]   CXXFLAGS_x86_64_unknown_linux_gnu = None
[INFO] [stderr]   cargo:rerun-if-env-changed=HOST_CXXFLAGS
[INFO] [stderr]   HOST_CXXFLAGS = None
[INFO] [stderr]   cargo:rerun-if-env-changed=CXXFLAGS
[INFO] [stderr]   CXXFLAGS = None
[INFO] [stderr]   cargo:rerun-if-env-changed=CRATE_CC_NO_DEFAULTS
[INFO] [stderr]   CRATE_CC_NO_DEFAULTS = None
[INFO] [stderr]   DEBUG = Some("true")
[INFO] [stderr]   CARGO_CFG_TARGET_FEATURE = Some("fxsr,sse,sse2")
[INFO] [stderr]   cargo:rerun-if-env-changed=CXX_x86_64-unknown-linux-gnu
[INFO] [stderr]   CXX_x86_64-unknown-linux-gnu = None
[INFO] [stderr]   cargo:rerun-if-env-changed=CXX_x86_64_unknown_linux_gnu
[INFO] [stderr]   CXX_x86_64_unknown_linux_gnu = None
[INFO] [stderr]   cargo:rerun-if-env-changed=HOST_CXX
[INFO] [stderr]   HOST_CXX = None
[INFO] [stderr]   cargo:rerun-if-env-changed=CXX
[INFO] [stderr]   CXX = None
[INFO] [stderr]   cargo:rerun-if-env-changed=CXXFLAGS_x86_64-unknown-linux-gnu
[INFO] [stderr]   CXXFLAGS_x86_64-unknown-linux-gnu = None
[INFO] [stderr]   cargo:rerun-if-env-changed=CXXFLAGS_x86_64_unknown_linux_gnu
[INFO] [stderr]   CXXFLAGS_x86_64_unknown_linux_gnu = None
[INFO] [stderr]   cargo:rerun-if-env-changed=HOST_CXXFLAGS
[INFO] [stderr]   HOST_CXXFLAGS = None
[INFO] [stderr]   cargo:rerun-if-env-changed=CXXFLAGS
[INFO] [stderr]   CXXFLAGS = None
[INFO] [stderr]   cargo:rerun-if-env-changed=CRATE_CC_NO_DEFAULTS
[INFO] [stderr]   CRATE_CC_NO_DEFAULTS = None
[INFO] [stderr]   CARGO_CFG_TARGET_FEATURE = Some("fxsr,sse,sse2")
[INFO] [stderr]   cargo:rerun-if-env-changed=CXX_x86_64-unknown-linux-gnu
[INFO] [stderr]   CXX_x86_64-unknown-linux-gnu = None
[INFO] [stderr]   cargo:rerun-if-env-changed=CXX_x86_64_unknown_linux_gnu
[INFO] [stderr]   CXX_x86_64_unknown_linux_gnu = None
[INFO] [stderr]   cargo:rerun-if-env-changed=HOST_CXX
[INFO] [stderr]   HOST_CXX = None
[INFO] [stderr]   cargo:rerun-if-env-changed=CXX
[INFO] [stderr]   CXX = None
[INFO] [stderr]   cargo:rerun-if-env-changed=CXXFLAGS_x86_64-unknown-linux-gnu
[INFO] [stderr]   CXXFLAGS_x86_64-unknown-linux-gnu = None
[INFO] [stderr]   cargo:rerun-if-env-changed=CXXFLAGS_x86_64_unknown_linux_gnu
[INFO] [stderr]   CXXFLAGS_x86_64_unknown_linux_gnu = None
[INFO] [stderr]   cargo:rerun-if-env-changed=HOST_CXXFLAGS
[INFO] [stderr]   HOST_CXXFLAGS = None
[INFO] [stderr]   cargo:rerun-if-env-changed=CXXFLAGS
[INFO] [stderr]   CXXFLAGS = None
[INFO] [stderr]   cargo:rerun-if-env-changed=CRATE_CC_NO_DEFAULTS
[INFO] [stderr]   CRATE_CC_NO_DEFAULTS = None
[INFO] [stderr]   CARGO_CFG_TARGET_FEATURE = Some("fxsr,sse,sse2")
[INFO] [stderr]   running: "c++" "-O0" "-ffunction-sections" "-fdata-sections" "-fPIC" "-gdwarf-4" "-fno-omit-frame-pointer" "-m64" "-I" "rocksdb/include/" "-I" "rocksdb/" "-I" "rocksdb/third-party/gtest-1.8.1/fused-src/" "-I" "lz4/lib/" "-I" "." "-Wall" "-Wextra" "-std=c++17" "-Wsign-compare" "-Wshadow" "-Wno-unused-parameter" "-Wno-unused-variable" "-Woverloaded-virtual" "-Wnon-virtual-dtor" "-Wno-missing-field-initializers" "-Wno-strict-aliasing" "-Wno-invalid-offsetof" "-msse2" "-std=c++17" "-DLZ4=1" "-DNDEBUG=1" "-DOS_LINUX" "-DROCKSDB_PLATFORM_POSIX" "-DROCKSDB_LIB_IO_POSIX" "-DROCKSDB_SUPPORT_THREAD_LOCAL" "-DHAVE_UINT128_EXTENSION=1" "-DHAVE_UINT128_EXTENSION=1" "-o" "/opt/rustwide/target/debug/build/librocksdb-sys-3106bfd7c7226dd6/out/rocksdb/cache/cache.o" "-c" "rocksdb/cache/cache.cc"
[INFO] [stderr]   exit status: 0
[INFO] [stderr]   running: "c++" "-O0" "-ffunction-sections" "-fdata-sections" "-fPIC" "-gdwarf-4" "-fno-omit-frame-pointer" "-m64" "-I" "rocksdb/include/" "-I" "rocksdb/" "-I" "rocksdb/third-party/gtest-1.8.1/fused-src/" "-I" "lz4/lib/" "-I" "." "-Wall" "-Wextra" "-std=c++17" "-Wsign-compare" "-Wshadow" "-Wno-unused-parameter" "-Wno-unused-variable" "-Woverloaded-virtual" "-Wnon-virtual-dtor" "-Wno-missing-field-initializers" "-Wno-strict-aliasing" "-Wno-invalid-offsetof" "-msse2" "-std=c++17" "-DLZ4=1" "-DNDEBUG=1" "-DOS_LINUX" "-DROCKSDB_PLATFORM_POSIX" "-DROCKSDB_LIB_IO_POSIX" "-DROCKSDB_SUPPORT_THREAD_LOCAL" "-DHAVE_UINT128_EXTENSION=1" "-DHAVE_UINT128_EXTENSION=1" "-o" "/opt/rustwide/target/debug/build/librocksdb-sys-3106bfd7c7226dd6/out/rocksdb/cache/cache_entry_roles.o" "-c" "rocksdb/cache/cache_entry_roles.cc"
[INFO] [stderr]   running: "c++" "-O0" "-ffunction-sections" "-fdata-sections" "-fPIC" "-gdwarf-4" "-fno-omit-frame-pointer" "-m64" "-I" "rocksdb/include/" "-I" "rocksdb/" "-I" "rocksdb/third-party/gtest-1.8.1/fused-src/" "-I" "lz4/lib/" "-I" "." "-Wall" "-Wextra" "-std=c++17" "-Wsign-compare" "-Wshadow" "-Wno-unused-parameter" "-Wno-unused-variable" "-Woverloaded-virtual" "-Wnon-virtual-dtor" "-Wno-missing-field-initializers" "-Wno-strict-aliasing" "-Wno-invalid-offsetof" "-msse2" "-std=c++17" "-DLZ4=1" "-DNDEBUG=1" "-DOS_LINUX" "-DROCKSDB_PLATFORM_POSIX" "-DROCKSDB_LIB_IO_POSIX" "-DROCKSDB_SUPPORT_THREAD_LOCAL" "-DHAVE_UINT128_EXTENSION=1" "-DHAVE_UINT128_EXTENSION=1" "-o" "/opt/rustwide/target/debug/build/librocksdb-sys-3106bfd7c7226dd6/out/rocksdb/cache/cache_key.o" "-c" "rocksdb/cache/cache_key.cc"
[INFO] [stderr]   exit status: 0
[INFO] [stderr]   exit status: 0
[INFO] [stderr]   running: "c++" "-O0" "-ffunction-sections" "-fdata-sections" "-fPIC" "-gdwarf-4" "-fno-omit-frame-pointer" "-m64" "-I" "rocksdb/include/" "-I" "rocksdb/" "-I" "rocksdb/third-party/gtest-1.8.1/fused-src/" "-I" "lz4/lib/" "-I" "." "-Wall" "-Wextra" "-std=c++17" "-Wsign-compare" "-Wshadow" "-Wno-unused-parameter" "-Wno-unused-variable" "-Woverloaded-virtual" "-Wnon-virtual-dtor" "-Wno-missing-field-initializers" "-Wno-strict-aliasing" "-Wno-invalid-offsetof" "-msse2" "-std=c++17" "-DLZ4=1" "-DNDEBUG=1" "-DOS_LINUX" "-DROCKSDB_PLATFORM_POSIX" "-DROCKSDB_LIB_IO_POSIX" "-DROCKSDB_SUPPORT_THREAD_LOCAL" "-DHAVE_UINT128_EXTENSION=1" "-DHAVE_UINT128_EXTENSION=1" "-o" "/opt/rustwide/target/debug/build/librocksdb-sys-3106bfd7c7226dd6/out/rocksdb/cache/cache_reservation_manager.o" "-c" "rocksdb/cache/cache_reservation_manager.cc"
[INFO] [stderr]   running: "c++" "-O0" "-ffunction-sections" "-fdata-sections" "-fPIC" "-gdwarf-4" "-fno-omit-frame-pointer" "-m64" "-I" "rocksdb/include/" "-I" "rocksdb/" "-I" "rocksdb/third-party/gtest-1.8.1/fused-src/" "-I" "lz4/lib/" "-I" "." "-Wall" "-Wextra" "-std=c++17" "-Wsign-compare" "-Wshadow" "-Wno-unused-parameter" "-Wno-unused-variable" "-Woverloaded-virtual" "-Wnon-virtual-dtor" "-Wno-missing-field-initializers" "-Wno-strict-aliasing" "-Wno-invalid-offsetof" "-msse2" "-std=c++17" "-DLZ4=1" "-DNDEBUG=1" "-DOS_LINUX" "-DROCKSDB_PLATFORM_POSIX" "-DROCKSDB_LIB_IO_POSIX" "-DROCKSDB_SUPPORT_THREAD_LOCAL" "-DHAVE_UINT128_EXTENSION=1" "-DHAVE_UINT128_EXTENSION=1" "-o" "/opt/rustwide/target/debug/build/librocksdb-sys-3106bfd7c7226dd6/out/rocksdb/cache/clock_cache.o" "-c" "rocksdb/cache/clock_cache.cc"
[INFO] [stderr]   exit status: 0
[INFO] [stderr]   exit status: 0
[INFO] [stderr]   running: "c++" "-O0" "-ffunction-sections" "-fdata-sections" "-fPIC" "-gdwarf-4" "-fno-omit-frame-pointer" "-m64" "-I" "rocksdb/include/" "-I" "rocksdb/" "-I" "rocksdb/third-party/gtest-1.8.1/fused-src/" "-I" "lz4/lib/" "-I" "." "-Wall" "-Wextra" "-std=c++17" "-Wsign-compare" "-Wshadow" "-Wno-unused-parameter" "-Wno-unused-variable" "-Woverloaded-virtual" "-Wnon-virtual-dtor" "-Wno-missing-field-initializers" "-Wno-strict-aliasing" "-Wno-invalid-offsetof" "-msse2" "-std=c++17" "-DLZ4=1" "-DNDEBUG=1" "-DOS_LINUX" "-DROCKSDB_PLATFORM_POSIX" "-DROCKSDB_LIB_IO_POSIX" "-DROCKSDB_SUPPORT_THREAD_LOCAL" "-DHAVE_UINT128_EXTENSION=1" "-DHAVE_UINT128_EXTENSION=1" "-o" "/opt/rustwide/target/debug/build/librocksdb-sys-3106bfd7c7226dd6/out/rocksdb/cache/fast_lru_cache.o" "-c" "rocksdb/cache/fast_lru_cache.cc"
[INFO] [stderr]   running: "c++" "-O0" "-ffunction-sections" "-fdata-sections" "-fPIC" "-gdwarf-4" "-fno-omit-frame-pointer" "-m64" "-I" "rocksdb/include/" "-I" "rocksdb/" "-I" "rocksdb/third-party/gtest-1.8.1/fused-src/" "-I" "lz4/lib/" "-I" "." "-Wall" "-Wextra" "-std=c++17" "-Wsign-compare" "-Wshadow" "-Wno-unused-parameter" "-Wno-unused-variable" "-Woverloaded-virtual" "-Wnon-virtual-dtor" "-Wno-missing-field-initializers" "-Wno-strict-aliasing" "-Wno-invalid-offsetof" "-msse2" "-std=c++17" "-DLZ4=1" "-DNDEBUG=1" "-DOS_LINUX" "-DROCKSDB_PLATFORM_POSIX" "-DROCKSDB_LIB_IO_POSIX" "-DROCKSDB_SUPPORT_THREAD_LOCAL" "-DHAVE_UINT128_EXTENSION=1" "-DHAVE_UINT128_EXTENSION=1" "-o" "/opt/rustwide/target/debug/build/librocksdb-sys-3106bfd7c7226dd6/out/rocksdb/cache/lru_cache.o" "-c" "rocksdb/cache/lru_cache.cc"
[INFO] [stderr]   running: "c++" "-O0" "-ffunction-sections" "-fdata-sections" "-fPIC" "-gdwarf-4" "-fno-omit-frame-pointer" "-m64" "-I" "rocksdb/include/" "-I" "rocksdb/" "-I" "rocksdb/third-party/gtest-1.8.1/fused-src/" "-I" "lz4/lib/" "-I" "." "-Wall" "-Wextra" "-std=c++17" "-Wsign-compare" "-Wshadow" "-Wno-unused-parameter" "-Wno-unused-variable" "-Woverloaded-virtual" "-Wnon-virtual-dtor" "-Wno-missing-field-initializers" "-Wno-strict-aliasing" "-Wno-invalid-offsetof" "-msse2" "-std=c++17" "-DLZ4=1" "-DNDEBUG=1" "-DOS_LINUX" "-DROCKSDB_PLATFORM_POSIX" "-DROCKSDB_LIB_IO_POSIX" "-DROCKSDB_SUPPORT_THREAD_LOCAL" "-DHAVE_UINT128_EXTENSION=1" "-DHAVE_UINT128_EXTENSION=1" "-o" "/opt/rustwide/target/debug/build/librocksdb-sys-3106bfd7c7226dd6/out/rocksdb/cache/compressed_secondary_cache.o" "-c" "rocksdb/cache/compressed_secondary_cache.cc"
[INFO] [stderr]   running: "c++" "-O0" "-ffunction-sections" "-fdata-sections" "-fPIC" "-gdwarf-4" "-fno-omit-frame-pointer" "-m64" "-I" "rocksdb/include/" "-I" "rocksdb/" "-I" "rocksdb/third-party/gtest-1.8.1/fused-src/" "-I" "lz4/lib/" "-I" "." "-Wall" "-Wextra" "-std=c++17" "-Wsign-compare" "-Wshadow" "-Wno-unused-parameter" "-Wno-unused-variable" "-Woverloaded-virtual" "-Wnon-virtual-dtor" "-Wno-missing-field-initializers" "-Wno-strict-aliasing" "-Wno-invalid-offsetof" "-msse2" "-std=c++17" "-DLZ4=1" "-DNDEBUG=1" "-DOS_LINUX" "-DROCKSDB_PLATFORM_POSIX" "-DROCKSDB_LIB_IO_POSIX" "-DROCKSDB_SUPPORT_THREAD_LOCAL" "-DHAVE_UINT128_EXTENSION=1" "-DHAVE_UINT128_EXTENSION=1" "-o" "/opt/rustwide/target/debug/build/librocksdb-sys-3106bfd7c7226dd6/out/rocksdb/cache/sharded_cache.o" "-c" "rocksdb/cache/sharded_cache.cc"
[INFO] [stderr]   exit status: 0
[INFO] [stderr]   running: "c++" "-O0" "-ffunction-sections" "-fdata-sections" "-fPIC" "-gdwarf-4" "-fno-omit-frame-pointer" "-m64" "-I" "rocksdb/include/" "-I" "rocksdb/" "-I" "rocksdb/third-party/gtest-1.8.1/fused-src/" "-I" "lz4/lib/" "-I" "." "-Wall" "-Wextra" "-std=c++17" "-Wsign-compare" "-Wshadow" "-Wno-unused-parameter" "-Wno-unused-variable" "-Woverloaded-virtual" "-Wnon-virtual-dtor" "-Wno-missing-field-initializers" "-Wno-strict-aliasing" "-Wno-invalid-offsetof" "-msse2" "-std=c++17" "-DLZ4=1" "-DNDEBUG=1" "-DOS_LINUX" "-DROCKSDB_PLATFORM_POSIX" "-DROCKSDB_LIB_IO_POSIX" "-DROCKSDB_SUPPORT_THREAD_LOCAL" "-DHAVE_UINT128_EXTENSION=1" "-DHAVE_UINT128_EXTENSION=1" "-o" "/opt/rustwide/target/debug/build/librocksdb-sys-3106bfd7c7226dd6/out/rocksdb/db/arena_wrapped_db_iter.o" "-c" "rocksdb/db/arena_wrapped_db_iter.cc"
[INFO] [stderr]   exit status: 0
[INFO] [stderr]   running: "c++" "-O0" "-ffunction-sections" "-fdata-sections" "-fPIC" "-gdwarf-4" "-fno-omit-frame-pointer" "-m64" "-I" "rocksdb/include/" "-I" "rocksdb/" "-I" "rocksdb/third-party/gtest-1.8.1/fused-src/" "-I" "lz4/lib/" "-I" "." "-Wall" "-Wextra" "-std=c++17" "-Wsign-compare" "-Wshadow" "-Wno-unused-parameter" "-Wno-unused-variable" "-Woverloaded-virtual" "-Wnon-virtual-dtor" "-Wno-missing-field-initializers" "-Wno-strict-aliasing" "-Wno-invalid-offsetof" "-msse2" "-std=c++17" "-DLZ4=1" "-DNDEBUG=1" "-DOS_LINUX" "-DROCKSDB_PLATFORM_POSIX" "-DROCKSDB_LIB_IO_POSIX" "-DROCKSDB_SUPPORT_THREAD_LOCAL" "-DHAVE_UINT128_EXTENSION=1" "-DHAVE_UINT128_EXTENSION=1" "-o" "/opt/rustwide/target/debug/build/librocksdb-sys-3106bfd7c7226dd6/out/rocksdb/db/blob/blob_fetcher.o" "-c" "rocksdb/db/blob/blob_fetcher.cc"
[INFO] [stderr]   running: "c++" "-O0" "-ffunction-sections" "-fdata-sections" "-fPIC" "-gdwarf-4" "-fno-omit-frame-pointer" "-m64" "-I" "rocksdb/include/" "-I" "rocksdb/" "-I" "rocksdb/third-party/gtest-1.8.1/fused-src/" "-I" "lz4/lib/" "-I" "." "-Wall" "-Wextra" "-std=c++17" "-Wsign-compare" "-Wshadow" "-Wno-unused-parameter" "-Wno-unused-variable" "-Woverloaded-virtual" "-Wnon-virtual-dtor" "-Wno-missing-field-initializers" "-Wno-strict-aliasing" "-Wno-invalid-offsetof" "-msse2" "-std=c++17" "-DLZ4=1" "-DNDEBUG=1" "-DOS_LINUX" "-DROCKSDB_PLATFORM_POSIX" "-DROCKSDB_LIB_IO_POSIX" "-DROCKSDB_SUPPORT_THREAD_LOCAL" "-DHAVE_UINT128_EXTENSION=1" "-DHAVE_UINT128_EXTENSION=1" "-o" "/opt/rustwide/target/debug/build/librocksdb-sys-3106bfd7c7226dd6/out/rocksdb/db/blob/blob_file_addition.o" "-c" "rocksdb/db/blob/blob_file_addition.cc"
[INFO] [stderr]   exit status: 0
[INFO] [stderr]   exit status: 0
[INFO] [stderr]   running: "c++" "-O0" "-ffunction-sections" "-fdata-sections" "-fPIC" "-gdwarf-4" "-fno-omit-frame-pointer" "-m64" "-I" "rocksdb/include/" "-I" "rocksdb/" "-I" "rocksdb/third-party/gtest-1.8.1/fused-src/" "-I" "lz4/lib/" "-I" "." "-Wall" "-Wextra" "-std=c++17" "-Wsign-compare" "-Wshadow" "-Wno-unused-parameter" "-Wno-unused-variable" "-Woverloaded-virtual" "-Wnon-virtual-dtor" "-Wno-missing-field-initializers" "-Wno-strict-aliasing" "-Wno-invalid-offsetof" "-msse2" "-std=c++17" "-DLZ4=1" "-DNDEBUG=1" "-DOS_LINUX" "-DROCKSDB_PLATFORM_POSIX" "-DROCKSDB_LIB_IO_POSIX" "-DROCKSDB_SUPPORT_THREAD_LOCAL" "-DHAVE_UINT128_EXTENSION=1" "-DHAVE_UINT128_EXTENSION=1" "-o" "/opt/rustwide/target/debug/build/librocksdb-sys-3106bfd7c7226dd6/out/rocksdb/db/blob/blob_file_builder.o" "-c" "rocksdb/db/blob/blob_file_builder.cc"
[INFO] [stderr]   exit status: 0
[INFO] [stderr]   running: "c++" "-O0" "-ffunction-sections" "-fdata-sections" "-fPIC" "-gdwarf-4" "-fno-omit-frame-pointer" "-m64" "-I" "rocksdb/include/" "-I" "rocksdb/" "-I" "rocksdb/third-party/gtest-1.8.1/fused-src/" "-I" "lz4/lib/" "-I" "." "-Wall" "-Wextra" "-std=c++17" "-Wsign-compare" "-Wshadow" "-Wno-unused-parameter" "-Wno-unused-variable" "-Woverloaded-virtual" "-Wnon-virtual-dtor" "-Wno-missing-field-initializers" "-Wno-strict-aliasing" "-Wno-invalid-offsetof" "-msse2" "-std=c++17" "-DLZ4=1" "-DNDEBUG=1" "-DOS_LINUX" "-DROCKSDB_PLATFORM_POSIX" "-DROCKSDB_LIB_IO_POSIX" "-DROCKSDB_SUPPORT_THREAD_LOCAL" "-DHAVE_UINT128_EXTENSION=1" "-DHAVE_UINT128_EXTENSION=1" "-o" "/opt/rustwide/target/debug/build/librocksdb-sys-3106bfd7c7226dd6/out/rocksdb/db/blob/blob_file_cache.o" "-c" "rocksdb/db/blob/blob_file_cache.cc"
[INFO] [stderr]   running: "c++" "-O0" "-ffunction-sections" "-fdata-sections" "-fPIC" "-gdwarf-4" "-fno-omit-frame-pointer" "-m64" "-I" "rocksdb/include/" "-I" "rocksdb/" "-I" "rocksdb/third-party/gtest-1.8.1/fused-src/" "-I" "lz4/lib/" "-I" "." "-Wall" "-Wextra" "-std=c++17" "-Wsign-compare" "-Wshadow" "-Wno-unused-parameter" "-Wno-unused-variable" "-Woverloaded-virtual" "-Wnon-virtual-dtor" "-Wno-missing-field-initializers" "-Wno-strict-aliasing" "-Wno-invalid-offsetof" "-msse2" "-std=c++17" "-DLZ4=1" "-DNDEBUG=1" "-DOS_LINUX" "-DROCKSDB_PLATFORM_POSIX" "-DROCKSDB_LIB_IO_POSIX" "-DROCKSDB_SUPPORT_THREAD_LOCAL" "-DHAVE_UINT128_EXTENSION=1" "-DHAVE_UINT128_EXTENSION=1" "-o" "/opt/rustwide/target/debug/build/librocksdb-sys-3106bfd7c7226dd6/out/rocksdb/db/blob/blob_file_garbage.o" "-c" "rocksdb/db/blob/blob_file_garbage.cc"
[INFO] [stderr]   exit status: 0
[INFO] [stderr]   exit status: 0
[INFO] [stderr]   running: "c++" "-O0" "-ffunction-sections" "-fdata-sections" "-fPIC" "-gdwarf-4" "-fno-omit-frame-pointer" "-m64" "-I" "rocksdb/include/" "-I" "rocksdb/" "-I" "rocksdb/third-party/gtest-1.8.1/fused-src/" "-I" "lz4/lib/" "-I" "." "-Wall" "-Wextra" "-std=c++17" "-Wsign-compare" "-Wshadow" "-Wno-unused-parameter" "-Wno-unused-variable" "-Woverloaded-virtual" "-Wnon-virtual-dtor" "-Wno-missing-field-initializers" "-Wno-strict-aliasing" "-Wno-invalid-offsetof" "-msse2" "-std=c++17" "-DLZ4=1" "-DNDEBUG=1" "-DOS_LINUX" "-DROCKSDB_PLATFORM_POSIX" "-DROCKSDB_LIB_IO_POSIX" "-DROCKSDB_SUPPORT_THREAD_LOCAL" "-DHAVE_UINT128_EXTENSION=1" "-DHAVE_UINT128_EXTENSION=1" "-o" "/opt/rustwide/target/debug/build/librocksdb-sys-3106bfd7c7226dd6/out/rocksdb/db/blob/blob_file_meta.o" "-c" "rocksdb/db/blob/blob_file_meta.cc"
[INFO] [stderr]   running: "c++" "-O0" "-ffunction-sections" "-fdata-sections" "-fPIC" "-gdwarf-4" "-fno-omit-frame-pointer" "-m64" "-I" "rocksdb/include/" "-I" "rocksdb/" "-I" "rocksdb/third-party/gtest-1.8.1/fused-src/" "-I" "lz4/lib/" "-I" "." "-Wall" "-Wextra" "-std=c++17" "-Wsign-compare" "-Wshadow" "-Wno-unused-parameter" "-Wno-unused-variable" "-Woverloaded-virtual" "-Wnon-virtual-dtor" "-Wno-missing-field-initializers" "-Wno-strict-aliasing" "-Wno-invalid-offsetof" "-msse2" "-std=c++17" "-DLZ4=1" "-DNDEBUG=1" "-DOS_LINUX" "-DROCKSDB_PLATFORM_POSIX" "-DROCKSDB_LIB_IO_POSIX" "-DROCKSDB_SUPPORT_THREAD_LOCAL" "-DHAVE_UINT128_EXTENSION=1" "-DHAVE_UINT128_EXTENSION=1" "-o" "/opt/rustwide/target/debug/build/librocksdb-sys-3106bfd7c7226dd6/out/rocksdb/db/blob/blob_file_reader.o" "-c" "rocksdb/db/blob/blob_file_reader.cc"
[INFO] [stderr]   exit status: 0
[INFO] [stderr]   exit status: 0
[INFO] [stderr]   exit status: 0
[INFO] [stderr]   running: "c++" "-O0" "-ffunction-sections" "-fdata-sections" "-fPIC" "-gdwarf-4" "-fno-omit-frame-pointer" "-m64" "-I" "rocksdb/include/" "-I" "rocksdb/" "-I" "rocksdb/third-party/gtest-1.8.1/fused-src/" "-I" "lz4/lib/" "-I" "." "-Wall" "-Wextra" "-std=c++17" "-Wsign-compare" "-Wshadow" "-Wno-unused-parameter" "-Wno-unused-variable" "-Woverloaded-virtual" "-Wnon-virtual-dtor" "-Wno-missing-field-initializers" "-Wno-strict-aliasing" "-Wno-invalid-offsetof" "-msse2" "-std=c++17" "-DLZ4=1" "-DNDEBUG=1" "-DOS_LINUX" "-DROCKSDB_PLATFORM_POSIX" "-DROCKSDB_LIB_IO_POSIX" "-DROCKSDB_SUPPORT_THREAD_LOCAL" "-DHAVE_UINT128_EXTENSION=1" "-DHAVE_UINT128_EXTENSION=1" "-o" "/opt/rustwide/target/debug/build/librocksdb-sys-3106bfd7c7226dd6/out/rocksdb/db/blob/blob_garbage_meter.o" "-c" "rocksdb/db/blob/blob_garbage_meter.cc"
[INFO] [stderr]   exit status: 0
[INFO] [stderr]   running: "c++" "-O0" "-ffunction-sections" "-fdata-sections" "-fPIC" "-gdwarf-4" "-fno-omit-frame-pointer" "-m64" "-I" "rocksdb/include/" "-I" "rocksdb/" "-I" "rocksdb/third-party/gtest-1.8.1/fused-src/" "-I" "lz4/lib/" "-I" "." "-Wall" "-Wextra" "-std=c++17" "-Wsign-compare" "-Wshadow" "-Wno-unused-parameter" "-Wno-unused-variable" "-Woverloaded-virtual" "-Wnon-virtual-dtor" "-Wno-missing-field-initializers" "-Wno-strict-aliasing" "-Wno-invalid-offsetof" "-msse2" "-std=c++17" "-DLZ4=1" "-DNDEBUG=1" "-DOS_LINUX" "-DROCKSDB_PLATFORM_POSIX" "-DROCKSDB_LIB_IO_POSIX" "-DROCKSDB_SUPPORT_THREAD_LOCAL" "-DHAVE_UINT128_EXTENSION=1" "-DHAVE_UINT128_EXTENSION=1" "-o" "/opt/rustwide/target/debug/build/librocksdb-sys-3106bfd7c7226dd6/out/rocksdb/db/blob/blob_log_format.o" "-c" "rocksdb/db/blob/blob_log_format.cc"
[INFO] [stderr]   running: "c++" "-O0" "-ffunction-sections" "-fdata-sections" "-fPIC" "-gdwarf-4" "-fno-omit-frame-pointer" "-m64" "-I" "rocksdb/include/" "-I" "rocksdb/" "-I" "rocksdb/third-party/gtest-1.8.1/fused-src/" "-I" "lz4/lib/" "-I" "." "-Wall" "-Wextra" "-std=c++17" "-Wsign-compare" "-Wshadow" "-Wno-unused-parameter" "-Wno-unused-variable" "-Woverloaded-virtual" "-Wnon-virtual-dtor" "-Wno-missing-field-initializers" "-Wno-strict-aliasing" "-Wno-invalid-offsetof" "-msse2" "-std=c++17" "-DLZ4=1" "-DNDEBUG=1" "-DOS_LINUX" "-DROCKSDB_PLATFORM_POSIX" "-DROCKSDB_LIB_IO_POSIX" "-DROCKSDB_SUPPORT_THREAD_LOCAL" "-DHAVE_UINT128_EXTENSION=1" "-DHAVE_UINT128_EXTENSION=1" "-o" "/opt/rustwide/target/debug/build/librocksdb-sys-3106bfd7c7226dd6/out/rocksdb/db/blob/blob_log_sequential_reader.o" "-c" "rocksdb/db/blob/blob_log_sequential_reader.cc"
[INFO] [stderr]   exit status: 0
[INFO] [stderr]   running: "c++" "-O0" "-ffunction-sections" "-fdata-sections" "-fPIC" "-gdwarf-4" "-fno-omit-frame-pointer" "-m64" "-I" "rocksdb/include/" "-I" "rocksdb/" "-I" "rocksdb/third-party/gtest-1.8.1/fused-src/" "-I" "lz4/lib/" "-I" "." "-Wall" "-Wextra" "-std=c++17" "-Wsign-compare" "-Wshadow" "-Wno-unused-parameter" "-Wno-unused-variable" "-Woverloaded-virtual" "-Wnon-virtual-dtor" "-Wno-missing-field-initializers" "-Wno-strict-aliasing" "-Wno-invalid-offsetof" "-msse2" "-std=c++17" "-DLZ4=1" "-DNDEBUG=1" "-DOS_LINUX" "-DROCKSDB_PLATFORM_POSIX" "-DROCKSDB_LIB_IO_POSIX" "-DROCKSDB_SUPPORT_THREAD_LOCAL" "-DHAVE_UINT128_EXTENSION=1" "-DHAVE_UINT128_EXTENSION=1" "-o" "/opt/rustwide/target/debug/build/librocksdb-sys-3106bfd7c7226dd6/out/rocksdb/db/blob/blob_log_writer.o" "-c" "rocksdb/db/blob/blob_log_writer.cc"
[INFO] [stderr]   running: "c++" "-O0" "-ffunction-sections" "-fdata-sections" "-fPIC" "-gdwarf-4" "-fno-omit-frame-pointer" "-m64" "-I" "rocksdb/include/" "-I" "rocksdb/" "-I" "rocksdb/third-party/gtest-1.8.1/fused-src/" "-I" "lz4/lib/" "-I" "." "-Wall" "-Wextra" "-std=c++17" "-Wsign-compare" "-Wshadow" "-Wno-unused-parameter" "-Wno-unused-variable" "-Woverloaded-virtual" "-Wnon-virtual-dtor" "-Wno-missing-field-initializers" "-Wno-strict-aliasing" "-Wno-invalid-offsetof" "-msse2" "-std=c++17" "-DLZ4=1" "-DNDEBUG=1" "-DOS_LINUX" "-DROCKSDB_PLATFORM_POSIX" "-DROCKSDB_LIB_IO_POSIX" "-DROCKSDB_SUPPORT_THREAD_LOCAL" "-DHAVE_UINT128_EXTENSION=1" "-DHAVE_UINT128_EXTENSION=1" "-o" "/opt/rustwide/target/debug/build/librocksdb-sys-3106bfd7c7226dd6/out/rocksdb/db/blob/blob_source.o" "-c" "rocksdb/db/blob/blob_source.cc"
[INFO] [stderr]   running: "c++" "-O0" "-ffunction-sections" "-fdata-sections" "-fPIC" "-gdwarf-4" "-fno-omit-frame-pointer" "-m64" "-I" "rocksdb/include/" "-I" "rocksdb/" "-I" "rocksdb/third-party/gtest-1.8.1/fused-src/" "-I" "lz4/lib/" "-I" "." "-Wall" "-Wextra" "-std=c++17" "-Wsign-compare" "-Wshadow" "-Wno-unused-parameter" "-Wno-unused-variable" "-Woverloaded-virtual" "-Wnon-virtual-dtor" "-Wno-missing-field-initializers" "-Wno-strict-aliasing" "-Wno-invalid-offsetof" "-msse2" "-std=c++17" "-DLZ4=1" "-DNDEBUG=1" "-DOS_LINUX" "-DROCKSDB_PLATFORM_POSIX" "-DROCKSDB_LIB_IO_POSIX" "-DROCKSDB_SUPPORT_THREAD_LOCAL" "-DHAVE_UINT128_EXTENSION=1" "-DHAVE_UINT128_EXTENSION=1" "-o" "/opt/rustwide/target/debug/build/librocksdb-sys-3106bfd7c7226dd6/out/rocksdb/db/blob/prefetch_buffer_collection.o" "-c" "rocksdb/db/blob/prefetch_buffer_collection.cc"
[INFO] [stderr]   exit status: 0
[INFO] [stderr]   exit status: 0
[INFO] [stderr]   running: "c++" "-O0" "-ffunction-sections" "-fdata-sections" "-fPIC" "-gdwarf-4" "-fno-omit-frame-pointer" "-m64" "-I" "rocksdb/include/" "-I" "rocksdb/" "-I" "rocksdb/third-party/gtest-1.8.1/fused-src/" "-I" "lz4/lib/" "-I" "." "-Wall" "-Wextra" "-std=c++17" "-Wsign-compare" "-Wshadow" "-Wno-unused-parameter" "-Wno-unused-variable" "-Woverloaded-virtual" "-Wnon-virtual-dtor" "-Wno-missing-field-initializers" "-Wno-strict-aliasing" "-Wno-invalid-offsetof" "-msse2" "-std=c++17" "-DLZ4=1" "-DNDEBUG=1" "-DOS_LINUX" "-DROCKSDB_PLATFORM_POSIX" "-DROCKSDB_LIB_IO_POSIX" "-DROCKSDB_SUPPORT_THREAD_LOCAL" "-DHAVE_UINT128_EXTENSION=1" "-DHAVE_UINT128_EXTENSION=1" "-o" "/opt/rustwide/target/debug/build/librocksdb-sys-3106bfd7c7226dd6/out/rocksdb/db/builder.o" "-c" "rocksdb/db/builder.cc"
[INFO] [stderr]   exit status: 0
[INFO] [stderr]   running: "c++" "-O0" "-ffunction-sections" "-fdata-sections" "-fPIC" "-gdwarf-4" "-fno-omit-frame-pointer" "-m64" "-I" "rocksdb/include/" "-I" "rocksdb/" "-I" "rocksdb/third-party/gtest-1.8.1/fused-src/" "-I" "lz4/lib/" "-I" "." "-Wall" "-Wextra" "-std=c++17" "-Wsign-compare" "-Wshadow" "-Wno-unused-parameter" "-Wno-unused-variable" "-Woverloaded-virtual" "-Wnon-virtual-dtor" "-Wno-missing-field-initializers" "-Wno-strict-aliasing" "-Wno-invalid-offsetof" "-msse2" "-std=c++17" "-DLZ4=1" "-DNDEBUG=1" "-DOS_LINUX" "-DROCKSDB_PLATFORM_POSIX" "-DROCKSDB_LIB_IO_POSIX" "-DROCKSDB_SUPPORT_THREAD_LOCAL" "-DHAVE_UINT128_EXTENSION=1" "-DHAVE_UINT128_EXTENSION=1" "-o" "/opt/rustwide/target/debug/build/librocksdb-sys-3106bfd7c7226dd6/out/rocksdb/db/c.o" "-c" "rocksdb/db/c.cc"
[INFO] [stderr]   running: "c++" "-O0" "-ffunction-sections" "-fdata-sections" "-fPIC" "-gdwarf-4" "-fno-omit-frame-pointer" "-m64" "-I" "rocksdb/include/" "-I" "rocksdb/" "-I" "rocksdb/third-party/gtest-1.8.1/fused-src/" "-I" "lz4/lib/" "-I" "." "-Wall" "-Wextra" "-std=c++17" "-Wsign-compare" "-Wshadow" "-Wno-unused-parameter" "-Wno-unused-variable" "-Woverloaded-virtual" "-Wnon-virtual-dtor" "-Wno-missing-field-initializers" "-Wno-strict-aliasing" "-Wno-invalid-offsetof" "-msse2" "-std=c++17" "-DLZ4=1" "-DNDEBUG=1" "-DOS_LINUX" "-DROCKSDB_PLATFORM_POSIX" "-DROCKSDB_LIB_IO_POSIX" "-DROCKSDB_SUPPORT_THREAD_LOCAL" "-DHAVE_UINT128_EXTENSION=1" "-DHAVE_UINT128_EXTENSION=1" "-o" "/opt/rustwide/target/debug/build/librocksdb-sys-3106bfd7c7226dd6/out/rocksdb/db/column_family.o" "-c" "rocksdb/db/column_family.cc"
[INFO] [stderr]   exit status: 0
[INFO] [stderr]   exit status: 0
[INFO] [stderr]   running: "c++" "-O0" "-ffunction-sections" "-fdata-sections" "-fPIC" "-gdwarf-4" "-fno-omit-frame-pointer" "-m64" "-I" "rocksdb/include/" "-I" "rocksdb/" "-I" "rocksdb/third-party/gtest-1.8.1/fused-src/" "-I" "lz4/lib/" "-I" "." "-Wall" "-Wextra" "-std=c++17" "-Wsign-compare" "-Wshadow" "-Wno-unused-parameter" "-Wno-unused-variable" "-Woverloaded-virtual" "-Wnon-virtual-dtor" "-Wno-missing-field-initializers" "-Wno-strict-aliasing" "-Wno-invalid-offsetof" "-msse2" "-std=c++17" "-DLZ4=1" "-DNDEBUG=1" "-DOS_LINUX" "-DROCKSDB_PLATFORM_POSIX" "-DROCKSDB_LIB_IO_POSIX" "-DROCKSDB_SUPPORT_THREAD_LOCAL" "-DHAVE_UINT128_EXTENSION=1" "-DHAVE_UINT128_EXTENSION=1" "-o" "/opt/rustwide/target/debug/build/librocksdb-sys-3106bfd7c7226dd6/out/rocksdb/db/compaction/compaction.o" "-c" "rocksdb/db/compaction/compaction.cc"
[INFO] [stderr]   exit status: 0
[INFO] [stderr]   running: "c++" "-O0" "-ffunction-sections" "-fdata-sections" "-fPIC" "-gdwarf-4" "-fno-omit-frame-pointer" "-m64" "-I" "rocksdb/include/" "-I" "rocksdb/" "-I" "rocksdb/third-party/gtest-1.8.1/fused-src/" "-I" "lz4/lib/" "-I" "." "-Wall" "-Wextra" "-std=c++17" "-Wsign-compare" "-Wshadow" "-Wno-unused-parameter" "-Wno-unused-variable" "-Woverloaded-virtual" "-Wnon-virtual-dtor" "-Wno-missing-field-initializers" "-Wno-strict-aliasing" "-Wno-invalid-offsetof" "-msse2" "-std=c++17" "-DLZ4=1" "-DNDEBUG=1" "-DOS_LINUX" "-DROCKSDB_PLATFORM_POSIX" "-DROCKSDB_LIB_IO_POSIX" "-DROCKSDB_SUPPORT_THREAD_LOCAL" "-DHAVE_UINT128_EXTENSION=1" "-DHAVE_UINT128_EXTENSION=1" "-o" "/opt/rustwide/target/debug/build/librocksdb-sys-3106bfd7c7226dd6/out/rocksdb/db/compaction/compaction_iterator.o" "-c" "rocksdb/db/compaction/compaction_iterator.cc"
[INFO] [stderr]   cargo:warning=c++: fatal error: Killed signal terminated program cc1plus
[INFO] [stderr]   cargo:warning=compilation terminated.
[INFO] [stderr]   exit status: 1
[INFO] [stderr]   running: "c++" "-O0" "-ffunction-sections" "-fdata-sections" "-fPIC" "-gdwarf-4" "-fno-omit-frame-pointer" "-m64" "-I" "rocksdb/include/" "-I" "rocksdb/" "-I" "rocksdb/third-party/gtest-1.8.1/fused-src/" "-I" "lz4/lib/" "-I" "." "-Wall" "-Wextra" "-std=c++17" "-Wsign-compare" "-Wshadow" "-Wno-unused-parameter" "-Wno-unused-variable" "-Woverloaded-virtual" "-Wnon-virtual-dtor" "-Wno-missing-field-initializers" "-Wno-strict-aliasing" "-Wno-invalid-offsetof" "-msse2" "-std=c++17" "-DLZ4=1" "-DNDEBUG=1" "-DOS_LINUX" "-DROCKSDB_PLATFORM_POSIX" "-DROCKSDB_LIB_IO_POSIX" "-DROCKSDB_SUPPORT_THREAD_LOCAL" "-DHAVE_UINT128_EXTENSION=1" "-DHAVE_UINT128_EXTENSION=1" "-o" "/opt/rustwide/target/debug/build/librocksdb-sys-3106bfd7c7226dd6/out/rocksdb/db/compaction/compaction_job.o" "-c" "rocksdb/db/compaction/compaction_job.cc"
[INFO] [stderr]   cargo:warning=c++: fatal error: Killed signal terminated program cc1plus
[INFO] [stderr]   cargo:warning=compilation terminated.
[INFO] [stderr]   exit status: 1
[INFO] [stderr]   exit status: 0
[INFO] [stderr]   exit status: 0
[INFO] [stderr]   exit status: 0
[INFO] [stderr]   cargo:warning=c++: fatal error: Killed signal terminated program cc1plus
[INFO] [stderr]   cargo:warning=compilation terminated.
[INFO] [stderr]   exit status: 1
[INFO] [stderr] 
[INFO] [stderr]   --- stderr
[INFO] [stderr]   error: 'rustfmt' is not installed for the toolchain '1.69.0-x86_64-unknown-linux-gnu'
[INFO] [stderr]   To install, run `rustup component add rustfmt --toolchain 1.69.0-x86_64-unknown-linux-gnu`
[INFO] [stderr]   Failed to run rustfmt: Internal rustfmt error (non-fatal, continuing)
[INFO] [stderr] 
[INFO] [stderr] 
[INFO] [stderr]   error occurred: Command "c++" "-O0" "-ffunction-sections" "-fdata-sections" "-fPIC" "-gdwarf-4" "-fno-omit-frame-pointer" "-m64" "-I" "rocksdb/include/" "-I" "rocksdb/" "-I" "rocksdb/third-party/gtest-1.8.1/fused-src/" "-I" "lz4/lib/" "-I" "." "-Wall" "-Wextra" "-std=c++17" "-Wsign-compare" "-Wshadow" "-Wno-unused-parameter" "-Wno-unused-variable" "-Woverloaded-virtual" "-Wnon-virtual-dtor" "-Wno-missing-field-initializers" "-Wno-strict-aliasing" "-Wno-invalid-offsetof" "-msse2" "-std=c++17" "-DLZ4=1" "-DNDEBUG=1" "-DOS_LINUX" "-DROCKSDB_PLATFORM_POSIX" "-DROCKSDB_LIB_IO_POSIX" "-DROCKSDB_SUPPORT_THREAD_LOCAL" "-DHAVE_UINT128_EXTENSION=1" "-DHAVE_UINT128_EXTENSION=1" "-o" "/opt/rustwide/target/debug/build/librocksdb-sys-3106bfd7c7226dd6/out/rocksdb/db/builder.o" "-c" "rocksdb/db/builder.cc" with args "c++" did not execute successfully (status code exit status: 1).
[INFO] [stderr] 
[INFO] [stderr] 
[INFO] [stderr] warning: build failed, waiting for other jobs to finish...
[INFO] running `Command { std: "docker" "inspect" "1733e1be08f6a7070c959b24e61758d7067c6448997fb814917ba17b39f046f7", kill_on_drop: false }`
[INFO] running `Command { std: "docker" "rm" "-f" "1733e1be08f6a7070c959b24e61758d7067c6448997fb814917ba17b39f046f7", kill_on_drop: false }`
[INFO] [stdout] 1733e1be08f6a7070c959b24e61758d7067c6448997fb814917ba17b39f046f7
