[INFO] fetching crate snarkos-storage 2.0.2...
[INFO] documenting snarkos-storage-2.0.2 against 1.69.0 for beta-1.70-rustdoc-1
[INFO] extracting crate snarkos-storage 2.0.2 into /workspace/builds/worker-2-tc1/source
[INFO] validating manifest of crates.io crate snarkos-storage 2.0.2 on toolchain 1.69.0
[INFO] running `Command { std: CARGO_HOME="/workspace/cargo-home" RUSTUP_HOME="/workspace/rustup-home" "/workspace/cargo-home/bin/cargo" "+1.69.0" "metadata" "--manifest-path" "Cargo.toml" "--no-deps", kill_on_drop: false }`
[INFO] started tweaking crates.io crate snarkos-storage 2.0.2
[INFO] finished tweaking crates.io crate snarkos-storage 2.0.2
[INFO] tweaked toml for crates.io crate snarkos-storage 2.0.2 written to /workspace/builds/worker-2-tc1/source/Cargo.toml
[INFO] running `Command { std: CARGO_HOME="/workspace/cargo-home" RUSTUP_HOME="/workspace/rustup-home" __CARGO_TEST_CHANNEL_OVERRIDE_DO_NOT_USE_THIS="nightly" "/workspace/cargo-home/bin/cargo" "+1.69.0" "generate-lockfile" "--manifest-path" "Cargo.toml" "-Zno-index-update", kill_on_drop: false }`
[INFO] running `Command { std: CARGO_HOME="/workspace/cargo-home" RUSTUP_HOME="/workspace/rustup-home" "/workspace/cargo-home/bin/cargo" "+1.69.0" "fetch" "--manifest-path" "Cargo.toml", kill_on_drop: false }`
[INFO] [stderr]  Downloading crates ...
[INFO] [stderr]   Downloaded aleo-std v0.1.15
[INFO] [stderr]   Downloaded aleo-std-timer v0.1.2
[INFO] [stderr]   Downloaded aleo-std-profiler v0.1.14
[INFO] [stderr]   Downloaded aleo-std-time v0.1.1
[INFO] [stderr]   Downloaded snarkvm-r1cs v0.8.0
[INFO] [stderr]   Downloaded snarkvm-profiler v0.8.0
[INFO] [stderr]   Downloaded snarkvm-fields v0.8.0
[INFO] [stderr]   Downloaded snarkvm-curves v0.8.0
[INFO] [stderr]   Downloaded base58 v0.2.0
[INFO] [stderr]   Downloaded rocksdb v0.18.0
[INFO] [stderr]   Downloaded circular-queue v0.2.6
[INFO] [stderr]   Downloaded snarkvm-polycommit v0.8.0
[INFO] [stderr]   Downloaded snarkvm-marlin v0.8.0
[INFO] [stderr]   Downloaded snarkvm-dpc v0.8.0
[INFO] [stderr]   Downloaded snarkvm-gadgets v0.8.0
[INFO] [stderr]   Downloaded aleo-std-timed v0.1.2
[INFO] [stderr]   Downloaded snarkvm v0.8.0
[INFO] [stderr]   Downloaded snarkvm-derives v0.8.0
[INFO] [stderr]   Downloaded snarkvm-utilities v0.8.0
[INFO] [stderr]   Downloaded snarkvm-algorithms v0.8.0
[INFO] [stderr]   Downloaded snarkvm-parameters v0.8.0
[INFO] [stderr]   Downloaded librocksdb-sys v0.6.3+6.28.2
[INFO] running `Command { std: "docker" "create" "-v" "/var/lib/crater-agent-workspace/builds/worker-2-tc1/target:/opt/rustwide/target:rw,Z" "-v" "/var/lib/crater-agent-workspace/builds/worker-2-tc1/source:/opt/rustwide/workdir:ro,Z" "-v" "/var/lib/crater-agent-workspace/cargo-home:/opt/rustwide/cargo-home:ro,Z" "-v" "/var/lib/crater-agent-workspace/rustup-home:/opt/rustwide/rustup-home:ro,Z" "-e" "SOURCE_DIR=/opt/rustwide/workdir" "-e" "CARGO_TARGET_DIR=/opt/rustwide/target" "-e" "CARGO_HOME=/opt/rustwide/cargo-home" "-e" "RUSTUP_HOME=/opt/rustwide/rustup-home" "-w" "/opt/rustwide/workdir" "-m" "1610612736" "--user" "0:0" "--network" "none" "ghcr.io/rust-lang/crates-build-env/linux@sha256:5ff2268d62e97bff2cde7d5815dd6ed5b47097566f13b8d0ca110b04b60e07ed" "/opt/rustwide/cargo-home/bin/cargo" "+1.69.0" "metadata" "--no-deps" "--format-version=1", kill_on_drop: false }`
[INFO] [stdout] 74f4fe23b12d4b43a90ec0acab76675d93438624a61530dcf1ed0d057b0639df
[INFO] running `Command { std: "docker" "start" "-a" "74f4fe23b12d4b43a90ec0acab76675d93438624a61530dcf1ed0d057b0639df", kill_on_drop: false }`
[INFO] running `Command { std: "docker" "inspect" "74f4fe23b12d4b43a90ec0acab76675d93438624a61530dcf1ed0d057b0639df", kill_on_drop: false }`
[INFO] running `Command { std: "docker" "rm" "-f" "74f4fe23b12d4b43a90ec0acab76675d93438624a61530dcf1ed0d057b0639df", kill_on_drop: false }`
[INFO] [stdout] 74f4fe23b12d4b43a90ec0acab76675d93438624a61530dcf1ed0d057b0639df
[INFO] running `Command { std: "docker" "create" "-v" "/var/lib/crater-agent-workspace/builds/worker-2-tc1/target:/opt/rustwide/target:rw,Z" "-v" "/var/lib/crater-agent-workspace/builds/worker-2-tc1/source:/opt/rustwide/workdir:ro,Z" "-v" "/var/lib/crater-agent-workspace/cargo-home:/opt/rustwide/cargo-home:ro,Z" "-v" "/var/lib/crater-agent-workspace/rustup-home:/opt/rustwide/rustup-home:ro,Z" "-e" "SOURCE_DIR=/opt/rustwide/workdir" "-e" "CARGO_TARGET_DIR=/opt/rustwide/target" "-e" "CARGO_INCREMENTAL=0" "-e" "RUST_BACKTRACE=full" "-e" "RUSTFLAGS=--cap-lints=warn" "-e" "RUSTDOCFLAGS=--cap-lints=warn" "-e" "CARGO_HOME=/opt/rustwide/cargo-home" "-e" "RUSTUP_HOME=/opt/rustwide/rustup-home" "-w" "/opt/rustwide/workdir" "-m" "1610612736" "--user" "0:0" "--network" "none" "ghcr.io/rust-lang/crates-build-env/linux@sha256:5ff2268d62e97bff2cde7d5815dd6ed5b47097566f13b8d0ca110b04b60e07ed" "/opt/rustwide/cargo-home/bin/cargo" "+1.69.0" "doc" "--frozen" "--no-deps" "--document-private-items" "--message-format=json", kill_on_drop: false }`
[INFO] [stdout] c017ca85cce7bcfc534a8d6732a5bfcb5ac8e22485d4de7351d61854e2df2590
[INFO] running `Command { std: "docker" "start" "-a" "c017ca85cce7bcfc534a8d6732a5bfcb5ac8e22485d4de7351d61854e2df2590", kill_on_drop: false }`
[INFO] [stderr]    Compiling crossbeam-utils v0.8.15
[INFO] [stderr]    Compiling proc-macro2 v0.4.30
[INFO] [stderr]    Compiling unicode-xid v0.1.0
[INFO] [stderr]    Compiling libc v0.2.142
[INFO] [stderr]    Compiling generic-array v0.14.7
[INFO] [stderr]    Compiling num-traits v0.2.15
[INFO] [stderr]    Compiling crossbeam-epoch v0.9.14
[INFO] [stderr]    Compiling num-integer v0.1.45
[INFO] [stderr]    Compiling syn v0.15.44
[INFO] [stderr]    Compiling rayon-core v1.11.0
[INFO] [stderr]    Compiling num-bigint v0.4.3
[INFO] [stderr]    Compiling syn v2.0.15
[INFO] [stderr]    Compiling syn v1.0.109
[INFO] [stderr]    Compiling proc-macro-error-attr v1.0.4
[INFO] [stderr]    Compiling anyhow v1.0.71
[INFO] [stderr]     Checking rand_chacha v0.3.1
[INFO] [stderr]     Checking aleo-std-profiler v0.1.14
[INFO] [stderr]     Checking aleo-std-timer v0.1.2
[INFO] [stderr]     Checking rand v0.8.5
[INFO] [stderr]     Checking smallvec v1.10.0
[INFO] [stderr]    Compiling glob v0.3.1
[INFO] [stderr]     Checking subtle v2.5.0
[INFO] [stderr]    Compiling memchr v2.5.0
[INFO] [stderr]     Checking fxhash v0.2.1
[INFO] [stderr]     Checking arrayref v0.3.7
[INFO] [stderr]    Compiling prettyplease v0.2.4
[INFO] [stderr]     Checking constant_time_eq v0.2.5
[INFO] [stderr]    Compiling ahash v0.7.6
[INFO] [stderr]    Compiling proc-macro-error v1.0.4
[INFO] [stderr]     Checking blake2s_simd v1.0.1
[INFO] [stderr]     Checking crossbeam-channel v0.5.8
[INFO] [stderr]     Checking snarkvm-profiler v0.8.0
[INFO] [stderr]    Compiling clang-sys v1.6.1
[INFO] [stderr]    Compiling minimal-lexical v0.2.1
[INFO] [stderr]    Compiling bindgen v0.65.1
[INFO] [stderr]    Compiling quote v0.6.13
[INFO] [stderr]     Checking crossbeam-deque v0.8.3
[INFO] [stderr]     Checking block-buffer v0.10.4
[INFO] [stderr]     Checking crypto-common v0.1.6
[INFO] [stderr]     Checking digest v0.9.0
[INFO] [stderr]     Checking crypto-mac v0.8.0
[INFO] [stderr]     Checking digest v0.10.6
[INFO] [stderr]    Compiling regex-syntax v0.7.1
[INFO] [stderr]    Compiling curl v0.4.44
[INFO] [stderr]    Compiling shlex v1.1.0
[INFO] [stderr]    Compiling paste v1.0.12
[INFO] [stderr]     Checking socket2 v0.4.9
[INFO] [stderr]     Checking blake2 v0.9.2
[INFO] [stderr]    Compiling jobserver v0.1.26
[INFO] [stderr]     Checking sha2 v0.10.6
[INFO] [stderr]    Compiling nom v7.1.3
[INFO] [stderr]     Checking hashbrown v0.11.2
[INFO] [stderr]    Compiling circular-queue v0.2.6
[INFO] [stderr]     Checking bech32 v0.8.1
[INFO] [stderr]    Compiling cc v1.0.79
[INFO] [stderr]     Checking base58 v0.2.0
[INFO] [stderr]     Checking parking_lot_core v0.9.7
[INFO] [stderr]     Checking time-core v0.1.0
[INFO] [stderr]     Checking rayon v1.7.0
[INFO] [stderr]     Checking time v0.3.20
[INFO] [stderr]     Checking parking_lot v0.12.1
[INFO] [stderr]    Compiling libz-sys v1.1.9
[INFO] [stderr]    Compiling openssl-sys v0.9.87
[INFO] [stderr]    Compiling curl-sys v0.4.61+curl-8.0.1
[INFO] [stderr]    Compiling bzip2-sys v0.1.11+1.0.8
[INFO] [stderr]    Compiling cexpr v0.6.0
[INFO] [stderr]    Compiling regex v1.8.1
[INFO] [stderr]    Compiling aleo-std-time v0.1.1
[INFO] [stderr]    Compiling serde_derive v1.0.160
[INFO] [stderr]    Compiling thiserror-impl v1.0.40
[INFO] [stderr]    Compiling tracing-attributes v0.1.24
[INFO] [stderr]    Compiling aleo-std-timed v0.1.2
[INFO] [stderr]    Compiling derivative v2.2.0
[INFO] [stderr]     Checking aleo-std v0.1.15
[INFO] [stderr]     Checking thiserror v1.0.40
[INFO] [stderr]     Checking tracing v0.1.37
[INFO] [stderr]    Compiling serde v1.0.160
[INFO] [stderr]    Compiling librocksdb-sys v0.6.3+6.28.2
[INFO] [stderr]     Checking bincode v1.3.3
[INFO] [stderr]     Checking serde_json v1.0.96
[INFO] [stderr]     Checking chrono v0.4.24
[INFO] [stderr]    Compiling toml v0.5.11
[INFO] [stderr]    Compiling proc-macro-crate v0.1.5
[INFO] [stderr]    Compiling snarkvm-derives v0.8.0
[INFO] [stderr]     Checking snarkvm-utilities v0.8.0
[INFO] [stdout] error[E0432]: unresolved import `aleo_std::Cpu`
[INFO] [stdout]   --> /opt/rustwide/cargo-home/registry/src/github.com-1ecc6299db9ec823/snarkvm-utilities-0.8.0/src/parallel.rs:74:9
[INFO] [stdout]    |
[INFO] [stdout] 74 |     use aleo_std::Cpu;
[INFO] [stdout]    |         ^^^^^^^^^^^^^ no `Cpu` in the root
[INFO] [stdout] 
[INFO] [stdout] 
[INFO] [stdout] error[E0425]: cannot find function `get_cpu` in crate `aleo_std`
[INFO] [stdout]   --> /opt/rustwide/cargo-home/registry/src/github.com-1ecc6299db9ec823/snarkvm-utilities-0.8.0/src/parallel.rs:76:21
[INFO] [stdout]    |
[INFO] [stdout] 76 |     match aleo_std::get_cpu() {
[INFO] [stdout]    |                     ^^^^^^^ not found in `aleo_std`
[INFO] [stdout] 
[INFO] [stdout] 
[INFO] [stdout] error: aborting due to 2 previous errors
[INFO] [stdout] 
[INFO] [stdout] 
[INFO] [stdout] Some errors have detailed explanations: E0425, E0432.
[INFO] [stdout] 
[INFO] [stderr] error: could not compile `snarkvm-utilities` due to 3 previous errors
[INFO] [stdout] For more information about an error, try `rustc --explain E0425`.
[INFO] [stdout] 
[INFO] [stderr] warning: build failed, waiting for other jobs to finish...
[ERROR] error running command: no output for 300 seconds
[INFO] running `Command { std: "docker" "inspect" "c017ca85cce7bcfc534a8d6732a5bfcb5ac8e22485d4de7351d61854e2df2590", kill_on_drop: false }`
[INFO] running `Command { std: "docker" "rm" "-f" "c017ca85cce7bcfc534a8d6732a5bfcb5ac8e22485d4de7351d61854e2df2590", kill_on_drop: false }`
[INFO] [stdout] c017ca85cce7bcfc534a8d6732a5bfcb5ac8e22485d4de7351d61854e2df2590
