[INFO] fetching crate sn_dysfunction 0.15.0...
[INFO] documenting sn_dysfunction-0.15.0 against 1.69.0 for beta-1.70-rustdoc-1
[INFO] extracting crate sn_dysfunction 0.15.0 into /workspace/builds/worker-6-tc1/source
[INFO] validating manifest of crates.io crate sn_dysfunction 0.15.0 on toolchain 1.69.0
[INFO] running `Command { std: CARGO_HOME="/workspace/cargo-home" RUSTUP_HOME="/workspace/rustup-home" "/workspace/cargo-home/bin/cargo" "+1.69.0" "metadata" "--manifest-path" "Cargo.toml" "--no-deps", kill_on_drop: false }`
[INFO] started tweaking crates.io crate sn_dysfunction 0.15.0
[INFO] finished tweaking crates.io crate sn_dysfunction 0.15.0
[INFO] tweaked toml for crates.io crate sn_dysfunction 0.15.0 written to /workspace/builds/worker-6-tc1/source/Cargo.toml
[INFO] running `Command { std: CARGO_HOME="/workspace/cargo-home" RUSTUP_HOME="/workspace/rustup-home" __CARGO_TEST_CHANNEL_OVERRIDE_DO_NOT_USE_THIS="nightly" "/workspace/cargo-home/bin/cargo" "+1.69.0" "generate-lockfile" "--manifest-path" "Cargo.toml" "-Zno-index-update", kill_on_drop: false }`
[INFO] running `Command { std: CARGO_HOME="/workspace/cargo-home" RUSTUP_HOME="/workspace/rustup-home" "/workspace/cargo-home/bin/cargo" "+1.69.0" "fetch" "--manifest-path" "Cargo.toml", kill_on_drop: false }`
[INFO] [stderr]  Downloading crates ...
[INFO] [stderr]   Downloaded custom_debug v0.5.1
[INFO] [stderr]   Downloaded quinn-udp v0.3.2
[INFO] [stderr]   Downloaded subtle-ng v2.5.0
[INFO] [stderr]   Downloaded xor_name v5.0.0
[INFO] [stderr]   Downloaded quinn v0.9.3
[INFO] [stderr]   Downloaded sn_sdkg v3.1.4
[INFO] [stderr]   Downloaded crdts v7.3.0
[INFO] [stderr]   Downloaded qp2p v0.34.0
[INFO] [stderr]   Downloaded blsttc v8.0.2
[INFO] [stderr]   Downloaded sn_consensus v3.5.2
[INFO] [stderr]   Downloaded custom_debug_derive v0.5.1
[INFO] [stderr]   Downloaded sn_dbc v8.4.0
[INFO] [stderr]   Downloaded quinn-proto v0.9.3
[INFO] [stderr]   Downloaded self_encryption v0.27.5
[INFO] [stderr]   Downloaded sn_interface v0.16.20
[INFO] [stderr]   Downloaded bulletproofs v4.0.0
[INFO] [stderr]   Downloaded curve25519-dalek-ng v4.1.1
[INFO] running `Command { std: "docker" "create" "-v" "/var/lib/crater-agent-workspace/builds/worker-6-tc1/target:/opt/rustwide/target:rw,Z" "-v" "/var/lib/crater-agent-workspace/builds/worker-6-tc1/source:/opt/rustwide/workdir:ro,Z" "-v" "/var/lib/crater-agent-workspace/cargo-home:/opt/rustwide/cargo-home:ro,Z" "-v" "/var/lib/crater-agent-workspace/rustup-home:/opt/rustwide/rustup-home:ro,Z" "-e" "SOURCE_DIR=/opt/rustwide/workdir" "-e" "CARGO_TARGET_DIR=/opt/rustwide/target" "-e" "CARGO_HOME=/opt/rustwide/cargo-home" "-e" "RUSTUP_HOME=/opt/rustwide/rustup-home" "-w" "/opt/rustwide/workdir" "-m" "1610612736" "--user" "0:0" "--network" "none" "ghcr.io/rust-lang/crates-build-env/linux@sha256:5ff2268d62e97bff2cde7d5815dd6ed5b47097566f13b8d0ca110b04b60e07ed" "/opt/rustwide/cargo-home/bin/cargo" "+1.69.0" "metadata" "--no-deps" "--format-version=1", kill_on_drop: false }`
[INFO] [stdout] 6bea881936399693cf3743579e626b688995e0547da92ba3c9cb6320e156a050
[INFO] running `Command { std: "docker" "start" "-a" "6bea881936399693cf3743579e626b688995e0547da92ba3c9cb6320e156a050", kill_on_drop: false }`
[INFO] running `Command { std: "docker" "inspect" "6bea881936399693cf3743579e626b688995e0547da92ba3c9cb6320e156a050", kill_on_drop: false }`
[INFO] running `Command { std: "docker" "rm" "-f" "6bea881936399693cf3743579e626b688995e0547da92ba3c9cb6320e156a050", kill_on_drop: false }`
[INFO] [stdout] 6bea881936399693cf3743579e626b688995e0547da92ba3c9cb6320e156a050
[INFO] running `Command { std: "docker" "create" "-v" "/var/lib/crater-agent-workspace/builds/worker-6-tc1/target:/opt/rustwide/target:rw,Z" "-v" "/var/lib/crater-agent-workspace/builds/worker-6-tc1/source:/opt/rustwide/workdir:ro,Z" "-v" "/var/lib/crater-agent-workspace/cargo-home:/opt/rustwide/cargo-home:ro,Z" "-v" "/var/lib/crater-agent-workspace/rustup-home:/opt/rustwide/rustup-home:ro,Z" "-e" "SOURCE_DIR=/opt/rustwide/workdir" "-e" "CARGO_TARGET_DIR=/opt/rustwide/target" "-e" "CARGO_INCREMENTAL=0" "-e" "RUST_BACKTRACE=full" "-e" "RUSTFLAGS=--cap-lints=warn" "-e" "RUSTDOCFLAGS=--cap-lints=warn" "-e" "CARGO_HOME=/opt/rustwide/cargo-home" "-e" "RUSTUP_HOME=/opt/rustwide/rustup-home" "-w" "/opt/rustwide/workdir" "-m" "1610612736" "--user" "0:0" "--network" "none" "ghcr.io/rust-lang/crates-build-env/linux@sha256:5ff2268d62e97bff2cde7d5815dd6ed5b47097566f13b8d0ca110b04b60e07ed" "/opt/rustwide/cargo-home/bin/cargo" "+1.69.0" "doc" "--frozen" "--no-deps" "--document-private-items" "--message-format=json", kill_on_drop: false }`
[INFO] [stdout] 013bb8099d0fcc88234cf9e3262f897a80af8f45acbcdafa9576578ef3f224dd
[INFO] running `Command { std: "docker" "start" "-a" "013bb8099d0fcc88234cf9e3262f897a80af8f45acbcdafa9576578ef3f224dd", kill_on_drop: false }`
[INFO] [stderr]    Compiling serde v1.0.160
[INFO] [stderr]    Compiling radium v0.7.0
[INFO] [stderr]     Checking tap v1.0.1
[INFO] [stderr]    Compiling crunchy v0.2.2
[INFO] [stderr]     Checking subtle v2.5.0
[INFO] [stderr]     Checking funty v2.0.0
[INFO] [stderr]    Compiling tiny-keccak v2.0.2
[INFO] [stderr]    Compiling syn v2.0.15
[INFO] [stderr]    Compiling syn v1.0.109
[INFO] [stderr]     Checking ring v0.16.20
[INFO] [stderr]     Checking tracing-core v0.1.30
[INFO] [stderr]    Compiling crossbeam-utils v0.8.15
[INFO] [stderr]     Checking byteorder v1.4.3
[INFO] [stderr]     Checking rand_xorshift v0.3.0
[INFO] [stderr]    Compiling memoffset v0.8.0
[INFO] [stderr]    Compiling blst v0.3.10
[INFO] [stderr]     Checking wyz v0.5.1
[INFO] [stderr]    Compiling futures-core v0.3.28
[INFO] [stderr]     Checking threadpool v1.8.1
[INFO] [stderr]    Compiling crossbeam-epoch v0.9.14
[INFO] [stderr]    Compiling rustls v0.20.8
[INFO] [stderr]    Compiling unicode-xid v0.2.4
[INFO] [stderr]    Compiling futures-channel v0.3.28
[INFO] [stderr]     Checking block-padding v0.2.1
[INFO] [stderr]     Checking hex v0.4.3
[INFO] [stderr]     Checking block-padding v0.3.3
[INFO] [stderr]    Compiling tokio v1.28.0
[INFO] [stderr]     Checking futures-sink v0.3.28
[INFO] [stderr]     Checking block-buffer v0.9.0
[INFO] [stderr]     Checking byte-slice-cast v1.2.2
[INFO] [stderr]     Checking crypto-common v0.1.6
[INFO] [stderr]     Checking inout v0.1.3
[INFO] [stderr]    Compiling clear_on_drop v0.2.5
[INFO] [stderr]     Checking bitvec v1.0.1
[INFO] [stderr]     Checking hex_fmt v0.3.0
[INFO] [stderr]    Compiling rayon-core v1.11.0
[INFO] [stderr]    Compiling serde_test v1.0.160
[INFO] [stderr]     Checking keccak v0.1.3
[INFO] [stderr]     Checking time v0.3.20
[INFO] [stderr]     Checking cipher v0.4.4
[INFO] [stderr]    Compiling err-derive v0.3.1
[INFO] [stderr]     Checking crossbeam-channel v0.5.8
[INFO] [stderr]    Compiling data-encoding v2.3.3
[INFO] [stderr]     Checking either v1.8.1
[INFO] [stderr]    Compiling serde_json v1.0.96
[INFO] [stderr]     Checking subtle-ng v2.5.0
[INFO] [stderr]     Checking sha3 v0.9.1
[INFO] [stderr]     Checking signature v1.6.4
[INFO] [stderr]     Checking crossbeam-deque v0.8.3
[INFO] [stderr]     Checking regex-syntax v0.7.1
[INFO] [stderr]    Compiling eyre v0.6.8
[INFO] [stderr]     Checking itertools v0.10.5
[INFO] [stderr]     Checking rmp v0.8.11
[INFO] [stderr]     Checking sct v0.7.0
[INFO] [stderr]     Checking webpki v0.22.0
[INFO] [stderr]     Checking yasna v0.5.2
[INFO] [stderr]     Checking cbc v0.1.2
[INFO] [stderr]     Checking aes v0.8.2
[INFO] [stderr]     Checking tracing-log v0.1.3
[INFO] [stderr]     Checking sha2 v0.9.9
[INFO] [stderr]     Checking base-x v0.2.11
[INFO] [stderr]     Checking indenter v0.3.3
[INFO] [stderr]     Checking arrayvec v0.7.2
[INFO] [stderr]     Checking strum v0.24.1
[INFO] [stderr]     Checking uluru v3.0.0
[INFO] [stderr]     Checking rayon v1.7.0
[INFO] [stderr]     Checking rcgen v0.9.3
[INFO] [stderr]     Checking regex v1.8.1
[INFO] [stderr]     Checking ff v0.12.1
[INFO] [stderr]     Checking group v0.12.1
[INFO] [stderr]     Checking pairing v0.22.0
[INFO] [stderr]    Compiling synstructure v0.12.6
[INFO] [stderr]    Compiling proc-macro-error v1.0.4
[INFO] [stderr]    Compiling data-encoding-macro-internal v0.1.10
[INFO] [stderr]    Compiling custom_debug_derive v0.5.1
[INFO] [stderr]    Compiling strum_macros v0.24.3
[INFO] [stderr]    Compiling serde_derive v1.0.160
[INFO] [stderr]    Compiling zeroize_derive v1.4.2
[INFO] [stderr]    Compiling thiserror-impl v1.0.40
[INFO] [stderr]    Compiling tracing-attributes v0.1.24
[INFO] [stderr]    Compiling futures-macro v0.3.28
[INFO] [stderr]    Compiling tokio-macros v2.1.0
[INFO] [stderr]     Checking data-encoding-macro v0.1.12
[INFO] [stderr]     Checking multibase v0.9.1
[INFO] [stderr]     Checking custom_debug v0.5.1
[INFO] [stderr]     Checking zeroize v1.6.0
[INFO] [stderr]     Checking merlin v3.0.0
[INFO] [stderr]     Checking curve25519-dalek v3.2.0
[INFO] [stderr]     Checking futures-util v0.3.28
[INFO] [stderr]     Checking thiserror v1.0.40
[INFO] [stderr]     Checking tracing v0.1.37
[INFO] [stderr]     Checking futures-executor v0.3.28
[INFO] [stderr]     Checking futures v0.3.28
[INFO] [stderr]     Checking bytes v1.4.0
[INFO] [stderr]     Checking bincode v1.3.3
[INFO] [stderr]     Checking blstrs v0.6.1
[INFO] [stderr]     Checking curve25519-dalek-ng v4.1.1
[INFO] [stderr]     Checking serde_bytes v0.11.9
[INFO] [stderr]     Checking tracing-serde v0.1.3
[INFO] [stderr]     Checking crdts v7.3.0
[INFO] [stderr]     Checking rmp-serde v1.1.1
[INFO] [stderr]     Checking ed25519 v1.5.3
[INFO] [stderr]     Checking quinn-proto v0.9.3
[INFO] [stderr]     Checking ed25519-dalek v1.0.1
[INFO] [stderr]     Checking bulletproofs v4.0.0
[INFO] [stderr]     Checking xor_name v5.0.0
[INFO] [stderr]     Checking blsttc v8.0.2
[INFO] [stderr]     Checking tracing-subscriber v0.3.17
[INFO] [stderr]     Checking sn_consensus v3.5.2
[INFO] [stderr]     Checking sn_sdkg v3.1.4
[INFO] [stderr]     Checking sn_dbc v8.4.0
[INFO] [stderr]     Checking quinn-udp v0.3.2
[INFO] [stderr]     Checking quinn v0.9.3
[INFO] [stderr]     Checking self_encryption v0.27.5
[INFO] [stderr]     Checking qp2p v0.34.0
[INFO] [stderr]     Checking sn_interface v0.16.20
[INFO] [stdout] error[E0433]: failed to resolve: could not find `bls_ringct` in `sn_dbc`
[INFO] [stdout]   --> /opt/rustwide/cargo-home/registry/src/github.com-1ecc6299db9ec823/sn_interface-0.16.20/src/dbcs.rs:10:5
[INFO] [stdout]    |
[INFO] [stdout] 10 |     bls_ringct::{bls_bulletproofs::PedersenGens, group::Curve},
[INFO] [stdout]    |     ^^^^^^^^^^ could not find `bls_ringct` in `sn_dbc`
[INFO] [stdout] 
[INFO] [stdout] 
[INFO] [stdout] error[E0432]: unresolved imports `sn_dbc::MlsagMaterial`, `sn_dbc::TrueInput`
[INFO] [stdout]   --> /opt/rustwide/cargo-home/registry/src/github.com-1ecc6299db9ec823/sn_interface-0.16.20/src/dbcs.rs:11:44
[INFO] [stdout]    |
[INFO] [stdout] 11 |     rng, Dbc, Hash, IndexedSignatureShare, MlsagMaterial, Owner, OwnerOnce, RevealedCommitment,
[INFO] [stdout]    |                                            ^^^^^^^^^^^^^ no `MlsagMaterial` in the root
[INFO] [stdout] 12 |     SpentProofContent, SpentProofShare, Token, TransactionBuilder, TrueInput,
[INFO] [stdout]    |                                                                    ^^^^^^^^^ no `TrueInput` in the root
[INFO] [stdout] 
[INFO] [stdout] 
[INFO] [stdout] error[E0432]: unresolved imports `sn_dbc::KeyImage`, `sn_dbc::RingCtTransaction`
[INFO] [stdout]   --> /opt/rustwide/cargo-home/registry/src/github.com-1ecc6299db9ec823/sn_interface-0.16.20/src/messaging/data/spentbook.rs:16:14
[INFO] [stdout]    |
[INFO] [stdout] 16 | use sn_dbc::{KeyImage, RingCtTransaction, SpentProof};
[INFO] [stdout]    |              ^^^^^^^^  ^^^^^^^^^^^^^^^^^ no `RingCtTransaction` in the root
[INFO] [stdout]    |              |
[INFO] [stdout]    |              no `KeyImage` in the root
[INFO] [stdout] 
[INFO] [stdout] 
[INFO] [stdout] error[E0432]: unresolved import `sn_dbc::RingCtTransaction`
[INFO] [stdout]   --> /opt/rustwide/cargo-home/registry/src/github.com-1ecc6299db9ec823/sn_interface-0.16.20/src/network_knowledge/section_keys.rs:13:46
[INFO] [stdout]    |
[INFO] [stdout] 13 |     Commitment, Hash, IndexedSignatureShare, RingCtTransaction, SpentProofContent, SpentProofShare,
[INFO] [stdout]    |                                              ^^^^^^^^^^^^^^^^^ no `RingCtTransaction` in the root
[INFO] [stdout] 
[INFO] [stdout] 
[INFO] [stdout] error[E0560]: struct `SpentProofContent` has no field named `key_image`
[INFO] [stdout]   --> /opt/rustwide/cargo-home/registry/src/github.com-1ecc6299db9ec823/sn_interface-0.16.20/src/dbcs.rs:88:9
[INFO] [stdout]    |
[INFO] [stdout] 88 |         key_image,
[INFO] [stdout]    |         ^^^^^^^^^ `SpentProofContent` does not have this field
[INFO] [stdout]    |
[INFO] [stdout]    = note: available fields are: `public_key`, `transaction_hash`, `public_commitment`
[INFO] [stdout] 
[INFO] [stdout] 
[INFO] [stdout] error[E0560]: struct `SpentProofContent` has no field named `public_commitments`
[INFO] [stdout]   --> /opt/rustwide/cargo-home/registry/src/github.com-1ecc6299db9ec823/sn_interface-0.16.20/src/dbcs.rs:90:9
[INFO] [stdout]    |
[INFO] [stdout] 90 |         public_commitments: vec![revealed_commitment
[INFO] [stdout]    |         ^^^^^^^^^^^^^^^^^^ help: a field with a similar name exists: `public_commitment`
[INFO] [stdout] 
[INFO] [stdout] 
[INFO] [stdout] error[E0599]: no method named `to_affine` found for struct `curve25519_dalek_ng::ristretto::RistrettoPoint` in the current scope
[INFO] [stdout]   --> /opt/rustwide/cargo-home/registry/src/github.com-1ecc6299db9ec823/sn_interface-0.16.20/src/dbcs.rs:92:14
[INFO] [stdout]    |
[INFO] [stdout] 90 |           public_commitments: vec![revealed_commitment
[INFO] [stdout]    |  __________________________________-
[INFO] [stdout] 91 | |             .commit(&PedersenGens::default())
[INFO] [stdout] 92 | |             .to_affine()],
[INFO] [stdout]    | |             -^^^^^^^^^ method not found in `RistrettoPoint`
[INFO] [stdout]    | |_____________|
[INFO] [stdout]    | 
[INFO] [stdout] 
[INFO] [stdout] 
[INFO] [stdout] error[E0560]: struct `SpentProofContent` has no field named `key_image`
[INFO] [stdout]    --> /opt/rustwide/cargo-home/registry/src/github.com-1ecc6299db9ec823/sn_interface-0.16.20/src/network_knowledge/section_keys.rs:115:9
[INFO] [stdout]     |
[INFO] [stdout] 115 |         key_image: *key_image,
[INFO] [stdout]     |         ^^^^^^^^^ `SpentProofContent` does not have this field
[INFO] [stdout]     |
[INFO] [stdout]     = note: available fields are: `public_key`, `transaction_hash`, `public_commitment`
[INFO] [stdout] 
[INFO] [stdout] 
[INFO] [stdout] error[E0560]: struct `SpentProofContent` has no field named `public_commitments`
[INFO] [stdout]    --> /opt/rustwide/cargo-home/registry/src/github.com-1ecc6299db9ec823/sn_interface-0.16.20/src/network_knowledge/section_keys.rs:117:9
[INFO] [stdout]     |
[INFO] [stdout] 117 |         public_commitments,
[INFO] [stdout]     |         ^^^^^^^^^^^^^^^^^^ help: a field with a similar name exists: `public_commitment`
[INFO] [stdout] 
[INFO] [stdout] 
[INFO] [stdout] error: aborting due to 9 previous errors
[INFO] [stdout] 
[INFO] [stdout] 
[INFO] [stdout] Some errors have detailed explanations: E0432, E0433, E0560, E0599.
[INFO] [stdout] 
[INFO] [stdout] For more information about an error, try `rustc --explain E0432`.
[INFO] [stdout] 
[INFO] [stderr] error: could not compile `sn_interface` due to 10 previous errors
[INFO] running `Command { std: "docker" "inspect" "013bb8099d0fcc88234cf9e3262f897a80af8f45acbcdafa9576578ef3f224dd", kill_on_drop: false }`
[INFO] running `Command { std: "docker" "rm" "-f" "013bb8099d0fcc88234cf9e3262f897a80af8f45acbcdafa9576578ef3f224dd", kill_on_drop: false }`
[INFO] [stdout] 013bb8099d0fcc88234cf9e3262f897a80af8f45acbcdafa9576578ef3f224dd
