[INFO] fetching crate sixtyfps-rendering-backend-default 0.1.6...
[INFO] documenting sixtyfps-rendering-backend-default-0.1.6 against 1.69.0 for beta-1.70-rustdoc-1
[INFO] extracting crate sixtyfps-rendering-backend-default 0.1.6 into /workspace/builds/worker-1-tc1/source
[INFO] validating manifest of crates.io crate sixtyfps-rendering-backend-default 0.1.6 on toolchain 1.69.0
[INFO] running `Command { std: CARGO_HOME="/workspace/cargo-home" RUSTUP_HOME="/workspace/rustup-home" "/workspace/cargo-home/bin/cargo" "+1.69.0" "metadata" "--manifest-path" "Cargo.toml" "--no-deps", kill_on_drop: false }`
[INFO] started tweaking crates.io crate sixtyfps-rendering-backend-default 0.1.6
[INFO] finished tweaking crates.io crate sixtyfps-rendering-backend-default 0.1.6
[INFO] tweaked toml for crates.io crate sixtyfps-rendering-backend-default 0.1.6 written to /workspace/builds/worker-1-tc1/source/Cargo.toml
[INFO] running `Command { std: CARGO_HOME="/workspace/cargo-home" RUSTUP_HOME="/workspace/rustup-home" __CARGO_TEST_CHANNEL_OVERRIDE_DO_NOT_USE_THIS="nightly" "/workspace/cargo-home/bin/cargo" "+1.69.0" "generate-lockfile" "--manifest-path" "Cargo.toml" "-Zno-index-update", kill_on_drop: false }`
[INFO] running `Command { std: CARGO_HOME="/workspace/cargo-home" RUSTUP_HOME="/workspace/rustup-home" "/workspace/cargo-home/bin/cargo" "+1.69.0" "fetch" "--manifest-path" "Cargo.toml", kill_on_drop: false }`
[INFO] [stderr]     Blocking waiting for file lock on package cache
[INFO] [stderr]  Downloading crates ...
[INFO] [stderr]   Downloaded unicode-general-category v0.4.0
[INFO] [stderr]   Downloaded fontdb v0.7.0
[INFO] [stderr]   Downloaded const-field-offset v0.1.3
[INFO] [stderr]   Downloaded ouroboros v0.14.2
[INFO] [stderr]   Downloaded wayland-egl v0.29.5
[INFO] [stderr]   Downloaded auto_enums_derive v0.7.12
[INFO] [stderr]   Downloaded pin-weak v1.1.0
[INFO] [stderr]   Downloaded sixtyfps-corelib-macros v0.1.6
[INFO] [stderr]   Downloaded const-field-offset-macro v0.1.3
[INFO] [stderr]   Downloaded rctree v0.4.0
[INFO] [stderr]   Downloaded ouroboros_macro v0.14.2
[INFO] [stderr]   Downloaded sixtyfps-common v0.1.6
[INFO] [stderr]   Downloaded auto_enums_core v0.7.12
[INFO] [stderr]   Downloaded svgtypes v0.8.2
[INFO] [stderr]   Downloaded vtable-macro v0.1.10
[INFO] [stderr]   Downloaded memmap2 v0.3.1
[INFO] [stderr]   Downloaded ttf-parser v0.14.0
[INFO] [stderr]   Downloaded auto_enums v0.7.12
[INFO] [stderr]   Downloaded lyon_algorithms v0.17.7
[INFO] [stderr]   Downloaded vtable v0.1.10
[INFO] [stderr]   Downloaded pico-args v0.4.2
[INFO] [stderr]   Downloaded glutin v0.28.0
[INFO] [stderr]   Downloaded calloop v0.9.3
[INFO] [stderr]   Downloaded imgref v1.9.4
[INFO] [stderr]   Downloaded femtovg v0.2.10
[INFO] [stderr]   Downloaded sixtyfps-corelib v0.1.6
[INFO] [stderr]   Downloaded smithay-client-toolkit v0.15.4
[INFO] [stderr]   Downloaded usvg v0.20.0
[INFO] [stderr]   Downloaded tiny-skia v0.6.6
[INFO] [stderr]   Downloaded rustybuzz v0.4.0
[INFO] [stderr]   Downloaded resvg v0.20.0
[INFO] [stderr]   Downloaded sixtyfps-rendering-backend-gl v0.1.6
[INFO] [stderr]   Downloaded sixtyfps-rendering-backend-qt v0.1.6
[INFO] running `Command { std: "docker" "create" "-v" "/var/lib/crater-agent-workspace/builds/worker-1-tc1/target:/opt/rustwide/target:rw,Z" "-v" "/var/lib/crater-agent-workspace/builds/worker-1-tc1/source:/opt/rustwide/workdir:ro,Z" "-v" "/var/lib/crater-agent-workspace/cargo-home:/opt/rustwide/cargo-home:ro,Z" "-v" "/var/lib/crater-agent-workspace/rustup-home:/opt/rustwide/rustup-home:ro,Z" "-e" "SOURCE_DIR=/opt/rustwide/workdir" "-e" "CARGO_TARGET_DIR=/opt/rustwide/target" "-e" "CARGO_HOME=/opt/rustwide/cargo-home" "-e" "RUSTUP_HOME=/opt/rustwide/rustup-home" "-w" "/opt/rustwide/workdir" "-m" "1610612736" "--user" "0:0" "--network" "none" "ghcr.io/rust-lang/crates-build-env/linux@sha256:5ff2268d62e97bff2cde7d5815dd6ed5b47097566f13b8d0ca110b04b60e07ed" "/opt/rustwide/cargo-home/bin/cargo" "+1.69.0" "metadata" "--no-deps" "--format-version=1", kill_on_drop: false }`
[INFO] [stdout] 60b3501dc723dcda300ba5443bede0b22b80b0c9f7193737635a87d87a04e017
[INFO] running `Command { std: "docker" "start" "-a" "60b3501dc723dcda300ba5443bede0b22b80b0c9f7193737635a87d87a04e017", kill_on_drop: false }`
[INFO] running `Command { std: "docker" "inspect" "60b3501dc723dcda300ba5443bede0b22b80b0c9f7193737635a87d87a04e017", kill_on_drop: false }`
[INFO] running `Command { std: "docker" "rm" "-f" "60b3501dc723dcda300ba5443bede0b22b80b0c9f7193737635a87d87a04e017", kill_on_drop: false }`
[INFO] [stdout] 60b3501dc723dcda300ba5443bede0b22b80b0c9f7193737635a87d87a04e017
[INFO] running `Command { std: "docker" "create" "-v" "/var/lib/crater-agent-workspace/builds/worker-1-tc1/target:/opt/rustwide/target:rw,Z" "-v" "/var/lib/crater-agent-workspace/builds/worker-1-tc1/source:/opt/rustwide/workdir:ro,Z" "-v" "/var/lib/crater-agent-workspace/cargo-home:/opt/rustwide/cargo-home:ro,Z" "-v" "/var/lib/crater-agent-workspace/rustup-home:/opt/rustwide/rustup-home:ro,Z" "-e" "SOURCE_DIR=/opt/rustwide/workdir" "-e" "CARGO_TARGET_DIR=/opt/rustwide/target" "-e" "CARGO_INCREMENTAL=0" "-e" "RUST_BACKTRACE=full" "-e" "RUSTFLAGS=--cap-lints=warn" "-e" "RUSTDOCFLAGS=--cap-lints=warn" "-e" "CARGO_HOME=/opt/rustwide/cargo-home" "-e" "RUSTUP_HOME=/opt/rustwide/rustup-home" "-w" "/opt/rustwide/workdir" "-m" "1610612736" "--user" "0:0" "--network" "none" "ghcr.io/rust-lang/crates-build-env/linux@sha256:5ff2268d62e97bff2cde7d5815dd6ed5b47097566f13b8d0ca110b04b60e07ed" "/opt/rustwide/cargo-home/bin/cargo" "+1.69.0" "doc" "--frozen" "--no-deps" "--document-private-items" "--message-format=json", kill_on_drop: false }`
[INFO] [stdout] ce05cacf05ce4a5d13067ddb0ccc5e8263c0eb3d54b2c0d75cddf76f3f997904
[INFO] running `Command { std: "docker" "start" "-a" "ce05cacf05ce4a5d13067ddb0ccc5e8263c0eb3d54b2c0d75cddf76f3f997904", kill_on_drop: false }`
[INFO] [stderr]    Compiling syn v1.0.109
[INFO] [stderr]    Compiling rustversion v1.0.12
[INFO] [stderr]    Compiling unicode-segmentation v1.10.1
[INFO] [stderr]    Compiling atomic-polyfill v1.0.2
[INFO] [stderr]    Compiling atomic-polyfill v0.1.11
[INFO] [stderr]     Checking once_cell v1.17.1
[INFO] [stderr]    Compiling auto_enums_derive v0.7.12
[INFO] [stderr]    Compiling slab v0.4.8
[INFO] [stderr]     Checking rgb v0.8.36
[INFO] [stderr]     Checking sixtyfps-common v0.1.6
[INFO] [stderr]     Checking pin-weak v1.1.0
[INFO] [stderr]    Compiling sixtyfps-rendering-backend-default v0.1.6 (/opt/rustwide/workdir)
[INFO] [stderr]    Compiling field-offset v0.3.5
[INFO] [stderr]    Compiling const-field-offset-macro v0.1.3
[INFO] [stderr]    Compiling vtable-macro v0.1.10
[INFO] [stderr]     Checking euclid v0.22.9
[INFO] [stderr]     Checking static_assertions v1.1.0
[INFO] [stdout] error[E0432]: unresolved import `num_traits::real`
[INFO] [stdout]   --> /opt/rustwide/cargo-home/registry/src/github.com-1ecc6299db9ec823/euclid-0.22.9/src/angle.rs:16:17
[INFO] [stdout]    |
[INFO] [stdout] 16 | use num_traits::real::Real;
[INFO] [stdout]    |                 ^^^^ could not find `real` in `num_traits`
[INFO] [stdout] 
[INFO] [stdout] 
[INFO] [stdout] error[E0432]: unresolved import `num_traits::Float`
[INFO] [stdout]   --> /opt/rustwide/cargo-home/registry/src/github.com-1ecc6299db9ec823/euclid-0.22.9/src/angle.rs:17:18
[INFO] [stdout]    |
[INFO] [stdout] 17 | use num_traits::{Float, FloatConst, NumCast, One, Zero};
[INFO] [stdout]    |                  ^^^^^
[INFO] [stdout]    |                  |
[INFO] [stdout]    |                  no `Float` in the root
[INFO] [stdout]    |                  help: a similar name exists in the module (notice the capitalization): `float`
[INFO] [stdout] 
[INFO] [stdout] 
[INFO] [stdout] error[E0432]: unresolved import `num_traits::Float`
[INFO] [stdout]   --> /opt/rustwide/cargo-home/registry/src/github.com-1ecc6299db9ec823/euclid-0.22.9/src/box2d.rs:20:27
[INFO] [stdout]    |
[INFO] [stdout] 20 | use num_traits::{NumCast, Float};
[INFO] [stdout]    |                           ^^^^^
[INFO] [stdout]    |                           |
[INFO] [stdout]    |                           no `Float` in the root
[INFO] [stdout]    |                           help: a similar name exists in the module (notice the capitalization): `float`
[INFO] [stdout] 
[INFO] [stdout] 
[INFO] [stdout] error[E0432]: unresolved import `num_traits::Float`
[INFO] [stdout]   --> /opt/rustwide/cargo-home/registry/src/github.com-1ecc6299db9ec823/euclid-0.22.9/src/box3d.rs:18:27
[INFO] [stdout]    |
[INFO] [stdout] 18 | use num_traits::{NumCast, Float};
[INFO] [stdout]    |                           ^^^^^
[INFO] [stdout]    |                           |
[INFO] [stdout]    |                           no `Float` in the root
[INFO] [stdout]    |                           help: a similar name exists in the module (notice the capitalization): `float`
[INFO] [stdout] 
[INFO] [stdout] 
[INFO] [stdout] error[E0432]: unresolved import `num_traits::real`
[INFO] [stdout]   --> /opt/rustwide/cargo-home/registry/src/github.com-1ecc6299db9ec823/euclid-0.22.9/src/point.rs:25:17
[INFO] [stdout]    |
[INFO] [stdout] 25 | use num_traits::real::Real;
[INFO] [stdout]    |                 ^^^^ could not find `real` in `num_traits`
[INFO] [stdout] 
[INFO] [stdout] 
[INFO] [stdout] error[E0432]: unresolved import `num_traits::Float`
[INFO] [stdout]   --> /opt/rustwide/cargo-home/registry/src/github.com-1ecc6299db9ec823/euclid-0.22.9/src/point.rs:26:18
[INFO] [stdout]    |
[INFO] [stdout] 26 | use num_traits::{Float, NumCast, Euclid};
[INFO] [stdout]    |                  ^^^^^
[INFO] [stdout]    |                  |
[INFO] [stdout]    |                  no `Float` in the root
[INFO] [stdout]    |                  help: a similar name exists in the module (notice the capitalization): `float`
[INFO] [stdout] 
[INFO] [stdout] 
[INFO] [stdout] error[E0432]: unresolved import `num_traits::Float`
[INFO] [stdout]   --> /opt/rustwide/cargo-home/registry/src/github.com-1ecc6299db9ec823/euclid-0.22.9/src/rect.rs:19:27
[INFO] [stdout]    |
[INFO] [stdout] 19 | use num_traits::{NumCast, Float};
[INFO] [stdout]    |                           ^^^^^
[INFO] [stdout]    |                           |
[INFO] [stdout]    |                           no `Float` in the root
[INFO] [stdout]    |                           help: a similar name exists in the module (notice the capitalization): `float`
[INFO] [stdout] 
[INFO] [stdout] 
[INFO] [stdout] error[E0432]: unresolved import `num_traits::real`
[INFO] [stdout]  --> /opt/rustwide/cargo-home/registry/src/github.com-1ecc6299db9ec823/euclid-0.22.9/src/rigid.rs:8:17
[INFO] [stdout]   |
[INFO] [stdout] 8 | use num_traits::real::Real;
[INFO] [stdout]   |                 ^^^^ could not find `real` in `num_traits`
[INFO] [stdout] 
[INFO] [stdout] 
[INFO] [stdout] error[E0432]: unresolved import `num_traits::real`
[INFO] [stdout]   --> /opt/rustwide/cargo-home/registry/src/github.com-1ecc6299db9ec823/euclid-0.22.9/src/rotation.rs:19:17
[INFO] [stdout]    |
[INFO] [stdout] 19 | use num_traits::real::Real;
[INFO] [stdout]    |                 ^^^^ could not find `real` in `num_traits`
[INFO] [stdout] 
[INFO] [stdout] 
[INFO] [stdout] error[E0432]: unresolved import `num_traits::Float`
[INFO] [stdout]   --> /opt/rustwide/cargo-home/registry/src/github.com-1ecc6299db9ec823/euclid-0.22.9/src/size.rs:26:35
[INFO] [stdout]    |
[INFO] [stdout] 26 | use num_traits::{NumCast, Signed, Float};
[INFO] [stdout]    |                                   ^^^^^
[INFO] [stdout]    |                                   |
[INFO] [stdout]    |                                   no `Float` in the root
[INFO] [stdout]    |                                   help: a similar name exists in the module (notice the capitalization): `float`
[INFO] [stdout] 
[INFO] [stdout] 
[INFO] [stdout] error[E0432]: unresolved import `num_traits::real`
[INFO] [stdout]   --> /opt/rustwide/cargo-home/registry/src/github.com-1ecc6299db9ec823/euclid-0.22.9/src/vector.rs:30:17
[INFO] [stdout]    |
[INFO] [stdout] 30 | use num_traits::real::Real;
[INFO] [stdout]    |                 ^^^^ could not find `real` in `num_traits`
[INFO] [stdout] 
[INFO] [stdout] 
[INFO] [stdout] error[E0432]: unresolved import `num_traits::Float`
[INFO] [stdout]   --> /opt/rustwide/cargo-home/registry/src/github.com-1ecc6299db9ec823/euclid-0.22.9/src/vector.rs:31:18
[INFO] [stdout]    |
[INFO] [stdout] 31 | use num_traits::{Float, NumCast, Signed};
[INFO] [stdout]    |                  ^^^^^
[INFO] [stdout]    |                  |
[INFO] [stdout]    |                  no `Float` in the root
[INFO] [stdout]    |                  help: a similar name exists in the module (notice the capitalization): `float`
[INFO] [stdout] 
[INFO] [stdout] 
[INFO] [stdout] error[E0433]: failed to resolve: could not find `Float` in `num_traits`
[INFO] [stdout]   --> /opt/rustwide/cargo-home/registry/src/github.com-1ecc6299db9ec823/euclid-0.22.9/src/approxeq.rs:35:29
[INFO] [stdout]    |
[INFO] [stdout] 35 |                 num_traits::Float::abs(*self - *other) < *approx_epsilon
[INFO] [stdout]    |                             ^^^^^ could not find `Float` in `num_traits`
[INFO] [stdout] ...
[INFO] [stdout] 41 | approx_eq!(f32, 1.0e-6);
[INFO] [stdout]    | ----------------------- in this macro invocation
[INFO] [stdout]    |
[INFO] [stdout]    = note: this error originates in the macro `approx_eq` (in Nightly builds, run with -Z macro-backtrace for more info)
[INFO] [stdout] 
[INFO] [stdout] 
[INFO] [stdout] error[E0433]: failed to resolve: could not find `Float` in `num_traits`
[INFO] [stdout]   --> /opt/rustwide/cargo-home/registry/src/github.com-1ecc6299db9ec823/euclid-0.22.9/src/approxeq.rs:35:29
[INFO] [stdout]    |
[INFO] [stdout] 35 |                 num_traits::Float::abs(*self - *other) < *approx_epsilon
[INFO] [stdout]    |                             ^^^^^ could not find `Float` in `num_traits`
[INFO] [stdout] ...
[INFO] [stdout] 42 | approx_eq!(f64, 1.0e-6);
[INFO] [stdout]    | ----------------------- in this macro invocation
[INFO] [stdout]    |
[INFO] [stdout]    = note: this error originates in the macro `approx_eq` (in Nightly builds, run with -Z macro-backtrace for more info)
[INFO] [stdout] 
[INFO] [stdout] 
[INFO] [stdout] error[E0433]: failed to resolve: could not find `Float` in `num_traits`
[INFO] [stdout]    --> /opt/rustwide/cargo-home/registry/src/github.com-1ecc6299db9ec823/euclid-0.22.9/src/num.rs:107:29
[INFO] [stdout]     |
[INFO] [stdout] 107 |                 num_traits::Float::floor(self)
[INFO] [stdout]     |                             ^^^^^ could not find `Float` in `num_traits`
[INFO] [stdout] ...
[INFO] [stdout] 127 | num_float!(f32);
[INFO] [stdout]     | --------------- in this macro invocation
[INFO] [stdout]     |
[INFO] [stdout]     = note: this error originates in the macro `num_float` (in Nightly builds, run with -Z macro-backtrace for more info)
[INFO] [stdout] 
[INFO] [stdout] 
[INFO] [stdout] error[E0433]: failed to resolve: could not find `Float` in `num_traits`
[INFO] [stdout]    --> /opt/rustwide/cargo-home/registry/src/github.com-1ecc6299db9ec823/euclid-0.22.9/src/num.rs:113:29
[INFO] [stdout]     |
[INFO] [stdout] 113 |                 num_traits::Float::ceil(self)
[INFO] [stdout]     |                             ^^^^^ could not find `Float` in `num_traits`
[INFO] [stdout] ...
[INFO] [stdout] 127 | num_float!(f32);
[INFO] [stdout]     | --------------- in this macro invocation
[INFO] [stdout]     |
[INFO] [stdout]     = note: this error originates in the macro `num_float` (in Nightly builds, run with -Z macro-backtrace for more info)
[INFO] [stdout] 
[INFO] [stdout] 
[INFO] [stdout] error[E0433]: failed to resolve: could not find `Float` in `num_traits`
[INFO] [stdout]    --> /opt/rustwide/cargo-home/registry/src/github.com-1ecc6299db9ec823/euclid-0.22.9/src/num.rs:107:29
[INFO] [stdout]     |
[INFO] [stdout] 107 |                 num_traits::Float::floor(self)
[INFO] [stdout]     |                             ^^^^^ could not find `Float` in `num_traits`
[INFO] [stdout] ...
[INFO] [stdout] 128 | num_float!(f64);
[INFO] [stdout]     | --------------- in this macro invocation
[INFO] [stdout]     |
[INFO] [stdout]     = note: this error originates in the macro `num_float` (in Nightly builds, run with -Z macro-backtrace for more info)
[INFO] [stdout] 
[INFO] [stdout] 
[INFO] [stdout] error[E0433]: failed to resolve: could not find `Float` in `num_traits`
[INFO] [stdout]    --> /opt/rustwide/cargo-home/registry/src/github.com-1ecc6299db9ec823/euclid-0.22.9/src/num.rs:113:29
[INFO] [stdout]     |
[INFO] [stdout] 113 |                 num_traits::Float::ceil(self)
[INFO] [stdout]     |                             ^^^^^ could not find `Float` in `num_traits`
[INFO] [stdout] ...
[INFO] [stdout] 128 | num_float!(f64);
[INFO] [stdout]     | --------------- in this macro invocation
[INFO] [stdout]     |
[INFO] [stdout]     = note: this error originates in the macro `num_float` (in Nightly builds, run with -Z macro-backtrace for more info)
[INFO] [stdout] 
[INFO] [stdout] 
[INFO] [stdout] error[E0433]: failed to resolve: could not find `Float` in `num_traits`
[INFO] [stdout]   --> /opt/rustwide/cargo-home/registry/src/github.com-1ecc6299db9ec823/euclid-0.22.9/src/trig.rs:25:29
[INFO] [stdout]    |
[INFO] [stdout] 25 |                 num_traits::Float::sin(self)
[INFO] [stdout]    |                             ^^^^^ could not find `Float` in `num_traits`
[INFO] [stdout] ...
[INFO] [stdout] 79 | trig!(f32);
[INFO] [stdout]    | ---------- in this macro invocation
[INFO] [stdout]    |
[INFO] [stdout]    = note: this error originates in the macro `trig` (in Nightly builds, run with -Z macro-backtrace for more info)
[INFO] [stdout] 
[INFO] [stdout] 
[INFO] [stdout] error[E0433]: failed to resolve: could not find `Float` in `num_traits`
[INFO] [stdout]   --> /opt/rustwide/cargo-home/registry/src/github.com-1ecc6299db9ec823/euclid-0.22.9/src/trig.rs:29:29
[INFO] [stdout]    |
[INFO] [stdout] 29 |                 num_traits::Float::cos(self)
[INFO] [stdout]    |                             ^^^^^ could not find `Float` in `num_traits`
[INFO] [stdout] ...
[INFO] [stdout] 79 | trig!(f32);
[INFO] [stdout]    | ---------- in this macro invocation
[INFO] [stdout]    |
[INFO] [stdout]    = note: this error originates in the macro `trig` (in Nightly builds, run with -Z macro-backtrace for more info)
[INFO] [stdout] 
[INFO] [stdout] 
[INFO] [stdout] error[E0433]: failed to resolve: could not find `Float` in `num_traits`
[INFO] [stdout]   --> /opt/rustwide/cargo-home/registry/src/github.com-1ecc6299db9ec823/euclid-0.22.9/src/trig.rs:33:29
[INFO] [stdout]    |
[INFO] [stdout] 33 |                 num_traits::Float::tan(self)
[INFO] [stdout]    |                             ^^^^^ could not find `Float` in `num_traits`
[INFO] [stdout] ...
[INFO] [stdout] 79 | trig!(f32);
[INFO] [stdout]    | ---------- in this macro invocation
[INFO] [stdout]    |
[INFO] [stdout]    = note: this error originates in the macro `trig` (in Nightly builds, run with -Z macro-backtrace for more info)
[INFO] [stdout] 
[INFO] [stdout] 
[INFO] [stdout] error[E0433]: failed to resolve: could not find `Float` in `num_traits`
[INFO] [stdout]   --> /opt/rustwide/cargo-home/registry/src/github.com-1ecc6299db9ec823/euclid-0.22.9/src/trig.rs:47:41
[INFO] [stdout]    |
[INFO] [stdout] 47 |                 let x_abs = num_traits::Float::abs(x);
[INFO] [stdout]    |                                         ^^^^^ could not find `Float` in `num_traits`
[INFO] [stdout] ...
[INFO] [stdout] 79 | trig!(f32);
[INFO] [stdout]    | ---------- in this macro invocation
[INFO] [stdout]    |
[INFO] [stdout]    = note: this error originates in the macro `trig` (in Nightly builds, run with -Z macro-backtrace for more info)
[INFO] [stdout] 
[INFO] [stdout] 
[INFO] [stdout] error[E0433]: failed to resolve: could not find `Float` in `num_traits`
[INFO] [stdout]   --> /opt/rustwide/cargo-home/registry/src/github.com-1ecc6299db9ec823/euclid-0.22.9/src/trig.rs:48:41
[INFO] [stdout]    |
[INFO] [stdout] 48 |                 let y_abs = num_traits::Float::abs(y);
[INFO] [stdout]    |                                         ^^^^^ could not find `Float` in `num_traits`
[INFO] [stdout] ...
[INFO] [stdout] 79 | trig!(f32);
[INFO] [stdout]    | ---------- in this macro invocation
[INFO] [stdout]    |
[INFO] [stdout]    = note: this error originates in the macro `trig` (in Nightly builds, run with -Z macro-backtrace for more info)
[INFO] [stdout] 
[INFO] [stdout] 
[INFO] [stdout] error[E0433]: failed to resolve: could not find `Float` in `num_traits`
[INFO] [stdout]   --> /opt/rustwide/cargo-home/registry/src/github.com-1ecc6299db9ec823/euclid-0.22.9/src/trig.rs:25:29
[INFO] [stdout]    |
[INFO] [stdout] 25 |                 num_traits::Float::sin(self)
[INFO] [stdout]    |                             ^^^^^ could not find `Float` in `num_traits`
[INFO] [stdout] ...
[INFO] [stdout] 80 | trig!(f64);
[INFO] [stdout]    | ---------- in this macro invocation
[INFO] [stdout]    |
[INFO] [stdout]    = note: this error originates in the macro `trig` (in Nightly builds, run with -Z macro-backtrace for more info)
[INFO] [stdout] 
[INFO] [stdout] 
[INFO] [stdout] error[E0433]: failed to resolve: could not find `Float` in `num_traits`
[INFO] [stdout]   --> /opt/rustwide/cargo-home/registry/src/github.com-1ecc6299db9ec823/euclid-0.22.9/src/trig.rs:29:29
[INFO] [stdout]    |
[INFO] [stdout] 29 |                 num_traits::Float::cos(self)
[INFO] [stdout]    |                             ^^^^^ could not find `Float` in `num_traits`
[INFO] [stdout] ...
[INFO] [stdout] 80 | trig!(f64);
[INFO] [stdout]    | ---------- in this macro invocation
[INFO] [stdout]    |
[INFO] [stdout]    = note: this error originates in the macro `trig` (in Nightly builds, run with -Z macro-backtrace for more info)
[INFO] [stdout] 
[INFO] [stdout] 
[INFO] [stdout] error[E0433]: failed to resolve: could not find `Float` in `num_traits`
[INFO] [stdout]   --> /opt/rustwide/cargo-home/registry/src/github.com-1ecc6299db9ec823/euclid-0.22.9/src/trig.rs:33:29
[INFO] [stdout]    |
[INFO] [stdout] 33 |                 num_traits::Float::tan(self)
[INFO] [stdout]    |                             ^^^^^ could not find `Float` in `num_traits`
[INFO] [stdout] ...
[INFO] [stdout] 80 | trig!(f64);
[INFO] [stdout]    | ---------- in this macro invocation
[INFO] [stdout]    |
[INFO] [stdout]    = note: this error originates in the macro `trig` (in Nightly builds, run with -Z macro-backtrace for more info)
[INFO] [stdout] 
[INFO] [stdout] 
[INFO] [stdout] error[E0433]: failed to resolve: could not find `Float` in `num_traits`
[INFO] [stdout]   --> /opt/rustwide/cargo-home/registry/src/github.com-1ecc6299db9ec823/euclid-0.22.9/src/trig.rs:47:41
[INFO] [stdout]    |
[INFO] [stdout] 47 |                 let x_abs = num_traits::Float::abs(x);
[INFO] [stdout]    |                                         ^^^^^ could not find `Float` in `num_traits`
[INFO] [stdout] ...
[INFO] [stdout] 80 | trig!(f64);
[INFO] [stdout]    | ---------- in this macro invocation
[INFO] [stdout]    |
[INFO] [stdout]    = note: this error originates in the macro `trig` (in Nightly builds, run with -Z macro-backtrace for more info)
[INFO] [stdout] 
[INFO] [stdout] 
[INFO] [stdout] error[E0433]: failed to resolve: could not find `Float` in `num_traits`
[INFO] [stdout]   --> /opt/rustwide/cargo-home/registry/src/github.com-1ecc6299db9ec823/euclid-0.22.9/src/trig.rs:48:41
[INFO] [stdout]    |
[INFO] [stdout] 48 |                 let y_abs = num_traits::Float::abs(y);
[INFO] [stdout]    |                                         ^^^^^ could not find `Float` in `num_traits`
[INFO] [stdout] ...
[INFO] [stdout] 80 | trig!(f64);
[INFO] [stdout]    | ---------- in this macro invocation
[INFO] [stdout]    |
[INFO] [stdout]    = note: this error originates in the macro `trig` (in Nightly builds, run with -Z macro-backtrace for more info)
[INFO] [stdout] 
[INFO] [stdout] 
[INFO] [stdout] error: aborting due to 28 previous errors
[INFO] [stdout] 
[INFO] [stdout] 
[INFO] [stdout] Some errors have detailed explanations: E0432, E0433.
[INFO] [stdout] 
[INFO] [stdout] For more information about an error, try `rustc --explain E0432`.
[INFO] [stdout] 
[INFO] [stderr] error: could not compile `euclid` due to 29 previous errors
[INFO] [stderr] warning: build failed, waiting for other jobs to finish...
[INFO] running `Command { std: "docker" "inspect" "ce05cacf05ce4a5d13067ddb0ccc5e8263c0eb3d54b2c0d75cddf76f3f997904", kill_on_drop: false }`
[INFO] running `Command { std: "docker" "rm" "-f" "ce05cacf05ce4a5d13067ddb0ccc5e8263c0eb3d54b2c0d75cddf76f3f997904", kill_on_drop: false }`
[INFO] [stdout] ce05cacf05ce4a5d13067ddb0ccc5e8263c0eb3d54b2c0d75cddf76f3f997904
