[INFO] fetching crate seiri 2.0.12...
[INFO] documenting seiri-2.0.12 against 1.69.0 for beta-1.70-rustdoc-1
[INFO] extracting crate seiri 2.0.12 into /workspace/builds/worker-7-tc1/source
[INFO] validating manifest of crates.io crate seiri 2.0.12 on toolchain 1.69.0
[INFO] running `Command { std: CARGO_HOME="/workspace/cargo-home" RUSTUP_HOME="/workspace/rustup-home" "/workspace/cargo-home/bin/cargo" "+1.69.0" "metadata" "--manifest-path" "Cargo.toml" "--no-deps", kill_on_drop: false }`
[INFO] started tweaking crates.io crate seiri 2.0.12
[INFO] finished tweaking crates.io crate seiri 2.0.12
[INFO] tweaked toml for crates.io crate seiri 2.0.12 written to /workspace/builds/worker-7-tc1/source/Cargo.toml
[INFO] running `Command { std: CARGO_HOME="/workspace/cargo-home" RUSTUP_HOME="/workspace/rustup-home" __CARGO_TEST_CHANNEL_OVERRIDE_DO_NOT_USE_THIS="nightly" "/workspace/cargo-home/bin/cargo" "+1.69.0" "generate-lockfile" "--manifest-path" "Cargo.toml" "-Zno-index-update", kill_on_drop: false }`
[INFO] running `Command { std: CARGO_HOME="/workspace/cargo-home" RUSTUP_HOME="/workspace/rustup-home" "/workspace/cargo-home/bin/cargo" "+1.69.0" "fetch" "--manifest-path" "Cargo.toml", kill_on_drop: false }`
[INFO] [stderr]  Downloading crates ...
[INFO] [stderr]   Downloaded r2d2_sqlite v0.17.0
[INFO] [stderr]   Downloaded libkatatsuki-sys v1.0.11
[INFO] [stderr]   Downloaded imagesize v0.8.8
[INFO] [stderr]   Downloaded katatsuki v1.0.11
[INFO] running `Command { std: "docker" "create" "-v" "/var/lib/crater-agent-workspace/builds/worker-7-tc1/target:/opt/rustwide/target:rw,Z" "-v" "/var/lib/crater-agent-workspace/builds/worker-7-tc1/source:/opt/rustwide/workdir:ro,Z" "-v" "/var/lib/crater-agent-workspace/cargo-home:/opt/rustwide/cargo-home:ro,Z" "-v" "/var/lib/crater-agent-workspace/rustup-home:/opt/rustwide/rustup-home:ro,Z" "-e" "SOURCE_DIR=/opt/rustwide/workdir" "-e" "CARGO_TARGET_DIR=/opt/rustwide/target" "-e" "CARGO_HOME=/opt/rustwide/cargo-home" "-e" "RUSTUP_HOME=/opt/rustwide/rustup-home" "-w" "/opt/rustwide/workdir" "-m" "1610612736" "--user" "0:0" "--network" "none" "ghcr.io/rust-lang/crates-build-env/linux@sha256:5ff2268d62e97bff2cde7d5815dd6ed5b47097566f13b8d0ca110b04b60e07ed" "/opt/rustwide/cargo-home/bin/cargo" "+1.69.0" "metadata" "--no-deps" "--format-version=1", kill_on_drop: false }`
[INFO] [stdout] c678dc2f4e57f3dca214ecb643076727ffe507b819f1c4d63bbb7ceed8f93d6d
[INFO] running `Command { std: "docker" "start" "-a" "c678dc2f4e57f3dca214ecb643076727ffe507b819f1c4d63bbb7ceed8f93d6d", kill_on_drop: false }`
[INFO] running `Command { std: "docker" "inspect" "c678dc2f4e57f3dca214ecb643076727ffe507b819f1c4d63bbb7ceed8f93d6d", kill_on_drop: false }`
[INFO] running `Command { std: "docker" "rm" "-f" "c678dc2f4e57f3dca214ecb643076727ffe507b819f1c4d63bbb7ceed8f93d6d", kill_on_drop: false }`
[INFO] [stdout] c678dc2f4e57f3dca214ecb643076727ffe507b819f1c4d63bbb7ceed8f93d6d
[INFO] running `Command { std: "docker" "create" "-v" "/var/lib/crater-agent-workspace/builds/worker-7-tc1/target:/opt/rustwide/target:rw,Z" "-v" "/var/lib/crater-agent-workspace/builds/worker-7-tc1/source:/opt/rustwide/workdir:ro,Z" "-v" "/var/lib/crater-agent-workspace/cargo-home:/opt/rustwide/cargo-home:ro,Z" "-v" "/var/lib/crater-agent-workspace/rustup-home:/opt/rustwide/rustup-home:ro,Z" "-e" "SOURCE_DIR=/opt/rustwide/workdir" "-e" "CARGO_TARGET_DIR=/opt/rustwide/target" "-e" "CARGO_INCREMENTAL=0" "-e" "RUST_BACKTRACE=full" "-e" "RUSTFLAGS=--cap-lints=warn" "-e" "RUSTDOCFLAGS=--cap-lints=warn" "-e" "CARGO_HOME=/opt/rustwide/cargo-home" "-e" "RUSTUP_HOME=/opt/rustwide/rustup-home" "-w" "/opt/rustwide/workdir" "-m" "1610612736" "--user" "0:0" "--network" "none" "ghcr.io/rust-lang/crates-build-env/linux@sha256:5ff2268d62e97bff2cde7d5815dd6ed5b47097566f13b8d0ca110b04b60e07ed" "/opt/rustwide/cargo-home/bin/cargo" "+1.69.0" "doc" "--frozen" "--no-deps" "--document-private-items" "--message-format=json", kill_on_drop: false }`
[INFO] [stdout] ad6f559f8d3c4ead15a3d0a31b6c26070161a6ebe061b8a7e93187544657b430
[INFO] running `Command { std: "docker" "start" "-a" "ad6f559f8d3c4ead15a3d0a31b6c26070161a6ebe061b8a7e93187544657b430", kill_on_drop: false }`
[INFO] [stderr]    Compiling unicode-width v0.1.10
[INFO] [stderr]    Compiling bindgen v0.56.0
[INFO] [stderr]    Compiling nom v5.1.3
[INFO] [stderr]    Compiling clang-sys v1.6.1
[INFO] [stderr]    Compiling libloading v0.7.4
[INFO] [stderr]    Compiling termcolor v1.2.0
[INFO] [stderr]    Compiling strsim v0.8.0
[INFO] [stderr]    Compiling humantime v2.1.0
[INFO] [stderr]    Compiling atty v0.2.14
[INFO] [stderr]    Compiling ansi_term v0.12.1
[INFO] [stderr]    Compiling vec_map v0.8.2
[INFO] [stderr]    Compiling which v3.1.1
[INFO] [stderr]    Compiling lazycell v1.3.0
[INFO] [stderr]    Compiling peeking_take_while v0.1.2
[INFO] [stderr]    Compiling shlex v0.1.1
[INFO] [stderr]    Compiling rustc-hash v1.1.0
[INFO] [stderr]    Compiling textwrap v0.11.0
[INFO] [stderr]    Compiling libsqlite3-sys v0.20.1
[INFO] [stderr]    Compiling cmake v0.1.50
[INFO] [stderr]     Checking ahash v0.4.7
[INFO] [stderr]    Compiling syn v1.0.109
[INFO] [stderr]     Checking scheduled-thread-pool v0.2.7
[INFO] [stderr]    Compiling num-traits v0.2.15
[INFO] [stderr]     Checking fallible-streaming-iterator v0.1.9
[INFO] [stderr]    Compiling env_logger v0.8.4
[INFO] [stderr]    Compiling clap v2.34.0
[INFO] [stderr]     Checking hashbrown v0.9.1
[INFO] [stderr]     Checking fallible-iterator v0.2.0
[INFO] [stderr]     Checking rand_chacha v0.2.2
[INFO] [stderr]     Checking r2d2 v0.8.10
[INFO] [stderr]     Checking chrono v0.4.24
[INFO] [stderr]     Checking xdg v2.5.0
[INFO] [stderr]    Compiling syn v2.0.15
[INFO] [stderr]     Checking dirs-sys v0.3.7
[INFO] [stderr]     Checking either v1.8.1
[INFO] [stderr]     Checking imagesize v0.8.8
[INFO] [stderr]     Checking app_dirs v1.2.1
[INFO] [stderr]     Checking dirs v3.0.2
[INFO] [stderr]     Checking rand v0.7.3
[INFO] [stderr]     Checking itertools v0.9.0
[INFO] [stderr]     Checking toml v0.5.11
[INFO] [stderr]     Checking quick-error v2.0.1
[INFO] [stderr]     Checking hashlink v0.6.0
[INFO] [stderr]    Compiling cexpr v0.4.0
[INFO] [stderr]    Compiling serde_derive v1.0.160
[INFO] [stderr]    Compiling enum-primitive-derive v0.2.2
[INFO] [stderr]    Compiling libkatatsuki-sys v1.0.11
[INFO] [stderr] error: failed to run custom build command for `libkatatsuki-sys v1.0.11`
[INFO] [stderr] note: To improve backtraces for build dependencies, set the CARGO_PROFILE_DEV_BUILD_OVERRIDE_DEBUG=true environment variable to enable debug information generation.
[INFO] [stderr] 
[INFO] [stderr] Caused by:
[INFO] [stderr]   process didn't exit successfully: `/opt/rustwide/target/debug/build/libkatatsuki-sys-328b5cfb60fcebf0/build-script-build` (exit status: 101)
[INFO] [stderr]   --- stdout
[INFO] [stderr]   CMAKE_TOOLCHAIN_FILE_x86_64-unknown-linux-gnu = None
[INFO] [stderr]   CMAKE_TOOLCHAIN_FILE_x86_64_unknown_linux_gnu = None
[INFO] [stderr]   HOST_CMAKE_TOOLCHAIN_FILE = None
[INFO] [stderr]   CMAKE_TOOLCHAIN_FILE = None
[INFO] [stderr]   CMAKE_GENERATOR_x86_64-unknown-linux-gnu = None
[INFO] [stderr]   CMAKE_GENERATOR_x86_64_unknown_linux_gnu = None
[INFO] [stderr]   HOST_CMAKE_GENERATOR = None
[INFO] [stderr]   CMAKE_GENERATOR = None
[INFO] [stderr]   CMAKE_PREFIX_PATH_x86_64-unknown-linux-gnu = None
[INFO] [stderr]   CMAKE_PREFIX_PATH_x86_64_unknown_linux_gnu = None
[INFO] [stderr]   HOST_CMAKE_PREFIX_PATH = None
[INFO] [stderr]   CMAKE_PREFIX_PATH = None
[INFO] [stderr]   CMAKE_x86_64-unknown-linux-gnu = None
[INFO] [stderr]   CMAKE_x86_64_unknown_linux_gnu = None
[INFO] [stderr]   HOST_CMAKE = None
[INFO] [stderr]   CMAKE = None
[INFO] [stderr]   running: cd "/opt/rustwide/target/debug/build/libkatatsuki-sys-567327242214cc9c/out/build" && CMAKE_PREFIX_PATH="" "cmake" "-Wdev" "--debug-output" "/opt/rustwide/cargo-home/registry/src/github.com-1ecc6299db9ec823/libkatatsuki-sys-1.0.11/libkatatsuki" "-DCMAKE_INSTALL_PREFIX=/opt/rustwide/target/debug/build/libkatatsuki-sys-567327242214cc9c/out" "-DCMAKE_C_FLAGS= -lstdc++ -ffunction-sections -fdata-sections -fPIC -m64" "-DCMAKE_C_COMPILER=/usr/bin/cc" "-DCMAKE_CXX_FLAGS= -std=c++1z -lstdc++ -ffunction-sections -fdata-sections -fPIC -m64" "-DCMAKE_CXX_COMPILER=/usr/bin/c++" "-DCMAKE_ASM_FLAGS= -ffunction-sections -fdata-sections -fPIC -m64" "-DCMAKE_ASM_COMPILER=/usr/bin/cc" "-DCMAKE_BUILD_TYPE=Release" "-DCMAKE_VERBOSE_MAKEFILE:BOOL=ON"
[INFO] [stderr]   Running with debug output on.
[INFO] [stderr]   -- The C compiler identification is GNU 11.3.0
[INFO] [stderr]      Called from: [3]	/usr/share/cmake-3.22/Modules/CMakeDetermineCompilerId.cmake
[INFO] [stderr]                   [2]	/usr/share/cmake-3.22/Modules/CMakeDetermineCCompiler.cmake
[INFO] [stderr]                   [1]	/opt/rustwide/cargo-home/registry/src/github.com-1ecc6299db9ec823/libkatatsuki-sys-1.0.11/libkatatsuki/CMakeLists.txt
[INFO] [stderr]   -- The CXX compiler identification is GNU 11.3.0
[INFO] [stderr]      Called from: [3]	/usr/share/cmake-3.22/Modules/CMakeDetermineCompilerId.cmake
[INFO] [stderr]                   [2]	/usr/share/cmake-3.22/Modules/CMakeDetermineCXXCompiler.cmake
[INFO] [stderr]                   [1]	/opt/rustwide/cargo-home/registry/src/github.com-1ecc6299db9ec823/libkatatsuki-sys-1.0.11/libkatatsuki/CMakeLists.txt
[INFO] [stderr]   -- Detecting C compiler ABI info
[INFO] [stderr]      Called from: [3]	/usr/share/cmake-3.22/Modules/CMakeDetermineCompilerABI.cmake
[INFO] [stderr]                   [2]	/usr/share/cmake-3.22/Modules/CMakeTestCCompiler.cmake
[INFO] [stderr]                   [1]	/opt/rustwide/cargo-home/registry/src/github.com-1ecc6299db9ec823/libkatatsuki-sys-1.0.11/libkatatsuki/CMakeLists.txt
[INFO] [stderr]   -- Detecting C compiler ABI info - done
[INFO] [stderr]      Called from: [3]	/usr/share/cmake-3.22/Modules/CMakeDetermineCompilerABI.cmake
[INFO] [stderr]                   [2]	/usr/share/cmake-3.22/Modules/CMakeTestCCompiler.cmake
[INFO] [stderr]                   [1]	/opt/rustwide/cargo-home/registry/src/github.com-1ecc6299db9ec823/libkatatsuki-sys-1.0.11/libkatatsuki/CMakeLists.txt
[INFO] [stderr]   -- Check for working C compiler: /usr/bin/cc - skipped
[INFO] [stderr]      Called from: [2]	/usr/share/cmake-3.22/Modules/CMakeTestCCompiler.cmake
[INFO] [stderr]                   [1]	/opt/rustwide/cargo-home/registry/src/github.com-1ecc6299db9ec823/libkatatsuki-sys-1.0.11/libkatatsuki/CMakeLists.txt
[INFO] [stderr]   -- Detecting C compile features
[INFO] [stderr]      Called from: [3]	/usr/share/cmake-3.22/Modules/CMakeDetermineCompileFeatures.cmake
[INFO] [stderr]                   [2]	/usr/share/cmake-3.22/Modules/CMakeTestCCompiler.cmake
[INFO] [stderr]                   [1]	/opt/rustwide/cargo-home/registry/src/github.com-1ecc6299db9ec823/libkatatsuki-sys-1.0.11/libkatatsuki/CMakeLists.txt
[INFO] [stderr]   -- Detecting C compile features - done
[INFO] [stderr]      Called from: [3]	/usr/share/cmake-3.22/Modules/CMakeDetermineCompileFeatures.cmake
[INFO] [stderr]                   [2]	/usr/share/cmake-3.22/Modules/CMakeTestCCompiler.cmake
[INFO] [stderr]                   [1]	/opt/rustwide/cargo-home/registry/src/github.com-1ecc6299db9ec823/libkatatsuki-sys-1.0.11/libkatatsuki/CMakeLists.txt
[INFO] [stderr]   -- Detecting CXX compiler ABI info
[INFO] [stderr]      Called from: [3]	/usr/share/cmake-3.22/Modules/CMakeDetermineCompilerABI.cmake
[INFO] [stderr]                   [2]	/usr/share/cmake-3.22/Modules/CMakeTestCXXCompiler.cmake
[INFO] [stderr]                   [1]	/opt/rustwide/cargo-home/registry/src/github.com-1ecc6299db9ec823/libkatatsuki-sys-1.0.11/libkatatsuki/CMakeLists.txt
[INFO] [stderr]   -- Detecting CXX compiler ABI info - done
[INFO] [stderr]      Called from: [3]	/usr/share/cmake-3.22/Modules/CMakeDetermineCompilerABI.cmake
[INFO] [stderr]                   [2]	/usr/share/cmake-3.22/Modules/CMakeTestCXXCompiler.cmake
[INFO] [stderr]                   [1]	/opt/rustwide/cargo-home/registry/src/github.com-1ecc6299db9ec823/libkatatsuki-sys-1.0.11/libkatatsuki/CMakeLists.txt
[INFO] [stderr]   -- Check for working CXX compiler: /usr/bin/c++ - skipped
[INFO] [stderr]      Called from: [2]	/usr/share/cmake-3.22/Modules/CMakeTestCXXCompiler.cmake
[INFO] [stderr]                   [1]	/opt/rustwide/cargo-home/registry/src/github.com-1ecc6299db9ec823/libkatatsuki-sys-1.0.11/libkatatsuki/CMakeLists.txt
[INFO] [stderr]   -- Detecting CXX compile features
[INFO] [stderr]      Called from: [3]	/usr/share/cmake-3.22/Modules/CMakeDetermineCompileFeatures.cmake
[INFO] [stderr]                   [2]	/usr/share/cmake-3.22/Modules/CMakeTestCXXCompiler.cmake
[INFO] [stderr]                   [1]	/opt/rustwide/cargo-home/registry/src/github.com-1ecc6299db9ec823/libkatatsuki-sys-1.0.11/libkatatsuki/CMakeLists.txt
[INFO] [stderr]   -- Detecting CXX compile features - done
[INFO] [stderr]      Called from: [3]	/usr/share/cmake-3.22/Modules/CMakeDetermineCompileFeatures.cmake
[INFO] [stderr]                   [2]	/usr/share/cmake-3.22/Modules/CMakeTestCXXCompiler.cmake
[INFO] [stderr]                   [1]	/opt/rustwide/cargo-home/registry/src/github.com-1ecc6299db9ec823/libkatatsuki-sys-1.0.11/libkatatsuki/CMakeLists.txt
[INFO] [stderr]   -- Configuring done
[INFO] [stderr]   -- Generating /opt/rustwide/target/debug/build/libkatatsuki-sys-567327242214cc9c/out/build
[INFO] [stderr]      Called from: [1]	/opt/rustwide/cargo-home/registry/src/github.com-1ecc6299db9ec823/libkatatsuki-sys-1.0.11/libkatatsuki/CMakeLists.txt
[INFO] [stderr]   -- Generating done
[INFO] [stderr]   -- Build files have been written to: /opt/rustwide/target/debug/build/libkatatsuki-sys-567327242214cc9c/out/build
[INFO] [stderr]   running: cd "/opt/rustwide/target/debug/build/libkatatsuki-sys-567327242214cc9c/out/build" && MAKEFLAGS="-j --jobserver-fds=6,7 --jobserver-auth=6,7" "cmake" "--build" "." "--target" "katatsuki" "--config" "Release"
[INFO] [stderr]   /usr/bin/cmake -S/opt/rustwide/cargo-home/registry/src/github.com-1ecc6299db9ec823/libkatatsuki-sys-1.0.11/libkatatsuki -B/opt/rustwide/target/debug/build/libkatatsuki-sys-567327242214cc9c/out/build --check-build-system CMakeFiles/Makefile.cmake 0
[INFO] [stderr]   /usr/bin/gmake  -f CMakeFiles/Makefile2 katatsuki
[INFO] [stderr]   gmake[1]: Entering directory '/opt/rustwide/target/debug/build/libkatatsuki-sys-567327242214cc9c/out/build'
[INFO] [stderr]   /usr/bin/cmake -S/opt/rustwide/cargo-home/registry/src/github.com-1ecc6299db9ec823/libkatatsuki-sys-1.0.11/libkatatsuki -B/opt/rustwide/target/debug/build/libkatatsuki-sys-567327242214cc9c/out/build --check-build-system CMakeFiles/Makefile.cmake 0
[INFO] [stderr]   /usr/bin/cmake -E cmake_progress_start /opt/rustwide/target/debug/build/libkatatsuki-sys-567327242214cc9c/out/build/CMakeFiles 12
[INFO] [stderr]   /usr/bin/gmake  -f CMakeFiles/Makefile2 CMakeFiles/katatsuki.dir/all
[INFO] [stderr]   gmake[2]: Entering directory '/opt/rustwide/target/debug/build/libkatatsuki-sys-567327242214cc9c/out/build'
[INFO] [stderr]   /usr/bin/gmake  -f CMakeFiles/taglib.dir/build.make CMakeFiles/taglib.dir/depend
[INFO] [stderr]   gmake[3]: Entering directory '/opt/rustwide/target/debug/build/libkatatsuki-sys-567327242214cc9c/out/build'
[INFO] [stderr]   cd /opt/rustwide/target/debug/build/libkatatsuki-sys-567327242214cc9c/out/build && /usr/bin/cmake -E cmake_depends "Unix Makefiles" /opt/rustwide/cargo-home/registry/src/github.com-1ecc6299db9ec823/libkatatsuki-sys-1.0.11/libkatatsuki /opt/rustwide/cargo-home/registry/src/github.com-1ecc6299db9ec823/libkatatsuki-sys-1.0.11/libkatatsuki /opt/rustwide/target/debug/build/libkatatsuki-sys-567327242214cc9c/out/build /opt/rustwide/target/debug/build/libkatatsuki-sys-567327242214cc9c/out/build /opt/rustwide/target/debug/build/libkatatsuki-sys-567327242214cc9c/out/build/CMakeFiles/taglib.dir/DependInfo.cmake --color=
[INFO] [stderr]   gmake[3]: Leaving directory '/opt/rustwide/target/debug/build/libkatatsuki-sys-567327242214cc9c/out/build'
[INFO] [stderr]   /usr/bin/gmake  -f CMakeFiles/taglib.dir/build.make CMakeFiles/taglib.dir/build
[INFO] [stderr]   gmake[3]: Entering directory '/opt/rustwide/target/debug/build/libkatatsuki-sys-567327242214cc9c/out/build'
[INFO] [stderr]   [  8%] Creating directories for 'taglib'
[INFO] [stderr]   /usr/bin/cmake -E make_directory /opt/rustwide/target/debug/build/libkatatsuki-sys-567327242214cc9c/out/build/taglib/src/taglib
[INFO] [stderr]   /usr/bin/cmake -E make_directory /opt/rustwide/target/debug/build/libkatatsuki-sys-567327242214cc9c/out/build/taglib/src/taglib-build
[INFO] [stderr]   /usr/bin/cmake -E make_directory /opt/rustwide/target/debug/build/libkatatsuki-sys-567327242214cc9c/out/build/taglib
[INFO] [stderr]   /usr/bin/cmake -E make_directory /opt/rustwide/target/debug/build/libkatatsuki-sys-567327242214cc9c/out/build/taglib/tmp
[INFO] [stderr]   /usr/bin/cmake -E make_directory /opt/rustwide/target/debug/build/libkatatsuki-sys-567327242214cc9c/out/build/taglib/src/taglib-stamp
[INFO] [stderr]   /usr/bin/cmake -E make_directory /opt/rustwide/target/debug/build/libkatatsuki-sys-567327242214cc9c/out/build/taglib/src
[INFO] [stderr]   /usr/bin/cmake -E make_directory /opt/rustwide/target/debug/build/libkatatsuki-sys-567327242214cc9c/out/build/taglib/src/taglib-stamp
[INFO] [stderr]   /usr/bin/cmake -E touch /opt/rustwide/target/debug/build/libkatatsuki-sys-567327242214cc9c/out/build/taglib/src/taglib-stamp/taglib-mkdir
[INFO] [stderr]   [ 16%] Performing download step (git clone) for 'taglib'
[INFO] [stderr]   cd /opt/rustwide/target/debug/build/libkatatsuki-sys-567327242214cc9c/out/build/taglib/src && /usr/bin/cmake -P /opt/rustwide/target/debug/build/libkatatsuki-sys-567327242214cc9c/out/build/taglib/tmp/taglib-gitclone.cmake
[INFO] [stderr]   -- Had to git clone more than once:
[INFO] [stderr]             3 times.
[INFO] [stderr]   gmake[3]: Leaving directory '/opt/rustwide/target/debug/build/libkatatsuki-sys-567327242214cc9c/out/build'
[INFO] [stderr]   gmake[2]: Leaving directory '/opt/rustwide/target/debug/build/libkatatsuki-sys-567327242214cc9c/out/build'
[INFO] [stderr]   gmake[1]: Leaving directory '/opt/rustwide/target/debug/build/libkatatsuki-sys-567327242214cc9c/out/build'
[INFO] [stderr] 
[INFO] [stderr]   --- stderr
[INFO] [stderr]   CMake Warning (dev) at /usr/share/cmake-3.22/Modules/CMakeDetermineCompiler.cmake:143 (set):
[INFO] [stderr]     Policy CMP0126 is not set: set(CACHE) does not remove a normal variable of
[INFO] [stderr]     the same name.  Run "cmake --help-policy CMP0126" for policy details.  Use
[INFO] [stderr]     the cmake_policy command to set the policy and suppress this warning.
[INFO] [stderr] 
[INFO] [stderr]     For compatibility with older versions of CMake, normal variable
[INFO] [stderr]     "CMAKE_C_COMPILER" will be removed from the current scope.
[INFO] [stderr]   Call Stack (most recent call first):
[INFO] [stderr]     /usr/share/cmake-3.22/Modules/CMakeDetermineCCompiler.cmake:68 (_cmake_find_compiler_path)
[INFO] [stderr]     CMakeLists.txt:2 (project)
[INFO] [stderr]   This warning is for project developers.  Use -Wno-dev to suppress it.
[INFO] [stderr] 
[INFO] [stderr]      Called from: [3]	/usr/share/cmake-3.22/Modules/CMakeDetermineCompiler.cmake
[INFO] [stderr]                   [2]	/usr/share/cmake-3.22/Modules/CMakeDetermineCCompiler.cmake
[INFO] [stderr]                   [1]	/opt/rustwide/cargo-home/registry/src/github.com-1ecc6299db9ec823/libkatatsuki-sys-1.0.11/libkatatsuki/CMakeLists.txt
[INFO] [stderr]   CMake Warning (dev) at /usr/share/cmake-3.22/Modules/CMakeDetermineCompiler.cmake:143 (set):
[INFO] [stderr]     Policy CMP0126 is not set: set(CACHE) does not remove a normal variable of
[INFO] [stderr]     the same name.  Run "cmake --help-policy CMP0126" for policy details.  Use
[INFO] [stderr]     the cmake_policy command to set the policy and suppress this warning.
[INFO] [stderr] 
[INFO] [stderr]     For compatibility with older versions of CMake, normal variable
[INFO] [stderr]     "CMAKE_CXX_COMPILER" will be removed from the current scope.
[INFO] [stderr]   Call Stack (most recent call first):
[INFO] [stderr]     /usr/share/cmake-3.22/Modules/CMakeDetermineCXXCompiler.cmake:66 (_cmake_find_compiler_path)
[INFO] [stderr]     CMakeLists.txt:2 (project)
[INFO] [stderr]   This warning is for project developers.  Use -Wno-dev to suppress it.
[INFO] [stderr] 
[INFO] [stderr]      Called from: [3]	/usr/share/cmake-3.22/Modules/CMakeDetermineCompiler.cmake
[INFO] [stderr]                   [2]	/usr/share/cmake-3.22/Modules/CMakeDetermineCXXCompiler.cmake
[INFO] [stderr]                   [1]	/opt/rustwide/cargo-home/registry/src/github.com-1ecc6299db9ec823/libkatatsuki-sys-1.0.11/libkatatsuki/CMakeLists.txt
[INFO] [stderr]   CMake Warning at /usr/share/cmake-3.22/Modules/ExternalProject.cmake:1802 (message):
[INFO] [stderr]     Line 'BUILD_SHARED_LIBS=OFF' does not match regex.  Ignoring.
[INFO] [stderr]   Call Stack (most recent call first):
[INFO] [stderr]     /usr/share/cmake-3.22/Modules/ExternalProject.cmake:3243 (_ep_command_line_to_initial_cache)
[INFO] [stderr]     /usr/share/cmake-3.22/Modules/ExternalProject.cmake:3274 (_ep_extract_configure_command)
[INFO] [stderr]     /usr/share/cmake-3.22/Modules/ExternalProject.cmake:3719 (_ep_add_configure_command)
[INFO] [stderr]     CMakeLists.txt:37 (ExternalProject_Add)
[INFO] [stderr] 
[INFO] [stderr] 
[INFO] [stderr]      Called from: [5]	/usr/share/cmake-3.22/Modules/ExternalProject.cmake
[INFO] [stderr]                   [4]	/usr/share/cmake-3.22/Modules/ExternalProject.cmake
[INFO] [stderr]                   [3]	/usr/share/cmake-3.22/Modules/ExternalProject.cmake
[INFO] [stderr]                   [2]	/usr/share/cmake-3.22/Modules/ExternalProject.cmake
[INFO] [stderr]                   [1]	/opt/rustwide/cargo-home/registry/src/github.com-1ecc6299db9ec823/libkatatsuki-sys-1.0.11/libkatatsuki/CMakeLists.txt
[INFO] [stderr]   CMake Warning:
[INFO] [stderr]     Manually-specified variables were not used by the project:
[INFO] [stderr] 
[INFO] [stderr]       CMAKE_ASM_COMPILER
[INFO] [stderr]       CMAKE_ASM_FLAGS
[INFO] [stderr] 
[INFO] [stderr] 
[INFO] [stderr]   Cloning into 'taglib'...
[INFO] [stderr]   fatal: unable to access 'https://github.com/taglib/taglib/': Could not resolve host: github.com
[INFO] [stderr]   Cloning into 'taglib'...
[INFO] [stderr]   fatal: unable to access 'https://github.com/taglib/taglib/': Could not resolve host: github.com
[INFO] [stderr]   Cloning into 'taglib'...
[INFO] [stderr]   fatal: unable to access 'https://github.com/taglib/taglib/': Could not resolve host: github.com
[INFO] [stderr]   CMake Error at /opt/rustwide/target/debug/build/libkatatsuki-sys-567327242214cc9c/out/build/taglib/tmp/taglib-gitclone.cmake:31 (message):
[INFO] [stderr]     Failed to clone repository: 'https://github.com/taglib/taglib'
[INFO] [stderr] 
[INFO] [stderr] 
[INFO] [stderr]   gmake[3]: *** [CMakeFiles/taglib.dir/build.make:101: taglib/src/taglib-stamp/taglib-download] Error 1
[INFO] [stderr]   gmake[2]: *** [CMakeFiles/Makefile2:85: CMakeFiles/taglib.dir/all] Error 2
[INFO] [stderr]   gmake[1]: *** [CMakeFiles/Makefile2:118: CMakeFiles/katatsuki.dir/rule] Error 2
[INFO] [stderr]   gmake: *** [Makefile:137: katatsuki] Error 2
[INFO] [stderr]   thread 'main' panicked at '
[INFO] [stderr]   command did not execute successfully, got: exit status: 2
[INFO] [stderr] 
[INFO] [stderr]   build script failed, must exit now', /opt/rustwide/cargo-home/registry/src/github.com-1ecc6299db9ec823/cmake-0.1.50/src/lib.rs:1098:5
[INFO] [stderr]   stack backtrace:
[INFO] [stderr]      0:     0x55b577ce61ea - std::backtrace_rs::backtrace::libunwind::trace::ha9053a9a07ca49cb
[INFO] [stderr]                                  at /rustc/84c898d65adf2f39a5a98507f1fe0ce10a2b8dbc/library/std/src/../../backtrace/src/backtrace/libunwind.rs:93:5
[INFO] [stderr]      1:     0x55b577ce61ea - std::backtrace_rs::backtrace::trace_unsynchronized::h9c2852a457ad564e
[INFO] [stderr]                                  at /rustc/84c898d65adf2f39a5a98507f1fe0ce10a2b8dbc/library/std/src/../../backtrace/src/backtrace/mod.rs:66:5
[INFO] [stderr]      2:     0x55b577ce61ea - std::sys_common::backtrace::_print_fmt::h457936fbfaa0070f
[INFO] [stderr]                                  at /rustc/84c898d65adf2f39a5a98507f1fe0ce10a2b8dbc/library/std/src/sys_common/backtrace.rs:65:5
[INFO] [stderr]      3:     0x55b577ce61ea - <std::sys_common::backtrace::_print::DisplayBacktrace as core::fmt::Display>::fmt::h5779d7bf7f70cb0c
[INFO] [stderr]                                  at /rustc/84c898d65adf2f39a5a98507f1fe0ce10a2b8dbc/library/std/src/sys_common/backtrace.rs:44:22
[INFO] [stderr]      4:     0x55b577d0654e - core::fmt::write::h5a4baaff1bcd3eb5
[INFO] [stderr]                                  at /rustc/84c898d65adf2f39a5a98507f1fe0ce10a2b8dbc/library/core/src/fmt/mod.rs:1232:17
[INFO] [stderr]      5:     0x55b577ce31e5 - std::io::Write::write_fmt::h4bc1f301cb9e9cce
[INFO] [stderr]                                  at /rustc/84c898d65adf2f39a5a98507f1fe0ce10a2b8dbc/library/std/src/io/mod.rs:1684:15
[INFO] [stderr]      6:     0x55b577ce5fb5 - std::sys_common::backtrace::_print::h5fcdc36060f177e8
[INFO] [stderr]                                  at /rustc/84c898d65adf2f39a5a98507f1fe0ce10a2b8dbc/library/std/src/sys_common/backtrace.rs:47:5
[INFO] [stderr]      7:     0x55b577ce5fb5 - std::sys_common::backtrace::print::h54ca9458b876c8bf
[INFO] [stderr]                                  at /rustc/84c898d65adf2f39a5a98507f1fe0ce10a2b8dbc/library/std/src/sys_common/backtrace.rs:34:9
[INFO] [stderr]      8:     0x55b577ce798f - std::panicking::default_hook::{{closure}}::hbe471161c7664ed6
[INFO] [stderr]                                  at /rustc/84c898d65adf2f39a5a98507f1fe0ce10a2b8dbc/library/std/src/panicking.rs:271:22
[INFO] [stderr]      9:     0x55b577ce76cb - std::panicking::default_hook::ha3500da57aa4ac4f
[INFO] [stderr]                                  at /rustc/84c898d65adf2f39a5a98507f1fe0ce10a2b8dbc/library/std/src/panicking.rs:290:9
[INFO] [stderr]     10:     0x55b577ce7f38 - std::panicking::rust_panic_with_hook::h50c09d000dc561d2
[INFO] [stderr]                                  at /rustc/84c898d65adf2f39a5a98507f1fe0ce10a2b8dbc/library/std/src/panicking.rs:692:13
[INFO] [stderr]     11:     0x55b577ce7e39 - std::panicking::begin_panic_handler::{{closure}}::h9e2b2176e00e0d9c
[INFO] [stderr]                                  at /rustc/84c898d65adf2f39a5a98507f1fe0ce10a2b8dbc/library/std/src/panicking.rs:583:13
[INFO] [stderr]     12:     0x55b577ce6656 - std::sys_common::backtrace::__rust_end_short_backtrace::h5739b8e512c09d02
[INFO] [stderr]                                  at /rustc/84c898d65adf2f39a5a98507f1fe0ce10a2b8dbc/library/std/src/sys_common/backtrace.rs:150:18
[INFO] [stderr]     13:     0x55b577ce7b42 - rust_begin_unwind
[INFO] [stderr]                                  at /rustc/84c898d65adf2f39a5a98507f1fe0ce10a2b8dbc/library/std/src/panicking.rs:579:5
[INFO] [stderr]     14:     0x55b577c697a3 - core::panicking::panic_fmt::hf33a1475b4dc5c3e
[INFO] [stderr]                                  at /rustc/84c898d65adf2f39a5a98507f1fe0ce10a2b8dbc/library/core/src/panicking.rs:64:14
[INFO] [stderr]     15:     0x55b577c74d4f - cmake::fail::he523feb31d426beb
[INFO] [stderr]     16:     0x55b577c74843 - cmake::run::h28b9026df7e93e8d
[INFO] [stderr]     17:     0x55b577c71373 - cmake::Config::build::h36ec1f0187cbfcd5
[INFO] [stderr]     18:     0x55b577c6a2b0 - build_script_build::main::h6712e30b41edfb0f
[INFO] [stderr]     19:     0x55b577c6ac43 - core::ops::function::FnOnce::call_once::h8475b33d3b8c37d4
[INFO] [stderr]     20:     0x55b577c6aac9 - std::sys_common::backtrace::__rust_begin_short_backtrace::h15fe90984abdd763
[INFO] [stderr]     21:     0x55b577c69e39 - std::rt::lang_start::{{closure}}::haa3c4fc4458a3e1d
[INFO] [stderr]     22:     0x55b577cdf2ac - core::ops::function::impls::<impl core::ops::function::FnOnce<A> for &F>::call_once::hd6efcd3bec896f2c
[INFO] [stderr]                                  at /rustc/84c898d65adf2f39a5a98507f1fe0ce10a2b8dbc/library/core/src/ops/function.rs:287:13
[INFO] [stderr]     23:     0x55b577cdf2ac - std::panicking::try::do_call::hce04e543bb1f4cbb
[INFO] [stderr]                                  at /rustc/84c898d65adf2f39a5a98507f1fe0ce10a2b8dbc/library/std/src/panicking.rs:487:40
[INFO] [stderr]     24:     0x55b577cdf2ac - std::panicking::try::h3342dd4e1f680968
[INFO] [stderr]                                  at /rustc/84c898d65adf2f39a5a98507f1fe0ce10a2b8dbc/library/std/src/panicking.rs:451:19
[INFO] [stderr]     25:     0x55b577cdf2ac - std::panic::catch_unwind::h148ce1e59ac0cee7
[INFO] [stderr]                                  at /rustc/84c898d65adf2f39a5a98507f1fe0ce10a2b8dbc/library/std/src/panic.rs:140:14
[INFO] [stderr]     26:     0x55b577cdf2ac - std::rt::lang_start_internal::{{closure}}::h25f9dda2057a67fe
[INFO] [stderr]                                  at /rustc/84c898d65adf2f39a5a98507f1fe0ce10a2b8dbc/library/std/src/rt.rs:148:48
[INFO] [stderr]     27:     0x55b577cdf2ac - std::panicking::try::do_call::h7caaaeaf9401650b
[INFO] [stderr]                                  at /rustc/84c898d65adf2f39a5a98507f1fe0ce10a2b8dbc/library/std/src/panicking.rs:487:40
[INFO] [stderr]     28:     0x55b577cdf2ac - std::panicking::try::he7d15285746cbbc2
[INFO] [stderr]                                  at /rustc/84c898d65adf2f39a5a98507f1fe0ce10a2b8dbc/library/std/src/panicking.rs:451:19
[INFO] [stderr]     29:     0x55b577cdf2ac - std::panic::catch_unwind::h89fb4f50c0301fe0
[INFO] [stderr]                                  at /rustc/84c898d65adf2f39a5a98507f1fe0ce10a2b8dbc/library/std/src/panic.rs:140:14
[INFO] [stderr]     30:     0x55b577cdf2ac - std::rt::lang_start_internal::h078acd489417d3c1
[INFO] [stderr]                                  at /rustc/84c898d65adf2f39a5a98507f1fe0ce10a2b8dbc/library/std/src/rt.rs:148:20
[INFO] [stderr]     31:     0x55b577c69e17 - std::rt::lang_start::h806d401874dec3bf
[INFO] [stderr]     32:     0x55b577c6aab5 - main
[INFO] [stderr]     33:     0x7f6027348d90 - <unknown>
[INFO] [stderr]     34:     0x7f6027348e40 - __libc_start_main
[INFO] [stderr]     35:     0x55b577c69d25 - _start
[INFO] [stderr]     36:                0x0 - <unknown>
[INFO] [stderr] warning: build failed, waiting for other jobs to finish...
[INFO] running `Command { std: "docker" "inspect" "ad6f559f8d3c4ead15a3d0a31b6c26070161a6ebe061b8a7e93187544657b430", kill_on_drop: false }`
[INFO] running `Command { std: "docker" "rm" "-f" "ad6f559f8d3c4ead15a3d0a31b6c26070161a6ebe061b8a7e93187544657b430", kill_on_drop: false }`
[INFO] [stdout] ad6f559f8d3c4ead15a3d0a31b6c26070161a6ebe061b8a7e93187544657b430
